I20260630 12:29:17.564306 20883 consensus_queue.cc:1048] T 0204c950abd240fcaeea8cd305924ae0 P 70f79838dd134aadb3af20154c090bf6 [LEADER]: Connected to new peer: Peer: permanent_uuid: "b8ba2685df774b0fa8eb7747a734fc82" member_type: VOTER last_known_addr { host: "127.19.131.193" port: 41593 }, Status: LMP_MISMATCH, Last received: 0.0, Next index: 1, Last known committed idx: 0, Time since last communication: 0.000s
I20260630 12:29:17.568014 19983 fs_manager.cc:696] Time spent creating directory manager: real 0.005s	user 0.004s	sys 0.000s
I20260630 12:29:17.574314 20915 log_block_manager.cc:4031] Time spent loading block containers with low live blocks: real 0.000s	user 0.000s	sys 0.000s
I20260630 12:29:17.575495 19983 fs_manager.cc:730] Time spent opening block manager: real 0.005s	user 0.003s	sys 0.002s
I20260630 12:29:17.575902 19983 fs_manager.cc:647] Opened local filesystem: /tmp/dist-test-taski8yUtq/test-tmp/auto_rebalancer-test.0.AutoRebalancerTest.AutoRebalancingTurnOffAndOn.1782822548058346-19983-0/minicluster-data/ts-3-root
uuid: "d1e4ac731e634389bedf2a7ce847dd6f"
format_stamp: "Formatted at 2026-06-30 12:29:17 on dist-test-slave-rzcc"
I20260630 12:29:17.576221 19983 fs_report.cc:389] FS layout report
--------------------
wal directory: /tmp/dist-test-taski8yUtq/test-tmp/auto_rebalancer-test.0.AutoRebalancerTest.AutoRebalancingTurnOffAndOn.1782822548058346-19983-0/minicluster-data/ts-3-root
metadata directory: /tmp/dist-test-taski8yUtq/test-tmp/auto_rebalancer-test.0.AutoRebalancerTest.AutoRebalancingTurnOffAndOn.1782822548058346-19983-0/minicluster-data/ts-3-root
1 data directories: /tmp/dist-test-taski8yUtq/test-tmp/auto_rebalancer-test.0.AutoRebalancerTest.AutoRebalancingTurnOffAndOn.1782822548058346-19983-0/minicluster-data/ts-3-root/data
Total live blocks: 0
Total live bytes: 0
Total live bytes (after alignment): 0
Total number of LBM containers: 0 (0 full)
Did not check for missing blocks
Did not check for orphaned blocks
Total full LBM containers with extra space: 0 (0 repaired)
Total full LBM container extra space in bytes: 0 (0 repaired)
Total incomplete LBM containers: 0 (0 repaired)
Total LBM partial records: 0 (0 repaired)
Total corrupted LBM metadata records in RocksDB: 0 (0 repaired)
I20260630 12:29:17.576910 20883 consensus_queue.cc:1048] T 0204c950abd240fcaeea8cd305924ae0 P 70f79838dd134aadb3af20154c090bf6 [LEADER]: Connected to new peer: Peer: permanent_uuid: "ab916547e8a64c06af92d3ef52cd6178" member_type: VOTER last_known_addr { host: "127.19.131.194" port: 40897 }, Status: LMP_MISMATCH, Last received: 0.0, Next index: 1, Last known committed idx: 0, Time since last communication: 0.000s
I20260630 12:29:17.603425 19983 rpc_server.cc:225] running with OpenSSL 1.1.1  11 Sep 2018
I20260630 12:29:17.604544 19983 kserver.cc:163] Server-wide thread pool size limit: 3276
I20260630 12:29:17.605875 19983 txn_system_client.cc:432] TxnSystemClient initialization is disabled...
I20260630 12:29:17.608068 19983 ts_tablet_manager.cc:585] Loaded tablet metadata (0 total tablets, 0 live tablets)
I20260630 12:29:17.608304 19983 ts_tablet_manager.cc:531] Time spent load tablet metadata: real 0.000s	user 0.000s	sys 0.000s
I20260630 12:29:17.608552 19983 ts_tablet_manager.cc:616] Registered 0 tablets
I20260630 12:29:17.608726 19983 ts_tablet_manager.cc:595] Time spent register tablets: real 0.000s	user 0.000s	sys 0.000s
I20260630 12:29:17.650884 19983 rpc_server.cc:307] RPC server started. Bound to: 127.19.131.196:42781
I20260630 12:29:17.650949 20980 acceptor_pool.cc:272] collecting diagnostics on the listening RPC socket 127.19.131.196:42781 every 8 connection(s)
I20260630 12:29:17.664844 20981 heartbeater.cc:344] Connected to a master server at 127.19.131.254:34571
I20260630 12:29:17.665160 20981 heartbeater.cc:461] Registering TS with master...
I20260630 12:29:17.665800 20981 heartbeater.cc:507] Master 127.19.131.254:34571 requested a full tablet report, sending...
I20260630 12:29:17.667536 20546 ts_manager.cc:194] Registered new tserver with Master: d1e4ac731e634389bedf2a7ce847dd6f (127.19.131.196:42781)
I20260630 12:29:17.668756 20546 master_service.cc:502] Signed X509 certificate for tserver {username='slave'} at 127.0.0.1:41862
I20260630 12:29:17.714262 20800 raft_consensus.cc:1240] T f96f8483bf8a4b7db1b7689443f211f8 P 70f79838dd134aadb3af20154c090bf6 [term 2 LEADER]: Rejecting Update request from peer ab916547e8a64c06af92d3ef52cd6178 for earlier term 1. Current term is 2. Ops: []
I20260630 12:29:17.715695 20890 consensus_queue.cc:1059] T f96f8483bf8a4b7db1b7689443f211f8 P ab916547e8a64c06af92d3ef52cd6178 [LEADER]: Peer responded invalid term: Peer: permanent_uuid: "70f79838dd134aadb3af20154c090bf6" member_type: VOTER last_known_addr { host: "127.19.131.195" port: 45301 }, Status: INVALID_TERM, Last received: 0.0, Next index: 1, Last known committed idx: 0, Time since last communication: 0.000s
I20260630 12:29:17.716363 20890 consensus_queue.cc:1243] T f96f8483bf8a4b7db1b7689443f211f8 P ab916547e8a64c06af92d3ef52cd6178 [LEADER]: Peer 70f79838dd134aadb3af20154c090bf6 log is divergent from this leader: its last log entry 2.1 is not in this leader's log and it has not received anything from this leader yet. Falling back to committed index 0
I20260630 12:29:17.716723 20886 raft_consensus.cc:3055] T f96f8483bf8a4b7db1b7689443f211f8 P ab916547e8a64c06af92d3ef52cd6178 [term 1 LEADER]: Stepping down as leader of term 1
I20260630 12:29:17.717026 20886 raft_consensus.cc:740] T f96f8483bf8a4b7db1b7689443f211f8 P ab916547e8a64c06af92d3ef52cd6178 [term 1 LEADER]: Becoming Follower/Learner. State: Replica: ab916547e8a64c06af92d3ef52cd6178, State: Running, Role: LEADER
I20260630 12:29:17.717702 20886 consensus_queue.cc:260] T f96f8483bf8a4b7db1b7689443f211f8 P ab916547e8a64c06af92d3ef52cd6178 [NON_LEADER]: Queue going to NON_LEADER mode. State: All replicated index: 0, Majority replicated index: 0, Committed index: 0, Last appended: 1.1, Last appended by leader: 1, Current term: 1, Majority size: -1, State: 0, Mode: NON_LEADER, active raft config: opid_index: -1 OBSOLETE_local: false peers { permanent_uuid: "b8ba2685df774b0fa8eb7747a734fc82" member_type: VOTER last_known_addr { host: "127.19.131.193" port: 41593 } } peers { permanent_uuid: "ab916547e8a64c06af92d3ef52cd6178" member_type: VOTER last_known_addr { host: "127.19.131.194" port: 40897 } } peers { permanent_uuid: "70f79838dd134aadb3af20154c090bf6" member_type: VOTER last_known_addr { host: "127.19.131.195" port: 45301 } }
I20260630 12:29:17.718537 20886 raft_consensus.cc:3060] T f96f8483bf8a4b7db1b7689443f211f8 P ab916547e8a64c06af92d3ef52cd6178 [term 1 FOLLOWER]: Advancing to term 2
I20260630 12:29:17.751873 20886 consensus_queue.cc:1048] T 4f2e6e6a365e4077839a5e67c2e18388 P ab916547e8a64c06af92d3ef52cd6178 [LEADER]: Connected to new peer: Peer: permanent_uuid: "b8ba2685df774b0fa8eb7747a734fc82" member_type: VOTER last_known_addr { host: "127.19.131.193" port: 41593 }, Status: LMP_MISMATCH, Last received: 0.0, Next index: 1, Last known committed idx: 0, Time since last communication: 0.000s
I20260630 12:29:17.761927 20886 consensus_queue.cc:1048] T 4f2e6e6a365e4077839a5e67c2e18388 P ab916547e8a64c06af92d3ef52cd6178 [LEADER]: Connected to new peer: Peer: permanent_uuid: "70f79838dd134aadb3af20154c090bf6" member_type: VOTER last_known_addr { host: "127.19.131.195" port: 45301 }, Status: LMP_MISMATCH, Last received: 0.0, Next index: 1, Last known committed idx: 0, Time since last communication: 0.000s
I20260630 12:29:17.767570 20886 consensus_queue.cc:1048] T 3ceb1e43cb6b4aa78722de665b2266db P ab916547e8a64c06af92d3ef52cd6178 [LEADER]: Connected to new peer: Peer: permanent_uuid: "b8ba2685df774b0fa8eb7747a734fc82" member_type: VOTER last_known_addr { host: "127.19.131.193" port: 41593 }, Status: LMP_MISMATCH, Last received: 0.0, Next index: 1, Last known committed idx: 0, Time since last communication: 0.000s
I20260630 12:29:17.779695 20869 consensus_queue.cc:1048] T 3ceb1e43cb6b4aa78722de665b2266db P ab916547e8a64c06af92d3ef52cd6178 [LEADER]: Connected to new peer: Peer: permanent_uuid: "70f79838dd134aadb3af20154c090bf6" member_type: VOTER last_known_addr { host: "127.19.131.195" port: 45301 }, Status: LMP_MISMATCH, Last received: 0.0, Next index: 1, Last known committed idx: 0, Time since last communication: 0.000s
I20260630 12:29:17.793319 20888 consensus_queue.cc:1048] T fcf9bb2d208840298622876d4f4bdc95 P b8ba2685df774b0fa8eb7747a734fc82 [LEADER]: Connected to new peer: Peer: permanent_uuid: "70f79838dd134aadb3af20154c090bf6" member_type: VOTER last_known_addr { host: "127.19.131.195" port: 45301 }, Status: LMP_MISMATCH, Last received: 0.0, Next index: 1, Last known committed idx: 0, Time since last communication: 0.000s
I20260630 12:29:17.803383 20883 consensus_queue.cc:1048] T 0edf6484735e4dfe9a2fedbbac8e670b P 70f79838dd134aadb3af20154c090bf6 [LEADER]: Connected to new peer: Peer: permanent_uuid: "b8ba2685df774b0fa8eb7747a734fc82" member_type: VOTER last_known_addr { host: "127.19.131.193" port: 41593 }, Status: LMP_MISMATCH, Last received: 0.0, Next index: 1, Last known committed idx: 0, Time since last communication: 0.000s
I20260630 12:29:17.804518 20853 consensus_queue.cc:1048] T fcf9bb2d208840298622876d4f4bdc95 P b8ba2685df774b0fa8eb7747a734fc82 [LEADER]: Connected to new peer: Peer: permanent_uuid: "ab916547e8a64c06af92d3ef52cd6178" member_type: VOTER last_known_addr { host: "127.19.131.194" port: 40897 }, Status: LMP_MISMATCH, Last received: 0.0, Next index: 1, Last known committed idx: 0, Time since last communication: 0.000s
I20260630 12:29:17.819646 20881 consensus_queue.cc:1048] T 0edf6484735e4dfe9a2fedbbac8e670b P 70f79838dd134aadb3af20154c090bf6 [LEADER]: Connected to new peer: Peer: permanent_uuid: "ab916547e8a64c06af92d3ef52cd6178" member_type: VOTER last_known_addr { host: "127.19.131.194" port: 40897 }, Status: LMP_MISMATCH, Last received: 0.0, Next index: 1, Last known committed idx: 0, Time since last communication: 0.000s
I20260630 12:29:17.873086 20853 consensus_queue.cc:1048] T 369584289a744825a14f3d4745d175b6 P b8ba2685df774b0fa8eb7747a734fc82 [LEADER]: Connected to new peer: Peer: permanent_uuid: "ab916547e8a64c06af92d3ef52cd6178" member_type: VOTER last_known_addr { host: "127.19.131.194" port: 40897 }, Status: LMP_MISMATCH, Last received: 0.0, Next index: 1, Last known committed idx: 0, Time since last communication: 0.000s
I20260630 12:29:17.883278 20888 consensus_queue.cc:1048] T 369584289a744825a14f3d4745d175b6 P b8ba2685df774b0fa8eb7747a734fc82 [LEADER]: Connected to new peer: Peer: permanent_uuid: "70f79838dd134aadb3af20154c090bf6" member_type: VOTER last_known_addr { host: "127.19.131.195" port: 45301 }, Status: LMP_MISMATCH, Last received: 0.0, Next index: 1, Last known committed idx: 0, Time since last communication: 0.000s
I20260630 12:29:17.906486 20869 consensus_queue.cc:1048] T 24d68056d7b14f59b49e8c39c49d37df P ab916547e8a64c06af92d3ef52cd6178 [LEADER]: Connected to new peer: Peer: permanent_uuid: "b8ba2685df774b0fa8eb7747a734fc82" member_type: VOTER last_known_addr { host: "127.19.131.193" port: 41593 }, Status: LMP_MISMATCH, Last received: 0.0, Next index: 1, Last known committed idx: 0, Time since last communication: 0.000s
I20260630 12:29:17.916625 20892 consensus_queue.cc:1048] T 24d68056d7b14f59b49e8c39c49d37df P ab916547e8a64c06af92d3ef52cd6178 [LEADER]: Connected to new peer: Peer: permanent_uuid: "70f79838dd134aadb3af20154c090bf6" member_type: VOTER last_known_addr { host: "127.19.131.195" port: 45301 }, Status: LMP_MISMATCH, Last received: 0.0, Next index: 1, Last known committed idx: 0, Time since last communication: 0.000s
I20260630 12:29:18.019435 20723 raft_consensus.cc:1275] T f96f8483bf8a4b7db1b7689443f211f8 P ab916547e8a64c06af92d3ef52cd6178 [term 2 FOLLOWER]: Refusing update from remote peer 70f79838dd134aadb3af20154c090bf6: Log matching property violated. Preceding OpId in replica: term: 1 index: 1. Preceding OpId from leader: term: 2 index: 1. (term mismatch)
I20260630 12:29:18.019798 20723 pending_rounds.cc:85] T f96f8483bf8a4b7db1b7689443f211f8 P ab916547e8a64c06af92d3ef52cd6178: Aborting all ops after (but not including) 0
I20260630 12:29:18.020049 20723 pending_rounds.cc:107] T f96f8483bf8a4b7db1b7689443f211f8 P ab916547e8a64c06af92d3ef52cd6178: Aborting uncommitted NO_OP operation due to leader change: 1.1
I20260630 12:29:18.020282 20723 raft_consensus.cc:2889] T f96f8483bf8a4b7db1b7689443f211f8 P ab916547e8a64c06af92d3ef52cd6178 [term 2 FOLLOWER]: NO_OP replication failed: Aborted: Op aborted by new leader
I20260630 12:29:18.021499 20881 consensus_queue.cc:1048] T f96f8483bf8a4b7db1b7689443f211f8 P 70f79838dd134aadb3af20154c090bf6 [LEADER]: Connected to new peer: Peer: permanent_uuid: "ab916547e8a64c06af92d3ef52cd6178" member_type: VOTER last_known_addr { host: "127.19.131.194" port: 40897 }, Status: LMP_MISMATCH, Last received: 0.0, Next index: 1, Last known committed idx: 0, Time since last communication: 0.000s
I20260630 12:29:18.028386 20649 raft_consensus.cc:1275] T f96f8483bf8a4b7db1b7689443f211f8 P b8ba2685df774b0fa8eb7747a734fc82 [term 2 FOLLOWER]: Refusing update from remote peer 70f79838dd134aadb3af20154c090bf6: Log matching property violated. Preceding OpId in replica: term: 0 index: 0. Preceding OpId from leader: term: 2 index: 1. (index mismatch)
I20260630 12:29:18.029884 20883 consensus_queue.cc:1048] T f96f8483bf8a4b7db1b7689443f211f8 P 70f79838dd134aadb3af20154c090bf6 [LEADER]: Connected to new peer: Peer: permanent_uuid: "b8ba2685df774b0fa8eb7747a734fc82" member_type: VOTER last_known_addr { host: "127.19.131.193" port: 41593 }, Status: LMP_MISMATCH, Last received: 0.0, Next index: 1, Last known committed idx: 0, Time since last communication: 0.000s
I20260630 12:29:18.670933 20981 heartbeater.cc:499] Master 127.19.131.254:34571 was elected leader, sending a full tablet report...
I20260630 12:29:19.169490 20602 auto_leader_rebalancer.cc:141] leader rebalance for table test-workload
I20260630 12:29:19.174830 20602 auto_leader_rebalancer.cc:440] table: test-workload, leader rebalance finish, leader transfer count: 0
I20260630 12:29:19.175247 20602 auto_leader_rebalancer.cc:515] All tables' leader rebalancing finished this round
I20260630 12:29:21.176147 20602 auto_leader_rebalancer.cc:141] leader rebalance for table test-workload
I20260630 12:29:21.181496 20602 auto_leader_rebalancer.cc:440] table: test-workload, leader rebalance finish, leader transfer count: 0
I20260630 12:29:21.181938 20602 auto_leader_rebalancer.cc:515] All tables' leader rebalancing finished this round
I20260630 12:29:23.183059 20602 auto_leader_rebalancer.cc:141] leader rebalance for table test-workload
I20260630 12:29:23.190659 20602 auto_leader_rebalancer.cc:440] table: test-workload, leader rebalance finish, leader transfer count: 0
I20260630 12:29:23.191138 20602 auto_leader_rebalancer.cc:515] All tables' leader rebalancing finished this round
I20260630 12:29:23.194561 20800 consensus_queue.cc:237] T 0204c950abd240fcaeea8cd305924ae0 P 70f79838dd134aadb3af20154c090bf6 [LEADER]: Queue going to LEADER mode. State: All replicated index: 0, Majority replicated index: 1, Committed index: 1, Last appended: 1.1, Last appended by leader: 0, Current term: 1, Majority size: 2, State: 0, Mode: LEADER, active raft config: opid_index: 2 OBSOLETE_local: false peers { permanent_uuid: "b8ba2685df774b0fa8eb7747a734fc82" member_type: VOTER last_known_addr { host: "127.19.131.193" port: 41593 } attrs { replace: true } } peers { permanent_uuid: "ab916547e8a64c06af92d3ef52cd6178" member_type: VOTER last_known_addr { host: "127.19.131.194" port: 40897 } } peers { permanent_uuid: "70f79838dd134aadb3af20154c090bf6" member_type: VOTER last_known_addr { host: "127.19.131.195" port: 45301 } } peers { permanent_uuid: "d1e4ac731e634389bedf2a7ce847dd6f" member_type: NON_VOTER last_known_addr { host: "127.19.131.196" port: 42781 } attrs { promote: true } }
I20260630 12:29:23.202616 20723 raft_consensus.cc:1275] T 0204c950abd240fcaeea8cd305924ae0 P ab916547e8a64c06af92d3ef52cd6178 [term 1 FOLLOWER]: Refusing update from remote peer 70f79838dd134aadb3af20154c090bf6: Log matching property violated. Preceding OpId in replica: term: 1 index: 1. Preceding OpId from leader: term: 1 index: 2. (index mismatch)
I20260630 12:29:23.203404 20649 raft_consensus.cc:1275] T 0204c950abd240fcaeea8cd305924ae0 P b8ba2685df774b0fa8eb7747a734fc82 [term 1 FOLLOWER]: Refusing update from remote peer 70f79838dd134aadb3af20154c090bf6: Log matching property violated. Preceding OpId in replica: term: 1 index: 1. Preceding OpId from leader: term: 1 index: 2. (index mismatch)
I20260630 12:29:23.204540 21005 consensus_queue.cc:1048] T 0204c950abd240fcaeea8cd305924ae0 P 70f79838dd134aadb3af20154c090bf6 [LEADER]: Connected to new peer: Peer: permanent_uuid: "ab916547e8a64c06af92d3ef52cd6178" member_type: VOTER last_known_addr { host: "127.19.131.194" port: 40897 }, Status: LMP_MISMATCH, Last received: 0.0, Next index: 2, Last known committed idx: 1, Time since last communication: 0.003s
I20260630 12:29:23.207772 20883 consensus_queue.cc:1048] T 0204c950abd240fcaeea8cd305924ae0 P 70f79838dd134aadb3af20154c090bf6 [LEADER]: Connected to new peer: Peer: permanent_uuid: "b8ba2685df774b0fa8eb7747a734fc82" member_type: VOTER last_known_addr { host: "127.19.131.193" port: 41593 } attrs { replace: true }, Status: LMP_MISMATCH, Last received: 0.0, Next index: 2, Last known committed idx: 1, Time since last communication: 0.001s
I20260630 12:29:23.220887 21005 raft_consensus.cc:2955] T 0204c950abd240fcaeea8cd305924ae0 P 70f79838dd134aadb3af20154c090bf6 [term 1 LEADER]: Committing config change with OpId 1.2: config changed from index -1 to 2, NON_VOTER d1e4ac731e634389bedf2a7ce847dd6f (127.19.131.196) added. New config: { opid_index: 2 OBSOLETE_local: false peers { permanent_uuid: "b8ba2685df774b0fa8eb7747a734fc82" member_type: VOTER last_known_addr { host: "127.19.131.193" port: 41593 } attrs { replace: true } } peers { permanent_uuid: "ab916547e8a64c06af92d3ef52cd6178" member_type: VOTER last_known_addr { host: "127.19.131.194" port: 40897 } } peers { permanent_uuid: "70f79838dd134aadb3af20154c090bf6" member_type: VOTER last_known_addr { host: "127.19.131.195" port: 45301 } } peers { permanent_uuid: "d1e4ac731e634389bedf2a7ce847dd6f" member_type: NON_VOTER last_known_addr { host: "127.19.131.196" port: 42781 } attrs { promote: true } } }
W20260630 12:29:23.222527 20766 consensus_peers.cc:597] T 0204c950abd240fcaeea8cd305924ae0 P 70f79838dd134aadb3af20154c090bf6 -> Peer d1e4ac731e634389bedf2a7ce847dd6f (127.19.131.196:42781): Couldn't send request to peer d1e4ac731e634389bedf2a7ce847dd6f. Error code: TABLET_NOT_FOUND (6). Status: Not found: Tablet not found: 0204c950abd240fcaeea8cd305924ae0. This is attempt 1: this message will repeat every 5th retry.
I20260630 12:29:23.222664 20649 raft_consensus.cc:2955] T 0204c950abd240fcaeea8cd305924ae0 P b8ba2685df774b0fa8eb7747a734fc82 [term 1 FOLLOWER]: Committing config change with OpId 1.2: config changed from index -1 to 2, NON_VOTER d1e4ac731e634389bedf2a7ce847dd6f (127.19.131.196) added. New config: { opid_index: 2 OBSOLETE_local: false peers { permanent_uuid: "b8ba2685df774b0fa8eb7747a734fc82" member_type: VOTER last_known_addr { host: "127.19.131.193" port: 41593 } attrs { replace: true } } peers { permanent_uuid: "ab916547e8a64c06af92d3ef52cd6178" member_type: VOTER last_known_addr { host: "127.19.131.194" port: 40897 } } peers { permanent_uuid: "70f79838dd134aadb3af20154c090bf6" member_type: VOTER last_known_addr { host: "127.19.131.195" port: 45301 } } peers { permanent_uuid: "d1e4ac731e634389bedf2a7ce847dd6f" member_type: NON_VOTER last_known_addr { host: "127.19.131.196" port: 42781 } attrs { promote: true } } }
I20260630 12:29:23.223842 20723 raft_consensus.cc:2955] T 0204c950abd240fcaeea8cd305924ae0 P ab916547e8a64c06af92d3ef52cd6178 [term 1 FOLLOWER]: Committing config change with OpId 1.2: config changed from index -1 to 2, NON_VOTER d1e4ac731e634389bedf2a7ce847dd6f (127.19.131.196) added. New config: { opid_index: 2 OBSOLETE_local: false peers { permanent_uuid: "b8ba2685df774b0fa8eb7747a734fc82" member_type: VOTER last_known_addr { host: "127.19.131.193" port: 41593 } attrs { replace: true } } peers { permanent_uuid: "ab916547e8a64c06af92d3ef52cd6178" member_type: VOTER last_known_addr { host: "127.19.131.194" port: 40897 } } peers { permanent_uuid: "70f79838dd134aadb3af20154c090bf6" member_type: VOTER last_known_addr { host: "127.19.131.195" port: 45301 } } peers { permanent_uuid: "d1e4ac731e634389bedf2a7ce847dd6f" member_type: NON_VOTER last_known_addr { host: "127.19.131.196" port: 42781 } attrs { promote: true } } }
I20260630 12:29:23.235836 20547 catalog_manager.cc:5697] T 0204c950abd240fcaeea8cd305924ae0 P b8ba2685df774b0fa8eb7747a734fc82 reported cstate change: config changed from index -1 to 2, NON_VOTER d1e4ac731e634389bedf2a7ce847dd6f (127.19.131.196) added. New cstate: current_term: 1 leader_uuid: "70f79838dd134aadb3af20154c090bf6" committed_config { opid_index: 2 OBSOLETE_local: false peers { permanent_uuid: "b8ba2685df774b0fa8eb7747a734fc82" member_type: VOTER last_known_addr { host: "127.19.131.193" port: 41593 } attrs { replace: true } } peers { permanent_uuid: "ab916547e8a64c06af92d3ef52cd6178" member_type: VOTER last_known_addr { host: "127.19.131.194" port: 40897 } } peers { permanent_uuid: "70f79838dd134aadb3af20154c090bf6" member_type: VOTER last_known_addr { host: "127.19.131.195" port: 45301 } } peers { permanent_uuid: "d1e4ac731e634389bedf2a7ce847dd6f" member_type: NON_VOTER last_known_addr { host: "127.19.131.196" port: 42781 } attrs { promote: true } } }
I20260630 12:29:23.237038 20800 consensus_queue.cc:237] T 0edf6484735e4dfe9a2fedbbac8e670b P 70f79838dd134aadb3af20154c090bf6 [LEADER]: Queue going to LEADER mode. State: All replicated index: 0, Majority replicated index: 1, Committed index: 1, Last appended: 1.1, Last appended by leader: 0, Current term: 1, Majority size: 2, State: 0, Mode: LEADER, active raft config: opid_index: 2 OBSOLETE_local: false peers { permanent_uuid: "b8ba2685df774b0fa8eb7747a734fc82" member_type: VOTER last_known_addr { host: "127.19.131.193" port: 41593 } } peers { permanent_uuid: "ab916547e8a64c06af92d3ef52cd6178" member_type: VOTER last_known_addr { host: "127.19.131.194" port: 40897 } attrs { replace: true } } peers { permanent_uuid: "70f79838dd134aadb3af20154c090bf6" member_type: VOTER last_known_addr { host: "127.19.131.195" port: 45301 } } peers { permanent_uuid: "d1e4ac731e634389bedf2a7ce847dd6f" member_type: NON_VOTER last_known_addr { host: "127.19.131.196" port: 42781 } attrs { promote: true } }
W20260630 12:29:23.252736 20766 consensus_peers.cc:597] T 0edf6484735e4dfe9a2fedbbac8e670b P 70f79838dd134aadb3af20154c090bf6 -> Peer d1e4ac731e634389bedf2a7ce847dd6f (127.19.131.196:42781): Couldn't send request to peer d1e4ac731e634389bedf2a7ce847dd6f. Error code: TABLET_NOT_FOUND (6). Status: Not found: Tablet not found: 0edf6484735e4dfe9a2fedbbac8e670b. This is attempt 1: this message will repeat every 5th retry.
I20260630 12:29:23.253418 20649 raft_consensus.cc:1275] T 0edf6484735e4dfe9a2fedbbac8e670b P b8ba2685df774b0fa8eb7747a734fc82 [term 1 FOLLOWER]: Refusing update from remote peer 70f79838dd134aadb3af20154c090bf6: Log matching property violated. Preceding OpId in replica: term: 1 index: 1. Preceding OpId from leader: term: 1 index: 2. (index mismatch)
I20260630 12:29:23.252767 20723 raft_consensus.cc:1275] T 0edf6484735e4dfe9a2fedbbac8e670b P ab916547e8a64c06af92d3ef52cd6178 [term 1 FOLLOWER]: Refusing update from remote peer 70f79838dd134aadb3af20154c090bf6: Log matching property violated. Preceding OpId in replica: term: 1 index: 1. Preceding OpId from leader: term: 1 index: 2. (index mismatch)
I20260630 12:29:23.255033 20883 consensus_queue.cc:1048] T 0edf6484735e4dfe9a2fedbbac8e670b P 70f79838dd134aadb3af20154c090bf6 [LEADER]: Connected to new peer: Peer: permanent_uuid: "b8ba2685df774b0fa8eb7747a734fc82" member_type: VOTER last_known_addr { host: "127.19.131.193" port: 41593 }, Status: LMP_MISMATCH, Last received: 0.0, Next index: 2, Last known committed idx: 1, Time since last communication: 0.000s
I20260630 12:29:23.256132 21006 consensus_queue.cc:1048] T 0edf6484735e4dfe9a2fedbbac8e670b P 70f79838dd134aadb3af20154c090bf6 [LEADER]: Connected to new peer: Peer: permanent_uuid: "ab916547e8a64c06af92d3ef52cd6178" member_type: VOTER last_known_addr { host: "127.19.131.194" port: 40897 } attrs { replace: true }, Status: LMP_MISMATCH, Last received: 0.0, Next index: 2, Last known committed idx: 1, Time since last communication: 0.001s
I20260630 12:29:23.267177 20883 raft_consensus.cc:2955] T 0edf6484735e4dfe9a2fedbbac8e670b P 70f79838dd134aadb3af20154c090bf6 [term 1 LEADER]: Committing config change with OpId 1.2: config changed from index -1 to 2, NON_VOTER d1e4ac731e634389bedf2a7ce847dd6f (127.19.131.196) added. New config: { opid_index: 2 OBSOLETE_local: false peers { permanent_uuid: "b8ba2685df774b0fa8eb7747a734fc82" member_type: VOTER last_known_addr { host: "127.19.131.193" port: 41593 } } peers { permanent_uuid: "ab916547e8a64c06af92d3ef52cd6178" member_type: VOTER last_known_addr { host: "127.19.131.194" port: 40897 } attrs { replace: true } } peers { permanent_uuid: "70f79838dd134aadb3af20154c090bf6" member_type: VOTER last_known_addr { host: "127.19.131.195" port: 45301 } } peers { permanent_uuid: "d1e4ac731e634389bedf2a7ce847dd6f" member_type: NON_VOTER last_known_addr { host: "127.19.131.196" port: 42781 } attrs { promote: true } } }
I20260630 12:29:23.269217 20649 raft_consensus.cc:2955] T 0edf6484735e4dfe9a2fedbbac8e670b P b8ba2685df774b0fa8eb7747a734fc82 [term 1 FOLLOWER]: Committing config change with OpId 1.2: config changed from index -1 to 2, NON_VOTER d1e4ac731e634389bedf2a7ce847dd6f (127.19.131.196) added. New config: { opid_index: 2 OBSOLETE_local: false peers { permanent_uuid: "b8ba2685df774b0fa8eb7747a734fc82" member_type: VOTER last_known_addr { host: "127.19.131.193" port: 41593 } } peers { permanent_uuid: "ab916547e8a64c06af92d3ef52cd6178" member_type: VOTER last_known_addr { host: "127.19.131.194" port: 40897 } attrs { replace: true } } peers { permanent_uuid: "70f79838dd134aadb3af20154c090bf6" member_type: VOTER last_known_addr { host: "127.19.131.195" port: 45301 } } peers { permanent_uuid: "d1e4ac731e634389bedf2a7ce847dd6f" member_type: NON_VOTER last_known_addr { host: "127.19.131.196" port: 42781 } attrs { promote: true } } }
I20260630 12:29:23.270998 20723 raft_consensus.cc:2955] T 0edf6484735e4dfe9a2fedbbac8e670b P ab916547e8a64c06af92d3ef52cd6178 [term 1 FOLLOWER]: Committing config change with OpId 1.2: config changed from index -1 to 2, NON_VOTER d1e4ac731e634389bedf2a7ce847dd6f (127.19.131.196) added. New config: { opid_index: 2 OBSOLETE_local: false peers { permanent_uuid: "b8ba2685df774b0fa8eb7747a734fc82" member_type: VOTER last_known_addr { host: "127.19.131.193" port: 41593 } } peers { permanent_uuid: "ab916547e8a64c06af92d3ef52cd6178" member_type: VOTER last_known_addr { host: "127.19.131.194" port: 40897 } attrs { replace: true } } peers { permanent_uuid: "70f79838dd134aadb3af20154c090bf6" member_type: VOTER last_known_addr { host: "127.19.131.195" port: 45301 } } peers { permanent_uuid: "d1e4ac731e634389bedf2a7ce847dd6f" member_type: NON_VOTER last_known_addr { host: "127.19.131.196" port: 42781 } attrs { promote: true } } }
I20260630 12:29:23.282424 20546 catalog_manager.cc:5697] T 0edf6484735e4dfe9a2fedbbac8e670b P 70f79838dd134aadb3af20154c090bf6 reported cstate change: config changed from index -1 to 2, NON_VOTER d1e4ac731e634389bedf2a7ce847dd6f (127.19.131.196) added. New cstate: current_term: 1 leader_uuid: "70f79838dd134aadb3af20154c090bf6" committed_config { opid_index: 2 OBSOLETE_local: false peers { permanent_uuid: "b8ba2685df774b0fa8eb7747a734fc82" member_type: VOTER last_known_addr { host: "127.19.131.193" port: 41593 } health_report { overall_health: HEALTHY } } peers { permanent_uuid: "ab916547e8a64c06af92d3ef52cd6178" member_type: VOTER last_known_addr { host: "127.19.131.194" port: 40897 } attrs { replace: true } health_report { overall_health: HEALTHY } } peers { permanent_uuid: "70f79838dd134aadb3af20154c090bf6" member_type: VOTER last_known_addr { host: "127.19.131.195" port: 45301 } health_report { overall_health: HEALTHY } } peers { permanent_uuid: "d1e4ac731e634389bedf2a7ce847dd6f" member_type: NON_VOTER last_known_addr { host: "127.19.131.196" port: 42781 } attrs { promote: true } health_report { overall_health: UNKNOWN } } }
I20260630 12:29:23.297519 20649 consensus_queue.cc:237] T 369584289a744825a14f3d4745d175b6 P b8ba2685df774b0fa8eb7747a734fc82 [LEADER]: Queue going to LEADER mode. State: All replicated index: 0, Majority replicated index: 1, Committed index: 1, Last appended: 1.1, Last appended by leader: 0, Current term: 1, Majority size: 2, State: 0, Mode: LEADER, active raft config: opid_index: 2 OBSOLETE_local: false peers { permanent_uuid: "b8ba2685df774b0fa8eb7747a734fc82" member_type: VOTER last_known_addr { host: "127.19.131.193" port: 41593 } } peers { permanent_uuid: "ab916547e8a64c06af92d3ef52cd6178" member_type: VOTER last_known_addr { host: "127.19.131.194" port: 40897 } } peers { permanent_uuid: "70f79838dd134aadb3af20154c090bf6" member_type: VOTER last_known_addr { host: "127.19.131.195" port: 45301 } attrs { replace: true } } peers { permanent_uuid: "d1e4ac731e634389bedf2a7ce847dd6f" member_type: NON_VOTER last_known_addr { host: "127.19.131.196" port: 42781 } attrs { promote: true } }
I20260630 12:29:23.304975 20723 raft_consensus.cc:1275] T 369584289a744825a14f3d4745d175b6 P ab916547e8a64c06af92d3ef52cd6178 [term 1 FOLLOWER]: Refusing update from remote peer b8ba2685df774b0fa8eb7747a734fc82: Log matching property violated. Preceding OpId in replica: term: 1 index: 1. Preceding OpId from leader: term: 1 index: 2. (index mismatch)
I20260630 12:29:23.305214 20800 raft_consensus.cc:1275] T 369584289a744825a14f3d4745d175b6 P 70f79838dd134aadb3af20154c090bf6 [term 1 FOLLOWER]: Refusing update from remote peer b8ba2685df774b0fa8eb7747a734fc82: Log matching property violated. Preceding OpId in replica: term: 1 index: 1. Preceding OpId from leader: term: 1 index: 2. (index mismatch)
I20260630 12:29:23.306247 21021 consensus_queue.cc:1048] T 369584289a744825a14f3d4745d175b6 P b8ba2685df774b0fa8eb7747a734fc82 [LEADER]: Connected to new peer: Peer: permanent_uuid: "ab916547e8a64c06af92d3ef52cd6178" member_type: VOTER last_known_addr { host: "127.19.131.194" port: 40897 }, Status: LMP_MISMATCH, Last received: 0.0, Next index: 2, Last known committed idx: 1, Time since last communication: 0.001s
I20260630 12:29:23.307247 20888 consensus_queue.cc:1048] T 369584289a744825a14f3d4745d175b6 P b8ba2685df774b0fa8eb7747a734fc82 [LEADER]: Connected to new peer: Peer: permanent_uuid: "70f79838dd134aadb3af20154c090bf6" member_type: VOTER last_known_addr { host: "127.19.131.195" port: 45301 } attrs { replace: true }, Status: LMP_MISMATCH, Last received: 0.0, Next index: 2, Last known committed idx: 1, Time since last communication: 0.000s
W20260630 12:29:23.317067 20617 consensus_peers.cc:597] T 369584289a744825a14f3d4745d175b6 P b8ba2685df774b0fa8eb7747a734fc82 -> Peer d1e4ac731e634389bedf2a7ce847dd6f (127.19.131.196:42781): Couldn't send request to peer d1e4ac731e634389bedf2a7ce847dd6f. Error code: TABLET_NOT_FOUND (6). Status: Not found: Tablet not found: 369584289a744825a14f3d4745d175b6. This is attempt 1: this message will repeat every 5th retry.
I20260630 12:29:23.316108 20888 raft_consensus.cc:2955] T 369584289a744825a14f3d4745d175b6 P b8ba2685df774b0fa8eb7747a734fc82 [term 1 LEADER]: Committing config change with OpId 1.2: config changed from index -1 to 2, NON_VOTER d1e4ac731e634389bedf2a7ce847dd6f (127.19.131.196) added. New config: { opid_index: 2 OBSOLETE_local: false peers { permanent_uuid: "b8ba2685df774b0fa8eb7747a734fc82" member_type: VOTER last_known_addr { host: "127.19.131.193" port: 41593 } } peers { permanent_uuid: "ab916547e8a64c06af92d3ef52cd6178" member_type: VOTER last_known_addr { host: "127.19.131.194" port: 40897 } } peers { permanent_uuid: "70f79838dd134aadb3af20154c090bf6" member_type: VOTER last_known_addr { host: "127.19.131.195" port: 45301 } attrs { replace: true } } peers { permanent_uuid: "d1e4ac731e634389bedf2a7ce847dd6f" member_type: NON_VOTER last_known_addr { host: "127.19.131.196" port: 42781 } attrs { promote: true } } }
I20260630 12:29:23.317900 20800 raft_consensus.cc:2955] T 369584289a744825a14f3d4745d175b6 P 70f79838dd134aadb3af20154c090bf6 [term 1 FOLLOWER]: Committing config change with OpId 1.2: config changed from index -1 to 2, NON_VOTER d1e4ac731e634389bedf2a7ce847dd6f (127.19.131.196) added. New config: { opid_index: 2 OBSOLETE_local: false peers { permanent_uuid: "b8ba2685df774b0fa8eb7747a734fc82" member_type: VOTER last_known_addr { host: "127.19.131.193" port: 41593 } } peers { permanent_uuid: "ab916547e8a64c06af92d3ef52cd6178" member_type: VOTER last_known_addr { host: "127.19.131.194" port: 40897 } } peers { permanent_uuid: "70f79838dd134aadb3af20154c090bf6" member_type: VOTER last_known_addr { host: "127.19.131.195" port: 45301 } attrs { replace: true } } peers { permanent_uuid: "d1e4ac731e634389bedf2a7ce847dd6f" member_type: NON_VOTER last_known_addr { host: "127.19.131.196" port: 42781 } attrs { promote: true } } }
I20260630 12:29:23.321679 20723 raft_consensus.cc:2955] T 369584289a744825a14f3d4745d175b6 P ab916547e8a64c06af92d3ef52cd6178 [term 1 FOLLOWER]: Committing config change with OpId 1.2: config changed from index -1 to 2, NON_VOTER d1e4ac731e634389bedf2a7ce847dd6f (127.19.131.196) added. New config: { opid_index: 2 OBSOLETE_local: false peers { permanent_uuid: "b8ba2685df774b0fa8eb7747a734fc82" member_type: VOTER last_known_addr { host: "127.19.131.193" port: 41593 } } peers { permanent_uuid: "ab916547e8a64c06af92d3ef52cd6178" member_type: VOTER last_known_addr { host: "127.19.131.194" port: 40897 } } peers { permanent_uuid: "70f79838dd134aadb3af20154c090bf6" member_type: VOTER last_known_addr { host: "127.19.131.195" port: 45301 } attrs { replace: true } } peers { permanent_uuid: "d1e4ac731e634389bedf2a7ce847dd6f" member_type: NON_VOTER last_known_addr { host: "127.19.131.196" port: 42781 } attrs { promote: true } } }
I20260630 12:29:23.333501 20547 catalog_manager.cc:5697] T 369584289a744825a14f3d4745d175b6 P ab916547e8a64c06af92d3ef52cd6178 reported cstate change: config changed from index -1 to 2, NON_VOTER d1e4ac731e634389bedf2a7ce847dd6f (127.19.131.196) added. New cstate: current_term: 1 leader_uuid: "b8ba2685df774b0fa8eb7747a734fc82" committed_config { opid_index: 2 OBSOLETE_local: false peers { permanent_uuid: "b8ba2685df774b0fa8eb7747a734fc82" member_type: VOTER last_known_addr { host: "127.19.131.193" port: 41593 } } peers { permanent_uuid: "ab916547e8a64c06af92d3ef52cd6178" member_type: VOTER last_known_addr { host: "127.19.131.194" port: 40897 } } peers { permanent_uuid: "70f79838dd134aadb3af20154c090bf6" member_type: VOTER last_known_addr { host: "127.19.131.195" port: 45301 } attrs { replace: true } } peers { permanent_uuid: "d1e4ac731e634389bedf2a7ce847dd6f" member_type: NON_VOTER last_known_addr { host: "127.19.131.196" port: 42781 } attrs { promote: true } } }
I20260630 12:29:23.346081 20723 consensus_queue.cc:237] T 3ceb1e43cb6b4aa78722de665b2266db P ab916547e8a64c06af92d3ef52cd6178 [LEADER]: Queue going to LEADER mode. State: All replicated index: 0, Majority replicated index: 1, Committed index: 1, Last appended: 1.1, Last appended by leader: 0, Current term: 1, Majority size: 2, State: 0, Mode: LEADER, active raft config: opid_index: 2 OBSOLETE_local: false peers { permanent_uuid: "b8ba2685df774b0fa8eb7747a734fc82" member_type: VOTER last_known_addr { host: "127.19.131.193" port: 41593 } } peers { permanent_uuid: "ab916547e8a64c06af92d3ef52cd6178" member_type: VOTER last_known_addr { host: "127.19.131.194" port: 40897 } } peers { permanent_uuid: "70f79838dd134aadb3af20154c090bf6" member_type: VOTER last_known_addr { host: "127.19.131.195" port: 45301 } attrs { replace: true } } peers { permanent_uuid: "d1e4ac731e634389bedf2a7ce847dd6f" member_type: NON_VOTER last_known_addr { host: "127.19.131.196" port: 42781 } attrs { promote: true } }
I20260630 12:29:23.353343 20800 raft_consensus.cc:1275] T 3ceb1e43cb6b4aa78722de665b2266db P 70f79838dd134aadb3af20154c090bf6 [term 1 FOLLOWER]: Refusing update from remote peer ab916547e8a64c06af92d3ef52cd6178: Log matching property violated. Preceding OpId in replica: term: 1 index: 1. Preceding OpId from leader: term: 1 index: 2. (index mismatch)
I20260630 12:29:23.354317 20649 raft_consensus.cc:1275] T 3ceb1e43cb6b4aa78722de665b2266db P b8ba2685df774b0fa8eb7747a734fc82 [term 1 FOLLOWER]: Refusing update from remote peer ab916547e8a64c06af92d3ef52cd6178: Log matching property violated. Preceding OpId in replica: term: 1 index: 1. Preceding OpId from leader: term: 1 index: 2. (index mismatch)
I20260630 12:29:23.355103 21028 consensus_queue.cc:1048] T 3ceb1e43cb6b4aa78722de665b2266db P ab916547e8a64c06af92d3ef52cd6178 [LEADER]: Connected to new peer: Peer: permanent_uuid: "70f79838dd134aadb3af20154c090bf6" member_type: VOTER last_known_addr { host: "127.19.131.195" port: 45301 } attrs { replace: true }, Status: LMP_MISMATCH, Last received: 0.0, Next index: 2, Last known committed idx: 1, Time since last communication: 0.001s
I20260630 12:29:23.356221 21011 consensus_queue.cc:1048] T 3ceb1e43cb6b4aa78722de665b2266db P ab916547e8a64c06af92d3ef52cd6178 [LEADER]: Connected to new peer: Peer: permanent_uuid: "b8ba2685df774b0fa8eb7747a734fc82" member_type: VOTER last_known_addr { host: "127.19.131.193" port: 41593 }, Status: LMP_MISMATCH, Last received: 0.0, Next index: 2, Last known committed idx: 1, Time since last communication: 0.000s
W20260630 12:29:23.366655 20692 consensus_peers.cc:597] T 3ceb1e43cb6b4aa78722de665b2266db P ab916547e8a64c06af92d3ef52cd6178 -> Peer d1e4ac731e634389bedf2a7ce847dd6f (127.19.131.196:42781): Couldn't send request to peer d1e4ac731e634389bedf2a7ce847dd6f. Error code: TABLET_NOT_FOUND (6). Status: Not found: Tablet not found: 3ceb1e43cb6b4aa78722de665b2266db. This is attempt 1: this message will repeat every 5th retry.
I20260630 12:29:23.366806 21028 raft_consensus.cc:2955] T 3ceb1e43cb6b4aa78722de665b2266db P ab916547e8a64c06af92d3ef52cd6178 [term 1 LEADER]: Committing config change with OpId 1.2: config changed from index -1 to 2, NON_VOTER d1e4ac731e634389bedf2a7ce847dd6f (127.19.131.196) added. New config: { opid_index: 2 OBSOLETE_local: false peers { permanent_uuid: "b8ba2685df774b0fa8eb7747a734fc82" member_type: VOTER last_known_addr { host: "127.19.131.193" port: 41593 } } peers { permanent_uuid: "ab916547e8a64c06af92d3ef52cd6178" member_type: VOTER last_known_addr { host: "127.19.131.194" port: 40897 } } peers { permanent_uuid: "70f79838dd134aadb3af20154c090bf6" member_type: VOTER last_known_addr { host: "127.19.131.195" port: 45301 } attrs { replace: true } } peers { permanent_uuid: "d1e4ac731e634389bedf2a7ce847dd6f" member_type: NON_VOTER last_known_addr { host: "127.19.131.196" port: 42781 } attrs { promote: true } } }
I20260630 12:29:23.368527 20800 raft_consensus.cc:2955] T 3ceb1e43cb6b4aa78722de665b2266db P 70f79838dd134aadb3af20154c090bf6 [term 1 FOLLOWER]: Committing config change with OpId 1.2: config changed from index -1 to 2, NON_VOTER d1e4ac731e634389bedf2a7ce847dd6f (127.19.131.196) added. New config: { opid_index: 2 OBSOLETE_local: false peers { permanent_uuid: "b8ba2685df774b0fa8eb7747a734fc82" member_type: VOTER last_known_addr { host: "127.19.131.193" port: 41593 } } peers { permanent_uuid: "ab916547e8a64c06af92d3ef52cd6178" member_type: VOTER last_known_addr { host: "127.19.131.194" port: 40897 } } peers { permanent_uuid: "70f79838dd134aadb3af20154c090bf6" member_type: VOTER last_known_addr { host: "127.19.131.195" port: 45301 } attrs { replace: true } } peers { permanent_uuid: "d1e4ac731e634389bedf2a7ce847dd6f" member_type: NON_VOTER last_known_addr { host: "127.19.131.196" port: 42781 } attrs { promote: true } } }
I20260630 12:29:23.370628 20649 raft_consensus.cc:2955] T 3ceb1e43cb6b4aa78722de665b2266db P b8ba2685df774b0fa8eb7747a734fc82 [term 1 FOLLOWER]: Committing config change with OpId 1.2: config changed from index -1 to 2, NON_VOTER d1e4ac731e634389bedf2a7ce847dd6f (127.19.131.196) added. New config: { opid_index: 2 OBSOLETE_local: false peers { permanent_uuid: "b8ba2685df774b0fa8eb7747a734fc82" member_type: VOTER last_known_addr { host: "127.19.131.193" port: 41593 } } peers { permanent_uuid: "ab916547e8a64c06af92d3ef52cd6178" member_type: VOTER last_known_addr { host: "127.19.131.194" port: 40897 } } peers { permanent_uuid: "70f79838dd134aadb3af20154c090bf6" member_type: VOTER last_known_addr { host: "127.19.131.195" port: 45301 } attrs { replace: true } } peers { permanent_uuid: "d1e4ac731e634389bedf2a7ce847dd6f" member_type: NON_VOTER last_known_addr { host: "127.19.131.196" port: 42781 } attrs { promote: true } } }
I20260630 12:29:23.382699 20547 catalog_manager.cc:5697] T 3ceb1e43cb6b4aa78722de665b2266db P 70f79838dd134aadb3af20154c090bf6 reported cstate change: config changed from index -1 to 2, NON_VOTER d1e4ac731e634389bedf2a7ce847dd6f (127.19.131.196) added. New cstate: current_term: 1 leader_uuid: "ab916547e8a64c06af92d3ef52cd6178" committed_config { opid_index: 2 OBSOLETE_local: false peers { permanent_uuid: "b8ba2685df774b0fa8eb7747a734fc82" member_type: VOTER last_known_addr { host: "127.19.131.193" port: 41593 } } peers { permanent_uuid: "ab916547e8a64c06af92d3ef52cd6178" member_type: VOTER last_known_addr { host: "127.19.131.194" port: 40897 } } peers { permanent_uuid: "70f79838dd134aadb3af20154c090bf6" member_type: VOTER last_known_addr { host: "127.19.131.195" port: 45301 } attrs { replace: true } } peers { permanent_uuid: "d1e4ac731e634389bedf2a7ce847dd6f" member_type: NON_VOTER last_known_addr { host: "127.19.131.196" port: 42781 } attrs { promote: true } } }
I20260630 12:29:23.681008 21032 ts_tablet_manager.cc:933] T 0edf6484735e4dfe9a2fedbbac8e670b P d1e4ac731e634389bedf2a7ce847dd6f: Initiating tablet copy from peer 70f79838dd134aadb3af20154c090bf6 (127.19.131.195:45301)
I20260630 12:29:23.683094 19983 tablet_server.cc:179] TabletServer@127.19.131.193:0 shutting down...
I20260630 12:29:23.683281 21032 tablet_copy_client.cc:323] T 0edf6484735e4dfe9a2fedbbac8e670b P d1e4ac731e634389bedf2a7ce847dd6f: tablet copy: Beginning tablet copy session from remote peer at address 127.19.131.195:45301
I20260630 12:29:23.704311 21035 ts_tablet_manager.cc:933] T 0204c950abd240fcaeea8cd305924ae0 P d1e4ac731e634389bedf2a7ce847dd6f: Initiating tablet copy from peer 70f79838dd134aadb3af20154c090bf6 (127.19.131.195:45301)
I20260630 12:29:23.704689 20810 tablet_copy_service.cc:140] P 70f79838dd134aadb3af20154c090bf6: Received BeginTabletCopySession request for tablet 0edf6484735e4dfe9a2fedbbac8e670b from peer d1e4ac731e634389bedf2a7ce847dd6f ({username='slave'} at 127.0.0.1:44250)
I20260630 12:29:23.705470 20810 tablet_copy_service.cc:161] P 70f79838dd134aadb3af20154c090bf6: Beginning new tablet copy session on tablet 0edf6484735e4dfe9a2fedbbac8e670b from peer d1e4ac731e634389bedf2a7ce847dd6f at {username='slave'} at 127.0.0.1:44250: session id = d1e4ac731e634389bedf2a7ce847dd6f-0edf6484735e4dfe9a2fedbbac8e670b
I20260630 12:29:23.710078 21035 tablet_copy_client.cc:323] T 0204c950abd240fcaeea8cd305924ae0 P d1e4ac731e634389bedf2a7ce847dd6f: tablet copy: Beginning tablet copy session from remote peer at address 127.19.131.195:45301
I20260630 12:29:23.717667 20809 tablet_copy_service.cc:140] P 70f79838dd134aadb3af20154c090bf6: Received BeginTabletCopySession request for tablet 0204c950abd240fcaeea8cd305924ae0 from peer d1e4ac731e634389bedf2a7ce847dd6f ({username='slave'} at 127.0.0.1:44250)
I20260630 12:29:23.718536 20809 tablet_copy_service.cc:161] P 70f79838dd134aadb3af20154c090bf6: Beginning new tablet copy session on tablet 0204c950abd240fcaeea8cd305924ae0 from peer d1e4ac731e634389bedf2a7ce847dd6f at {username='slave'} at 127.0.0.1:44250: session id = d1e4ac731e634389bedf2a7ce847dd6f-0204c950abd240fcaeea8cd305924ae0
I20260630 12:29:23.727900 20810 tablet_copy_source_session.cc:215] T 0edf6484735e4dfe9a2fedbbac8e670b P 70f79838dd134aadb3af20154c090bf6: Tablet Copy: opened 0 blocks and 1 log segments
I20260630 12:29:23.729346 20809 tablet_copy_source_session.cc:215] T 0204c950abd240fcaeea8cd305924ae0 P 70f79838dd134aadb3af20154c090bf6: Tablet Copy: opened 0 blocks and 1 log segments
W20260630 12:29:23.729624 20765 proxy.cc:239] Call had error, refreshing address and retrying: Remote error: Service unavailable: service kudu.consensus.ConsensusService not registered on TabletServer
I20260630 12:29:23.744916 21035 data_dirs.cc:400] Could only allocate 1 dirs of requested 3 for tablet 0204c950abd240fcaeea8cd305924ae0. 1 dirs total, 0 dirs full, 0 dirs failed
I20260630 12:29:23.750188 21032 data_dirs.cc:400] Could only allocate 1 dirs of requested 3 for tablet 0edf6484735e4dfe9a2fedbbac8e670b. 1 dirs total, 0 dirs full, 0 dirs failed
W20260630 12:29:23.752130 20765 consensus_peers.cc:597] T 0204c950abd240fcaeea8cd305924ae0 P 70f79838dd134aadb3af20154c090bf6 -> Peer b8ba2685df774b0fa8eb7747a734fc82 (127.19.131.193:41593): Couldn't send request to peer b8ba2685df774b0fa8eb7747a734fc82. Status: Remote error: Service unavailable: service kudu.consensus.ConsensusService not registered on TabletServer. This is attempt 1: this message will repeat every 5th retry.
I20260630 12:29:23.754213 19983 ts_tablet_manager.cc:1507] Shutting down tablet manager...
I20260630 12:29:23.757356 21038 ts_tablet_manager.cc:933] T 369584289a744825a14f3d4745d175b6 P d1e4ac731e634389bedf2a7ce847dd6f: Initiating tablet copy from peer b8ba2685df774b0fa8eb7747a734fc82 (127.19.131.193:41593)
I20260630 12:29:23.765502 21038 tablet_copy_client.cc:323] T 369584289a744825a14f3d4745d175b6 P d1e4ac731e634389bedf2a7ce847dd6f: tablet copy: Beginning tablet copy session from remote peer at address 127.19.131.193:41593
I20260630 12:29:23.768195 19983 tablet_replica.cc:333] T fcf9bb2d208840298622876d4f4bdc95 P b8ba2685df774b0fa8eb7747a734fc82: stopping tablet replica
I20260630 12:29:23.768915 19983 raft_consensus.cc:2243] T fcf9bb2d208840298622876d4f4bdc95 P b8ba2685df774b0fa8eb7747a734fc82 [term 1 LEADER]: Raft consensus shutting down.
I20260630 12:29:23.769718 19983 raft_consensus.cc:2272] T fcf9bb2d208840298622876d4f4bdc95 P b8ba2685df774b0fa8eb7747a734fc82 [term 1 FOLLOWER]: Raft consensus is shut down!
I20260630 12:29:23.772331 19983 tablet_replica.cc:333] T 3ceb1e43cb6b4aa78722de665b2266db P b8ba2685df774b0fa8eb7747a734fc82: stopping tablet replica
I20260630 12:29:23.773126 19983 raft_consensus.cc:2243] T 3ceb1e43cb6b4aa78722de665b2266db P b8ba2685df774b0fa8eb7747a734fc82 [term 1 FOLLOWER]: Raft consensus shutting down.
I20260630 12:29:23.773521 21035 tablet_copy_client.cc:806] T 0204c950abd240fcaeea8cd305924ae0 P d1e4ac731e634389bedf2a7ce847dd6f: tablet copy: Starting download of 0 data blocks...
I20260630 12:29:23.773818 19983 raft_consensus.cc:2272] T 3ceb1e43cb6b4aa78722de665b2266db P b8ba2685df774b0fa8eb7747a734fc82 [term 1 FOLLOWER]: Raft consensus is shut down!
I20260630 12:29:23.774240 21035 tablet_copy_client.cc:670] T 0204c950abd240fcaeea8cd305924ae0 P d1e4ac731e634389bedf2a7ce847dd6f: tablet copy: Starting download of 1 WAL segments...
I20260630 12:29:23.778446 19983 tablet_replica.cc:333] T 0204c950abd240fcaeea8cd305924ae0 P b8ba2685df774b0fa8eb7747a734fc82: stopping tablet replica
I20260630 12:29:23.782572 21035 tablet_copy_client.cc:538] T 0204c950abd240fcaeea8cd305924ae0 P d1e4ac731e634389bedf2a7ce847dd6f: tablet copy: Tablet Copy complete. Replacing tablet superblock.
I20260630 12:29:23.783805 19983 raft_consensus.cc:2243] T 0204c950abd240fcaeea8cd305924ae0 P b8ba2685df774b0fa8eb7747a734fc82 [term 1 FOLLOWER]: Raft consensus shutting down.
I20260630 12:29:23.782918 21032 tablet_copy_client.cc:806] T 0edf6484735e4dfe9a2fedbbac8e670b P d1e4ac731e634389bedf2a7ce847dd6f: tablet copy: Starting download of 0 data blocks...
I20260630 12:29:23.785100 21032 tablet_copy_client.cc:670] T 0edf6484735e4dfe9a2fedbbac8e670b P d1e4ac731e634389bedf2a7ce847dd6f: tablet copy: Starting download of 1 WAL segments...
I20260630 12:29:23.787379 19983 raft_consensus.cc:2272] T 0204c950abd240fcaeea8cd305924ae0 P b8ba2685df774b0fa8eb7747a734fc82 [term 1 FOLLOWER]: Raft consensus is shut down!
W20260630 12:29:23.787535 20691 consensus_peers.cc:597] T 3ceb1e43cb6b4aa78722de665b2266db P ab916547e8a64c06af92d3ef52cd6178 -> Peer b8ba2685df774b0fa8eb7747a734fc82 (127.19.131.193:41593): Couldn't send request to peer b8ba2685df774b0fa8eb7747a734fc82. Status: Remote error: Service unavailable: service kudu.consensus.ConsensusService not registered on TabletServer. This is attempt 1: this message will repeat every 5th retry.
I20260630 12:29:23.790323 21032 tablet_copy_client.cc:538] T 0edf6484735e4dfe9a2fedbbac8e670b P d1e4ac731e634389bedf2a7ce847dd6f: tablet copy: Tablet Copy complete. Replacing tablet superblock.
I20260630 12:29:23.791571 19983 tablet_replica.cc:333] T 369584289a744825a14f3d4745d175b6 P b8ba2685df774b0fa8eb7747a734fc82: stopping tablet replica
I20260630 12:29:23.792440 19983 raft_consensus.cc:2243] T 369584289a744825a14f3d4745d175b6 P b8ba2685df774b0fa8eb7747a734fc82 [term 1 LEADER]: Raft consensus shutting down.
I20260630 12:29:23.793515 19983 raft_consensus.cc:2272] T 369584289a744825a14f3d4745d175b6 P b8ba2685df774b0fa8eb7747a734fc82 [term 1 FOLLOWER]: Raft consensus is shut down!
I20260630 12:29:23.794451 21035 tablet_bootstrap.cc:492] T 0204c950abd240fcaeea8cd305924ae0 P d1e4ac731e634389bedf2a7ce847dd6f: Bootstrap starting.
