I20260630 12:29:29.766219 21520 consensus_queue.cc:260] T b2c970ce192d42d6bd5a3b989f4243bc P 337e7c35891f495b83272c8721e4f19e [NON_LEADER]: Queue going to NON_LEADER mode. State: All replicated index: 0, Majority replicated index: 0, Committed index: 0, Last appended: 0.0, Last appended by leader: 0, Current term: 0, Majority size: -1, State: 0, Mode: NON_LEADER, active raft config: opid_index: -1 OBSOLETE_local: true peers { permanent_uuid: "337e7c35891f495b83272c8721e4f19e" member_type: VOTER last_known_addr { host: "127.19.117.195" port: 40897 } }
I20260630 12:29:29.766856 21520 raft_consensus.cc:399] T b2c970ce192d42d6bd5a3b989f4243bc P 337e7c35891f495b83272c8721e4f19e [term 0 FOLLOWER]: Only one voter in the Raft config. Triggering election immediately
I20260630 12:29:29.767158 21520 raft_consensus.cc:493] T b2c970ce192d42d6bd5a3b989f4243bc P 337e7c35891f495b83272c8721e4f19e [term 0 FOLLOWER]: Starting leader election (initial election of a single-replica configuration)
I20260630 12:29:29.767491 21520 raft_consensus.cc:3060] T b2c970ce192d42d6bd5a3b989f4243bc P 337e7c35891f495b83272c8721e4f19e [term 0 FOLLOWER]: Advancing to term 1
I20260630 12:29:29.769989 21519 raft_consensus.cc:515] T a234582124554363821936bb7b9773f4 P 4e9a033bddc6481184ea36b092a6807d [term 1 FOLLOWER]: Starting leader election with config: opid_index: -1 OBSOLETE_local: true peers { permanent_uuid: "4e9a033bddc6481184ea36b092a6807d" member_type: VOTER last_known_addr { host: "127.19.117.194" port: 43051 } }
I20260630 12:29:29.770555 21519 leader_election.cc:304] T a234582124554363821936bb7b9773f4 P 4e9a033bddc6481184ea36b092a6807d [CANDIDATE]: Term 1 election: Election decided. Result: candidate won. Election summary: received 1 responses out of 1 voters: 1 yes votes; 0 no votes. yes voters: 4e9a033bddc6481184ea36b092a6807d; no voters: 
I20260630 12:29:29.770880 21518 raft_consensus.cc:515] T b655b23e433540588b1cf4fcfc8fea67 P a6674babe6164ca58cf834fe52ff824d [term 1 FOLLOWER]: Starting leader election with config: opid_index: -1 OBSOLETE_local: true peers { permanent_uuid: "a6674babe6164ca58cf834fe52ff824d" member_type: VOTER last_known_addr { host: "127.19.117.193" port: 38825 } }
I20260630 12:29:29.771605 21518 leader_election.cc:304] T b655b23e433540588b1cf4fcfc8fea67 P a6674babe6164ca58cf834fe52ff824d [CANDIDATE]: Term 1 election: Election decided. Result: candidate won. Election summary: received 1 responses out of 1 voters: 1 yes votes; 0 no votes. yes voters: a6674babe6164ca58cf834fe52ff824d; no voters: 
I20260630 12:29:29.771906 21519 leader_election.cc:290] T a234582124554363821936bb7b9773f4 P 4e9a033bddc6481184ea36b092a6807d [CANDIDATE]: Term 1 election: Requested vote from peers 
I20260630 12:29:29.772449 21524 raft_consensus.cc:2804] T a234582124554363821936bb7b9773f4 P 4e9a033bddc6481184ea36b092a6807d [term 1 FOLLOWER]: Leader election won for term 1
I20260630 12:29:29.774501 21520 raft_consensus.cc:515] T b2c970ce192d42d6bd5a3b989f4243bc P 337e7c35891f495b83272c8721e4f19e [term 1 FOLLOWER]: Starting leader election with config: opid_index: -1 OBSOLETE_local: true peers { permanent_uuid: "337e7c35891f495b83272c8721e4f19e" member_type: VOTER last_known_addr { host: "127.19.117.195" port: 40897 } }
I20260630 12:29:29.777644 21520 leader_election.cc:304] T b2c970ce192d42d6bd5a3b989f4243bc P 337e7c35891f495b83272c8721e4f19e [CANDIDATE]: Term 1 election: Election decided. Result: candidate won. Election summary: received 1 responses out of 1 voters: 1 yes votes; 0 no votes. yes voters: 337e7c35891f495b83272c8721e4f19e; no voters: 
I20260630 12:29:29.778332 21524 raft_consensus.cc:697] T a234582124554363821936bb7b9773f4 P 4e9a033bddc6481184ea36b092a6807d [term 1 LEADER]: Becoming Leader. State: Replica: 4e9a033bddc6481184ea36b092a6807d, State: Running, Role: LEADER
I20260630 12:29:29.779357 21524 consensus_queue.cc:237] T a234582124554363821936bb7b9773f4 P 4e9a033bddc6481184ea36b092a6807d [LEADER]: Queue going to LEADER mode. State: All replicated index: 0, Majority replicated index: 0, Committed index: 0, Last appended: 0.0, Last appended by leader: 0, Current term: 1, Majority size: 1, State: 0, Mode: LEADER, active raft config: opid_index: -1 OBSOLETE_local: true peers { permanent_uuid: "4e9a033bddc6481184ea36b092a6807d" member_type: VOTER last_known_addr { host: "127.19.117.194" port: 43051 } }
I20260630 12:29:29.791631 21164 catalog_manager.cc:5697] T a234582124554363821936bb7b9773f4 P 4e9a033bddc6481184ea36b092a6807d reported cstate change: term changed from 0 to 1, leader changed from <none> to 4e9a033bddc6481184ea36b092a6807d (127.19.117.194). New cstate: current_term: 1 leader_uuid: "4e9a033bddc6481184ea36b092a6807d" committed_config { opid_index: -1 OBSOLETE_local: true peers { permanent_uuid: "4e9a033bddc6481184ea36b092a6807d" member_type: VOTER last_known_addr { host: "127.19.117.194" port: 43051 } health_report { overall_health: HEALTHY } } }
I20260630 12:29:29.795544 21520 leader_election.cc:290] T b2c970ce192d42d6bd5a3b989f4243bc P 337e7c35891f495b83272c8721e4f19e [CANDIDATE]: Term 1 election: Requested vote from peers 
I20260630 12:29:29.795929 21528 raft_consensus.cc:2804] T b2c970ce192d42d6bd5a3b989f4243bc P 337e7c35891f495b83272c8721e4f19e [term 1 FOLLOWER]: Leader election won for term 1
I20260630 12:29:29.805572 21525 raft_consensus.cc:2804] T b655b23e433540588b1cf4fcfc8fea67 P a6674babe6164ca58cf834fe52ff824d [term 1 FOLLOWER]: Leader election won for term 1
I20260630 12:29:29.808321 21520 ts_tablet_manager.cc:1434] T b2c970ce192d42d6bd5a3b989f4243bc P 337e7c35891f495b83272c8721e4f19e: Time spent starting tablet: real 0.046s	user 0.028s	sys 0.011s
I20260630 12:29:29.811189 21525 raft_consensus.cc:697] T b655b23e433540588b1cf4fcfc8fea67 P a6674babe6164ca58cf834fe52ff824d [term 1 LEADER]: Becoming Leader. State: Replica: a6674babe6164ca58cf834fe52ff824d, State: Running, Role: LEADER
I20260630 12:29:29.812002 21525 consensus_queue.cc:237] T b655b23e433540588b1cf4fcfc8fea67 P a6674babe6164ca58cf834fe52ff824d [LEADER]: Queue going to LEADER mode. State: All replicated index: 0, Majority replicated index: 0, Committed index: 0, Last appended: 0.0, Last appended by leader: 0, Current term: 1, Majority size: 1, State: 0, Mode: LEADER, active raft config: opid_index: -1 OBSOLETE_local: true peers { permanent_uuid: "a6674babe6164ca58cf834fe52ff824d" member_type: VOTER last_known_addr { host: "127.19.117.193" port: 38825 } }
I20260630 12:29:29.817440 21518 leader_election.cc:290] T b655b23e433540588b1cf4fcfc8fea67 P a6674babe6164ca58cf834fe52ff824d [CANDIDATE]: Term 1 election: Requested vote from peers 
I20260630 12:29:29.819032 21518 ts_tablet_manager.cc:1434] T b655b23e433540588b1cf4fcfc8fea67 P a6674babe6164ca58cf834fe52ff824d: Time spent starting tablet: real 0.062s	user 0.037s	sys 0.012s
I20260630 12:29:29.824270 21519 ts_tablet_manager.cc:1434] T a234582124554363821936bb7b9773f4 P 4e9a033bddc6481184ea36b092a6807d: Time spent starting tablet: real 0.066s	user 0.010s	sys 0.019s
I20260630 12:29:29.826063 21528 raft_consensus.cc:697] T b2c970ce192d42d6bd5a3b989f4243bc P 337e7c35891f495b83272c8721e4f19e [term 1 LEADER]: Becoming Leader. State: Replica: 337e7c35891f495b83272c8721e4f19e, State: Running, Role: LEADER
I20260630 12:29:29.826826 21528 consensus_queue.cc:237] T b2c970ce192d42d6bd5a3b989f4243bc P 337e7c35891f495b83272c8721e4f19e [LEADER]: Queue going to LEADER mode. State: All replicated index: 0, Majority replicated index: 0, Committed index: 0, Last appended: 0.0, Last appended by leader: 0, Current term: 1, Majority size: 1, State: 0, Mode: LEADER, active raft config: opid_index: -1 OBSOLETE_local: true peers { permanent_uuid: "337e7c35891f495b83272c8721e4f19e" member_type: VOTER last_known_addr { host: "127.19.117.195" port: 40897 } }
I20260630 12:29:29.836920 21163 catalog_manager.cc:5697] T b2c970ce192d42d6bd5a3b989f4243bc P 337e7c35891f495b83272c8721e4f19e reported cstate change: term changed from 0 to 1, leader changed from <none> to 337e7c35891f495b83272c8721e4f19e (127.19.117.195). New cstate: current_term: 1 leader_uuid: "337e7c35891f495b83272c8721e4f19e" committed_config { opid_index: -1 OBSOLETE_local: true peers { permanent_uuid: "337e7c35891f495b83272c8721e4f19e" member_type: VOTER last_known_addr { host: "127.19.117.195" port: 40897 } health_report { overall_health: HEALTHY } } }
I20260630 12:29:29.865772 21164 catalog_manager.cc:5697] T b655b23e433540588b1cf4fcfc8fea67 P a6674babe6164ca58cf834fe52ff824d reported cstate change: term changed from 0 to 1, leader changed from <none> to a6674babe6164ca58cf834fe52ff824d (127.19.117.193). New cstate: current_term: 1 leader_uuid: "a6674babe6164ca58cf834fe52ff824d" committed_config { opid_index: -1 OBSOLETE_local: true peers { permanent_uuid: "a6674babe6164ca58cf834fe52ff824d" member_type: VOTER last_known_addr { host: "127.19.117.193" port: 38825 } health_report { overall_health: HEALTHY } } }
I20260630 12:29:31.581837 21226 auto_leader_rebalancer.cc:141] leader rebalance for table test-workload
I20260630 12:29:31.584518 21226 auto_leader_rebalancer.cc:515] All tables' leader rebalancing finished this round
I20260630 12:29:31.919900 19927 master.cc:562] Master@127.19.117.252:36441 shutting down...
I20260630 12:29:31.934888 19927 raft_consensus.cc:2243] T 00000000000000000000000000000000 P 0234e75ce28a476d92eb969bbadb9cf2 [term 1 LEADER]: Raft consensus shutting down.
I20260630 12:29:31.935683 19927 raft_consensus.cc:2272] T 00000000000000000000000000000000 P 0234e75ce28a476d92eb969bbadb9cf2 [term 1 FOLLOWER]: Raft consensus is shut down!
I20260630 12:29:31.936105 19927 tablet_replica.cc:333] T 00000000000000000000000000000000 P 0234e75ce28a476d92eb969bbadb9cf2: stopping tablet replica
I20260630 12:29:31.954910 19927 master.cc:584] Master@127.19.117.252:36441 shutdown complete.
W20260630 12:29:32.867185 21404 heartbeater.cc:646] Failed to heartbeat to 127.19.117.252:36441 (0 consecutive failures): Network error: Failed to send heartbeat to master: Client connection negotiation failed: client connection to 127.19.117.252:36441: connect: Connection refused (error 111)
I20260630 12:29:33.069108 21544 raft_consensus.cc:493] T 00000000000000000000000000000000 P 1d1c37cc8d204f84a01ce6ac027954f1 [term 1 FOLLOWER]: Starting pre-election (detected failure of leader 0234e75ce28a476d92eb969bbadb9cf2)
I20260630 12:29:33.069667 21544 raft_consensus.cc:515] T 00000000000000000000000000000000 P 1d1c37cc8d204f84a01ce6ac027954f1 [term 1 FOLLOWER]: Starting pre-election with config: opid_index: -1 OBSOLETE_local: false peers { permanent_uuid: "1d1c37cc8d204f84a01ce6ac027954f1" member_type: VOTER last_known_addr { host: "127.19.117.254" port: 42207 } } peers { permanent_uuid: "110f2e7678b44fb0a84e6bf62167ac91" member_type: VOTER last_known_addr { host: "127.19.117.253" port: 42087 } } peers { permanent_uuid: "0234e75ce28a476d92eb969bbadb9cf2" member_type: VOTER last_known_addr { host: "127.19.117.252" port: 36441 } }
I20260630 12:29:33.071326 21544 leader_election.cc:290] T 00000000000000000000000000000000 P 1d1c37cc8d204f84a01ce6ac027954f1 [CANDIDATE]: Term 2 pre-election: Requested pre-vote from peers 110f2e7678b44fb0a84e6bf62167ac91 (127.19.117.253:42087), 0234e75ce28a476d92eb969bbadb9cf2 (127.19.117.252:36441)
I20260630 12:29:33.072083 21109 tablet_service.cc:1917] Received RequestConsensusVote() RPC: tablet_id: "00000000000000000000000000000000" candidate_uuid: "1d1c37cc8d204f84a01ce6ac027954f1" candidate_term: 2 candidate_status { last_received { term: 1 index: 11 } } ignore_live_leader: false dest_uuid: "110f2e7678b44fb0a84e6bf62167ac91" is_pre_election: true
W20260630 12:29:33.073829 21019 proxy.cc:239] Call had error, refreshing address and retrying: Network error: Client connection negotiation failed: client connection to 127.19.117.252:36441: connect: Connection refused (error 111) [suppressed 82 similar messages]
W20260630 12:29:33.076969 21019 leader_election.cc:336] T 00000000000000000000000000000000 P 1d1c37cc8d204f84a01ce6ac027954f1 [CANDIDATE]: Term 2 pre-election: RPC error from VoteRequest() call to peer 0234e75ce28a476d92eb969bbadb9cf2 (127.19.117.252:36441): Network error: Client connection negotiation failed: client connection to 127.19.117.252:36441: connect: Connection refused (error 111)
I20260630 12:29:33.077394 21019 leader_election.cc:304] T 00000000000000000000000000000000 P 1d1c37cc8d204f84a01ce6ac027954f1 [CANDIDATE]: Term 2 pre-election: Election decided. Result: candidate lost. Election summary: received 3 responses out of 3 voters: 1 yes votes; 2 no votes. yes voters: 1d1c37cc8d204f84a01ce6ac027954f1; no voters: 0234e75ce28a476d92eb969bbadb9cf2, 110f2e7678b44fb0a84e6bf62167ac91
I20260630 12:29:33.078073 21544 raft_consensus.cc:2749] T 00000000000000000000000000000000 P 1d1c37cc8d204f84a01ce6ac027954f1 [term 1 FOLLOWER]: Leader pre-election lost for term 2. Reason: could not achieve majority
I20260630 12:29:33.143673 21547 raft_consensus.cc:493] T 00000000000000000000000000000000 P 110f2e7678b44fb0a84e6bf62167ac91 [term 1 FOLLOWER]: Starting pre-election (detected failure of leader 0234e75ce28a476d92eb969bbadb9cf2)
I20260630 12:29:33.144290 21547 raft_consensus.cc:515] T 00000000000000000000000000000000 P 110f2e7678b44fb0a84e6bf62167ac91 [term 1 FOLLOWER]: Starting pre-election with config: opid_index: -1 OBSOLETE_local: false peers { permanent_uuid: "1d1c37cc8d204f84a01ce6ac027954f1" member_type: VOTER last_known_addr { host: "127.19.117.254" port: 42207 } } peers { permanent_uuid: "110f2e7678b44fb0a84e6bf62167ac91" member_type: VOTER last_known_addr { host: "127.19.117.253" port: 42087 } } peers { permanent_uuid: "0234e75ce28a476d92eb969bbadb9cf2" member_type: VOTER last_known_addr { host: "127.19.117.252" port: 36441 } }
I20260630 12:29:33.146066 21547 leader_election.cc:290] T 00000000000000000000000000000000 P 110f2e7678b44fb0a84e6bf62167ac91 [CANDIDATE]: Term 2 pre-election: Requested pre-vote from peers 1d1c37cc8d204f84a01ce6ac027954f1 (127.19.117.254:42207), 0234e75ce28a476d92eb969bbadb9cf2 (127.19.117.252:36441)
I20260630 12:29:33.146757 21044 tablet_service.cc:1917] Received RequestConsensusVote() RPC: tablet_id: "00000000000000000000000000000000" candidate_uuid: "110f2e7678b44fb0a84e6bf62167ac91" candidate_term: 2 candidate_status { last_received { term: 1 index: 11 } } ignore_live_leader: false dest_uuid: "1d1c37cc8d204f84a01ce6ac027954f1" is_pre_election: true
I20260630 12:29:33.147521 21044 raft_consensus.cc:2468] T 00000000000000000000000000000000 P 1d1c37cc8d204f84a01ce6ac027954f1 [term 1 FOLLOWER]: Leader pre-election vote request: Granting yes vote for candidate 110f2e7678b44fb0a84e6bf62167ac91 in term 1.
I20260630 12:29:33.148530 21083 leader_election.cc:304] T 00000000000000000000000000000000 P 110f2e7678b44fb0a84e6bf62167ac91 [CANDIDATE]: Term 2 pre-election: Election decided. Result: candidate won. Election summary: received 2 responses out of 3 voters: 2 yes votes; 0 no votes. yes voters: 110f2e7678b44fb0a84e6bf62167ac91, 1d1c37cc8d204f84a01ce6ac027954f1; no voters: 
I20260630 12:29:33.149260 21547 raft_consensus.cc:2804] T 00000000000000000000000000000000 P 110f2e7678b44fb0a84e6bf62167ac91 [term 1 FOLLOWER]: Leader pre-election won for term 2
I20260630 12:29:33.149641 21547 raft_consensus.cc:493] T 00000000000000000000000000000000 P 110f2e7678b44fb0a84e6bf62167ac91 [term 1 FOLLOWER]: Starting leader election (detected failure of leader 0234e75ce28a476d92eb969bbadb9cf2)
I20260630 12:29:33.149971 21547 raft_consensus.cc:3060] T 00000000000000000000000000000000 P 110f2e7678b44fb0a84e6bf62167ac91 [term 1 FOLLOWER]: Advancing to term 2
W20260630 12:29:33.151589 21084 leader_election.cc:336] T 00000000000000000000000000000000 P 110f2e7678b44fb0a84e6bf62167ac91 [CANDIDATE]: Term 2 pre-election: RPC error from VoteRequest() call to peer 0234e75ce28a476d92eb969bbadb9cf2 (127.19.117.252:36441): Network error: Client connection negotiation failed: client connection to 127.19.117.252:36441: connect: Connection refused (error 111)
I20260630 12:29:33.155128 21547 raft_consensus.cc:515] T 00000000000000000000000000000000 P 110f2e7678b44fb0a84e6bf62167ac91 [term 2 FOLLOWER]: Starting leader election with config: opid_index: -1 OBSOLETE_local: false peers { permanent_uuid: "1d1c37cc8d204f84a01ce6ac027954f1" member_type: VOTER last_known_addr { host: "127.19.117.254" port: 42207 } } peers { permanent_uuid: "110f2e7678b44fb0a84e6bf62167ac91" member_type: VOTER last_known_addr { host: "127.19.117.253" port: 42087 } } peers { permanent_uuid: "0234e75ce28a476d92eb969bbadb9cf2" member_type: VOTER last_known_addr { host: "127.19.117.252" port: 36441 } }
I20260630 12:29:33.156526 21547 leader_election.cc:290] T 00000000000000000000000000000000 P 110f2e7678b44fb0a84e6bf62167ac91 [CANDIDATE]: Term 2 election: Requested vote from peers 1d1c37cc8d204f84a01ce6ac027954f1 (127.19.117.254:42207), 0234e75ce28a476d92eb969bbadb9cf2 (127.19.117.252:36441)
I20260630 12:29:33.157109 21044 tablet_service.cc:1917] Received RequestConsensusVote() RPC: tablet_id: "00000000000000000000000000000000" candidate_uuid: "110f2e7678b44fb0a84e6bf62167ac91" candidate_term: 2 candidate_status { last_received { term: 1 index: 11 } } ignore_live_leader: false dest_uuid: "1d1c37cc8d204f84a01ce6ac027954f1"
I20260630 12:29:33.157546 21044 raft_consensus.cc:3060] T 00000000000000000000000000000000 P 1d1c37cc8d204f84a01ce6ac027954f1 [term 1 FOLLOWER]: Advancing to term 2
W20260630 12:29:33.160005 21084 leader_election.cc:336] T 00000000000000000000000000000000 P 110f2e7678b44fb0a84e6bf62167ac91 [CANDIDATE]: Term 2 election: RPC error from VoteRequest() call to peer 0234e75ce28a476d92eb969bbadb9cf2 (127.19.117.252:36441): Network error: Client connection negotiation failed: client connection to 127.19.117.252:36441: connect: Connection refused (error 111)
I20260630 12:29:33.162431 21044 raft_consensus.cc:2468] T 00000000000000000000000000000000 P 1d1c37cc8d204f84a01ce6ac027954f1 [term 2 FOLLOWER]: Leader election vote request: Granting yes vote for candidate 110f2e7678b44fb0a84e6bf62167ac91 in term 2.
I20260630 12:29:33.163355 21083 leader_election.cc:304] T 00000000000000000000000000000000 P 110f2e7678b44fb0a84e6bf62167ac91 [CANDIDATE]: Term 2 election: Election decided. Result: candidate won. Election summary: received 3 responses out of 3 voters: 2 yes votes; 1 no votes. yes voters: 110f2e7678b44fb0a84e6bf62167ac91, 1d1c37cc8d204f84a01ce6ac027954f1; no voters: 0234e75ce28a476d92eb969bbadb9cf2
I20260630 12:29:33.163993 21547 raft_consensus.cc:2804] T 00000000000000000000000000000000 P 110f2e7678b44fb0a84e6bf62167ac91 [term 2 FOLLOWER]: Leader election won for term 2
I20260630 12:29:33.165014 21547 raft_consensus.cc:697] T 00000000000000000000000000000000 P 110f2e7678b44fb0a84e6bf62167ac91 [term 2 LEADER]: Becoming Leader. State: Replica: 110f2e7678b44fb0a84e6bf62167ac91, State: Running, Role: LEADER
I20260630 12:29:33.165625 21547 consensus_queue.cc:237] T 00000000000000000000000000000000 P 110f2e7678b44fb0a84e6bf62167ac91 [LEADER]: Queue going to LEADER mode. State: All replicated index: 0, Majority replicated index: 11, Committed index: 11, Last appended: 1.11, Last appended by leader: 11, Current term: 2, Majority size: 2, State: 0, Mode: LEADER, active raft config: opid_index: -1 OBSOLETE_local: false peers { permanent_uuid: "1d1c37cc8d204f84a01ce6ac027954f1" member_type: VOTER last_known_addr { host: "127.19.117.254" port: 42207 } } peers { permanent_uuid: "110f2e7678b44fb0a84e6bf62167ac91" member_type: VOTER last_known_addr { host: "127.19.117.253" port: 42087 } } peers { permanent_uuid: "0234e75ce28a476d92eb969bbadb9cf2" member_type: VOTER last_known_addr { host: "127.19.117.252" port: 36441 } }
I20260630 12:29:33.169030 21550 sys_catalog.cc:455] T 00000000000000000000000000000000 P 110f2e7678b44fb0a84e6bf62167ac91 [sys.catalog]: SysCatalogTable state changed. Reason: New leader 110f2e7678b44fb0a84e6bf62167ac91. Latest consensus state: current_term: 2 leader_uuid: "110f2e7678b44fb0a84e6bf62167ac91" committed_config { opid_index: -1 OBSOLETE_local: false peers { permanent_uuid: "1d1c37cc8d204f84a01ce6ac027954f1" member_type: VOTER last_known_addr { host: "127.19.117.254" port: 42207 } } peers { permanent_uuid: "110f2e7678b44fb0a84e6bf62167ac91" member_type: VOTER last_known_addr { host: "127.19.117.253" port: 42087 } } peers { permanent_uuid: "0234e75ce28a476d92eb969bbadb9cf2" member_type: VOTER last_known_addr { host: "127.19.117.252" port: 36441 } } }
I20260630 12:29:33.169819 21550 sys_catalog.cc:458] T 00000000000000000000000000000000 P 110f2e7678b44fb0a84e6bf62167ac91 [sys.catalog]: This master's current role is: LEADER
I20260630 12:29:33.171121 21552 catalog_manager.cc:1511] Loading table and tablet metadata into memory...
I20260630 12:29:33.175784 21552 catalog_manager.cc:679] Loaded metadata for table test-workload [id=1edca86d6a7b4fa5aac3c4d3914f961d]
I20260630 12:29:33.180243 21552 tablet_loader.cc:96] loaded metadata for tablet a234582124554363821936bb7b9773f4 (table test-workload [id=1edca86d6a7b4fa5aac3c4d3914f961d])
I20260630 12:29:33.181113 21552 tablet_loader.cc:96] loaded metadata for tablet b2c970ce192d42d6bd5a3b989f4243bc (table test-workload [id=1edca86d6a7b4fa5aac3c4d3914f961d])
I20260630 12:29:33.182004 21552 tablet_loader.cc:96] loaded metadata for tablet b655b23e433540588b1cf4fcfc8fea67 (table test-workload [id=1edca86d6a7b4fa5aac3c4d3914f961d])
I20260630 12:29:33.182925 21552 catalog_manager.cc:1520] Initializing Kudu cluster ID...
I20260630 12:29:33.185844 21552 catalog_manager.cc:1295] Loaded cluster ID: c024f32fc79f4602a606de2954413555
I20260630 12:29:33.186084 21552 catalog_manager.cc:1531] Initializing Kudu internal certificate authority...
I20260630 12:29:33.189366 21552 catalog_manager.cc:1540] Loading token signing keys...
I20260630 12:29:33.192377 21552 catalog_manager.cc:6081] T 00000000000000000000000000000000 P 110f2e7678b44fb0a84e6bf62167ac91: Loaded TSK: 0
I20260630 12:29:33.193205 21552 catalog_manager.cc:1550] Initializing in-progress tserver states...
W20260630 12:29:33.595829 21084 consensus_peers.cc:597] T 00000000000000000000000000000000 P 110f2e7678b44fb0a84e6bf62167ac91 -> Peer 0234e75ce28a476d92eb969bbadb9cf2 (127.19.117.252:36441): Couldn't send request to peer 0234e75ce28a476d92eb969bbadb9cf2. Status: Network error: Client connection negotiation failed: client connection to 127.19.117.252:36441: connect: Connection refused (error 111). This is attempt 1: this message will repeat every 5th retry.
I20260630 12:29:33.641139 21244 auto_leader_rebalancer.cc:141] leader rebalance for table test-workload
I20260630 12:29:33.643069 21244 auto_leader_rebalancer.cc:515] All tables' leader rebalancing finished this round
I20260630 12:29:33.675611 21044 raft_consensus.cc:1275] T 00000000000000000000000000000000 P 1d1c37cc8d204f84a01ce6ac027954f1 [term 2 FOLLOWER]: Refusing update from remote peer 110f2e7678b44fb0a84e6bf62167ac91: Log matching property violated. Preceding OpId in replica: term: 1 index: 11. Preceding OpId from leader: term: 2 index: 12. (index mismatch)
I20260630 12:29:33.677238 21550 consensus_queue.cc:1048] T 00000000000000000000000000000000 P 110f2e7678b44fb0a84e6bf62167ac91 [LEADER]: Connected to new peer: Peer: permanent_uuid: "1d1c37cc8d204f84a01ce6ac027954f1" member_type: VOTER last_known_addr { host: "127.19.117.254" port: 42207 }, Status: LMP_MISMATCH, Last received: 0.0, Next index: 12, Last known committed idx: 11, Time since last communication: 0.000s
I20260630 12:29:33.683123 21554 sys_catalog.cc:455] T 00000000000000000000000000000000 P 1d1c37cc8d204f84a01ce6ac027954f1 [sys.catalog]: SysCatalogTable state changed. Reason: New leader 110f2e7678b44fb0a84e6bf62167ac91. Latest consensus state: current_term: 2 leader_uuid: "110f2e7678b44fb0a84e6bf62167ac91" committed_config { opid_index: -1 OBSOLETE_local: false peers { permanent_uuid: "1d1c37cc8d204f84a01ce6ac027954f1" member_type: VOTER last_known_addr { host: "127.19.117.254" port: 42207 } } peers { permanent_uuid: "110f2e7678b44fb0a84e6bf62167ac91" member_type: VOTER last_known_addr { host: "127.19.117.253" port: 42087 } } peers { permanent_uuid: "0234e75ce28a476d92eb969bbadb9cf2" member_type: VOTER last_known_addr { host: "127.19.117.252" port: 36441 } } }
I20260630 12:29:33.683784 21554 sys_catalog.cc:458] T 00000000000000000000000000000000 P 1d1c37cc8d204f84a01ce6ac027954f1 [sys.catalog]: This master's current role is: FOLLOWER
I20260630 12:29:33.686789 21556 sys_catalog.cc:455] T 00000000000000000000000000000000 P 110f2e7678b44fb0a84e6bf62167ac91 [sys.catalog]: SysCatalogTable state changed. Reason: Peer health change. Latest consensus state: current_term: 2 leader_uuid: "110f2e7678b44fb0a84e6bf62167ac91" committed_config { opid_index: -1 OBSOLETE_local: false peers { permanent_uuid: "1d1c37cc8d204f84a01ce6ac027954f1" member_type: VOTER last_known_addr { host: "127.19.117.254" port: 42207 } } peers { permanent_uuid: "110f2e7678b44fb0a84e6bf62167ac91" member_type: VOTER last_known_addr { host: "127.19.117.253" port: 42087 } } peers { permanent_uuid: "0234e75ce28a476d92eb969bbadb9cf2" member_type: VOTER last_known_addr { host: "127.19.117.252" port: 36441 } } }
I20260630 12:29:33.687326 21556 sys_catalog.cc:458] T 00000000000000000000000000000000 P 110f2e7678b44fb0a84e6bf62167ac91 [sys.catalog]: This master's current role is: LEADER
I20260630 12:29:33.688862 21554 sys_catalog.cc:455] T 00000000000000000000000000000000 P 1d1c37cc8d204f84a01ce6ac027954f1 [sys.catalog]: SysCatalogTable state changed. Reason: Replicated consensus-only round. Latest consensus state: current_term: 2 leader_uuid: "110f2e7678b44fb0a84e6bf62167ac91" committed_config { opid_index: -1 OBSOLETE_local: false peers { permanent_uuid: "1d1c37cc8d204f84a01ce6ac027954f1" member_type: VOTER last_known_addr { host: "127.19.117.254" port: 42207 } } peers { permanent_uuid: "110f2e7678b44fb0a84e6bf62167ac91" member_type: VOTER last_known_addr { host: "127.19.117.253" port: 42087 } } peers { permanent_uuid: "0234e75ce28a476d92eb969bbadb9cf2" member_type: VOTER last_known_addr { host: "127.19.117.252" port: 36441 } } }
I20260630 12:29:33.689499 21554 sys_catalog.cc:458] T 00000000000000000000000000000000 P 1d1c37cc8d204f84a01ce6ac027954f1 [sys.catalog]: This master's current role is: FOLLOWER
I20260630 12:29:33.801621 19927 tablet_server.cc:179] TabletServer@127.19.117.193:0 shutting down...
I20260630 12:29:33.823632 19927 ts_tablet_manager.cc:1507] Shutting down tablet manager...
I20260630 12:29:33.824404 19927 tablet_replica.cc:333] T b655b23e433540588b1cf4fcfc8fea67 P a6674babe6164ca58cf834fe52ff824d: stopping tablet replica
I20260630 12:29:33.824978 19927 raft_consensus.cc:2243] T b655b23e433540588b1cf4fcfc8fea67 P a6674babe6164ca58cf834fe52ff824d [term 1 LEADER]: Raft consensus shutting down.
I20260630 12:29:33.825529 19927 raft_consensus.cc:2272] T b655b23e433540588b1cf4fcfc8fea67 P a6674babe6164ca58cf834fe52ff824d [term 1 FOLLOWER]: Raft consensus is shut down!
I20260630 12:29:33.844533 19927 tablet_server.cc:196] TabletServer@127.19.117.193:0 shutdown complete.
I20260630 12:29:33.852008 21405 heartbeater.cc:499] Master 127.19.117.253:42087 was elected leader, sending a full tablet report...
I20260630 12:29:33.862169 19927 tablet_server.cc:179] TabletServer@127.19.117.194:0 shutting down...
I20260630 12:29:33.878301 21483 heartbeater.cc:499] Master 127.19.117.253:42087 was elected leader, sending a full tablet report...
I20260630 12:29:33.895637 19927 ts_tablet_manager.cc:1507] Shutting down tablet manager...
I20260630 12:29:33.896291 19927 tablet_replica.cc:333] T a234582124554363821936bb7b9773f4 P 4e9a033bddc6481184ea36b092a6807d: stopping tablet replica
I20260630 12:29:33.896783 19927 raft_consensus.cc:2243] T a234582124554363821936bb7b9773f4 P 4e9a033bddc6481184ea36b092a6807d [term 1 LEADER]: Raft consensus shutting down.
I20260630 12:29:33.897307 19927 raft_consensus.cc:2272] T a234582124554363821936bb7b9773f4 P 4e9a033bddc6481184ea36b092a6807d [term 1 FOLLOWER]: Raft consensus is shut down!
I20260630 12:29:33.915544 19927 tablet_server.cc:196] TabletServer@127.19.117.194:0 shutdown complete.
I20260630 12:29:33.925135 19927 tablet_server.cc:179] TabletServer@127.19.117.195:0 shutting down...
I20260630 12:29:33.945390 19927 ts_tablet_manager.cc:1507] Shutting down tablet manager...
I20260630 12:29:33.946130 19927 tablet_replica.cc:333] T b2c970ce192d42d6bd5a3b989f4243bc P 337e7c35891f495b83272c8721e4f19e: stopping tablet replica
I20260630 12:29:33.946655 19927 raft_consensus.cc:2243] T b2c970ce192d42d6bd5a3b989f4243bc P 337e7c35891f495b83272c8721e4f19e [term 1 LEADER]: Raft consensus shutting down.
I20260630 12:29:33.947170 19927 raft_consensus.cc:2272] T b2c970ce192d42d6bd5a3b989f4243bc P 337e7c35891f495b83272c8721e4f19e [term 1 FOLLOWER]: Raft consensus is shut down!
I20260630 12:29:33.965468 19927 tablet_server.cc:196] TabletServer@127.19.117.195:0 shutdown complete.
I20260630 12:29:33.975549 19927 master.cc:562] Master@127.19.117.254:42207 shutting down...
I20260630 12:29:33.995395 19927 raft_consensus.cc:2243] T 00000000000000000000000000000000 P 1d1c37cc8d204f84a01ce6ac027954f1 [term 2 FOLLOWER]: Raft consensus shutting down.
I20260630 12:29:33.995893 19927 raft_consensus.cc:2272] T 00000000000000000000000000000000 P 1d1c37cc8d204f84a01ce6ac027954f1 [term 2 FOLLOWER]: Raft consensus is shut down!
I20260630 12:29:33.996170 19927 tablet_replica.cc:333] T 00000000000000000000000000000000 P 1d1c37cc8d204f84a01ce6ac027954f1: stopping tablet replica
I20260630 12:29:34.015769 19927 master.cc:584] Master@127.19.117.254:42207 shutdown complete.
I20260630 12:29:34.028378 19927 master.cc:562] Master@127.19.117.253:42087 shutting down...
I20260630 12:29:34.046625 19927 raft_consensus.cc:2243] T 00000000000000000000000000000000 P 110f2e7678b44fb0a84e6bf62167ac91 [term 2 LEADER]: Raft consensus shutting down.
I20260630 12:29:34.047529 19927 raft_consensus.cc:2272] T 00000000000000000000000000000000 P 110f2e7678b44fb0a84e6bf62167ac91 [term 2 FOLLOWER]: Raft consensus is shut down!
I20260630 12:29:34.048005 19927 tablet_replica.cc:333] T 00000000000000000000000000000000 P 110f2e7678b44fb0a84e6bf62167ac91: stopping tablet replica
I20260630 12:29:34.068593 19927 master.cc:584] Master@127.19.117.253:42087 shutdown complete.
[       OK ] AutoRebalancerTest.NextLeaderResumesAutoRebalancing (6886 ms)
[ RUN      ] AutoRebalancerTest.MovesScheduledIfAddTserver
I20260630 12:29:34.100884 19927 internal_mini_cluster.cc:156] Creating distributed mini masters. Addrs: 127.19.117.254:43035
I20260630 12:29:34.102069 19927 file_cache.cc:492] Constructed file cache file cache with capacity 419430
W20260630 12:29:34.107595 21562 instance_detector.cc:116] could not retrieve Azure instance metadata: Network error: curl error: HTTP response code said error: The requested URL returned error: 404
W20260630 12:29:34.107659 21561 instance_detector.cc:116] could not retrieve AWS instance metadata: Network error: curl error: HTTP response code said error: The requested URL returned error: 404
W20260630 12:29:34.108613 21564 instance_detector.cc:116] could not retrieve OpenStack instance metadata: Network error: curl error: HTTP response code said error: The requested URL returned error: 404
I20260630 12:29:34.109140 19927 server_base.cc:1061] running on GCE node
I20260630 12:29:34.109876 19927 hybrid_clock.cc:584] initializing the hybrid clock with 'system_unsync' time source
W20260630 12:29:34.110054 19927 system_unsync_time.cc:38] NTP support is disabled. Clock error bounds will not be accurate. This configuration is not suitable for distributed clusters.
I20260630 12:29:34.110172 19927 hybrid_clock.cc:648] HybridClock initialized: now 1782822574110161 us; error 0 us; skew 500 ppm
I20260630 12:29:34.110571 19927 server_base.cc:861] Flag tcmalloc_max_total_thread_cache_bytes is not working since tcmalloc is not enabled.
I20260630 12:29:34.112826 19927 webserver.cc:533] Webserver started at http://127.19.117.254:46395/ using document root <none> and password file <none>
I20260630 12:29:34.113266 19927 fs_manager.cc:362] Metadata directory not provided
I20260630 12:29:34.113425 19927 fs_manager.cc:368] Using write-ahead log directory (fs_wal_dir) as metadata directory
I20260630 12:29:34.113920 19927 server_base.cc:909] This appears to be a new deployment of Kudu; creating new FS layout
I20260630 12:29:34.115060 19927 fs_manager.cc:1068] Generated new instance metadata in path /tmp/dist-test-taskk7aBaX/test-tmp/auto_rebalancer-test.0.AutoRebalancerTest.MovesScheduledIfAddTserver.1782822543184347-19927-0/minicluster-data/master-0-root/instance:
uuid: "e82925ae2b774fc4b68b97a36c5fd5de"
format_stamp: "Formatted at 2026-06-30 12:29:34 on dist-test-slave-mnsm"
I20260630 12:29:34.119253 19927 fs_manager.cc:696] Time spent creating directory manager: real 0.004s	user 0.005s	sys 0.000s
I20260630 12:29:34.122278 21569 log_block_manager.cc:4031] Time spent loading block containers with low live blocks: real 0.000s	user 0.000s	sys 0.000s
I20260630 12:29:34.122995 19927 fs_manager.cc:730] Time spent opening block manager: real 0.002s	user 0.002s	sys 0.001s
I20260630 12:29:34.123216 19927 fs_manager.cc:647] Opened local filesystem: /tmp/dist-test-taskk7aBaX/test-tmp/auto_rebalancer-test.0.AutoRebalancerTest.MovesScheduledIfAddTserver.1782822543184347-19927-0/minicluster-data/master-0-root
uuid: "e82925ae2b774fc4b68b97a36c5fd5de"
format_stamp: "Formatted at 2026-06-30 12:29:34 on dist-test-slave-mnsm"
I20260630 12:29:34.123435 19927 fs_report.cc:389] FS layout report
--------------------
wal directory: /tmp/dist-test-taskk7aBaX/test-tmp/auto_rebalancer-test.0.AutoRebalancerTest.MovesScheduledIfAddTserver.1782822543184347-19927-0/minicluster-data/master-0-root
metadata directory: /tmp/dist-test-taskk7aBaX/test-tmp/auto_rebalancer-test.0.AutoRebalancerTest.MovesScheduledIfAddTserver.1782822543184347-19927-0/minicluster-data/master-0-root
1 data directories: /tmp/dist-test-taskk7aBaX/test-tmp/auto_rebalancer-test.0.AutoRebalancerTest.MovesScheduledIfAddTserver.1782822543184347-19927-0/minicluster-data/master-0-root/data
Total live blocks: 0
Total live bytes: 0
Total live bytes (after alignment): 0
Total number of LBM containers: 0 (0 full)
Did not check for missing blocks
Did not check for orphaned blocks
Total full LBM containers with extra space: 0 (0 repaired)
Total full LBM container extra space in bytes: 0 (0 repaired)
Total incomplete LBM containers: 0 (0 repaired)
Total LBM partial records: 0 (0 repaired)
Total corrupted LBM metadata records in RocksDB: 0 (0 repaired)
I20260630 12:29:34.141587 19927 rpc_server.cc:225] running with OpenSSL 1.1.1  11 Sep 2018
I20260630 12:29:34.142804 19927 kserver.cc:163] Server-wide thread pool size limit: 3276
I20260630 12:29:34.179358 19927 rpc_server.cc:307] RPC server started. Bound to: 127.19.117.254:43035
I20260630 12:29:34.179488 21620 acceptor_pool.cc:272] collecting diagnostics on the listening RPC socket 127.19.117.254:43035 every 8 connection(s)
I20260630 12:29:34.183215 21621 data_dirs.cc:400] Could only allocate 1 dirs of requested 3 for tablet 00000000000000000000000000000000. 1 dirs total, 0 dirs full, 0 dirs failed
I20260630 12:29:34.192889 21621 tablet_bootstrap.cc:492] T 00000000000000000000000000000000 P e82925ae2b774fc4b68b97a36c5fd5de: Bootstrap starting.
I20260630 12:29:34.197321 21621 tablet_bootstrap.cc:654] T 00000000000000000000000000000000 P e82925ae2b774fc4b68b97a36c5fd5de: Neither blocks nor log segments found. Creating new log.
I20260630 12:29:34.201119 21621 tablet_bootstrap.cc:492] T 00000000000000000000000000000000 P e82925ae2b774fc4b68b97a36c5fd5de: No bootstrap required, opened a new log
I20260630 12:29:34.203083 21621 raft_consensus.cc:359] T 00000000000000000000000000000000 P e82925ae2b774fc4b68b97a36c5fd5de [term 0 FOLLOWER]: Replica starting. Triggering 0 pending ops. Active config: opid_index: -1 OBSOLETE_local: true peers { permanent_uuid: "e82925ae2b774fc4b68b97a36c5fd5de" member_type: VOTER }
I20260630 12:29:34.203431 21621 raft_consensus.cc:385] T 00000000000000000000000000000000 P e82925ae2b774fc4b68b97a36c5fd5de [term 0 FOLLOWER]: Consensus starting up: Expiring failure detector timer to make a prompt election more likely
I20260630 12:29:34.203609 21621 raft_consensus.cc:740] T 00000000000000000000000000000000 P e82925ae2b774fc4b68b97a36c5fd5de [term 0 FOLLOWER]: Becoming Follower/Learner. State: Replica: e82925ae2b774fc4b68b97a36c5fd5de, State: Initialized, Role: FOLLOWER
I20260630 12:29:34.204156 21621 consensus_queue.cc:260] T 00000000000000000000000000000000 P e82925ae2b774fc4b68b97a36c5fd5de [NON_LEADER]: Queue going to NON_LEADER mode. State: All replicated index: 0, Majority replicated index: 0, Committed index: 0, Last appended: 0.0, Last appended by leader: 0, Current term: 0, Majority size: -1, State: 0, Mode: NON_LEADER, active raft config: opid_index: -1 OBSOLETE_local: true peers { permanent_uuid: "e82925ae2b774fc4b68b97a36c5fd5de" member_type: VOTER }
I20260630 12:29:34.204569 21621 raft_consensus.cc:399] T 00000000000000000000000000000000 P e82925ae2b774fc4b68b97a36c5fd5de [term 0 FOLLOWER]: Only one voter in the Raft config. Triggering election immediately
I20260630 12:29:34.204756 21621 raft_consensus.cc:493] T 00000000000000000000000000000000 P e82925ae2b774fc4b68b97a36c5fd5de [term 0 FOLLOWER]: Starting leader election (initial election of a single-replica configuration)
I20260630 12:29:34.204960 21621 raft_consensus.cc:3060] T 00000000000000000000000000000000 P e82925ae2b774fc4b68b97a36c5fd5de [term 0 FOLLOWER]: Advancing to term 1
I20260630 12:29:34.208724 21621 raft_consensus.cc:515] T 00000000000000000000000000000000 P e82925ae2b774fc4b68b97a36c5fd5de [term 1 FOLLOWER]: Starting leader election with config: opid_index: -1 OBSOLETE_local: true peers { permanent_uuid: "e82925ae2b774fc4b68b97a36c5fd5de" member_type: VOTER }
I20260630 12:29:34.209161 21621 leader_election.cc:304] T 00000000000000000000000000000000 P e82925ae2b774fc4b68b97a36c5fd5de [CANDIDATE]: Term 1 election: Election decided. Result: candidate won. Election summary: received 1 responses out of 1 voters: 1 yes votes; 0 no votes. yes voters: e82925ae2b774fc4b68b97a36c5fd5de; no voters: 
I20260630 12:29:34.210212 21621 leader_election.cc:290] T 00000000000000000000000000000000 P e82925ae2b774fc4b68b97a36c5fd5de [CANDIDATE]: Term 1 election: Requested vote from peers 
I20260630 12:29:34.210532 21624 raft_consensus.cc:2804] T 00000000000000000000000000000000 P e82925ae2b774fc4b68b97a36c5fd5de [term 1 FOLLOWER]: Leader election won for term 1
I20260630 12:29:34.211846 21624 raft_consensus.cc:697] T 00000000000000000000000000000000 P e82925ae2b774fc4b68b97a36c5fd5de [term 1 LEADER]: Becoming Leader. State: Replica: e82925ae2b774fc4b68b97a36c5fd5de, State: Running, Role: LEADER
I20260630 12:29:34.212567 21624 consensus_queue.cc:237] T 00000000000000000000000000000000 P e82925ae2b774fc4b68b97a36c5fd5de [LEADER]: Queue going to LEADER mode. State: All replicated index: 0, Majority replicated index: 0, Committed index: 0, Last appended: 0.0, Last appended by leader: 0, Current term: 1, Majority size: 1, State: 0, Mode: LEADER, active raft config: opid_index: -1 OBSOLETE_local: true peers { permanent_uuid: "e82925ae2b774fc4b68b97a36c5fd5de" member_type: VOTER }
I20260630 12:29:34.213126 21621 sys_catalog.cc:565] T 00000000000000000000000000000000 P e82925ae2b774fc4b68b97a36c5fd5de [sys.catalog]: configured and running, proceeding with master startup.
I20260630 12:29:34.215858 21626 sys_catalog.cc:455] T 00000000000000000000000000000000 P e82925ae2b774fc4b68b97a36c5fd5de [sys.catalog]: SysCatalogTable state changed. Reason: New leader e82925ae2b774fc4b68b97a36c5fd5de. Latest consensus state: current_term: 1 leader_uuid: "e82925ae2b774fc4b68b97a36c5fd5de" committed_config { opid_index: -1 OBSOLETE_local: true peers { permanent_uuid: "e82925ae2b774fc4b68b97a36c5fd5de" member_type: VOTER } }
I20260630 12:29:34.215816 21625 sys_catalog.cc:455] T 00000000000000000000000000000000 P e82925ae2b774fc4b68b97a36c5fd5de [sys.catalog]: SysCatalogTable state changed. Reason: RaftConsensus started. Latest consensus state: current_term: 1 leader_uuid: "e82925ae2b774fc4b68b97a36c5fd5de" committed_config { opid_index: -1 OBSOLETE_local: true peers { permanent_uuid: "e82925ae2b774fc4b68b97a36c5fd5de" member_type: VOTER } }
I20260630 12:29:34.216542 21626 sys_catalog.cc:458] T 00000000000000000000000000000000 P e82925ae2b774fc4b68b97a36c5fd5de [sys.catalog]: This master's current role is: LEADER
I20260630 12:29:34.216666 21625 sys_catalog.cc:458] T 00000000000000000000000000000000 P e82925ae2b774fc4b68b97a36c5fd5de [sys.catalog]: This master's current role is: LEADER
I20260630 12:29:34.226006 21630 catalog_manager.cc:1511] Loading table and tablet metadata into memory...
I20260630 12:29:34.231266 21630 catalog_manager.cc:1520] Initializing Kudu cluster ID...
I20260630 12:29:34.232259 19927 internal_mini_cluster.cc:184] Waiting to initialize catalog manager on master 0
I20260630 12:29:34.239880 21630 catalog_manager.cc:1383] Generated new cluster ID: 57c590f95b634d21a5c6add3da1f72c6
I20260630 12:29:34.240336 21630 catalog_manager.cc:1531] Initializing Kudu internal certificate authority...
I20260630 12:29:34.259230 21630 catalog_manager.cc:1406] Generated new certificate authority record
I20260630 12:29:34.260407 21630 catalog_manager.cc:1540] Loading token signing keys...
I20260630 12:29:34.272085 21630 catalog_manager.cc:6070] T 00000000000000000000000000000000 P e82925ae2b774fc4b68b97a36c5fd5de: Generated new TSK 0
I20260630 12:29:34.272677 21630 catalog_manager.cc:1550] Initializing in-progress tserver states...
I20260630 12:29:34.298321 19927 file_cache.cc:492] Constructed file cache file cache with capacity 419430
W20260630 12:29:34.303916 21642 instance_detector.cc:116] could not retrieve AWS instance metadata: Network error: curl error: HTTP response code said error: The requested URL returned error: 404
W20260630 12:29:34.305172 21643 instance_detector.cc:116] could not retrieve Azure instance metadata: Network error: curl error: HTTP response code said error: The requested URL returned error: 404
I20260630 12:29:34.306802 19927 server_base.cc:1061] running on GCE node
W20260630 12:29:34.307039 21645 instance_detector.cc:116] could not retrieve OpenStack instance metadata: Network error: curl error: HTTP response code said error: The requested URL returned error: 404
I20260630 12:29:34.308097 19927 hybrid_clock.cc:584] initializing the hybrid clock with 'system_unsync' time source
W20260630 12:29:34.308346 19927 system_unsync_time.cc:38] NTP support is disabled. Clock error bounds will not be accurate. This configuration is not suitable for distributed clusters.
I20260630 12:29:34.308530 19927 hybrid_clock.cc:648] HybridClock initialized: now 1782822574308506 us; error 0 us; skew 500 ppm
I20260630 12:29:34.309026 19927 server_base.cc:861] Flag tcmalloc_max_total_thread_cache_bytes is not working since tcmalloc is not enabled.
I20260630 12:29:34.311352 19927 webserver.cc:533] Webserver started at http://127.19.117.193:33639/ using document root <none> and password file <none>
I20260630 12:29:34.311859 19927 fs_manager.cc:362] Metadata directory not provided
I20260630 12:29:34.312073 19927 fs_manager.cc:368] Using write-ahead log directory (fs_wal_dir) as metadata directory
I20260630 12:29:34.312346 19927 server_base.cc:909] This appears to be a new deployment of Kudu; creating new FS layout
I20260630 12:29:34.313401 19927 fs_manager.cc:1068] Generated new instance metadata in path /tmp/dist-test-taskk7aBaX/test-tmp/auto_rebalancer-test.0.AutoRebalancerTest.MovesScheduledIfAddTserver.1782822543184347-19927-0/minicluster-data/ts-0-root/instance:
uuid: "e6e04a3970d44e2ca9574e47b88dc28c"
format_stamp: "Formatted at 2026-06-30 12:29:34 on dist-test-slave-mnsm"
I20260630 12:29:34.318055 19927 fs_manager.cc:696] Time spent creating directory manager: real 0.004s	user 0.004s	sys 0.000s
I20260630 12:29:34.321285 21650 log_block_manager.cc:4031] Time spent loading block containers with low live blocks: real 0.000s	user 0.000s	sys 0.000s
I20260630 12:29:34.322158 19927 fs_manager.cc:730] Time spent opening block manager: real 0.002s	user 0.003s	sys 0.000s
I20260630 12:29:34.322459 19927 fs_manager.cc:647] Opened local filesystem: /tmp/dist-test-taskk7aBaX/test-tmp/auto_rebalancer-test.0.AutoRebalancerTest.MovesScheduledIfAddTserver.1782822543184347-19927-0/minicluster-data/ts-0-root
uuid: "e6e04a3970d44e2ca9574e47b88dc28c"
format_stamp: "Formatted at 2026-06-30 12:29:34 on dist-test-slave-mnsm"
I20260630 12:29:34.322721 19927 fs_report.cc:389] FS layout report
--------------------
wal directory: /tmp/dist-test-taskk7aBaX/test-tmp/auto_rebalancer-test.0.AutoRebalancerTest.MovesScheduledIfAddTserver.1782822543184347-19927-0/minicluster-data/ts-0-root
metadata directory: /tmp/dist-test-taskk7aBaX/test-tmp/auto_rebalancer-test.0.AutoRebalancerTest.MovesScheduledIfAddTserver.1782822543184347-19927-0/minicluster-data/ts-0-root
1 data directories: /tmp/dist-test-taskk7aBaX/test-tmp/auto_rebalancer-test.0.AutoRebalancerTest.MovesScheduledIfAddTserver.1782822543184347-19927-0/minicluster-data/ts-0-root/data
Total live blocks: 0
Total live bytes: 0
Total live bytes (after alignment): 0
Total number of LBM containers: 0 (0 full)
Did not check for missing blocks
Did not check for orphaned blocks
Total full LBM containers with extra space: 0 (0 repaired)
Total full LBM container extra space in bytes: 0 (0 repaired)
Total incomplete LBM containers: 0 (0 repaired)
Total LBM partial records: 0 (0 repaired)
Total corrupted LBM metadata records in RocksDB: 0 (0 repaired)
I20260630 12:29:34.353384 19927 rpc_server.cc:225] running with OpenSSL 1.1.1  11 Sep 2018
I20260630 12:29:34.354655 19927 kserver.cc:163] Server-wide thread pool size limit: 3276
I20260630 12:29:34.356098 19927 txn_system_client.cc:432] TxnSystemClient initialization is disabled...
I20260630 12:29:34.358336 19927 ts_tablet_manager.cc:585] Loaded tablet metadata (0 total tablets, 0 live tablets)
I20260630 12:29:34.358567 19927 ts_tablet_manager.cc:531] Time spent load tablet metadata: real 0.000s	user 0.000s	sys 0.000s
I20260630 12:29:34.358808 19927 ts_tablet_manager.cc:616] Registered 0 tablets
I20260630 12:29:34.358999 19927 ts_tablet_manager.cc:595] Time spent register tablets: real 0.000s	user 0.000s	sys 0.000s
I20260630 12:29:34.399039 19927 rpc_server.cc:307] RPC server started. Bound to: 127.19.117.193:42441
I20260630 12:29:34.399130 21712 acceptor_pool.cc:272] collecting diagnostics on the listening RPC socket 127.19.117.193:42441 every 8 connection(s)
I20260630 12:29:34.403931 19927 file_cache.cc:492] Constructed file cache file cache with capacity 419430
W20260630 12:29:34.410490 21717 instance_detector.cc:116] could not retrieve AWS instance metadata: Network error: curl error: HTTP response code said error: The requested URL returned error: 404
W20260630 12:29:34.413087 21718 instance_detector.cc:116] could not retrieve Azure instance metadata: Network error: curl error: HTTP response code said error: The requested URL returned error: 404
I20260630 12:29:34.414556 19927 server_base.cc:1061] running on GCE node
W20260630 12:29:34.415144 21720 instance_detector.cc:116] could not retrieve OpenStack instance metadata: Network error: curl error: HTTP response code said error: The requested URL returned error: 404
I20260630 12:29:34.415933 19927 hybrid_clock.cc:584] initializing the hybrid clock with 'system_unsync' time source
W20260630 12:29:34.416127 19927 system_unsync_time.cc:38] NTP support is disabled. Clock error bounds will not be accurate. This configuration is not suitable for distributed clusters.
I20260630 12:29:34.416317 19927 hybrid_clock.cc:648] HybridClock initialized: now 1782822574416303 us; error 0 us; skew 500 ppm
I20260630 12:29:34.416847 19927 server_base.cc:861] Flag tcmalloc_max_total_thread_cache_bytes is not working since tcmalloc is not enabled.
I20260630 12:29:34.419763 19927 webserver.cc:533] Webserver started at http://127.19.117.194:45549/ using document root <none> and password file <none>
I20260630 12:29:34.420356 19927 fs_manager.cc:362] Metadata directory not provided
I20260630 12:29:34.420583 19927 fs_manager.cc:368] Using write-ahead log directory (fs_wal_dir) as metadata directory
I20260630 12:29:34.420878 19927 server_base.cc:909] This appears to be a new deployment of Kudu; creating new FS layout
I20260630 12:29:34.421015 21713 heartbeater.cc:344] Connected to a master server at 127.19.117.254:43035
I20260630 12:29:34.421411 21713 heartbeater.cc:461] Registering TS with master...
I20260630 12:29:34.421974 19927 fs_manager.cc:1068] Generated new instance metadata in path /tmp/dist-test-taskk7aBaX/test-tmp/auto_rebalancer-test.0.AutoRebalancerTest.MovesScheduledIfAddTserver.1782822543184347-19927-0/minicluster-data/ts-1-root/instance:
uuid: "9280eded78a04520b129bc61c6424b52"
format_stamp: "Formatted at 2026-06-30 12:29:34 on dist-test-slave-mnsm"
I20260630 12:29:34.422200 21713 heartbeater.cc:507] Master 127.19.117.254:43035 requested a full tablet report, sending...
I20260630 12:29:34.424485 21586 ts_manager.cc:194] Registered new tserver with Master: e6e04a3970d44e2ca9574e47b88dc28c (127.19.117.193:42441)
I20260630 12:29:34.426951 19927 fs_manager.cc:696] Time spent creating directory manager: real 0.004s	user 0.002s	sys 0.003s
I20260630 12:29:34.427006 21586 master_service.cc:502] Signed X509 certificate for tserver {username='slave'} at 127.0.0.1:57340
I20260630 12:29:34.430431 21725 log_block_manager.cc:4031] Time spent loading block containers with low live blocks: real 0.000s	user 0.000s	sys 0.000s
I20260630 12:29:34.431196 19927 fs_manager.cc:730] Time spent opening block manager: real 0.002s	user 0.001s	sys 0.002s
