I20260630 12:13:05.361672  4878 raft_consensus.cc:3060] T ef11c0d8df39493a8f0a76e373eee5bb P 6db6e6deb3a240c993285831348b8cb2 [term 0 FOLLOWER]: Advancing to term 1
I20260630 12:13:05.358129  5116 consensus_queue.cc:237] T 094790ad8cb1450796e27b36bec48973 P 6db6e6deb3a240c993285831348b8cb2 [LEADER]: Queue going to LEADER mode. State: All replicated index: 0, Majority replicated index: 0, Committed index: 0, Last appended: 0.0, Last appended by leader: 0, Current term: 1, Majority size: 2, State: 0, Mode: LEADER, active raft config: opid_index: -1 OBSOLETE_local: false peers { permanent_uuid: "6db6e6deb3a240c993285831348b8cb2" member_type: VOTER last_known_addr { host: "127.0.107.193" port: 34253 } } peers { permanent_uuid: "87f0ad4860314c038f5d86dba64b1263" member_type: VOTER last_known_addr { host: "127.0.107.194" port: 41359 } } peers { permanent_uuid: "1424fb0e519e40a9958a70ad4edf23e5" member_type: VOTER last_known_addr { host: "127.0.107.195" port: 44551 } }
I20260630 12:13:05.373363  5026 tablet_service.cc:1917] Received RequestConsensusVote() RPC: tablet_id: "094790ad8cb1450796e27b36bec48973" candidate_uuid: "6db6e6deb3a240c993285831348b8cb2" candidate_term: 1 candidate_status { last_received { term: 0 index: 0 } } ignore_live_leader: false dest_uuid: "1424fb0e519e40a9958a70ad4edf23e5"
I20260630 12:13:05.374166  5026 raft_consensus.cc:3060] T 094790ad8cb1450796e27b36bec48973 P 1424fb0e519e40a9958a70ad4edf23e5 [term 0 FOLLOWER]: Advancing to term 1
I20260630 12:13:05.381102  5074 ts_tablet_manager.cc:1434] T 11adb01133bd4b3da92c7f6e0b1511eb P 87f0ad4860314c038f5d86dba64b1263: Time spent starting tablet: real 0.044s	user 0.002s	sys 0.017s
I20260630 12:13:05.381929  5074 tablet_bootstrap.cc:492] T fb13123066e84b61bd0f317ccb551d49 P 87f0ad4860314c038f5d86dba64b1263: Bootstrap starting.
I20260630 12:13:05.384178  5072 tablet_bootstrap.cc:492] T fb13123066e84b61bd0f317ccb551d49 P 1424fb0e519e40a9958a70ad4edf23e5: No bootstrap required, opened a new log
I20260630 12:13:05.384701  5072 ts_tablet_manager.cc:1403] T fb13123066e84b61bd0f317ccb551d49 P 1424fb0e519e40a9958a70ad4edf23e5: Time spent bootstrapping tablet: real 0.071s	user 0.006s	sys 0.018s
I20260630 12:13:05.387423  5072 raft_consensus.cc:359] T fb13123066e84b61bd0f317ccb551d49 P 1424fb0e519e40a9958a70ad4edf23e5 [term 0 FOLLOWER]: Replica starting. Triggering 0 pending ops. Active config: opid_index: -1 OBSOLETE_local: false peers { permanent_uuid: "6db6e6deb3a240c993285831348b8cb2" member_type: VOTER last_known_addr { host: "127.0.107.193" port: 34253 } } peers { permanent_uuid: "87f0ad4860314c038f5d86dba64b1263" member_type: VOTER last_known_addr { host: "127.0.107.194" port: 41359 } } peers { permanent_uuid: "1424fb0e519e40a9958a70ad4edf23e5" member_type: VOTER last_known_addr { host: "127.0.107.195" port: 44551 } }
I20260630 12:13:05.388167  5074 tablet_bootstrap.cc:654] T fb13123066e84b61bd0f317ccb551d49 P 87f0ad4860314c038f5d86dba64b1263: Neither blocks nor log segments found. Creating new log.
I20260630 12:13:05.388115  5072 raft_consensus.cc:385] T fb13123066e84b61bd0f317ccb551d49 P 1424fb0e519e40a9958a70ad4edf23e5 [term 0 FOLLOWER]: Consensus starting up: Expiring failure detector timer to make a prompt election more likely
I20260630 12:13:05.388623  5072 raft_consensus.cc:740] T fb13123066e84b61bd0f317ccb551d49 P 1424fb0e519e40a9958a70ad4edf23e5 [term 0 FOLLOWER]: Becoming Follower/Learner. State: Replica: 1424fb0e519e40a9958a70ad4edf23e5, State: Initialized, Role: FOLLOWER
I20260630 12:13:05.389740  5072 consensus_queue.cc:260] T fb13123066e84b61bd0f317ccb551d49 P 1424fb0e519e40a9958a70ad4edf23e5 [NON_LEADER]: Queue going to NON_LEADER mode. State: All replicated index: 0, Majority replicated index: 0, Committed index: 0, Last appended: 0.0, Last appended by leader: 0, Current term: 0, Majority size: -1, State: 0, Mode: NON_LEADER, active raft config: opid_index: -1 OBSOLETE_local: false peers { permanent_uuid: "6db6e6deb3a240c993285831348b8cb2" member_type: VOTER last_known_addr { host: "127.0.107.193" port: 34253 } } peers { permanent_uuid: "87f0ad4860314c038f5d86dba64b1263" member_type: VOTER last_known_addr { host: "127.0.107.194" port: 41359 } } peers { permanent_uuid: "1424fb0e519e40a9958a70ad4edf23e5" member_type: VOTER last_known_addr { host: "127.0.107.195" port: 44551 } }
I20260630 12:13:05.391741  5072 ts_tablet_manager.cc:1434] T fb13123066e84b61bd0f317ccb551d49 P 1424fb0e519e40a9958a70ad4edf23e5: Time spent starting tablet: real 0.007s	user 0.005s	sys 0.000s
I20260630 12:13:05.392832  5072 tablet_bootstrap.cc:492] T 0c61566841fc493e87199be57fc15ac0 P 1424fb0e519e40a9958a70ad4edf23e5: Bootstrap starting.
I20260630 12:13:05.398182  5072 tablet_bootstrap.cc:654] T 0c61566841fc493e87199be57fc15ac0 P 1424fb0e519e40a9958a70ad4edf23e5: Neither blocks nor log segments found. Creating new log.
I20260630 12:13:05.400256  4776 catalog_manager.cc:5697] T aee50f73463641aca835e361ca0045f4 P 87f0ad4860314c038f5d86dba64b1263 reported cstate change: term changed from 0 to 1, leader changed from <none> to 87f0ad4860314c038f5d86dba64b1263 (127.0.107.194). New cstate: current_term: 1 leader_uuid: "87f0ad4860314c038f5d86dba64b1263" committed_config { opid_index: -1 OBSOLETE_local: false peers { permanent_uuid: "6db6e6deb3a240c993285831348b8cb2" member_type: VOTER last_known_addr { host: "127.0.107.193" port: 34253 } health_report { overall_health: UNKNOWN } } peers { permanent_uuid: "87f0ad4860314c038f5d86dba64b1263" member_type: VOTER last_known_addr { host: "127.0.107.194" port: 41359 } health_report { overall_health: HEALTHY } } peers { permanent_uuid: "1424fb0e519e40a9958a70ad4edf23e5" member_type: VOTER last_known_addr { host: "127.0.107.195" port: 44551 } health_report { overall_health: UNKNOWN } } }
I20260630 12:13:05.412591  5074 tablet_bootstrap.cc:492] T fb13123066e84b61bd0f317ccb551d49 P 87f0ad4860314c038f5d86dba64b1263: No bootstrap required, opened a new log
I20260630 12:13:05.413362  5074 ts_tablet_manager.cc:1403] T fb13123066e84b61bd0f317ccb551d49 P 87f0ad4860314c038f5d86dba64b1263: Time spent bootstrapping tablet: real 0.032s	user 0.011s	sys 0.004s
I20260630 12:13:05.422560  5074 raft_consensus.cc:359] T fb13123066e84b61bd0f317ccb551d49 P 87f0ad4860314c038f5d86dba64b1263 [term 0 FOLLOWER]: Replica starting. Triggering 0 pending ops. Active config: opid_index: -1 OBSOLETE_local: false peers { permanent_uuid: "6db6e6deb3a240c993285831348b8cb2" member_type: VOTER last_known_addr { host: "127.0.107.193" port: 34253 } } peers { permanent_uuid: "87f0ad4860314c038f5d86dba64b1263" member_type: VOTER last_known_addr { host: "127.0.107.194" port: 41359 } } peers { permanent_uuid: "1424fb0e519e40a9958a70ad4edf23e5" member_type: VOTER last_known_addr { host: "127.0.107.195" port: 44551 } }
I20260630 12:13:05.423678  5074 raft_consensus.cc:385] T fb13123066e84b61bd0f317ccb551d49 P 87f0ad4860314c038f5d86dba64b1263 [term 0 FOLLOWER]: Consensus starting up: Expiring failure detector timer to make a prompt election more likely
I20260630 12:13:05.424141  5074 raft_consensus.cc:740] T fb13123066e84b61bd0f317ccb551d49 P 87f0ad4860314c038f5d86dba64b1263 [term 0 FOLLOWER]: Becoming Follower/Learner. State: Replica: 87f0ad4860314c038f5d86dba64b1263, State: Initialized, Role: FOLLOWER
I20260630 12:13:05.425009  5074 consensus_queue.cc:260] T fb13123066e84b61bd0f317ccb551d49 P 87f0ad4860314c038f5d86dba64b1263 [NON_LEADER]: Queue going to NON_LEADER mode. State: All replicated index: 0, Majority replicated index: 0, Committed index: 0, Last appended: 0.0, Last appended by leader: 0, Current term: 0, Majority size: -1, State: 0, Mode: NON_LEADER, active raft config: opid_index: -1 OBSOLETE_local: false peers { permanent_uuid: "6db6e6deb3a240c993285831348b8cb2" member_type: VOTER last_known_addr { host: "127.0.107.193" port: 34253 } } peers { permanent_uuid: "87f0ad4860314c038f5d86dba64b1263" member_type: VOTER last_known_addr { host: "127.0.107.194" port: 41359 } } peers { permanent_uuid: "1424fb0e519e40a9958a70ad4edf23e5" member_type: VOTER last_known_addr { host: "127.0.107.195" port: 44551 } }
I20260630 12:13:05.423065  5113 leader_election.cc:290] T 094790ad8cb1450796e27b36bec48973 P 6db6e6deb3a240c993285831348b8cb2 [CANDIDATE]: Term 1 election: Requested vote from peers 87f0ad4860314c038f5d86dba64b1263 (127.0.107.194:41359), 1424fb0e519e40a9958a70ad4edf23e5 (127.0.107.195:44551)
I20260630 12:13:05.427521  5074 ts_tablet_manager.cc:1434] T fb13123066e84b61bd0f317ccb551d49 P 87f0ad4860314c038f5d86dba64b1263: Time spent starting tablet: real 0.014s	user 0.003s	sys 0.003s
I20260630 12:13:05.432933  4952 raft_consensus.cc:2468] T 11adb01133bd4b3da92c7f6e0b1511eb P 87f0ad4860314c038f5d86dba64b1263 [term 1 FOLLOWER]: Leader election vote request: Granting yes vote for candidate 1424fb0e519e40a9958a70ad4edf23e5 in term 1.
I20260630 12:13:05.429790  4877 raft_consensus.cc:2468] T 11adb01133bd4b3da92c7f6e0b1511eb P 6db6e6deb3a240c993285831348b8cb2 [term 1 FOLLOWER]: Leader election vote request: Granting yes vote for candidate 1424fb0e519e40a9958a70ad4edf23e5 in term 1.
I20260630 12:13:05.430929  4774 catalog_manager.cc:5697] T b8592bb293df4de5991790319f719c11 P 6db6e6deb3a240c993285831348b8cb2 reported cstate change: term changed from 0 to 1, leader changed from <none> to 6db6e6deb3a240c993285831348b8cb2 (127.0.107.193). New cstate: current_term: 1 leader_uuid: "6db6e6deb3a240c993285831348b8cb2" committed_config { opid_index: -1 OBSOLETE_local: false peers { permanent_uuid: "6db6e6deb3a240c993285831348b8cb2" member_type: VOTER last_known_addr { host: "127.0.107.193" port: 34253 } health_report { overall_health: HEALTHY } } peers { permanent_uuid: "87f0ad4860314c038f5d86dba64b1263" member_type: VOTER last_known_addr { host: "127.0.107.194" port: 41359 } health_report { overall_health: UNKNOWN } } peers { permanent_uuid: "1424fb0e519e40a9958a70ad4edf23e5" member_type: VOTER last_known_addr { host: "127.0.107.195" port: 44551 } health_report { overall_health: UNKNOWN } } }
I20260630 12:13:05.433975  5074 tablet_bootstrap.cc:492] T 0c61566841fc493e87199be57fc15ac0 P 87f0ad4860314c038f5d86dba64b1263: Bootstrap starting.
I20260630 12:13:05.431834  5072 tablet_bootstrap.cc:492] T 0c61566841fc493e87199be57fc15ac0 P 1424fb0e519e40a9958a70ad4edf23e5: No bootstrap required, opened a new log
I20260630 12:13:05.429280  4878 raft_consensus.cc:2468] T ef11c0d8df39493a8f0a76e373eee5bb P 6db6e6deb3a240c993285831348b8cb2 [term 1 FOLLOWER]: Leader election vote request: Granting yes vote for candidate 87f0ad4860314c038f5d86dba64b1263 in term 1.
I20260630 12:13:05.435427  5026 raft_consensus.cc:2468] T 094790ad8cb1450796e27b36bec48973 P 1424fb0e519e40a9958a70ad4edf23e5 [term 1 FOLLOWER]: Leader election vote request: Granting yes vote for candidate 6db6e6deb3a240c993285831348b8cb2 in term 1.
I20260630 12:13:05.436249  5072 ts_tablet_manager.cc:1403] T 0c61566841fc493e87199be57fc15ac0 P 1424fb0e519e40a9958a70ad4edf23e5: Time spent bootstrapping tablet: real 0.044s	user 0.018s	sys 0.017s
I20260630 12:13:05.437440  4991 leader_election.cc:304] T 11adb01133bd4b3da92c7f6e0b1511eb P 1424fb0e519e40a9958a70ad4edf23e5 [CANDIDATE]: Term 1 election: Election decided. Result: candidate won. Election summary: received 2 responses out of 3 voters: 2 yes votes; 0 no votes. yes voters: 1424fb0e519e40a9958a70ad4edf23e5, 6db6e6deb3a240c993285831348b8cb2; no voters: 
I20260630 12:13:05.438310  5080 raft_consensus.cc:2804] T 11adb01133bd4b3da92c7f6e0b1511eb P 1424fb0e519e40a9958a70ad4edf23e5 [term 1 FOLLOWER]: Leader election won for term 1
I20260630 12:13:05.438740  5080 raft_consensus.cc:697] T 11adb01133bd4b3da92c7f6e0b1511eb P 1424fb0e519e40a9958a70ad4edf23e5 [term 1 LEADER]: Becoming Leader. State: Replica: 1424fb0e519e40a9958a70ad4edf23e5, State: Running, Role: LEADER
I20260630 12:13:05.439076  5074 tablet_bootstrap.cc:654] T 0c61566841fc493e87199be57fc15ac0 P 87f0ad4860314c038f5d86dba64b1263: Neither blocks nor log segments found. Creating new log.
I20260630 12:13:05.436564  4917 leader_election.cc:304] T ef11c0d8df39493a8f0a76e373eee5bb P 87f0ad4860314c038f5d86dba64b1263 [CANDIDATE]: Term 1 election: Election decided. Result: candidate won. Election summary: received 2 responses out of 3 voters: 2 yes votes; 0 no votes. yes voters: 6db6e6deb3a240c993285831348b8cb2, 87f0ad4860314c038f5d86dba64b1263; no voters: 
I20260630 12:13:05.439860  5110 raft_consensus.cc:2804] T ef11c0d8df39493a8f0a76e373eee5bb P 87f0ad4860314c038f5d86dba64b1263 [term 1 FOLLOWER]: Leader election won for term 1
I20260630 12:13:05.439482  5080 consensus_queue.cc:237] T 11adb01133bd4b3da92c7f6e0b1511eb P 1424fb0e519e40a9958a70ad4edf23e5 [LEADER]: Queue going to LEADER mode. State: All replicated index: 0, Majority replicated index: 0, Committed index: 0, Last appended: 0.0, Last appended by leader: 0, Current term: 1, Majority size: 2, State: 0, Mode: LEADER, active raft config: opid_index: -1 OBSOLETE_local: false peers { permanent_uuid: "6db6e6deb3a240c993285831348b8cb2" member_type: VOTER last_known_addr { host: "127.0.107.193" port: 34253 } } peers { permanent_uuid: "87f0ad4860314c038f5d86dba64b1263" member_type: VOTER last_known_addr { host: "127.0.107.194" port: 41359 } } peers { permanent_uuid: "1424fb0e519e40a9958a70ad4edf23e5" member_type: VOTER last_known_addr { host: "127.0.107.195" port: 44551 } }
I20260630 12:13:05.440320  5110 raft_consensus.cc:697] T ef11c0d8df39493a8f0a76e373eee5bb P 87f0ad4860314c038f5d86dba64b1263 [term 1 LEADER]: Becoming Leader. State: Replica: 87f0ad4860314c038f5d86dba64b1263, State: Running, Role: LEADER
I20260630 12:13:05.440164  5072 raft_consensus.cc:359] T 0c61566841fc493e87199be57fc15ac0 P 1424fb0e519e40a9958a70ad4edf23e5 [term 0 FOLLOWER]: Replica starting. Triggering 0 pending ops. Active config: opid_index: -1 OBSOLETE_local: false peers { permanent_uuid: "6db6e6deb3a240c993285831348b8cb2" member_type: VOTER last_known_addr { host: "127.0.107.193" port: 34253 } } peers { permanent_uuid: "87f0ad4860314c038f5d86dba64b1263" member_type: VOTER last_known_addr { host: "127.0.107.194" port: 41359 } } peers { permanent_uuid: "1424fb0e519e40a9958a70ad4edf23e5" member_type: VOTER last_known_addr { host: "127.0.107.195" port: 44551 } }
I20260630 12:13:05.440819  5072 raft_consensus.cc:385] T 0c61566841fc493e87199be57fc15ac0 P 1424fb0e519e40a9958a70ad4edf23e5 [term 0 FOLLOWER]: Consensus starting up: Expiring failure detector timer to make a prompt election more likely
I20260630 12:13:05.441097  5072 raft_consensus.cc:740] T 0c61566841fc493e87199be57fc15ac0 P 1424fb0e519e40a9958a70ad4edf23e5 [term 0 FOLLOWER]: Becoming Follower/Learner. State: Replica: 1424fb0e519e40a9958a70ad4edf23e5, State: Initialized, Role: FOLLOWER
I20260630 12:13:05.441174  5110 consensus_queue.cc:237] T ef11c0d8df39493a8f0a76e373eee5bb P 87f0ad4860314c038f5d86dba64b1263 [LEADER]: Queue going to LEADER mode. State: All replicated index: 0, Majority replicated index: 0, Committed index: 0, Last appended: 0.0, Last appended by leader: 0, Current term: 1, Majority size: 2, State: 0, Mode: LEADER, active raft config: opid_index: -1 OBSOLETE_local: false peers { permanent_uuid: "6db6e6deb3a240c993285831348b8cb2" member_type: VOTER last_known_addr { host: "127.0.107.193" port: 34253 } } peers { permanent_uuid: "87f0ad4860314c038f5d86dba64b1263" member_type: VOTER last_known_addr { host: "127.0.107.194" port: 41359 } } peers { permanent_uuid: "1424fb0e519e40a9958a70ad4edf23e5" member_type: VOTER last_known_addr { host: "127.0.107.195" port: 44551 } }
I20260630 12:13:05.442123  5072 consensus_queue.cc:260] T 0c61566841fc493e87199be57fc15ac0 P 1424fb0e519e40a9958a70ad4edf23e5 [NON_LEADER]: Queue going to NON_LEADER mode. State: All replicated index: 0, Majority replicated index: 0, Committed index: 0, Last appended: 0.0, Last appended by leader: 0, Current term: 0, Majority size: -1, State: 0, Mode: NON_LEADER, active raft config: opid_index: -1 OBSOLETE_local: false peers { permanent_uuid: "6db6e6deb3a240c993285831348b8cb2" member_type: VOTER last_known_addr { host: "127.0.107.193" port: 34253 } } peers { permanent_uuid: "87f0ad4860314c038f5d86dba64b1263" member_type: VOTER last_known_addr { host: "127.0.107.194" port: 41359 } } peers { permanent_uuid: "1424fb0e519e40a9958a70ad4edf23e5" member_type: VOTER last_known_addr { host: "127.0.107.195" port: 44551 } }
I20260630 12:13:05.444288  5072 ts_tablet_manager.cc:1434] T 0c61566841fc493e87199be57fc15ac0 P 1424fb0e519e40a9958a70ad4edf23e5: Time spent starting tablet: real 0.007s	user 0.003s	sys 0.003s
I20260630 12:13:05.445188  5072 tablet_bootstrap.cc:492] T 5d0d7a6dd5db454fa3ae5aaf2544318e P 1424fb0e519e40a9958a70ad4edf23e5: Bootstrap starting.
I20260630 12:13:05.450313  5072 tablet_bootstrap.cc:654] T 5d0d7a6dd5db454fa3ae5aaf2544318e P 1424fb0e519e40a9958a70ad4edf23e5: Neither blocks nor log segments found. Creating new log.
I20260630 12:13:05.436753  5027 raft_consensus.cc:2468] T ef11c0d8df39493a8f0a76e373eee5bb P 1424fb0e519e40a9958a70ad4edf23e5 [term 1 FOLLOWER]: Leader election vote request: Granting yes vote for candidate 87f0ad4860314c038f5d86dba64b1263 in term 1.
I20260630 12:13:05.464097  4775 catalog_manager.cc:5697] T 094790ad8cb1450796e27b36bec48973 P 6db6e6deb3a240c993285831348b8cb2 reported cstate change: term changed from 0 to 1, leader changed from <none> to 6db6e6deb3a240c993285831348b8cb2 (127.0.107.193). New cstate: current_term: 1 leader_uuid: "6db6e6deb3a240c993285831348b8cb2" committed_config { opid_index: -1 OBSOLETE_local: false peers { permanent_uuid: "6db6e6deb3a240c993285831348b8cb2" member_type: VOTER last_known_addr { host: "127.0.107.193" port: 34253 } health_report { overall_health: HEALTHY } } peers { permanent_uuid: "87f0ad4860314c038f5d86dba64b1263" member_type: VOTER last_known_addr { host: "127.0.107.194" port: 41359 } health_report { overall_health: UNKNOWN } } peers { permanent_uuid: "1424fb0e519e40a9958a70ad4edf23e5" member_type: VOTER last_known_addr { host: "127.0.107.195" port: 44551 } health_report { overall_health: UNKNOWN } } }
I20260630 12:13:05.465456  5074 tablet_bootstrap.cc:492] T 0c61566841fc493e87199be57fc15ac0 P 87f0ad4860314c038f5d86dba64b1263: No bootstrap required, opened a new log
I20260630 12:13:05.466406  5116 raft_consensus.cc:493] T 33b67c66d0194533b5e86e9b6788a5b4 P 6db6e6deb3a240c993285831348b8cb2 [term 0 FOLLOWER]: Starting pre-election (no leader contacted us within the election timeout)
I20260630 12:13:05.466967  5074 ts_tablet_manager.cc:1403] T 0c61566841fc493e87199be57fc15ac0 P 87f0ad4860314c038f5d86dba64b1263: Time spent bootstrapping tablet: real 0.033s	user 0.015s	sys 0.015s
I20260630 12:13:05.466918  5116 raft_consensus.cc:515] T 33b67c66d0194533b5e86e9b6788a5b4 P 6db6e6deb3a240c993285831348b8cb2 [term 0 FOLLOWER]: Starting pre-election with config: opid_index: -1 OBSOLETE_local: false peers { permanent_uuid: "6db6e6deb3a240c993285831348b8cb2" member_type: VOTER last_known_addr { host: "127.0.107.193" port: 34253 } } peers { permanent_uuid: "87f0ad4860314c038f5d86dba64b1263" member_type: VOTER last_known_addr { host: "127.0.107.194" port: 41359 } } peers { permanent_uuid: "1424fb0e519e40a9958a70ad4edf23e5" member_type: VOTER last_known_addr { host: "127.0.107.195" port: 44551 } }
I20260630 12:13:05.469250  5116 leader_election.cc:290] T 33b67c66d0194533b5e86e9b6788a5b4 P 6db6e6deb3a240c993285831348b8cb2 [CANDIDATE]: Term 1 pre-election: Requested pre-vote from peers 87f0ad4860314c038f5d86dba64b1263 (127.0.107.194:41359), 1424fb0e519e40a9958a70ad4edf23e5 (127.0.107.195:44551)
I20260630 12:13:05.469668  5074 raft_consensus.cc:359] T 0c61566841fc493e87199be57fc15ac0 P 87f0ad4860314c038f5d86dba64b1263 [term 0 FOLLOWER]: Replica starting. Triggering 0 pending ops. Active config: opid_index: -1 OBSOLETE_local: false peers { permanent_uuid: "6db6e6deb3a240c993285831348b8cb2" member_type: VOTER last_known_addr { host: "127.0.107.193" port: 34253 } } peers { permanent_uuid: "87f0ad4860314c038f5d86dba64b1263" member_type: VOTER last_known_addr { host: "127.0.107.194" port: 41359 } } peers { permanent_uuid: "1424fb0e519e40a9958a70ad4edf23e5" member_type: VOTER last_known_addr { host: "127.0.107.195" port: 44551 } }
I20260630 12:13:05.470362  5074 raft_consensus.cc:385] T 0c61566841fc493e87199be57fc15ac0 P 87f0ad4860314c038f5d86dba64b1263 [term 0 FOLLOWER]: Consensus starting up: Expiring failure detector timer to make a prompt election more likely
I20260630 12:13:05.470659  5074 raft_consensus.cc:740] T 0c61566841fc493e87199be57fc15ac0 P 87f0ad4860314c038f5d86dba64b1263 [term 0 FOLLOWER]: Becoming Follower/Learner. State: Replica: 87f0ad4860314c038f5d86dba64b1263, State: Initialized, Role: FOLLOWER
I20260630 12:13:05.469899  4774 catalog_manager.cc:5697] T 11adb01133bd4b3da92c7f6e0b1511eb P 1424fb0e519e40a9958a70ad4edf23e5 reported cstate change: term changed from 0 to 1, leader changed from <none> to 1424fb0e519e40a9958a70ad4edf23e5 (127.0.107.195). New cstate: current_term: 1 leader_uuid: "1424fb0e519e40a9958a70ad4edf23e5" committed_config { opid_index: -1 OBSOLETE_local: false peers { permanent_uuid: "6db6e6deb3a240c993285831348b8cb2" member_type: VOTER last_known_addr { host: "127.0.107.193" port: 34253 } health_report { overall_health: UNKNOWN } } peers { permanent_uuid: "87f0ad4860314c038f5d86dba64b1263" member_type: VOTER last_known_addr { host: "127.0.107.194" port: 41359 } health_report { overall_health: UNKNOWN } } peers { permanent_uuid: "1424fb0e519e40a9958a70ad4edf23e5" member_type: VOTER last_known_addr { host: "127.0.107.195" port: 44551 } health_report { overall_health: HEALTHY } } }
I20260630 12:13:05.470844  5027 tablet_service.cc:1917] Received RequestConsensusVote() RPC: tablet_id: "33b67c66d0194533b5e86e9b6788a5b4" candidate_uuid: "6db6e6deb3a240c993285831348b8cb2" candidate_term: 1 candidate_status { last_received { term: 0 index: 0 } } ignore_live_leader: false dest_uuid: "1424fb0e519e40a9958a70ad4edf23e5" is_pre_election: true
I20260630 12:13:05.471325  5074 consensus_queue.cc:260] T 0c61566841fc493e87199be57fc15ac0 P 87f0ad4860314c038f5d86dba64b1263 [NON_LEADER]: Queue going to NON_LEADER mode. State: All replicated index: 0, Majority replicated index: 0, Committed index: 0, Last appended: 0.0, Last appended by leader: 0, Current term: 0, Majority size: -1, State: 0, Mode: NON_LEADER, active raft config: opid_index: -1 OBSOLETE_local: false peers { permanent_uuid: "6db6e6deb3a240c993285831348b8cb2" member_type: VOTER last_known_addr { host: "127.0.107.193" port: 34253 } } peers { permanent_uuid: "87f0ad4860314c038f5d86dba64b1263" member_type: VOTER last_known_addr { host: "127.0.107.194" port: 41359 } } peers { permanent_uuid: "1424fb0e519e40a9958a70ad4edf23e5" member_type: VOTER last_known_addr { host: "127.0.107.195" port: 44551 } }
W20260630 12:13:05.472673  4841 leader_election.cc:343] T 33b67c66d0194533b5e86e9b6788a5b4 P 6db6e6deb3a240c993285831348b8cb2 [CANDIDATE]: Term 1 pre-election: Tablet error from VoteRequest() call to peer 1424fb0e519e40a9958a70ad4edf23e5 (127.0.107.195:44551): Illegal state: must be running to vote when last-logged opid is not known
I20260630 12:13:05.473289  5074 ts_tablet_manager.cc:1434] T 0c61566841fc493e87199be57fc15ac0 P 87f0ad4860314c038f5d86dba64b1263: Time spent starting tablet: real 0.006s	user 0.004s	sys 0.001s
I20260630 12:13:05.474189  5074 tablet_bootstrap.cc:492] T 33b67c66d0194533b5e86e9b6788a5b4 P 87f0ad4860314c038f5d86dba64b1263: Bootstrap starting.
I20260630 12:13:05.474299  5072 tablet_bootstrap.cc:492] T 5d0d7a6dd5db454fa3ae5aaf2544318e P 1424fb0e519e40a9958a70ad4edf23e5: No bootstrap required, opened a new log
I20260630 12:13:05.474299  4952 tablet_service.cc:1917] Received RequestConsensusVote() RPC: tablet_id: "33b67c66d0194533b5e86e9b6788a5b4" candidate_uuid: "6db6e6deb3a240c993285831348b8cb2" candidate_term: 1 candidate_status { last_received { term: 0 index: 0 } } ignore_live_leader: false dest_uuid: "87f0ad4860314c038f5d86dba64b1263" is_pre_election: true
I20260630 12:13:05.474957  5072 ts_tablet_manager.cc:1403] T 5d0d7a6dd5db454fa3ae5aaf2544318e P 1424fb0e519e40a9958a70ad4edf23e5: Time spent bootstrapping tablet: real 0.030s	user 0.001s	sys 0.017s
W20260630 12:13:05.475905  4844 leader_election.cc:343] T 33b67c66d0194533b5e86e9b6788a5b4 P 6db6e6deb3a240c993285831348b8cb2 [CANDIDATE]: Term 1 pre-election: Tablet error from VoteRequest() call to peer 87f0ad4860314c038f5d86dba64b1263 (127.0.107.194:41359): Illegal state: must be running to vote when last-logged opid is not known
I20260630 12:13:05.476301  4844 leader_election.cc:304] T 33b67c66d0194533b5e86e9b6788a5b4 P 6db6e6deb3a240c993285831348b8cb2 [CANDIDATE]: Term 1 pre-election: Election decided. Result: candidate lost. Election summary: received 3 responses out of 3 voters: 1 yes votes; 2 no votes. yes voters: 6db6e6deb3a240c993285831348b8cb2; no voters: 1424fb0e519e40a9958a70ad4edf23e5, 87f0ad4860314c038f5d86dba64b1263
I20260630 12:13:05.477334  5116 raft_consensus.cc:2749] T 33b67c66d0194533b5e86e9b6788a5b4 P 6db6e6deb3a240c993285831348b8cb2 [term 0 FOLLOWER]: Leader pre-election lost for term 1. Reason: could not achieve majority
I20260630 12:13:05.477447  5072 raft_consensus.cc:359] T 5d0d7a6dd5db454fa3ae5aaf2544318e P 1424fb0e519e40a9958a70ad4edf23e5 [term 0 FOLLOWER]: Replica starting. Triggering 0 pending ops. Active config: opid_index: -1 OBSOLETE_local: false peers { permanent_uuid: "6db6e6deb3a240c993285831348b8cb2" member_type: VOTER last_known_addr { host: "127.0.107.193" port: 34253 } } peers { permanent_uuid: "87f0ad4860314c038f5d86dba64b1263" member_type: VOTER last_known_addr { host: "127.0.107.194" port: 41359 } } peers { permanent_uuid: "1424fb0e519e40a9958a70ad4edf23e5" member_type: VOTER last_known_addr { host: "127.0.107.195" port: 44551 } }
I20260630 12:13:05.478175  5072 raft_consensus.cc:385] T 5d0d7a6dd5db454fa3ae5aaf2544318e P 1424fb0e519e40a9958a70ad4edf23e5 [term 0 FOLLOWER]: Consensus starting up: Expiring failure detector timer to make a prompt election more likely
I20260630 12:13:05.478305  5116 raft_consensus.cc:493] T 0c61566841fc493e87199be57fc15ac0 P 6db6e6deb3a240c993285831348b8cb2 [term 0 FOLLOWER]: Starting pre-election (no leader contacted us within the election timeout)
I20260630 12:13:05.478506  5072 raft_consensus.cc:740] T 5d0d7a6dd5db454fa3ae5aaf2544318e P 1424fb0e519e40a9958a70ad4edf23e5 [term 0 FOLLOWER]: Becoming Follower/Learner. State: Replica: 1424fb0e519e40a9958a70ad4edf23e5, State: Initialized, Role: FOLLOWER
I20260630 12:13:05.478843  5116 raft_consensus.cc:515] T 0c61566841fc493e87199be57fc15ac0 P 6db6e6deb3a240c993285831348b8cb2 [term 0 FOLLOWER]: Starting pre-election with config: opid_index: -1 OBSOLETE_local: false peers { permanent_uuid: "6db6e6deb3a240c993285831348b8cb2" member_type: VOTER last_known_addr { host: "127.0.107.193" port: 34253 } } peers { permanent_uuid: "87f0ad4860314c038f5d86dba64b1263" member_type: VOTER last_known_addr { host: "127.0.107.194" port: 41359 } } peers { permanent_uuid: "1424fb0e519e40a9958a70ad4edf23e5" member_type: VOTER last_known_addr { host: "127.0.107.195" port: 44551 } }
I20260630 12:13:05.479223  5072 consensus_queue.cc:260] T 5d0d7a6dd5db454fa3ae5aaf2544318e P 1424fb0e519e40a9958a70ad4edf23e5 [NON_LEADER]: Queue going to NON_LEADER mode. State: All replicated index: 0, Majority replicated index: 0, Committed index: 0, Last appended: 0.0, Last appended by leader: 0, Current term: 0, Majority size: -1, State: 0, Mode: NON_LEADER, active raft config: opid_index: -1 OBSOLETE_local: false peers { permanent_uuid: "6db6e6deb3a240c993285831348b8cb2" member_type: VOTER last_known_addr { host: "127.0.107.193" port: 34253 } } peers { permanent_uuid: "87f0ad4860314c038f5d86dba64b1263" member_type: VOTER last_known_addr { host: "127.0.107.194" port: 41359 } } peers { permanent_uuid: "1424fb0e519e40a9958a70ad4edf23e5" member_type: VOTER last_known_addr { host: "127.0.107.195" port: 44551 } }
I20260630 12:13:05.480110  5074 tablet_bootstrap.cc:654] T 33b67c66d0194533b5e86e9b6788a5b4 P 87f0ad4860314c038f5d86dba64b1263: Neither blocks nor log segments found. Creating new log.
I20260630 12:13:05.481447  5072 ts_tablet_manager.cc:1434] T 5d0d7a6dd5db454fa3ae5aaf2544318e P 1424fb0e519e40a9958a70ad4edf23e5: Time spent starting tablet: real 0.006s	user 0.001s	sys 0.004s
I20260630 12:13:05.481546  4952 tablet_service.cc:1917] Received RequestConsensusVote() RPC: tablet_id: "0c61566841fc493e87199be57fc15ac0" candidate_uuid: "6db6e6deb3a240c993285831348b8cb2" candidate_term: 1 candidate_status { last_received { term: 0 index: 0 } } ignore_live_leader: false dest_uuid: "87f0ad4860314c038f5d86dba64b1263" is_pre_election: true
I20260630 12:13:05.482118  4952 raft_consensus.cc:2468] T 0c61566841fc493e87199be57fc15ac0 P 87f0ad4860314c038f5d86dba64b1263 [term 0 FOLLOWER]: Leader pre-election vote request: Granting yes vote for candidate 6db6e6deb3a240c993285831348b8cb2 in term 0.
I20260630 12:13:05.482441  5072 tablet_bootstrap.cc:492] T d439fb56d0c04595b45c75d34e3123a5 P 1424fb0e519e40a9958a70ad4edf23e5: Bootstrap starting.
I20260630 12:13:05.483438  4844 leader_election.cc:304] T 0c61566841fc493e87199be57fc15ac0 P 6db6e6deb3a240c993285831348b8cb2 [CANDIDATE]: Term 1 pre-election: Election decided. Result: candidate won. Election summary: received 2 responses out of 3 voters: 2 yes votes; 0 no votes. yes voters: 6db6e6deb3a240c993285831348b8cb2, 87f0ad4860314c038f5d86dba64b1263; no voters: 
I20260630 12:13:05.485025  5116 leader_election.cc:290] T 0c61566841fc493e87199be57fc15ac0 P 6db6e6deb3a240c993285831348b8cb2 [CANDIDATE]: Term 1 pre-election: Requested pre-vote from peers 87f0ad4860314c038f5d86dba64b1263 (127.0.107.194:41359), 1424fb0e519e40a9958a70ad4edf23e5 (127.0.107.195:44551)
I20260630 12:13:05.485631  5116 raft_consensus.cc:2804] T 0c61566841fc493e87199be57fc15ac0 P 6db6e6deb3a240c993285831348b8cb2 [term 0 FOLLOWER]: Leader pre-election won for term 1
I20260630 12:13:05.485997  5116 raft_consensus.cc:493] T 0c61566841fc493e87199be57fc15ac0 P 6db6e6deb3a240c993285831348b8cb2 [term 0 FOLLOWER]: Starting leader election (no leader contacted us within the election timeout)
I20260630 12:13:05.486927  5116 raft_consensus.cc:3060] T 0c61566841fc493e87199be57fc15ac0 P 6db6e6deb3a240c993285831348b8cb2 [term 0 FOLLOWER]: Advancing to term 1
I20260630 12:13:05.489437  5027 tablet_service.cc:1917] Received RequestConsensusVote() RPC: tablet_id: "0c61566841fc493e87199be57fc15ac0" candidate_uuid: "6db6e6deb3a240c993285831348b8cb2" candidate_term: 1 candidate_status { last_received { term: 0 index: 0 } } ignore_live_leader: false dest_uuid: "1424fb0e519e40a9958a70ad4edf23e5" is_pre_election: true
I20260630 12:13:05.490288  5027 raft_consensus.cc:2468] T 0c61566841fc493e87199be57fc15ac0 P 1424fb0e519e40a9958a70ad4edf23e5 [term 0 FOLLOWER]: Leader pre-election vote request: Granting yes vote for candidate 6db6e6deb3a240c993285831348b8cb2 in term 0.
I20260630 12:13:05.487802  5072 tablet_bootstrap.cc:654] T d439fb56d0c04595b45c75d34e3123a5 P 1424fb0e519e40a9958a70ad4edf23e5: Neither blocks nor log segments found. Creating new log.
I20260630 12:13:05.495086  5116 raft_consensus.cc:515] T 0c61566841fc493e87199be57fc15ac0 P 6db6e6deb3a240c993285831348b8cb2 [term 1 FOLLOWER]: Starting leader election with config: opid_index: -1 OBSOLETE_local: false peers { permanent_uuid: "6db6e6deb3a240c993285831348b8cb2" member_type: VOTER last_known_addr { host: "127.0.107.193" port: 34253 } } peers { permanent_uuid: "87f0ad4860314c038f5d86dba64b1263" member_type: VOTER last_known_addr { host: "127.0.107.194" port: 41359 } } peers { permanent_uuid: "1424fb0e519e40a9958a70ad4edf23e5" member_type: VOTER last_known_addr { host: "127.0.107.195" port: 44551 } }
I20260630 12:13:05.499224  4952 tablet_service.cc:1917] Received RequestConsensusVote() RPC: tablet_id: "0c61566841fc493e87199be57fc15ac0" candidate_uuid: "6db6e6deb3a240c993285831348b8cb2" candidate_term: 1 candidate_status { last_received { term: 0 index: 0 } } ignore_live_leader: false dest_uuid: "87f0ad4860314c038f5d86dba64b1263"
I20260630 12:13:05.499959  4952 raft_consensus.cc:3060] T 0c61566841fc493e87199be57fc15ac0 P 87f0ad4860314c038f5d86dba64b1263 [term 0 FOLLOWER]: Advancing to term 1
I20260630 12:13:05.489504  4776 catalog_manager.cc:5697] T 2cb3f187d76546f59837199c69682fc2 P 87f0ad4860314c038f5d86dba64b1263 reported cstate change: term changed from 0 to 1, leader changed from <none> to 87f0ad4860314c038f5d86dba64b1263 (127.0.107.194). New cstate: current_term: 1 leader_uuid: "87f0ad4860314c038f5d86dba64b1263" committed_config { opid_index: -1 OBSOLETE_local: false peers { permanent_uuid: "6db6e6deb3a240c993285831348b8cb2" member_type: VOTER last_known_addr { host: "127.0.107.193" port: 34253 } health_report { overall_health: UNKNOWN } } peers { permanent_uuid: "87f0ad4860314c038f5d86dba64b1263" member_type: VOTER last_known_addr { host: "127.0.107.194" port: 41359 } health_report { overall_health: HEALTHY } } peers { permanent_uuid: "1424fb0e519e40a9958a70ad4edf23e5" member_type: VOTER last_known_addr { host: "127.0.107.195" port: 44551 } health_report { overall_health: UNKNOWN } } }
I20260630 12:13:05.510881  4952 raft_consensus.cc:2468] T 0c61566841fc493e87199be57fc15ac0 P 87f0ad4860314c038f5d86dba64b1263 [term 1 FOLLOWER]: Leader election vote request: Granting yes vote for candidate 6db6e6deb3a240c993285831348b8cb2 in term 1.
I20260630 12:13:05.518040  5027 tablet_service.cc:1917] Received RequestConsensusVote() RPC: tablet_id: "0c61566841fc493e87199be57fc15ac0" candidate_uuid: "6db6e6deb3a240c993285831348b8cb2" candidate_term: 1 candidate_status { last_received { term: 0 index: 0 } } ignore_live_leader: false dest_uuid: "1424fb0e519e40a9958a70ad4edf23e5"
I20260630 12:13:05.519349  5027 raft_consensus.cc:3060] T 0c61566841fc493e87199be57fc15ac0 P 1424fb0e519e40a9958a70ad4edf23e5 [term 0 FOLLOWER]: Advancing to term 1
I20260630 12:13:05.521215  5113 raft_consensus.cc:493] T 5d0d7a6dd5db454fa3ae5aaf2544318e P 6db6e6deb3a240c993285831348b8cb2 [term 0 FOLLOWER]: Starting pre-election (no leader contacted us within the election timeout)
I20260630 12:13:05.521826  5113 raft_consensus.cc:515] T 5d0d7a6dd5db454fa3ae5aaf2544318e P 6db6e6deb3a240c993285831348b8cb2 [term 0 FOLLOWER]: Starting pre-election with config: opid_index: -1 OBSOLETE_local: false peers { permanent_uuid: "6db6e6deb3a240c993285831348b8cb2" member_type: VOTER last_known_addr { host: "127.0.107.193" port: 34253 } } peers { permanent_uuid: "87f0ad4860314c038f5d86dba64b1263" member_type: VOTER last_known_addr { host: "127.0.107.194" port: 41359 } } peers { permanent_uuid: "1424fb0e519e40a9958a70ad4edf23e5" member_type: VOTER last_known_addr { host: "127.0.107.195" port: 44551 } }
I20260630 12:13:05.523691  5074 tablet_bootstrap.cc:492] T 33b67c66d0194533b5e86e9b6788a5b4 P 87f0ad4860314c038f5d86dba64b1263: No bootstrap required, opened a new log
I20260630 12:13:05.524175  5074 ts_tablet_manager.cc:1403] T 33b67c66d0194533b5e86e9b6788a5b4 P 87f0ad4860314c038f5d86dba64b1263: Time spent bootstrapping tablet: real 0.050s	user 0.020s	sys 0.028s
I20260630 12:13:05.524489  5072 tablet_bootstrap.cc:492] T d439fb56d0c04595b45c75d34e3123a5 P 1424fb0e519e40a9958a70ad4edf23e5: No bootstrap required, opened a new log
I20260630 12:13:05.524920  5072 ts_tablet_manager.cc:1403] T d439fb56d0c04595b45c75d34e3123a5 P 1424fb0e519e40a9958a70ad4edf23e5: Time spent bootstrapping tablet: real 0.043s	user 0.018s	sys 0.018s
I20260630 12:13:05.526568  5074 raft_consensus.cc:359] T 33b67c66d0194533b5e86e9b6788a5b4 P 87f0ad4860314c038f5d86dba64b1263 [term 0 FOLLOWER]: Replica starting. Triggering 0 pending ops. Active config: opid_index: -1 OBSOLETE_local: false peers { permanent_uuid: "6db6e6deb3a240c993285831348b8cb2" member_type: VOTER last_known_addr { host: "127.0.107.193" port: 34253 } } peers { permanent_uuid: "87f0ad4860314c038f5d86dba64b1263" member_type: VOTER last_known_addr { host: "127.0.107.194" port: 41359 } } peers { permanent_uuid: "1424fb0e519e40a9958a70ad4edf23e5" member_type: VOTER last_known_addr { host: "127.0.107.195" port: 44551 } }
I20260630 12:13:05.527252  5074 raft_consensus.cc:385] T 33b67c66d0194533b5e86e9b6788a5b4 P 87f0ad4860314c038f5d86dba64b1263 [term 0 FOLLOWER]: Consensus starting up: Expiring failure detector timer to make a prompt election more likely
I20260630 12:13:05.527531  5074 raft_consensus.cc:740] T 33b67c66d0194533b5e86e9b6788a5b4 P 87f0ad4860314c038f5d86dba64b1263 [term 0 FOLLOWER]: Becoming Follower/Learner. State: Replica: 87f0ad4860314c038f5d86dba64b1263, State: Initialized, Role: FOLLOWER
I20260630 12:13:05.528214  5074 consensus_queue.cc:260] T 33b67c66d0194533b5e86e9b6788a5b4 P 87f0ad4860314c038f5d86dba64b1263 [NON_LEADER]: Queue going to NON_LEADER mode. State: All replicated index: 0, Majority replicated index: 0, Committed index: 0, Last appended: 0.0, Last appended by leader: 0, Current term: 0, Majority size: -1, State: 0, Mode: NON_LEADER, active raft config: opid_index: -1 OBSOLETE_local: false peers { permanent_uuid: "6db6e6deb3a240c993285831348b8cb2" member_type: VOTER last_known_addr { host: "127.0.107.193" port: 34253 } } peers { permanent_uuid: "87f0ad4860314c038f5d86dba64b1263" member_type: VOTER last_known_addr { host: "127.0.107.194" port: 41359 } } peers { permanent_uuid: "1424fb0e519e40a9958a70ad4edf23e5" member_type: VOTER last_known_addr { host: "127.0.107.195" port: 44551 } }
I20260630 12:13:05.524789  4953 tablet_service.cc:1917] Received RequestConsensusVote() RPC: tablet_id: "5d0d7a6dd5db454fa3ae5aaf2544318e" candidate_uuid: "6db6e6deb3a240c993285831348b8cb2" candidate_term: 1 candidate_status { last_received { term: 0 index: 0 } } ignore_live_leader: false dest_uuid: "87f0ad4860314c038f5d86dba64b1263" is_pre_election: true
I20260630 12:13:05.528648  5072 raft_consensus.cc:359] T d439fb56d0c04595b45c75d34e3123a5 P 1424fb0e519e40a9958a70ad4edf23e5 [term 0 FOLLOWER]: Replica starting. Triggering 0 pending ops. Active config: opid_index: -1 OBSOLETE_local: false peers { permanent_uuid: "6db6e6deb3a240c993285831348b8cb2" member_type: VOTER last_known_addr { host: "127.0.107.193" port: 34253 } } peers { permanent_uuid: "87f0ad4860314c038f5d86dba64b1263" member_type: VOTER last_known_addr { host: "127.0.107.194" port: 41359 } } peers { permanent_uuid: "1424fb0e519e40a9958a70ad4edf23e5" member_type: VOTER last_known_addr { host: "127.0.107.195" port: 44551 } }
I20260630 12:13:05.529384  5072 raft_consensus.cc:385] T d439fb56d0c04595b45c75d34e3123a5 P 1424fb0e519e40a9958a70ad4edf23e5 [term 0 FOLLOWER]: Consensus starting up: Expiring failure detector timer to make a prompt election more likely
I20260630 12:13:05.529654  5072 raft_consensus.cc:740] T d439fb56d0c04595b45c75d34e3123a5 P 1424fb0e519e40a9958a70ad4edf23e5 [term 0 FOLLOWER]: Becoming Follower/Learner. State: Replica: 1424fb0e519e40a9958a70ad4edf23e5, State: Initialized, Role: FOLLOWER
I20260630 12:13:05.530339  5074 ts_tablet_manager.cc:1434] T 33b67c66d0194533b5e86e9b6788a5b4 P 87f0ad4860314c038f5d86dba64b1263: Time spent starting tablet: real 0.006s	user 0.005s	sys 0.000s
W20260630 12:13:05.530198  4844 leader_election.cc:343] T 5d0d7a6dd5db454fa3ae5aaf2544318e P 6db6e6deb3a240c993285831348b8cb2 [CANDIDATE]: Term 1 pre-election: Tablet error from VoteRequest() call to peer 87f0ad4860314c038f5d86dba64b1263 (127.0.107.194:41359): Illegal state: must be running to vote when last-logged opid is not known
I20260630 12:13:05.530416  5072 consensus_queue.cc:260] T d439fb56d0c04595b45c75d34e3123a5 P 1424fb0e519e40a9958a70ad4edf23e5 [NON_LEADER]: Queue going to NON_LEADER mode. State: All replicated index: 0, Majority replicated index: 0, Committed index: 0, Last appended: 0.0, Last appended by leader: 0, Current term: 0, Majority size: -1, State: 0, Mode: NON_LEADER, active raft config: opid_index: -1 OBSOLETE_local: false peers { permanent_uuid: "6db6e6deb3a240c993285831348b8cb2" member_type: VOTER last_known_addr { host: "127.0.107.193" port: 34253 } } peers { permanent_uuid: "87f0ad4860314c038f5d86dba64b1263" member_type: VOTER last_known_addr { host: "127.0.107.194" port: 41359 } } peers { permanent_uuid: "1424fb0e519e40a9958a70ad4edf23e5" member_type: VOTER last_known_addr { host: "127.0.107.195" port: 44551 } }
I20260630 12:13:05.531364  5074 tablet_bootstrap.cc:492] T 5d0d7a6dd5db454fa3ae5aaf2544318e P 87f0ad4860314c038f5d86dba64b1263: Bootstrap starting.
I20260630 12:13:05.532480  5072 ts_tablet_manager.cc:1434] T d439fb56d0c04595b45c75d34e3123a5 P 1424fb0e519e40a9958a70ad4edf23e5: Time spent starting tablet: real 0.007s	user 0.004s	sys 0.000s
I20260630 12:13:05.533440  5072 tablet_bootstrap.cc:492] T 33b67c66d0194533b5e86e9b6788a5b4 P 1424fb0e519e40a9958a70ad4edf23e5: Bootstrap starting.
I20260630 12:13:05.535140  5026 tablet_service.cc:1917] Received RequestConsensusVote() RPC: tablet_id: "5d0d7a6dd5db454fa3ae5aaf2544318e" candidate_uuid: "6db6e6deb3a240c993285831348b8cb2" candidate_term: 1 candidate_status { last_received { term: 0 index: 0 } } ignore_live_leader: false dest_uuid: "1424fb0e519e40a9958a70ad4edf23e5" is_pre_election: true
I20260630 12:13:05.534770  4776 catalog_manager.cc:5697] T ef11c0d8df39493a8f0a76e373eee5bb P 87f0ad4860314c038f5d86dba64b1263 reported cstate change: term changed from 0 to 1, leader changed from <none> to 87f0ad4860314c038f5d86dba64b1263 (127.0.107.194). New cstate: current_term: 1 leader_uuid: "87f0ad4860314c038f5d86dba64b1263" committed_config { opid_index: -1 OBSOLETE_local: false peers { permanent_uuid: "6db6e6deb3a240c993285831348b8cb2" member_type: VOTER last_known_addr { host: "127.0.107.193" port: 34253 } health_report { overall_health: UNKNOWN } } peers { permanent_uuid: "87f0ad4860314c038f5d86dba64b1263" member_type: VOTER last_known_addr { host: "127.0.107.194" port: 41359 } health_report { overall_health: HEALTHY } } peers { permanent_uuid: "1424fb0e519e40a9958a70ad4edf23e5" member_type: VOTER last_known_addr { host: "127.0.107.195" port: 44551 } health_report { overall_health: UNKNOWN } } }
I20260630 12:13:05.535691  5026 raft_consensus.cc:2468] T 5d0d7a6dd5db454fa3ae5aaf2544318e P 1424fb0e519e40a9958a70ad4edf23e5 [term 0 FOLLOWER]: Leader pre-election vote request: Granting yes vote for candidate 6db6e6deb3a240c993285831348b8cb2 in term 0.
I20260630 12:13:05.536728  4841 leader_election.cc:304] T 5d0d7a6dd5db454fa3ae5aaf2544318e P 6db6e6deb3a240c993285831348b8cb2 [CANDIDATE]: Term 1 pre-election: Election decided. Result: candidate won. Election summary: received 3 responses out of 3 voters: 2 yes votes; 1 no votes. yes voters: 1424fb0e519e40a9958a70ad4edf23e5, 6db6e6deb3a240c993285831348b8cb2; no voters: 87f0ad4860314c038f5d86dba64b1263
I20260630 12:13:05.537122  5074 tablet_bootstrap.cc:654] T 5d0d7a6dd5db454fa3ae5aaf2544318e P 87f0ad4860314c038f5d86dba64b1263: Neither blocks nor log segments found. Creating new log.
I20260630 12:13:05.537655  5077 raft_consensus.cc:2804] T 5d0d7a6dd5db454fa3ae5aaf2544318e P 6db6e6deb3a240c993285831348b8cb2 [term 0 FOLLOWER]: Leader pre-election won for term 1
I20260630 12:13:05.537917  5113 leader_election.cc:290] T 5d0d7a6dd5db454fa3ae5aaf2544318e P 6db6e6deb3a240c993285831348b8cb2 [CANDIDATE]: Term 1 pre-election: Requested pre-vote from peers 87f0ad4860314c038f5d86dba64b1263 (127.0.107.194:41359), 1424fb0e519e40a9958a70ad4edf23e5 (127.0.107.195:44551)
I20260630 12:13:05.538007  5077 raft_consensus.cc:493] T 5d0d7a6dd5db454fa3ae5aaf2544318e P 6db6e6deb3a240c993285831348b8cb2 [term 0 FOLLOWER]: Starting leader election (no leader contacted us within the election timeout)
I20260630 12:13:05.538245  5072 tablet_bootstrap.cc:654] T 33b67c66d0194533b5e86e9b6788a5b4 P 1424fb0e519e40a9958a70ad4edf23e5: Neither blocks nor log segments found. Creating new log.
I20260630 12:13:05.518661  5116 leader_election.cc:290] T 0c61566841fc493e87199be57fc15ac0 P 6db6e6deb3a240c993285831348b8cb2 [CANDIDATE]: Term 1 election: Requested vote from peers 87f0ad4860314c038f5d86dba64b1263 (127.0.107.194:41359), 1424fb0e519e40a9958a70ad4edf23e5 (127.0.107.195:44551)
I20260630 12:13:05.538623  5077 raft_consensus.cc:3060] T 5d0d7a6dd5db454fa3ae5aaf2544318e P 6db6e6deb3a240c993285831348b8cb2 [term 0 FOLLOWER]: Advancing to term 1
I20260630 12:13:05.539883  4844 leader_election.cc:304] T 0c61566841fc493e87199be57fc15ac0 P 6db6e6deb3a240c993285831348b8cb2 [CANDIDATE]: Term 1 election: Election decided. Result: candidate won. Election summary: received 2 responses out of 3 voters: 2 yes votes; 0 no votes. yes voters: 6db6e6deb3a240c993285831348b8cb2, 87f0ad4860314c038f5d86dba64b1263; no voters: 
I20260630 12:13:05.542289  5110 raft_consensus.cc:493] T fb13123066e84b61bd0f317ccb551d49 P 87f0ad4860314c038f5d86dba64b1263 [term 0 FOLLOWER]: Starting pre-election (no leader contacted us within the election timeout)
I20260630 12:13:05.541882  5116 raft_consensus.cc:2804] T 0c61566841fc493e87199be57fc15ac0 P 6db6e6deb3a240c993285831348b8cb2 [term 1 FOLLOWER]: Leader election won for term 1
I20260630 12:13:05.543830  5116 raft_consensus.cc:697] T 0c61566841fc493e87199be57fc15ac0 P 6db6e6deb3a240c993285831348b8cb2 [term 1 LEADER]: Becoming Leader. State: Replica: 6db6e6deb3a240c993285831348b8cb2, State: Running, Role: LEADER
I20260630 12:13:05.545296  5116 consensus_queue.cc:237] T 0c61566841fc493e87199be57fc15ac0 P 6db6e6deb3a240c993285831348b8cb2 [LEADER]: Queue going to LEADER mode. State: All replicated index: 0, Majority replicated index: 0, Committed index: 0, Last appended: 0.0, Last appended by leader: 0, Current term: 1, Majority size: 2, State: 0, Mode: LEADER, active raft config: opid_index: -1 OBSOLETE_local: false peers { permanent_uuid: "6db6e6deb3a240c993285831348b8cb2" member_type: VOTER last_known_addr { host: "127.0.107.193" port: 34253 } } peers { permanent_uuid: "87f0ad4860314c038f5d86dba64b1263" member_type: VOTER last_known_addr { host: "127.0.107.194" port: 41359 } } peers { permanent_uuid: "1424fb0e519e40a9958a70ad4edf23e5" member_type: VOTER last_known_addr { host: "127.0.107.195" port: 44551 } }
I20260630 12:13:05.543320  5110 raft_consensus.cc:515] T fb13123066e84b61bd0f317ccb551d49 P 87f0ad4860314c038f5d86dba64b1263 [term 0 FOLLOWER]: Starting pre-election with config: opid_index: -1 OBSOLETE_local: false peers { permanent_uuid: "6db6e6deb3a240c993285831348b8cb2" member_type: VOTER last_known_addr { host: "127.0.107.193" port: 34253 } } peers { permanent_uuid: "87f0ad4860314c038f5d86dba64b1263" member_type: VOTER last_known_addr { host: "127.0.107.194" port: 41359 } } peers { permanent_uuid: "1424fb0e519e40a9958a70ad4edf23e5" member_type: VOTER last_known_addr { host: "127.0.107.195" port: 44551 } }
I20260630 12:13:05.547650  5027 raft_consensus.cc:2468] T 0c61566841fc493e87199be57fc15ac0 P 1424fb0e519e40a9958a70ad4edf23e5 [term 1 FOLLOWER]: Leader election vote request: Granting yes vote for candidate 6db6e6deb3a240c993285831348b8cb2 in term 1.
I20260630 12:13:05.548203  5077 raft_consensus.cc:515] T 5d0d7a6dd5db454fa3ae5aaf2544318e P 6db6e6deb3a240c993285831348b8cb2 [term 1 FOLLOWER]: Starting leader election with config: opid_index: -1 OBSOLETE_local: false peers { permanent_uuid: "6db6e6deb3a240c993285831348b8cb2" member_type: VOTER last_known_addr { host: "127.0.107.193" port: 34253 } } peers { permanent_uuid: "87f0ad4860314c038f5d86dba64b1263" member_type: VOTER last_known_addr { host: "127.0.107.194" port: 41359 } } peers { permanent_uuid: "1424fb0e519e40a9958a70ad4edf23e5" member_type: VOTER last_known_addr { host: "127.0.107.195" port: 44551 } }
I20260630 12:13:05.548991  5110 leader_election.cc:290] T fb13123066e84b61bd0f317ccb551d49 P 87f0ad4860314c038f5d86dba64b1263 [CANDIDATE]: Term 1 pre-election: Requested pre-vote from peers 6db6e6deb3a240c993285831348b8cb2 (127.0.107.193:34253), 1424fb0e519e40a9958a70ad4edf23e5 (127.0.107.195:44551)
I20260630 12:13:05.551661  4877 tablet_service.cc:1917] Received RequestConsensusVote() RPC: tablet_id: "fb13123066e84b61bd0f317ccb551d49" candidate_uuid: "87f0ad4860314c038f5d86dba64b1263" candidate_term: 1 candidate_status { last_received { term: 0 index: 0 } } ignore_live_leader: false dest_uuid: "6db6e6deb3a240c993285831348b8cb2" is_pre_election: true
I20260630 12:13:05.552459  4877 raft_consensus.cc:2468] T fb13123066e84b61bd0f317ccb551d49 P 6db6e6deb3a240c993285831348b8cb2 [term 0 FOLLOWER]: Leader pre-election vote request: Granting yes vote for candidate 87f0ad4860314c038f5d86dba64b1263 in term 0.
I20260630 12:13:05.554384  4952 tablet_service.cc:1917] Received RequestConsensusVote() RPC: tablet_id: "5d0d7a6dd5db454fa3ae5aaf2544318e" candidate_uuid: "6db6e6deb3a240c993285831348b8cb2" candidate_term: 1 candidate_status { last_received { term: 0 index: 0 } } ignore_live_leader: false dest_uuid: "87f0ad4860314c038f5d86dba64b1263"
I20260630 12:13:05.554764  4917 leader_election.cc:304] T fb13123066e84b61bd0f317ccb551d49 P 87f0ad4860314c038f5d86dba64b1263 [CANDIDATE]: Term 1 pre-election: Election decided. Result: candidate won. Election summary: received 2 responses out of 3 voters: 2 yes votes; 0 no votes. yes voters: 6db6e6deb3a240c993285831348b8cb2, 87f0ad4860314c038f5d86dba64b1263; no voters: 
W20260630 12:13:05.556365  4844 leader_election.cc:343] T 5d0d7a6dd5db454fa3ae5aaf2544318e P 6db6e6deb3a240c993285831348b8cb2 [CANDIDATE]: Term 1 election: Tablet error from VoteRequest() call to peer 87f0ad4860314c038f5d86dba64b1263 (127.0.107.194:41359): Illegal state: must be running to vote when last-logged opid is not known
I20260630 12:13:05.557403  5077 leader_election.cc:290] T 5d0d7a6dd5db454fa3ae5aaf2544318e P 6db6e6deb3a240c993285831348b8cb2 [CANDIDATE]: Term 1 election: Requested vote from peers 87f0ad4860314c038f5d86dba64b1263 (127.0.107.194:41359), 1424fb0e519e40a9958a70ad4edf23e5 (127.0.107.195:44551)
I20260630 12:13:05.558235  5081 raft_consensus.cc:2804] T fb13123066e84b61bd0f317ccb551d49 P 87f0ad4860314c038f5d86dba64b1263 [term 0 FOLLOWER]: Leader pre-election won for term 1
