I20260630 12:30:24.307610 23233 consensus_queue.cc:237] T afe8b5d62d2b437a9f66757bed136cdd P 220b5fa9129b4e6ab18be171291ee8ac [LEADER]: Queue going to LEADER mode. State: All replicated index: 0, Majority replicated index: 0, Committed index: 0, Last appended: 0.0, Last appended by leader: 0, Current term: 1, Majority size: 2, State: 0, Mode: LEADER, active raft config: opid_index: -1 OBSOLETE_local: false peers { permanent_uuid: "220b5fa9129b4e6ab18be171291ee8ac" member_type: VOTER last_known_addr { host: "127.19.151.194" port: 40297 } } peers { permanent_uuid: "2b629b0e56554bfb99d9e1a93e85970f" member_type: VOTER last_known_addr { host: "127.19.151.195" port: 36343 } } peers { permanent_uuid: "5d1a22d9a1b7441f923f39b21a5f4a40" member_type: VOTER last_known_addr { host: "127.19.151.196" port: 43665 } }
I20260630 12:30:24.326689 23275 raft_consensus.cc:2804] T 37d3c01537d84aeab21b59bd8adfc5c9 P c6df13723b414aac9d5a81322bdf0697 [term 0 FOLLOWER]: Leader pre-election won for term 1
I20260630 12:30:24.333546 23275 raft_consensus.cc:493] T 37d3c01537d84aeab21b59bd8adfc5c9 P c6df13723b414aac9d5a81322bdf0697 [term 0 FOLLOWER]: Starting leader election (no leader contacted us within the election timeout)
I20260630 12:30:24.327069 23231 leader_election.cc:290] T aa189f34de174dec9ba6df7f4546e94e P c6df13723b414aac9d5a81322bdf0697 [CANDIDATE]: Term 1 pre-election: Requested pre-vote from peers 2b629b0e56554bfb99d9e1a93e85970f (127.19.151.195:36343), 5d1a22d9a1b7441f923f39b21a5f4a40 (127.19.151.196:43665)
I20260630 12:30:24.326793 23178 raft_consensus.cc:2468] T 36658ec7653d4cc0863f761a87013e8e P 2b629b0e56554bfb99d9e1a93e85970f [term 1 FOLLOWER]: Leader election vote request: Granting yes vote for candidate c6df13723b414aac9d5a81322bdf0697 in term 1.
I20260630 12:30:24.327986 23372 tablet_bootstrap.cc:492] T 36658ec7653d4cc0863f761a87013e8e P 5d1a22d9a1b7441f923f39b21a5f4a40: No bootstrap required, opened a new log
I20260630 12:30:24.328320 23370 ts_tablet_manager.cc:1434] T 73a457b13a244fd7821723b1cc263abf P c6df13723b414aac9d5a81322bdf0697: Time spent starting tablet: real 0.084s	user 0.005s	sys 0.004s
I20260630 12:30:24.328634 23375 raft_consensus.cc:493] T 37d3c01537d84aeab21b59bd8adfc5c9 P 220b5fa9129b4e6ab18be171291ee8ac [term 0 FOLLOWER]: Starting pre-election (no leader contacted us within the election timeout)
I20260630 12:30:24.328980 23371 ts_tablet_manager.cc:1434] T 37d3c01537d84aeab21b59bd8adfc5c9 P 220b5fa9129b4e6ab18be171291ee8ac: Time spent starting tablet: real 0.136s	user 0.014s	sys 0.007s
I20260630 12:30:24.330204 22996 leader_election.cc:304] T aa189f34de174dec9ba6df7f4546e94e P c6df13723b414aac9d5a81322bdf0697 [CANDIDATE]: Term 1 pre-election: Election decided. Result: candidate won. Election summary: received 2 responses out of 3 voters: 2 yes votes; 0 no votes. yes voters: 2b629b0e56554bfb99d9e1a93e85970f, c6df13723b414aac9d5a81322bdf0697; no voters: 
I20260630 12:30:24.332624 23328 raft_consensus.cc:2468] T afe8b5d62d2b437a9f66757bed136cdd P 5d1a22d9a1b7441f923f39b21a5f4a40 [term 1 FOLLOWER]: Leader election vote request: Granting yes vote for candidate 220b5fa9129b4e6ab18be171291ee8ac in term 1.
I20260630 12:30:24.333084 23028 raft_consensus.cc:2468] T 6c7a8934dffc421ab48ad11b93547a71 P c6df13723b414aac9d5a81322bdf0697 [term 1 FOLLOWER]: Leader election vote request: Granting yes vote for candidate 220b5fa9129b4e6ab18be171291ee8ac in term 1.
I20260630 12:30:24.333954 23275 raft_consensus.cc:3060] T 37d3c01537d84aeab21b59bd8adfc5c9 P c6df13723b414aac9d5a81322bdf0697 [term 0 FOLLOWER]: Advancing to term 1
W20260630 12:30:24.335703 22993 leader_election.cc:343] T 36658ec7653d4cc0863f761a87013e8e P c6df13723b414aac9d5a81322bdf0697 [CANDIDATE]: Term 1 election: Tablet error from VoteRequest() call to peer 5d1a22d9a1b7441f923f39b21a5f4a40 (127.19.151.196:43665): Illegal state: must be running to vote when last-logged opid is not known
I20260630 12:30:24.335908 23375 raft_consensus.cc:515] T 37d3c01537d84aeab21b59bd8adfc5c9 P 220b5fa9129b4e6ab18be171291ee8ac [term 0 FOLLOWER]: Starting pre-election with config: opid_index: -1 OBSOLETE_local: false peers { permanent_uuid: "c6df13723b414aac9d5a81322bdf0697" member_type: VOTER last_known_addr { host: "127.19.151.193" port: 39253 } } peers { permanent_uuid: "220b5fa9129b4e6ab18be171291ee8ac" member_type: VOTER last_known_addr { host: "127.19.151.194" port: 40297 } } peers { permanent_uuid: "5d1a22d9a1b7441f923f39b21a5f4a40" member_type: VOTER last_known_addr { host: "127.19.151.196" port: 43665 } }
I20260630 12:30:24.336874 23231 raft_consensus.cc:2804] T aa189f34de174dec9ba6df7f4546e94e P c6df13723b414aac9d5a81322bdf0697 [term 0 FOLLOWER]: Leader pre-election won for term 1
I20260630 12:30:24.345976 23231 raft_consensus.cc:493] T aa189f34de174dec9ba6df7f4546e94e P c6df13723b414aac9d5a81322bdf0697 [term 0 FOLLOWER]: Starting leader election (no leader contacted us within the election timeout)
I20260630 12:30:24.341157 23327 raft_consensus.cc:2468] T 6c7a8934dffc421ab48ad11b93547a71 P 5d1a22d9a1b7441f923f39b21a5f4a40 [term 1 FOLLOWER]: Leader election vote request: Granting yes vote for candidate 220b5fa9129b4e6ab18be171291ee8ac in term 1.
I20260630 12:30:24.344352 22996 leader_election.cc:304] T 36658ec7653d4cc0863f761a87013e8e P c6df13723b414aac9d5a81322bdf0697 [CANDIDATE]: Term 1 election: Election decided. Result: candidate won. Election summary: received 3 responses out of 3 voters: 2 yes votes; 1 no votes. yes voters: 2b629b0e56554bfb99d9e1a93e85970f, c6df13723b414aac9d5a81322bdf0697; no voters: 5d1a22d9a1b7441f923f39b21a5f4a40
I20260630 12:30:24.345053 23330 tablet_service.cc:1917] Received RequestConsensusVote() RPC: tablet_id: "37d3c01537d84aeab21b59bd8adfc5c9" candidate_uuid: "220b5fa9129b4e6ab18be171291ee8ac" candidate_term: 1 candidate_status { last_received { term: 0 index: 0 } } ignore_live_leader: false dest_uuid: "5d1a22d9a1b7441f923f39b21a5f4a40" is_pre_election: true
I20260630 12:30:24.343636 23375 leader_election.cc:290] T 37d3c01537d84aeab21b59bd8adfc5c9 P 220b5fa9129b4e6ab18be171291ee8ac [CANDIDATE]: Term 1 pre-election: Requested pre-vote from peers c6df13723b414aac9d5a81322bdf0697 (127.19.151.193:39253), 5d1a22d9a1b7441f923f39b21a5f4a40 (127.19.151.196:43665)
I20260630 12:30:24.336890 23370 tablet_bootstrap.cc:492] T 884c85bb482a40b2931ce1ba92a2f2d7 P c6df13723b414aac9d5a81322bdf0697: Bootstrap starting.
I20260630 12:30:24.346454 23231 raft_consensus.cc:3060] T aa189f34de174dec9ba6df7f4546e94e P c6df13723b414aac9d5a81322bdf0697 [term 0 FOLLOWER]: Advancing to term 1
I20260630 12:30:24.349251 23250 raft_consensus.cc:2804] T 36658ec7653d4cc0863f761a87013e8e P c6df13723b414aac9d5a81322bdf0697 [term 1 FOLLOWER]: Leader election won for term 1
I20260630 12:30:24.359105 23250 raft_consensus.cc:697] T 36658ec7653d4cc0863f761a87013e8e P c6df13723b414aac9d5a81322bdf0697 [term 1 LEADER]: Becoming Leader. State: Replica: c6df13723b414aac9d5a81322bdf0697, State: Running, Role: LEADER
I20260630 12:30:24.359889 23250 consensus_queue.cc:237] T 36658ec7653d4cc0863f761a87013e8e P c6df13723b414aac9d5a81322bdf0697 [LEADER]: Queue going to LEADER mode. State: All replicated index: 0, Majority replicated index: 0, Committed index: 0, Last appended: 0.0, Last appended by leader: 0, Current term: 1, Majority size: 2, State: 0, Mode: LEADER, active raft config: opid_index: -1 OBSOLETE_local: false peers { permanent_uuid: "5d1a22d9a1b7441f923f39b21a5f4a40" member_type: VOTER last_known_addr { host: "127.19.151.196" port: 43665 } } peers { permanent_uuid: "2b629b0e56554bfb99d9e1a93e85970f" member_type: VOTER last_known_addr { host: "127.19.151.195" port: 36343 } } peers { permanent_uuid: "c6df13723b414aac9d5a81322bdf0697" member_type: VOTER last_known_addr { host: "127.19.151.193" port: 39253 } }
I20260630 12:30:24.347024 23372 ts_tablet_manager.cc:1403] T 36658ec7653d4cc0863f761a87013e8e P 5d1a22d9a1b7441f923f39b21a5f4a40: Time spent bootstrapping tablet: real 0.155s	user 0.019s	sys 0.019s
I20260630 12:30:24.357352 23330 raft_consensus.cc:2468] T 37d3c01537d84aeab21b59bd8adfc5c9 P 5d1a22d9a1b7441f923f39b21a5f4a40 [term 0 FOLLOWER]: Leader pre-election vote request: Granting yes vote for candidate 220b5fa9129b4e6ab18be171291ee8ac in term 0.
I20260630 12:30:24.358410 23328 tablet_service.cc:1917] Received RequestConsensusVote() RPC: tablet_id: "aa189f34de174dec9ba6df7f4546e94e" candidate_uuid: "c6df13723b414aac9d5a81322bdf0697" candidate_term: 1 candidate_status { last_received { term: 0 index: 0 } } ignore_live_leader: false dest_uuid: "5d1a22d9a1b7441f923f39b21a5f4a40" is_pre_election: true
I20260630 12:30:24.361887 23071 leader_election.cc:304] T 6c7a8934dffc421ab48ad11b93547a71 P 220b5fa9129b4e6ab18be171291ee8ac [CANDIDATE]: Term 1 election: Election decided. Result: candidate won. Election summary: received 2 responses out of 3 voters: 2 yes votes; 0 no votes. yes voters: 220b5fa9129b4e6ab18be171291ee8ac, c6df13723b414aac9d5a81322bdf0697; no voters: 
I20260630 12:30:24.369052 23251 raft_consensus.cc:2804] T 6c7a8934dffc421ab48ad11b93547a71 P 220b5fa9129b4e6ab18be171291ee8ac [term 1 FOLLOWER]: Leader election won for term 1
I20260630 12:30:24.369606 23251 raft_consensus.cc:697] T 6c7a8934dffc421ab48ad11b93547a71 P 220b5fa9129b4e6ab18be171291ee8ac [term 1 LEADER]: Becoming Leader. State: Replica: 220b5fa9129b4e6ab18be171291ee8ac, State: Running, Role: LEADER
I20260630 12:30:24.370424 23251 consensus_queue.cc:237] T 6c7a8934dffc421ab48ad11b93547a71 P 220b5fa9129b4e6ab18be171291ee8ac [LEADER]: Queue going to LEADER mode. State: All replicated index: 0, Majority replicated index: 0, Committed index: 0, Last appended: 0.0, Last appended by leader: 0, Current term: 1, Majority size: 2, State: 0, Mode: LEADER, active raft config: opid_index: -1 OBSOLETE_local: false peers { permanent_uuid: "5d1a22d9a1b7441f923f39b21a5f4a40" member_type: VOTER last_known_addr { host: "127.19.151.196" port: 43665 } } peers { permanent_uuid: "220b5fa9129b4e6ab18be171291ee8ac" member_type: VOTER last_known_addr { host: "127.19.151.194" port: 40297 } } peers { permanent_uuid: "c6df13723b414aac9d5a81322bdf0697" member_type: VOTER last_known_addr { host: "127.19.151.193" port: 39253 } }
I20260630 12:30:24.372323 23028 tablet_service.cc:1917] Received RequestConsensusVote() RPC: tablet_id: "37d3c01537d84aeab21b59bd8adfc5c9" candidate_uuid: "220b5fa9129b4e6ab18be171291ee8ac" candidate_term: 1 candidate_status { last_received { term: 0 index: 0 } } ignore_live_leader: false dest_uuid: "c6df13723b414aac9d5a81322bdf0697" is_pre_election: true
I20260630 12:30:24.385807 23068 leader_election.cc:304] T 37d3c01537d84aeab21b59bd8adfc5c9 P 220b5fa9129b4e6ab18be171291ee8ac [CANDIDATE]: Term 1 pre-election: Election decided. Result: candidate won. Election summary: received 2 responses out of 3 voters: 2 yes votes; 0 no votes. yes voters: 220b5fa9129b4e6ab18be171291ee8ac, 5d1a22d9a1b7441f923f39b21a5f4a40; no voters: 
W20260630 12:30:24.395396 22993 leader_election.cc:343] T aa189f34de174dec9ba6df7f4546e94e P c6df13723b414aac9d5a81322bdf0697 [CANDIDATE]: Term 1 pre-election: Tablet error from VoteRequest() call to peer 5d1a22d9a1b7441f923f39b21a5f4a40 (127.19.151.196:43665): Illegal state: must be running to vote when last-logged opid is not known
I20260630 12:30:24.405006 23231 raft_consensus.cc:515] T aa189f34de174dec9ba6df7f4546e94e P c6df13723b414aac9d5a81322bdf0697 [term 1 FOLLOWER]: Starting leader election with config: opid_index: -1 OBSOLETE_local: false peers { permanent_uuid: "2b629b0e56554bfb99d9e1a93e85970f" member_type: VOTER last_known_addr { host: "127.19.151.195" port: 36343 } } peers { permanent_uuid: "c6df13723b414aac9d5a81322bdf0697" member_type: VOTER last_known_addr { host: "127.19.151.193" port: 39253 } } peers { permanent_uuid: "5d1a22d9a1b7441f923f39b21a5f4a40" member_type: VOTER last_known_addr { host: "127.19.151.196" port: 43665 } }
I20260630 12:30:24.405570 23328 tablet_service.cc:1917] Received RequestConsensusVote() RPC: tablet_id: "8f62dd57b5044f8fbb70c1ecbd036c1a" candidate_uuid: "2b629b0e56554bfb99d9e1a93e85970f" candidate_term: 1 candidate_status { last_received { term: 0 index: 0 } } ignore_live_leader: false dest_uuid: "5d1a22d9a1b7441f923f39b21a5f4a40" is_pre_election: true
I20260630 12:30:24.405634 22927 catalog_manager.cc:5697] T afe8b5d62d2b437a9f66757bed136cdd P 220b5fa9129b4e6ab18be171291ee8ac reported cstate change: term changed from 0 to 1, leader changed from <none> to 220b5fa9129b4e6ab18be171291ee8ac (127.19.151.194). New cstate: current_term: 1 leader_uuid: "220b5fa9129b4e6ab18be171291ee8ac" committed_config { opid_index: -1 OBSOLETE_local: false peers { permanent_uuid: "220b5fa9129b4e6ab18be171291ee8ac" member_type: VOTER last_known_addr { host: "127.19.151.194" port: 40297 } health_report { overall_health: HEALTHY } } peers { permanent_uuid: "2b629b0e56554bfb99d9e1a93e85970f" member_type: VOTER last_known_addr { host: "127.19.151.195" port: 36343 } health_report { overall_health: UNKNOWN } } peers { permanent_uuid: "5d1a22d9a1b7441f923f39b21a5f4a40" member_type: VOTER last_known_addr { host: "127.19.151.196" port: 43665 } health_report { overall_health: UNKNOWN } } }
I20260630 12:30:24.407333 23370 tablet_bootstrap.cc:654] T 884c85bb482a40b2931ce1ba92a2f2d7 P c6df13723b414aac9d5a81322bdf0697: Neither blocks nor log segments found. Creating new log.
I20260630 12:30:24.386839 23275 raft_consensus.cc:515] T 37d3c01537d84aeab21b59bd8adfc5c9 P c6df13723b414aac9d5a81322bdf0697 [term 1 FOLLOWER]: Starting leader election with config: opid_index: -1 OBSOLETE_local: false peers { permanent_uuid: "c6df13723b414aac9d5a81322bdf0697" member_type: VOTER last_known_addr { host: "127.19.151.193" port: 39253 } } peers { permanent_uuid: "220b5fa9129b4e6ab18be171291ee8ac" member_type: VOTER last_known_addr { host: "127.19.151.194" port: 40297 } } peers { permanent_uuid: "5d1a22d9a1b7441f923f39b21a5f4a40" member_type: VOTER last_known_addr { host: "127.19.151.196" port: 43665 } }
I20260630 12:30:24.393502 23104 raft_consensus.cc:2468] T 8f62dd57b5044f8fbb70c1ecbd036c1a P 220b5fa9129b4e6ab18be171291ee8ac [term 1 FOLLOWER]: Leader election vote request: Granting yes vote for candidate 2b629b0e56554bfb99d9e1a93e85970f in term 1.
W20260630 12:30:24.411067 23142 leader_election.cc:343] T 8f62dd57b5044f8fbb70c1ecbd036c1a P 2b629b0e56554bfb99d9e1a93e85970f [CANDIDATE]: Term 1 pre-election: Tablet error from VoteRequest() call to peer 5d1a22d9a1b7441f923f39b21a5f4a40 (127.19.151.196:43665): Illegal state: must be running to vote when last-logged opid is not known
I20260630 12:30:24.412209 23178 tablet_service.cc:1917] Received RequestConsensusVote() RPC: tablet_id: "aa189f34de174dec9ba6df7f4546e94e" candidate_uuid: "c6df13723b414aac9d5a81322bdf0697" candidate_term: 1 candidate_status { last_received { term: 0 index: 0 } } ignore_live_leader: false dest_uuid: "2b629b0e56554bfb99d9e1a93e85970f"
I20260630 12:30:24.410393 23251 raft_consensus.cc:2804] T 37d3c01537d84aeab21b59bd8adfc5c9 P 220b5fa9129b4e6ab18be171291ee8ac [term 0 FOLLOWER]: Leader pre-election won for term 1
I20260630 12:30:24.413376 23275 leader_election.cc:290] T 37d3c01537d84aeab21b59bd8adfc5c9 P c6df13723b414aac9d5a81322bdf0697 [CANDIDATE]: Term 1 election: Requested vote from peers 220b5fa9129b4e6ab18be171291ee8ac (127.19.151.194:40297), 5d1a22d9a1b7441f923f39b21a5f4a40 (127.19.151.196:43665)
I20260630 12:30:24.414597 23407 raft_consensus.cc:493] T 73a457b13a244fd7821723b1cc263abf P c6df13723b414aac9d5a81322bdf0697 [term 0 FOLLOWER]: Starting pre-election (no leader contacted us within the election timeout)
I20260630 12:30:24.415261 23028 raft_consensus.cc:2393] T 37d3c01537d84aeab21b59bd8adfc5c9 P c6df13723b414aac9d5a81322bdf0697 [term 1 FOLLOWER]: Leader pre-election vote request: Denying vote to candidate 220b5fa9129b4e6ab18be171291ee8ac in current term 1: Already voted for candidate c6df13723b414aac9d5a81322bdf0697 in this term.
I20260630 12:30:24.414635 23251 raft_consensus.cc:493] T 37d3c01537d84aeab21b59bd8adfc5c9 P 220b5fa9129b4e6ab18be171291ee8ac [term 0 FOLLOWER]: Starting leader election (no leader contacted us within the election timeout)
I20260630 12:30:24.415310 23407 raft_consensus.cc:515] T 73a457b13a244fd7821723b1cc263abf P c6df13723b414aac9d5a81322bdf0697 [term 0 FOLLOWER]: Starting pre-election with config: opid_index: -1 OBSOLETE_local: false peers { permanent_uuid: "5d1a22d9a1b7441f923f39b21a5f4a40" member_type: VOTER last_known_addr { host: "127.19.151.196" port: 43665 } } peers { permanent_uuid: "c6df13723b414aac9d5a81322bdf0697" member_type: VOTER last_known_addr { host: "127.19.151.193" port: 39253 } } peers { permanent_uuid: "220b5fa9129b4e6ab18be171291ee8ac" member_type: VOTER last_known_addr { host: "127.19.151.194" port: 40297 } }
I20260630 12:30:24.415861 23178 raft_consensus.cc:3060] T aa189f34de174dec9ba6df7f4546e94e P 2b629b0e56554bfb99d9e1a93e85970f [term 0 FOLLOWER]: Advancing to term 1
I20260630 12:30:24.416882 23231 leader_election.cc:290] T aa189f34de174dec9ba6df7f4546e94e P c6df13723b414aac9d5a81322bdf0697 [CANDIDATE]: Term 1 election: Requested vote from peers 2b629b0e56554bfb99d9e1a93e85970f (127.19.151.195:36343), 5d1a22d9a1b7441f923f39b21a5f4a40 (127.19.151.196:43665)
I20260630 12:30:24.420930 23145 leader_election.cc:304] T 8f62dd57b5044f8fbb70c1ecbd036c1a P 2b629b0e56554bfb99d9e1a93e85970f [CANDIDATE]: Term 1 election: Election decided. Result: candidate won. Election summary: received 2 responses out of 3 voters: 2 yes votes; 0 no votes. yes voters: 220b5fa9129b4e6ab18be171291ee8ac, 2b629b0e56554bfb99d9e1a93e85970f; no voters: 
I20260630 12:30:24.421377 23330 tablet_service.cc:1917] Received RequestConsensusVote() RPC: tablet_id: "37d3c01537d84aeab21b59bd8adfc5c9" candidate_uuid: "c6df13723b414aac9d5a81322bdf0697" candidate_term: 1 candidate_status { last_received { term: 0 index: 0 } } ignore_live_leader: false dest_uuid: "5d1a22d9a1b7441f923f39b21a5f4a40"
I20260630 12:30:24.419983 23328 tablet_service.cc:1917] Received RequestConsensusVote() RPC: tablet_id: "8f62dd57b5044f8fbb70c1ecbd036c1a" candidate_uuid: "2b629b0e56554bfb99d9e1a93e85970f" candidate_term: 1 candidate_status { last_received { term: 0 index: 0 } } ignore_live_leader: false dest_uuid: "5d1a22d9a1b7441f923f39b21a5f4a40"
I20260630 12:30:24.421950 23330 raft_consensus.cc:3060] T 37d3c01537d84aeab21b59bd8adfc5c9 P 5d1a22d9a1b7441f923f39b21a5f4a40 [term 0 FOLLOWER]: Advancing to term 1
W20260630 12:30:24.423715 23142 leader_election.cc:343] T 8f62dd57b5044f8fbb70c1ecbd036c1a P 2b629b0e56554bfb99d9e1a93e85970f [CANDIDATE]: Term 1 election: Tablet error from VoteRequest() call to peer 5d1a22d9a1b7441f923f39b21a5f4a40 (127.19.151.196:43665): Illegal state: must be running to vote when last-logged opid is not known
I20260630 12:30:24.418028 23105 tablet_service.cc:1917] Received RequestConsensusVote() RPC: tablet_id: "37d3c01537d84aeab21b59bd8adfc5c9" candidate_uuid: "c6df13723b414aac9d5a81322bdf0697" candidate_term: 1 candidate_status { last_received { term: 0 index: 0 } } ignore_live_leader: false dest_uuid: "220b5fa9129b4e6ab18be171291ee8ac"
I20260630 12:30:24.425793 23327 tablet_service.cc:1917] Received RequestConsensusVote() RPC: tablet_id: "aa189f34de174dec9ba6df7f4546e94e" candidate_uuid: "c6df13723b414aac9d5a81322bdf0697" candidate_term: 1 candidate_status { last_received { term: 0 index: 0 } } ignore_live_leader: false dest_uuid: "5d1a22d9a1b7441f923f39b21a5f4a40"
I20260630 12:30:24.416476 23251 raft_consensus.cc:3060] T 37d3c01537d84aeab21b59bd8adfc5c9 P 220b5fa9129b4e6ab18be171291ee8ac [term 0 FOLLOWER]: Advancing to term 1
I20260630 12:30:24.416895 23372 raft_consensus.cc:359] T 36658ec7653d4cc0863f761a87013e8e P 5d1a22d9a1b7441f923f39b21a5f4a40 [term 0 FOLLOWER]: Replica starting. Triggering 0 pending ops. Active config: opid_index: -1 OBSOLETE_local: false peers { permanent_uuid: "5d1a22d9a1b7441f923f39b21a5f4a40" member_type: VOTER last_known_addr { host: "127.19.151.196" port: 43665 } } peers { permanent_uuid: "2b629b0e56554bfb99d9e1a93e85970f" member_type: VOTER last_known_addr { host: "127.19.151.195" port: 36343 } } peers { permanent_uuid: "c6df13723b414aac9d5a81322bdf0697" member_type: VOTER last_known_addr { host: "127.19.151.193" port: 39253 } }
I20260630 12:30:24.424319 23269 raft_consensus.cc:2804] T 8f62dd57b5044f8fbb70c1ecbd036c1a P 2b629b0e56554bfb99d9e1a93e85970f [term 1 FOLLOWER]: Leader election won for term 1
I20260630 12:30:24.435111 23372 raft_consensus.cc:385] T 36658ec7653d4cc0863f761a87013e8e P 5d1a22d9a1b7441f923f39b21a5f4a40 [term 0 FOLLOWER]: Consensus starting up: Expiring failure detector timer to make a prompt election more likely
W20260630 12:30:24.440147 22993 leader_election.cc:343] T aa189f34de174dec9ba6df7f4546e94e P c6df13723b414aac9d5a81322bdf0697 [CANDIDATE]: Term 1 election: Tablet error from VoteRequest() call to peer 5d1a22d9a1b7441f923f39b21a5f4a40 (127.19.151.196:43665): Illegal state: must be running to vote when last-logged opid is not known
I20260630 12:30:24.442198 23266 raft_consensus.cc:493] T 884c85bb482a40b2931ce1ba92a2f2d7 P 2b629b0e56554bfb99d9e1a93e85970f [term 0 FOLLOWER]: Starting pre-election (no leader contacted us within the election timeout)
I20260630 12:30:24.443770 23266 raft_consensus.cc:515] T 884c85bb482a40b2931ce1ba92a2f2d7 P 2b629b0e56554bfb99d9e1a93e85970f [term 0 FOLLOWER]: Starting pre-election with config: opid_index: -1 OBSOLETE_local: false peers { permanent_uuid: "c6df13723b414aac9d5a81322bdf0697" member_type: VOTER last_known_addr { host: "127.19.151.193" port: 39253 } } peers { permanent_uuid: "5d1a22d9a1b7441f923f39b21a5f4a40" member_type: VOTER last_known_addr { host: "127.19.151.196" port: 43665 } } peers { permanent_uuid: "2b629b0e56554bfb99d9e1a93e85970f" member_type: VOTER last_known_addr { host: "127.19.151.195" port: 36343 } }
I20260630 12:30:24.446931 23266 leader_election.cc:290] T 884c85bb482a40b2931ce1ba92a2f2d7 P 2b629b0e56554bfb99d9e1a93e85970f [CANDIDATE]: Term 1 pre-election: Requested pre-vote from peers c6df13723b414aac9d5a81322bdf0697 (127.19.151.193:39253), 5d1a22d9a1b7441f923f39b21a5f4a40 (127.19.151.196:43665)
I20260630 12:30:24.437422 23269 raft_consensus.cc:697] T 8f62dd57b5044f8fbb70c1ecbd036c1a P 2b629b0e56554bfb99d9e1a93e85970f [term 1 LEADER]: Becoming Leader. State: Replica: 2b629b0e56554bfb99d9e1a93e85970f, State: Running, Role: LEADER
I20260630 12:30:24.448328 23327 tablet_service.cc:1917] Received RequestConsensusVote() RPC: tablet_id: "884c85bb482a40b2931ce1ba92a2f2d7" candidate_uuid: "2b629b0e56554bfb99d9e1a93e85970f" candidate_term: 1 candidate_status { last_received { term: 0 index: 0 } } ignore_live_leader: false dest_uuid: "5d1a22d9a1b7441f923f39b21a5f4a40" is_pre_election: true
I20260630 12:30:24.447983 23269 consensus_queue.cc:237] T 8f62dd57b5044f8fbb70c1ecbd036c1a P 2b629b0e56554bfb99d9e1a93e85970f [LEADER]: Queue going to LEADER mode. State: All replicated index: 0, Majority replicated index: 0, Committed index: 0, Last appended: 0.0, Last appended by leader: 0, Current term: 1, Majority size: 2, State: 0, Mode: LEADER, active raft config: opid_index: -1 OBSOLETE_local: false peers { permanent_uuid: "220b5fa9129b4e6ab18be171291ee8ac" member_type: VOTER last_known_addr { host: "127.19.151.194" port: 40297 } } peers { permanent_uuid: "5d1a22d9a1b7441f923f39b21a5f4a40" member_type: VOTER last_known_addr { host: "127.19.151.196" port: 43665 } } peers { permanent_uuid: "2b629b0e56554bfb99d9e1a93e85970f" member_type: VOTER last_known_addr { host: "127.19.151.195" port: 36343 } }
W20260630 12:30:24.450064 23142 leader_election.cc:343] T 884c85bb482a40b2931ce1ba92a2f2d7 P 2b629b0e56554bfb99d9e1a93e85970f [CANDIDATE]: Term 1 pre-election: Tablet error from VoteRequest() call to peer 5d1a22d9a1b7441f923f39b21a5f4a40 (127.19.151.196:43665): Illegal state: must be running to vote when last-logged opid is not known
I20260630 12:30:24.442580 23372 raft_consensus.cc:740] T 36658ec7653d4cc0863f761a87013e8e P 5d1a22d9a1b7441f923f39b21a5f4a40 [term 0 FOLLOWER]: Becoming Follower/Learner. State: Replica: 5d1a22d9a1b7441f923f39b21a5f4a40, State: Initialized, Role: FOLLOWER
I20260630 12:30:24.450745 23029 tablet_service.cc:1917] Received RequestConsensusVote() RPC: tablet_id: "6c7a8934dffc421ab48ad11b93547a71" candidate_uuid: "5d1a22d9a1b7441f923f39b21a5f4a40" candidate_term: 1 candidate_status { last_received { term: 0 index: 0 } } ignore_live_leader: false dest_uuid: "c6df13723b414aac9d5a81322bdf0697" is_pre_election: true
I20260630 12:30:24.451642 23029 raft_consensus.cc:2393] T 6c7a8934dffc421ab48ad11b93547a71 P c6df13723b414aac9d5a81322bdf0697 [term 1 FOLLOWER]: Leader pre-election vote request: Denying vote to candidate 5d1a22d9a1b7441f923f39b21a5f4a40 in current term 1: Already voted for candidate 220b5fa9129b4e6ab18be171291ee8ac in this term.
I20260630 12:30:24.451753 23372 consensus_queue.cc:260] T 36658ec7653d4cc0863f761a87013e8e P 5d1a22d9a1b7441f923f39b21a5f4a40 [NON_LEADER]: Queue going to NON_LEADER mode. State: All replicated index: 0, Majority replicated index: 0, Committed index: 0, Last appended: 0.0, Last appended by leader: 0, Current term: 0, Majority size: -1, State: 0, Mode: NON_LEADER, active raft config: opid_index: -1 OBSOLETE_local: false peers { permanent_uuid: "5d1a22d9a1b7441f923f39b21a5f4a40" member_type: VOTER last_known_addr { host: "127.19.151.196" port: 43665 } } peers { permanent_uuid: "2b629b0e56554bfb99d9e1a93e85970f" member_type: VOTER last_known_addr { host: "127.19.151.195" port: 36343 } } peers { permanent_uuid: "c6df13723b414aac9d5a81322bdf0697" member_type: VOTER last_known_addr { host: "127.19.151.193" port: 39253 } }
I20260630 12:30:24.452152 23407 leader_election.cc:290] T 73a457b13a244fd7821723b1cc263abf P c6df13723b414aac9d5a81322bdf0697 [CANDIDATE]: Term 1 pre-election: Requested pre-vote from peers 5d1a22d9a1b7441f923f39b21a5f4a40 (127.19.151.196:43665), 220b5fa9129b4e6ab18be171291ee8ac (127.19.151.194:40297)
I20260630 12:30:24.454245 23372 ts_tablet_manager.cc:1434] T 36658ec7653d4cc0863f761a87013e8e P 5d1a22d9a1b7441f923f39b21a5f4a40: Time spent starting tablet: real 0.089s	user 0.007s	sys 0.001s
I20260630 12:30:24.454787 23294 leader_election.cc:304] T 6c7a8934dffc421ab48ad11b93547a71 P 5d1a22d9a1b7441f923f39b21a5f4a40 [CANDIDATE]: Term 1 pre-election: Election decided. Result: candidate lost. Election summary: received 3 responses out of 3 voters: 1 yes votes; 2 no votes. yes voters: 5d1a22d9a1b7441f923f39b21a5f4a40; no voters: 220b5fa9129b4e6ab18be171291ee8ac, c6df13723b414aac9d5a81322bdf0697
I20260630 12:30:24.456738 23327 tablet_service.cc:1917] Received RequestConsensusVote() RPC: tablet_id: "73a457b13a244fd7821723b1cc263abf" candidate_uuid: "c6df13723b414aac9d5a81322bdf0697" candidate_term: 1 candidate_status { last_received { term: 0 index: 0 } } ignore_live_leader: false dest_uuid: "5d1a22d9a1b7441f923f39b21a5f4a40" is_pre_election: true
W20260630 12:30:24.458101 22993 leader_election.cc:343] T 73a457b13a244fd7821723b1cc263abf P c6df13723b414aac9d5a81322bdf0697 [CANDIDATE]: Term 1 pre-election: Tablet error from VoteRequest() call to peer 5d1a22d9a1b7441f923f39b21a5f4a40 (127.19.151.196:43665): Illegal state: must be running to vote when last-logged opid is not known
I20260630 12:30:24.458402 23385 raft_consensus.cc:2749] T 6c7a8934dffc421ab48ad11b93547a71 P 5d1a22d9a1b7441f923f39b21a5f4a40 [term 1 FOLLOWER]: Leader pre-election lost for term 1. Reason: could not achieve majority
I20260630 12:30:24.438134 22926 catalog_manager.cc:5697] T 36658ec7653d4cc0863f761a87013e8e P c6df13723b414aac9d5a81322bdf0697 reported cstate change: term changed from 0 to 1, leader changed from <none> to c6df13723b414aac9d5a81322bdf0697 (127.19.151.193). New cstate: current_term: 1 leader_uuid: "c6df13723b414aac9d5a81322bdf0697" committed_config { opid_index: -1 OBSOLETE_local: false peers { permanent_uuid: "5d1a22d9a1b7441f923f39b21a5f4a40" member_type: VOTER last_known_addr { host: "127.19.151.196" port: 43665 } health_report { overall_health: UNKNOWN } } peers { permanent_uuid: "2b629b0e56554bfb99d9e1a93e85970f" member_type: VOTER last_known_addr { host: "127.19.151.195" port: 36343 } health_report { overall_health: UNKNOWN } } peers { permanent_uuid: "c6df13723b414aac9d5a81322bdf0697" member_type: VOTER last_known_addr { host: "127.19.151.193" port: 39253 } health_report { overall_health: HEALTHY } } }
I20260630 12:30:24.461822 23372 tablet_bootstrap.cc:492] T aa189f34de174dec9ba6df7f4546e94e P 5d1a22d9a1b7441f923f39b21a5f4a40: Bootstrap starting.
I20260630 12:30:24.466382 23104 tablet_service.cc:1917] Received RequestConsensusVote() RPC: tablet_id: "73a457b13a244fd7821723b1cc263abf" candidate_uuid: "c6df13723b414aac9d5a81322bdf0697" candidate_term: 1 candidate_status { last_received { term: 0 index: 0 } } ignore_live_leader: false dest_uuid: "220b5fa9129b4e6ab18be171291ee8ac" is_pre_election: true
I20260630 12:30:24.467495 23104 raft_consensus.cc:2468] T 73a457b13a244fd7821723b1cc263abf P 220b5fa9129b4e6ab18be171291ee8ac [term 0 FOLLOWER]: Leader pre-election vote request: Granting yes vote for candidate c6df13723b414aac9d5a81322bdf0697 in term 0.
I20260630 12:30:24.469888 23178 raft_consensus.cc:2468] T aa189f34de174dec9ba6df7f4546e94e P 2b629b0e56554bfb99d9e1a93e85970f [term 1 FOLLOWER]: Leader election vote request: Granting yes vote for candidate c6df13723b414aac9d5a81322bdf0697 in term 1.
I20260630 12:30:24.471679 23251 raft_consensus.cc:515] T 37d3c01537d84aeab21b59bd8adfc5c9 P 220b5fa9129b4e6ab18be171291ee8ac [term 1 FOLLOWER]: Starting leader election with config: opid_index: -1 OBSOLETE_local: false peers { permanent_uuid: "c6df13723b414aac9d5a81322bdf0697" member_type: VOTER last_known_addr { host: "127.19.151.193" port: 39253 } } peers { permanent_uuid: "220b5fa9129b4e6ab18be171291ee8ac" member_type: VOTER last_known_addr { host: "127.19.151.194" port: 40297 } } peers { permanent_uuid: "5d1a22d9a1b7441f923f39b21a5f4a40" member_type: VOTER last_known_addr { host: "127.19.151.196" port: 43665 } }
I20260630 12:30:24.474259 23029 tablet_service.cc:1917] Received RequestConsensusVote() RPC: tablet_id: "884c85bb482a40b2931ce1ba92a2f2d7" candidate_uuid: "2b629b0e56554bfb99d9e1a93e85970f" candidate_term: 1 candidate_status { last_received { term: 0 index: 0 } } ignore_live_leader: false dest_uuid: "c6df13723b414aac9d5a81322bdf0697" is_pre_election: true
I20260630 12:30:24.474463 22996 leader_election.cc:304] T aa189f34de174dec9ba6df7f4546e94e P c6df13723b414aac9d5a81322bdf0697 [CANDIDATE]: Term 1 election: Election decided. Result: candidate won. Election summary: received 3 responses out of 3 voters: 2 yes votes; 1 no votes. yes voters: 2b629b0e56554bfb99d9e1a93e85970f, c6df13723b414aac9d5a81322bdf0697; no voters: 5d1a22d9a1b7441f923f39b21a5f4a40
I20260630 12:30:24.473465 23330 raft_consensus.cc:2468] T 37d3c01537d84aeab21b59bd8adfc5c9 P 5d1a22d9a1b7441f923f39b21a5f4a40 [term 1 FOLLOWER]: Leader election vote request: Granting yes vote for candidate c6df13723b414aac9d5a81322bdf0697 in term 1.
I20260630 12:30:24.476091 23370 tablet_bootstrap.cc:492] T 884c85bb482a40b2931ce1ba92a2f2d7 P c6df13723b414aac9d5a81322bdf0697: No bootstrap required, opened a new log
I20260630 12:30:24.476581 23370 ts_tablet_manager.cc:1403] T 884c85bb482a40b2931ce1ba92a2f2d7 P c6df13723b414aac9d5a81322bdf0697: Time spent bootstrapping tablet: real 0.140s	user 0.019s	sys 0.014s
I20260630 12:30:24.476475 22993 leader_election.cc:304] T 37d3c01537d84aeab21b59bd8adfc5c9 P c6df13723b414aac9d5a81322bdf0697 [CANDIDATE]: Term 1 election: Election decided. Result: candidate won. Election summary: received 2 responses out of 3 voters: 2 yes votes; 0 no votes. yes voters: 5d1a22d9a1b7441f923f39b21a5f4a40, c6df13723b414aac9d5a81322bdf0697; no voters: 
I20260630 12:30:24.473353 23105 raft_consensus.cc:2393] T 37d3c01537d84aeab21b59bd8adfc5c9 P 220b5fa9129b4e6ab18be171291ee8ac [term 1 FOLLOWER]: Leader election vote request: Denying vote to candidate c6df13723b414aac9d5a81322bdf0697 in current term 1: Already voted for candidate 220b5fa9129b4e6ab18be171291ee8ac in this term.
I20260630 12:30:24.477300 23407 raft_consensus.cc:2804] T 37d3c01537d84aeab21b59bd8adfc5c9 P c6df13723b414aac9d5a81322bdf0697 [term 1 FOLLOWER]: Leader election won for term 1
I20260630 12:30:24.478003 23407 raft_consensus.cc:697] T 37d3c01537d84aeab21b59bd8adfc5c9 P c6df13723b414aac9d5a81322bdf0697 [term 1 LEADER]: Becoming Leader. State: Replica: c6df13723b414aac9d5a81322bdf0697, State: Running, Role: LEADER
I20260630 12:30:24.478801 23407 consensus_queue.cc:237] T 37d3c01537d84aeab21b59bd8adfc5c9 P c6df13723b414aac9d5a81322bdf0697 [LEADER]: Queue going to LEADER mode. State: All replicated index: 0, Majority replicated index: 0, Committed index: 0, Last appended: 0.0, Last appended by leader: 0, Current term: 1, Majority size: 2, State: 0, Mode: LEADER, active raft config: opid_index: -1 OBSOLETE_local: false peers { permanent_uuid: "c6df13723b414aac9d5a81322bdf0697" member_type: VOTER last_known_addr { host: "127.19.151.193" port: 39253 } } peers { permanent_uuid: "220b5fa9129b4e6ab18be171291ee8ac" member_type: VOTER last_known_addr { host: "127.19.151.194" port: 40297 } } peers { permanent_uuid: "5d1a22d9a1b7441f923f39b21a5f4a40" member_type: VOTER last_known_addr { host: "127.19.151.196" port: 43665 } }
I20260630 12:30:24.480999 23275 raft_consensus.cc:2804] T aa189f34de174dec9ba6df7f4546e94e P c6df13723b414aac9d5a81322bdf0697 [term 1 FOLLOWER]: Leader election won for term 1
I20260630 12:30:24.481884 23275 raft_consensus.cc:697] T aa189f34de174dec9ba6df7f4546e94e P c6df13723b414aac9d5a81322bdf0697 [term 1 LEADER]: Becoming Leader. State: Replica: c6df13723b414aac9d5a81322bdf0697, State: Running, Role: LEADER
I20260630 12:30:24.482581 23251 leader_election.cc:290] T 37d3c01537d84aeab21b59bd8adfc5c9 P 220b5fa9129b4e6ab18be171291ee8ac [CANDIDATE]: Term 1 election: Requested vote from peers c6df13723b414aac9d5a81322bdf0697 (127.19.151.193:39253), 5d1a22d9a1b7441f923f39b21a5f4a40 (127.19.151.196:43665)
I20260630 12:30:24.484243 22996 leader_election.cc:304] T 73a457b13a244fd7821723b1cc263abf P c6df13723b414aac9d5a81322bdf0697 [CANDIDATE]: Term 1 pre-election: Election decided. Result: candidate won. Election summary: received 3 responses out of 3 voters: 2 yes votes; 1 no votes. yes voters: 220b5fa9129b4e6ab18be171291ee8ac, c6df13723b414aac9d5a81322bdf0697; no voters: 5d1a22d9a1b7441f923f39b21a5f4a40
I20260630 12:30:24.482669 23275 consensus_queue.cc:237] T aa189f34de174dec9ba6df7f4546e94e P c6df13723b414aac9d5a81322bdf0697 [LEADER]: Queue going to LEADER mode. State: All replicated index: 0, Majority replicated index: 0, Committed index: 0, Last appended: 0.0, Last appended by leader: 0, Current term: 1, Majority size: 2, State: 0, Mode: LEADER, active raft config: opid_index: -1 OBSOLETE_local: false peers { permanent_uuid: "2b629b0e56554bfb99d9e1a93e85970f" member_type: VOTER last_known_addr { host: "127.19.151.195" port: 36343 } } peers { permanent_uuid: "c6df13723b414aac9d5a81322bdf0697" member_type: VOTER last_known_addr { host: "127.19.151.193" port: 39253 } } peers { permanent_uuid: "5d1a22d9a1b7441f923f39b21a5f4a40" member_type: VOTER last_known_addr { host: "127.19.151.196" port: 43665 } }
I20260630 12:30:24.485024 23231 raft_consensus.cc:2804] T 73a457b13a244fd7821723b1cc263abf P c6df13723b414aac9d5a81322bdf0697 [term 0 FOLLOWER]: Leader pre-election won for term 1
I20260630 12:30:24.485405 23231 raft_consensus.cc:493] T 73a457b13a244fd7821723b1cc263abf P c6df13723b414aac9d5a81322bdf0697 [term 0 FOLLOWER]: Starting leader election (no leader contacted us within the election timeout)
I20260630 12:30:24.485752 23231 raft_consensus.cc:3060] T 73a457b13a244fd7821723b1cc263abf P c6df13723b414aac9d5a81322bdf0697 [term 0 FOLLOWER]: Advancing to term 1
I20260630 12:30:24.486006 23330 tablet_service.cc:1917] Received RequestConsensusVote() RPC: tablet_id: "37d3c01537d84aeab21b59bd8adfc5c9" candidate_uuid: "220b5fa9129b4e6ab18be171291ee8ac" candidate_term: 1 candidate_status { last_received { term: 0 index: 0 } } ignore_live_leader: false dest_uuid: "5d1a22d9a1b7441f923f39b21a5f4a40"
I20260630 12:30:24.486719 23330 raft_consensus.cc:2393] T 37d3c01537d84aeab21b59bd8adfc5c9 P 5d1a22d9a1b7441f923f39b21a5f4a40 [term 1 FOLLOWER]: Leader election vote request: Denying vote to candidate 220b5fa9129b4e6ab18be171291ee8ac in current term 1: Already voted for candidate c6df13723b414aac9d5a81322bdf0697 in this term.
W20260630 12:30:24.487905 23145 leader_election.cc:343] T 884c85bb482a40b2931ce1ba92a2f2d7 P 2b629b0e56554bfb99d9e1a93e85970f [CANDIDATE]: Term 1 pre-election: Tablet error from VoteRequest() call to peer c6df13723b414aac9d5a81322bdf0697 (127.19.151.193:39253): Illegal state: must be running to vote when last-logged opid is not known
I20260630 12:30:24.488323 23145 leader_election.cc:304] T 884c85bb482a40b2931ce1ba92a2f2d7 P 2b629b0e56554bfb99d9e1a93e85970f [CANDIDATE]: Term 1 pre-election: Election decided. Result: candidate lost. Election summary: received 3 responses out of 3 voters: 1 yes votes; 2 no votes. yes voters: 2b629b0e56554bfb99d9e1a93e85970f; no voters: 5d1a22d9a1b7441f923f39b21a5f4a40, c6df13723b414aac9d5a81322bdf0697
I20260630 12:30:24.480455 23370 raft_consensus.cc:359] T 884c85bb482a40b2931ce1ba92a2f2d7 P c6df13723b414aac9d5a81322bdf0697 [term 0 FOLLOWER]: Replica starting. Triggering 0 pending ops. Active config: opid_index: -1 OBSOLETE_local: false peers { permanent_uuid: "c6df13723b414aac9d5a81322bdf0697" member_type: VOTER last_known_addr { host: "127.19.151.193" port: 39253 } } peers { permanent_uuid: "5d1a22d9a1b7441f923f39b21a5f4a40" member_type: VOTER last_known_addr { host: "127.19.151.196" port: 43665 } } peers { permanent_uuid: "2b629b0e56554bfb99d9e1a93e85970f" member_type: VOTER last_known_addr { host: "127.19.151.195" port: 36343 } }
I20260630 12:30:24.491751 23269 raft_consensus.cc:2749] T 884c85bb482a40b2931ce1ba92a2f2d7 P 2b629b0e56554bfb99d9e1a93e85970f [term 0 FOLLOWER]: Leader pre-election lost for term 1. Reason: could not achieve majority
I20260630 12:30:24.493757 22927 catalog_manager.cc:5697] T 8f62dd57b5044f8fbb70c1ecbd036c1a P 2b629b0e56554bfb99d9e1a93e85970f reported cstate change: term changed from 0 to 1, leader changed from <none> to 2b629b0e56554bfb99d9e1a93e85970f (127.19.151.195). New cstate: current_term: 1 leader_uuid: "2b629b0e56554bfb99d9e1a93e85970f" committed_config { opid_index: -1 OBSOLETE_local: false peers { permanent_uuid: "220b5fa9129b4e6ab18be171291ee8ac" member_type: VOTER last_known_addr { host: "127.19.151.194" port: 40297 } health_report { overall_health: UNKNOWN } } peers { permanent_uuid: "5d1a22d9a1b7441f923f39b21a5f4a40" member_type: VOTER last_known_addr { host: "127.19.151.196" port: 43665 } health_report { overall_health: UNKNOWN } } peers { permanent_uuid: "2b629b0e56554bfb99d9e1a93e85970f" member_type: VOTER last_known_addr { host: "127.19.151.195" port: 36343 } health_report { overall_health: HEALTHY } } }
I20260630 12:30:24.495558 23372 tablet_bootstrap.cc:654] T aa189f34de174dec9ba6df7f4546e94e P 5d1a22d9a1b7441f923f39b21a5f4a40: Neither blocks nor log segments found. Creating new log.
I20260630 12:30:24.495232 23231 raft_consensus.cc:515] T 73a457b13a244fd7821723b1cc263abf P c6df13723b414aac9d5a81322bdf0697 [term 1 FOLLOWER]: Starting leader election with config: opid_index: -1 OBSOLETE_local: false peers { permanent_uuid: "5d1a22d9a1b7441f923f39b21a5f4a40" member_type: VOTER last_known_addr { host: "127.19.151.196" port: 43665 } } peers { permanent_uuid: "c6df13723b414aac9d5a81322bdf0697" member_type: VOTER last_known_addr { host: "127.19.151.193" port: 39253 } } peers { permanent_uuid: "220b5fa9129b4e6ab18be171291ee8ac" member_type: VOTER last_known_addr { host: "127.19.151.194" port: 40297 } }
I20260630 12:30:24.490325 23370 raft_consensus.cc:385] T 884c85bb482a40b2931ce1ba92a2f2d7 P c6df13723b414aac9d5a81322bdf0697 [term 0 FOLLOWER]: Consensus starting up: Expiring failure detector timer to make a prompt election more likely
I20260630 12:30:24.497352 23370 raft_consensus.cc:740] T 884c85bb482a40b2931ce1ba92a2f2d7 P c6df13723b414aac9d5a81322bdf0697 [term 0 FOLLOWER]: Becoming Follower/Learner. State: Replica: c6df13723b414aac9d5a81322bdf0697, State: Initialized, Role: FOLLOWER
I20260630 12:30:24.498363 22926 catalog_manager.cc:5697] T 6c7a8934dffc421ab48ad11b93547a71 P 220b5fa9129b4e6ab18be171291ee8ac reported cstate change: term changed from 0 to 1, leader changed from <none> to 220b5fa9129b4e6ab18be171291ee8ac (127.19.151.194). New cstate: current_term: 1 leader_uuid: "220b5fa9129b4e6ab18be171291ee8ac" committed_config { opid_index: -1 OBSOLETE_local: false peers { permanent_uuid: "5d1a22d9a1b7441f923f39b21a5f4a40" member_type: VOTER last_known_addr { host: "127.19.151.196" port: 43665 } health_report { overall_health: UNKNOWN } } peers { permanent_uuid: "220b5fa9129b4e6ab18be171291ee8ac" member_type: VOTER last_known_addr { host: "127.19.151.194" port: 40297 } health_report { overall_health: HEALTHY } } peers { permanent_uuid: "c6df13723b414aac9d5a81322bdf0697" member_type: VOTER last_known_addr { host: "127.19.151.193" port: 39253 } health_report { overall_health: UNKNOWN } } }
I20260630 12:30:24.503520 23330 tablet_service.cc:1917] Received RequestConsensusVote() RPC: tablet_id: "73a457b13a244fd7821723b1cc263abf" candidate_uuid: "c6df13723b414aac9d5a81322bdf0697" candidate_term: 1 candidate_status { last_received { term: 0 index: 0 } } ignore_live_leader: false dest_uuid: "5d1a22d9a1b7441f923f39b21a5f4a40"
I20260630 12:30:24.502938 23370 consensus_queue.cc:260] T 884c85bb482a40b2931ce1ba92a2f2d7 P c6df13723b414aac9d5a81322bdf0697 [NON_LEADER]: Queue going to NON_LEADER mode. State: All replicated index: 0, Majority replicated index: 0, Committed index: 0, Last appended: 0.0, Last appended by leader: 0, Current term: 0, Majority size: -1, State: 0, Mode: NON_LEADER, active raft config: opid_index: -1 OBSOLETE_local: false peers { permanent_uuid: "c6df13723b414aac9d5a81322bdf0697" member_type: VOTER last_known_addr { host: "127.19.151.193" port: 39253 } } peers { permanent_uuid: "5d1a22d9a1b7441f923f39b21a5f4a40" member_type: VOTER last_known_addr { host: "127.19.151.196" port: 43665 } } peers { permanent_uuid: "2b629b0e56554bfb99d9e1a93e85970f" member_type: VOTER last_known_addr { host: "127.19.151.195" port: 36343 } }
I20260630 12:30:24.503562 23231 leader_election.cc:290] T 73a457b13a244fd7821723b1cc263abf P c6df13723b414aac9d5a81322bdf0697 [CANDIDATE]: Term 1 election: Requested vote from peers 5d1a22d9a1b7441f923f39b21a5f4a40 (127.19.151.196:43665), 220b5fa9129b4e6ab18be171291ee8ac (127.19.151.194:40297)
W20260630 12:30:24.505136 22993 leader_election.cc:343] T 73a457b13a244fd7821723b1cc263abf P c6df13723b414aac9d5a81322bdf0697 [CANDIDATE]: Term 1 election: Tablet error from VoteRequest() call to peer 5d1a22d9a1b7441f923f39b21a5f4a40 (127.19.151.196:43665): Illegal state: must be running to vote when last-logged opid is not known
I20260630 12:30:24.506662 23370 ts_tablet_manager.cc:1434] T 884c85bb482a40b2931ce1ba92a2f2d7 P c6df13723b414aac9d5a81322bdf0697: Time spent starting tablet: real 0.030s	user 0.007s	sys 0.002s
I20260630 12:30:24.502846 23029 tablet_service.cc:1917] Received RequestConsensusVote() RPC: tablet_id: "37d3c01537d84aeab21b59bd8adfc5c9" candidate_uuid: "220b5fa9129b4e6ab18be171291ee8ac" candidate_term: 1 candidate_status { last_received { term: 0 index: 0 } } ignore_live_leader: false dest_uuid: "c6df13723b414aac9d5a81322bdf0697"
I20260630 12:30:24.514675 23105 tablet_service.cc:1917] Received RequestConsensusVote() RPC: tablet_id: "73a457b13a244fd7821723b1cc263abf" candidate_uuid: "c6df13723b414aac9d5a81322bdf0697" candidate_term: 1 candidate_status { last_received { term: 0 index: 0 } } ignore_live_leader: false dest_uuid: "220b5fa9129b4e6ab18be171291ee8ac"
I20260630 12:30:24.515272 23105 raft_consensus.cc:3060] T 73a457b13a244fd7821723b1cc263abf P 220b5fa9129b4e6ab18be171291ee8ac [term 0 FOLLOWER]: Advancing to term 1
I20260630 12:30:24.515738 23372 tablet_bootstrap.cc:492] T aa189f34de174dec9ba6df7f4546e94e P 5d1a22d9a1b7441f923f39b21a5f4a40: No bootstrap required, opened a new log
I20260630 12:30:24.516289 23372 ts_tablet_manager.cc:1403] T aa189f34de174dec9ba6df7f4546e94e P 5d1a22d9a1b7441f923f39b21a5f4a40: Time spent bootstrapping tablet: real 0.057s	user 0.016s	sys 0.004s
I20260630 12:30:24.518491 23071 leader_election.cc:304] T 37d3c01537d84aeab21b59bd8adfc5c9 P 220b5fa9129b4e6ab18be171291ee8ac [CANDIDATE]: Term 1 election: Election decided. Result: candidate lost. Election summary: received 3 responses out of 3 voters: 1 yes votes; 2 no votes. yes voters: 220b5fa9129b4e6ab18be171291ee8ac; no voters: 5d1a22d9a1b7441f923f39b21a5f4a40, c6df13723b414aac9d5a81322bdf0697
I20260630 12:30:24.519315 23251 raft_consensus.cc:2749] T 37d3c01537d84aeab21b59bd8adfc5c9 P 220b5fa9129b4e6ab18be171291ee8ac [term 1 FOLLOWER]: Leader election lost for term 1. Reason: could not achieve majority
I20260630 12:30:24.519236 23372 raft_consensus.cc:359] T aa189f34de174dec9ba6df7f4546e94e P 5d1a22d9a1b7441f923f39b21a5f4a40 [term 0 FOLLOWER]: Replica starting. Triggering 0 pending ops. Active config: opid_index: -1 OBSOLETE_local: false peers { permanent_uuid: "2b629b0e56554bfb99d9e1a93e85970f" member_type: VOTER last_known_addr { host: "127.19.151.195" port: 36343 } } peers { permanent_uuid: "c6df13723b414aac9d5a81322bdf0697" member_type: VOTER last_known_addr { host: "127.19.151.193" port: 39253 } } peers { permanent_uuid: "5d1a22d9a1b7441f923f39b21a5f4a40" member_type: VOTER last_known_addr { host: "127.19.151.196" port: 43665 } }
I20260630 12:30:24.520045 23372 raft_consensus.cc:385] T aa189f34de174dec9ba6df7f4546e94e P 5d1a22d9a1b7441f923f39b21a5f4a40 [term 0 FOLLOWER]: Consensus starting up: Expiring failure detector timer to make a prompt election more likely
I20260630 12:30:24.520345 23372 raft_consensus.cc:740] T aa189f34de174dec9ba6df7f4546e94e P 5d1a22d9a1b7441f923f39b21a5f4a40 [term 0 FOLLOWER]: Becoming Follower/Learner. State: Replica: 5d1a22d9a1b7441f923f39b21a5f4a40, State: Initialized, Role: FOLLOWER
I20260630 12:30:24.521185 23372 consensus_queue.cc:260] T aa189f34de174dec9ba6df7f4546e94e P 5d1a22d9a1b7441f923f39b21a5f4a40 [NON_LEADER]: Queue going to NON_LEADER mode. State: All replicated index: 0, Majority replicated index: 0, Committed index: 0, Last appended: 0.0, Last appended by leader: 0, Current term: 0, Majority size: -1, State: 0, Mode: NON_LEADER, active raft config: opid_index: -1 OBSOLETE_local: false peers { permanent_uuid: "2b629b0e56554bfb99d9e1a93e85970f" member_type: VOTER last_known_addr { host: "127.19.151.195" port: 36343 } } peers { permanent_uuid: "c6df13723b414aac9d5a81322bdf0697" member_type: VOTER last_known_addr { host: "127.19.151.193" port: 39253 } } peers { permanent_uuid: "5d1a22d9a1b7441f923f39b21a5f4a40" member_type: VOTER last_known_addr { host: "127.19.151.196" port: 43665 } }
I20260630 12:30:24.522058 23105 raft_consensus.cc:2468] T 73a457b13a244fd7821723b1cc263abf P 220b5fa9129b4e6ab18be171291ee8ac [term 1 FOLLOWER]: Leader election vote request: Granting yes vote for candidate c6df13723b414aac9d5a81322bdf0697 in term 1.
I20260630 12:30:24.523103 22996 leader_election.cc:304] T 73a457b13a244fd7821723b1cc263abf P c6df13723b414aac9d5a81322bdf0697 [CANDIDATE]: Term 1 election: Election decided. Result: candidate won. Election summary: received 3 responses out of 3 voters: 2 yes votes; 1 no votes. yes voters: 220b5fa9129b4e6ab18be171291ee8ac, c6df13723b414aac9d5a81322bdf0697; no voters: 5d1a22d9a1b7441f923f39b21a5f4a40
I20260630 12:30:24.523510 23372 ts_tablet_manager.cc:1434] T aa189f34de174dec9ba6df7f4546e94e P 5d1a22d9a1b7441f923f39b21a5f4a40: Time spent starting tablet: real 0.007s	user 0.002s	sys 0.003s
I20260630 12:30:24.523931 23231 raft_consensus.cc:2804] T 73a457b13a244fd7821723b1cc263abf P c6df13723b414aac9d5a81322bdf0697 [term 1 FOLLOWER]: Leader election won for term 1
I20260630 12:30:24.524417 23231 raft_consensus.cc:697] T 73a457b13a244fd7821723b1cc263abf P c6df13723b414aac9d5a81322bdf0697 [term 1 LEADER]: Becoming Leader. State: Replica: c6df13723b414aac9d5a81322bdf0697, State: Running, Role: LEADER
I20260630 12:30:24.524513 23372 tablet_bootstrap.cc:492] T 884c85bb482a40b2931ce1ba92a2f2d7 P 5d1a22d9a1b7441f923f39b21a5f4a40: Bootstrap starting.
I20260630 12:30:24.525210 23231 consensus_queue.cc:237] T 73a457b13a244fd7821723b1cc263abf P c6df13723b414aac9d5a81322bdf0697 [LEADER]: Queue going to LEADER mode. State: All replicated index: 0, Majority replicated index: 0, Committed index: 0, Last appended: 0.0, Last appended by leader: 0, Current term: 1, Majority size: 2, State: 0, Mode: LEADER, active raft config: opid_index: -1 OBSOLETE_local: false peers { permanent_uuid: "5d1a22d9a1b7441f923f39b21a5f4a40" member_type: VOTER last_known_addr { host: "127.19.151.196" port: 43665 } } peers { permanent_uuid: "c6df13723b414aac9d5a81322bdf0697" member_type: VOTER last_known_addr { host: "127.19.151.193" port: 39253 } } peers { permanent_uuid: "220b5fa9129b4e6ab18be171291ee8ac" member_type: VOTER last_known_addr { host: "127.19.151.194" port: 40297 } }
