[==========] Running 26 tests from 2 test suites.
[----------] Global test environment set-up.
[----------] 24 tests from AutoRebalancerTest
[ RUN      ] AutoRebalancerTest.OnlyLeaderDoesAutoRebalancing
WARNING: Logging before InitGoogleLogging() is written to STDERR
I20260630 12:28:57.611861 20108 internal_mini_cluster.cc:156] Creating distributed mini masters. Addrs: 127.19.163.62:39341,127.19.163.61:40661,127.19.163.60:45665
I20260630 12:28:57.613577 20108 env_posix.cc:2267] Not raising this process' open files per process limit of 1048576; it is already as high as it can go
I20260630 12:28:57.614538 20108 file_cache.cc:492] Constructed file cache file cache with capacity 419430
W20260630 12:28:57.629879 20114 instance_detector.cc:116] could not retrieve AWS instance metadata: Network error: curl error: HTTP response code said error: The requested URL returned error: 404
W20260630 12:28:57.629961 20115 instance_detector.cc:116] could not retrieve Azure instance metadata: Network error: curl error: HTTP response code said error: The requested URL returned error: 404
I20260630 12:28:57.632192 20108 server_base.cc:1061] running on GCE node
W20260630 12:28:57.630260 20117 instance_detector.cc:116] could not retrieve OpenStack instance metadata: Network error: curl error: HTTP response code said error: The requested URL returned error: 404
I20260630 12:28:58.750949 20108 hybrid_clock.cc:584] initializing the hybrid clock with 'system_unsync' time source
W20260630 12:28:58.751183 20108 system_unsync_time.cc:38] NTP support is disabled. Clock error bounds will not be accurate. This configuration is not suitable for distributed clusters.
I20260630 12:28:58.751405 20108 hybrid_clock.cc:648] HybridClock initialized: now 1782822538751366 us; error 0 us; skew 500 ppm
I20260630 12:28:58.752203 20108 server_base.cc:861] Flag tcmalloc_max_total_thread_cache_bytes is not working since tcmalloc is not enabled.
I20260630 12:28:58.760777 20108 webserver.cc:533] Webserver started at http://127.19.163.62:37099/ using document root <none> and password file <none>
I20260630 12:28:58.761562 20108 fs_manager.cc:362] Metadata directory not provided
I20260630 12:28:58.761822 20108 fs_manager.cc:368] Using write-ahead log directory (fs_wal_dir) as metadata directory
I20260630 12:28:58.762300 20108 server_base.cc:909] This appears to be a new deployment of Kudu; creating new FS layout
I20260630 12:28:58.767855 20108 fs_manager.cc:1068] Generated new instance metadata in path /tmp/dist-test-taskaRE8IO/test-tmp/auto_rebalancer-test.0.AutoRebalancerTest.OnlyLeaderDoesAutoRebalancing.1782822537450210-20108-0/minicluster-data/master-0-root/instance:
uuid: "6f75d5d28f914a68a7549d5ca60ca83d"
format_stamp: "Formatted at 2026-06-30 12:28:58 on dist-test-slave-04br"
I20260630 12:28:58.775076 20108 fs_manager.cc:696] Time spent creating directory manager: real 0.006s	user 0.007s	sys 0.001s
I20260630 12:28:58.779805 20123 log_block_manager.cc:4031] Time spent loading block containers with low live blocks: real 0.000s	user 0.000s	sys 0.000s
I20260630 12:28:58.780858 20108 fs_manager.cc:730] Time spent opening block manager: real 0.003s	user 0.005s	sys 0.000s
I20260630 12:28:58.781282 20108 fs_manager.cc:647] Opened local filesystem: /tmp/dist-test-taskaRE8IO/test-tmp/auto_rebalancer-test.0.AutoRebalancerTest.OnlyLeaderDoesAutoRebalancing.1782822537450210-20108-0/minicluster-data/master-0-root
uuid: "6f75d5d28f914a68a7549d5ca60ca83d"
format_stamp: "Formatted at 2026-06-30 12:28:58 on dist-test-slave-04br"
I20260630 12:28:58.781613 20108 fs_report.cc:389] FS layout report
--------------------
wal directory: /tmp/dist-test-taskaRE8IO/test-tmp/auto_rebalancer-test.0.AutoRebalancerTest.OnlyLeaderDoesAutoRebalancing.1782822537450210-20108-0/minicluster-data/master-0-root
metadata directory: /tmp/dist-test-taskaRE8IO/test-tmp/auto_rebalancer-test.0.AutoRebalancerTest.OnlyLeaderDoesAutoRebalancing.1782822537450210-20108-0/minicluster-data/master-0-root
1 data directories: /tmp/dist-test-taskaRE8IO/test-tmp/auto_rebalancer-test.0.AutoRebalancerTest.OnlyLeaderDoesAutoRebalancing.1782822537450210-20108-0/minicluster-data/master-0-root/data
Total live blocks: 0
Total live bytes: 0
Total live bytes (after alignment): 0
Total number of LBM containers: 0 (0 full)
Did not check for missing blocks
Did not check for orphaned blocks
Total full LBM containers with extra space: 0 (0 repaired)
Total full LBM container extra space in bytes: 0 (0 repaired)
Total incomplete LBM containers: 0 (0 repaired)
Total LBM partial records: 0 (0 repaired)
Total corrupted LBM metadata records in RocksDB: 0 (0 repaired)
I20260630 12:28:58.824115 20108 rpc_server.cc:225] running with OpenSSL 1.1.1  11 Sep 2018
I20260630 12:28:58.825476 20108 env_posix.cc:2267] Not raising this process' running threads per effective uid limit of 18446744073709551615; it is already as high as it can go
I20260630 12:28:58.825901 20108 kserver.cc:163] Server-wide thread pool size limit: 3276
I20260630 12:28:58.901696 20108 rpc_server.cc:307] RPC server started. Bound to: 127.19.163.62:39341
I20260630 12:28:58.901804 20174 acceptor_pool.cc:272] collecting diagnostics on the listening RPC socket 127.19.163.62:39341 every 8 connection(s)
I20260630 12:28:58.907671 20108 file_cache.cc:492] Constructed file cache file cache with capacity 419430
I20260630 12:28:58.910374 20175 data_dirs.cc:400] Could only allocate 1 dirs of requested 3 for tablet 00000000000000000000000000000000. 1 dirs total, 0 dirs full, 0 dirs failed
W20260630 12:28:58.913666 20177 instance_detector.cc:116] could not retrieve AWS instance metadata: Network error: curl error: HTTP response code said error: The requested URL returned error: 404
W20260630 12:28:58.914947 20178 instance_detector.cc:116] could not retrieve Azure instance metadata: Network error: curl error: HTTP response code said error: The requested URL returned error: 404
W20260630 12:28:58.917754 20180 instance_detector.cc:116] could not retrieve OpenStack instance metadata: Network error: curl error: HTTP response code said error: The requested URL returned error: 404
I20260630 12:28:58.917909 20108 server_base.cc:1061] running on GCE node
I20260630 12:28:58.918650 20108 hybrid_clock.cc:584] initializing the hybrid clock with 'system_unsync' time source
W20260630 12:28:58.918824 20108 system_unsync_time.cc:38] NTP support is disabled. Clock error bounds will not be accurate. This configuration is not suitable for distributed clusters.
I20260630 12:28:58.918993 20108 hybrid_clock.cc:648] HybridClock initialized: now 1782822538918975 us; error 0 us; skew 500 ppm
I20260630 12:28:58.919502 20108 server_base.cc:861] Flag tcmalloc_max_total_thread_cache_bytes is not working since tcmalloc is not enabled.
I20260630 12:28:58.923081 20108 webserver.cc:533] Webserver started at http://127.19.163.61:44357/ using document root <none> and password file <none>
I20260630 12:28:58.923549 20108 fs_manager.cc:362] Metadata directory not provided
I20260630 12:28:58.923730 20108 fs_manager.cc:368] Using write-ahead log directory (fs_wal_dir) as metadata directory
I20260630 12:28:58.923985 20108 server_base.cc:909] This appears to be a new deployment of Kudu; creating new FS layout
I20260630 12:28:58.924953 20108 fs_manager.cc:1068] Generated new instance metadata in path /tmp/dist-test-taskaRE8IO/test-tmp/auto_rebalancer-test.0.AutoRebalancerTest.OnlyLeaderDoesAutoRebalancing.1782822537450210-20108-0/minicluster-data/master-1-root/instance:
uuid: "ffbd930ec45d43e2b5920a9ca3f54570"
format_stamp: "Formatted at 2026-06-30 12:28:58 on dist-test-slave-04br"
I20260630 12:28:58.929718 20108 fs_manager.cc:696] Time spent creating directory manager: real 0.004s	user 0.001s	sys 0.005s
I20260630 12:28:58.928486 20175 sys_catalog.cc:422] member_type: VOTER last_known_addr { host: "127.19.163.62" port: 39341 } has no permanent_uuid. Determining permanent_uuid...
I20260630 12:28:58.933683 20185 log_block_manager.cc:4031] Time spent loading block containers with low live blocks: real 0.000s	user 0.000s	sys 0.000s
I20260630 12:28:58.934476 20108 fs_manager.cc:730] Time spent opening block manager: real 0.003s	user 0.003s	sys 0.000s
I20260630 12:28:58.934827 20108 fs_manager.cc:647] Opened local filesystem: /tmp/dist-test-taskaRE8IO/test-tmp/auto_rebalancer-test.0.AutoRebalancerTest.OnlyLeaderDoesAutoRebalancing.1782822537450210-20108-0/minicluster-data/master-1-root
uuid: "ffbd930ec45d43e2b5920a9ca3f54570"
format_stamp: "Formatted at 2026-06-30 12:28:58 on dist-test-slave-04br"
I20260630 12:28:58.935199 20108 fs_report.cc:389] FS layout report
--------------------
wal directory: /tmp/dist-test-taskaRE8IO/test-tmp/auto_rebalancer-test.0.AutoRebalancerTest.OnlyLeaderDoesAutoRebalancing.1782822537450210-20108-0/minicluster-data/master-1-root
metadata directory: /tmp/dist-test-taskaRE8IO/test-tmp/auto_rebalancer-test.0.AutoRebalancerTest.OnlyLeaderDoesAutoRebalancing.1782822537450210-20108-0/minicluster-data/master-1-root
1 data directories: /tmp/dist-test-taskaRE8IO/test-tmp/auto_rebalancer-test.0.AutoRebalancerTest.OnlyLeaderDoesAutoRebalancing.1782822537450210-20108-0/minicluster-data/master-1-root/data
Total live blocks: 0
Total live bytes: 0
Total live bytes (after alignment): 0
Total number of LBM containers: 0 (0 full)
Did not check for missing blocks
Did not check for orphaned blocks
Total full LBM containers with extra space: 0 (0 repaired)
Total full LBM container extra space in bytes: 0 (0 repaired)
Total incomplete LBM containers: 0 (0 repaired)
Total LBM partial records: 0 (0 repaired)
Total corrupted LBM metadata records in RocksDB: 0 (0 repaired)
I20260630 12:28:58.954306 20175 sys_catalog.cc:422] member_type: VOTER last_known_addr { host: "127.19.163.61" port: 40661 } has no permanent_uuid. Determining permanent_uuid...
W20260630 12:28:58.956440 20126 proxy.cc:239] Call had error, refreshing address and retrying: Network error: Client connection negotiation failed: client connection to 127.19.163.61:40661: connect: Connection refused (error 111)
W20260630 12:28:58.960232 20175 consensus_peers.cc:760] Error getting permanent uuid from config peer 127.19.163.61:40661: Network error: Client connection negotiation failed: client connection to 127.19.163.61:40661: connect: Connection refused (error 111)
I20260630 12:28:58.960520 20108 rpc_server.cc:225] running with OpenSSL 1.1.1  11 Sep 2018
I20260630 12:28:58.961683 20108 kserver.cc:163] Server-wide thread pool size limit: 3276
I20260630 12:28:59.010200 20175 consensus_peers.cc:770] Retrying to get permanent uuid for remote peer: member_type: VOTER last_known_addr { host: "127.19.163.61" port: 40661 } attempt: 1
W20260630 12:28:59.014954 20175 consensus_peers.cc:760] Error getting permanent uuid from config peer 127.19.163.61:40661: Network error: Client connection negotiation failed: client connection to 127.19.163.61:40661: connect: Connection refused (error 111)
I20260630 12:28:59.025492 20108 rpc_server.cc:307] RPC server started. Bound to: 127.19.163.61:40661
I20260630 12:28:59.025578 20239 acceptor_pool.cc:272] collecting diagnostics on the listening RPC socket 127.19.163.61:40661 every 8 connection(s)
I20260630 12:28:59.030390 20240 data_dirs.cc:400] Could only allocate 1 dirs of requested 3 for tablet 00000000000000000000000000000000. 1 dirs total, 0 dirs full, 0 dirs failed
I20260630 12:28:59.031009 20108 file_cache.cc:492] Constructed file cache file cache with capacity 419430
I20260630 12:28:59.035821 20240 sys_catalog.cc:422] member_type: VOTER last_known_addr { host: "127.19.163.62" port: 39341 } has no permanent_uuid. Determining permanent_uuid...
W20260630 12:28:59.037204 20242 instance_detector.cc:116] could not retrieve AWS instance metadata: Network error: curl error: HTTP response code said error: The requested URL returned error: 404
W20260630 12:28:59.039021 20243 instance_detector.cc:116] could not retrieve Azure instance metadata: Network error: curl error: HTTP response code said error: The requested URL returned error: 404
W20260630 12:28:59.043938 20246 instance_detector.cc:116] could not retrieve OpenStack instance metadata: Network error: curl error: HTTP response code said error: The requested URL returned error: 404
I20260630 12:28:59.044759 20108 server_base.cc:1061] running on GCE node
I20260630 12:28:59.045454 20108 hybrid_clock.cc:584] initializing the hybrid clock with 'system_unsync' time source
W20260630 12:28:59.045670 20108 system_unsync_time.cc:38] NTP support is disabled. Clock error bounds will not be accurate. This configuration is not suitable for distributed clusters.
I20260630 12:28:59.045871 20108 hybrid_clock.cc:648] HybridClock initialized: now 1782822539045853 us; error 0 us; skew 500 ppm
I20260630 12:28:59.046558 20108 server_base.cc:861] Flag tcmalloc_max_total_thread_cache_bytes is not working since tcmalloc is not enabled.
I20260630 12:28:59.049413 20240 sys_catalog.cc:422] member_type: VOTER last_known_addr { host: "127.19.163.61" port: 40661 } has no permanent_uuid. Determining permanent_uuid...
I20260630 12:28:59.049736 20108 webserver.cc:533] Webserver started at http://127.19.163.60:46505/ using document root <none> and password file <none>
I20260630 12:28:59.050377 20108 fs_manager.cc:362] Metadata directory not provided
I20260630 12:28:59.050587 20108 fs_manager.cc:368] Using write-ahead log directory (fs_wal_dir) as metadata directory
I20260630 12:28:59.050915 20108 server_base.cc:909] This appears to be a new deployment of Kudu; creating new FS layout
I20260630 12:28:59.052323 20108 fs_manager.cc:1068] Generated new instance metadata in path /tmp/dist-test-taskaRE8IO/test-tmp/auto_rebalancer-test.0.AutoRebalancerTest.OnlyLeaderDoesAutoRebalancing.1782822537450210-20108-0/minicluster-data/master-2-root/instance:
uuid: "29fe934a5af7460bb162eec90c8a3ce4"
format_stamp: "Formatted at 2026-06-30 12:28:59 on dist-test-slave-04br"
I20260630 12:28:59.057703 20108 fs_manager.cc:696] Time spent creating directory manager: real 0.005s	user 0.007s	sys 0.000s
I20260630 12:28:59.060813 20240 sys_catalog.cc:422] member_type: VOTER last_known_addr { host: "127.19.163.60" port: 45665 } has no permanent_uuid. Determining permanent_uuid...
I20260630 12:28:59.062356 20252 log_block_manager.cc:4031] Time spent loading block containers with low live blocks: real 0.000s	user 0.000s	sys 0.000s
I20260630 12:28:59.063174 20108 fs_manager.cc:730] Time spent opening block manager: real 0.003s	user 0.000s	sys 0.003s
I20260630 12:28:59.063431 20108 fs_manager.cc:647] Opened local filesystem: /tmp/dist-test-taskaRE8IO/test-tmp/auto_rebalancer-test.0.AutoRebalancerTest.OnlyLeaderDoesAutoRebalancing.1782822537450210-20108-0/minicluster-data/master-2-root
uuid: "29fe934a5af7460bb162eec90c8a3ce4"
format_stamp: "Formatted at 2026-06-30 12:28:59 on dist-test-slave-04br"
I20260630 12:28:59.063702 20108 fs_report.cc:389] FS layout report
--------------------
wal directory: /tmp/dist-test-taskaRE8IO/test-tmp/auto_rebalancer-test.0.AutoRebalancerTest.OnlyLeaderDoesAutoRebalancing.1782822537450210-20108-0/minicluster-data/master-2-root
metadata directory: /tmp/dist-test-taskaRE8IO/test-tmp/auto_rebalancer-test.0.AutoRebalancerTest.OnlyLeaderDoesAutoRebalancing.1782822537450210-20108-0/minicluster-data/master-2-root
1 data directories: /tmp/dist-test-taskaRE8IO/test-tmp/auto_rebalancer-test.0.AutoRebalancerTest.OnlyLeaderDoesAutoRebalancing.1782822537450210-20108-0/minicluster-data/master-2-root/data
Total live blocks: 0
Total live bytes: 0
Total live bytes (after alignment): 0
Total number of LBM containers: 0 (0 full)
Did not check for missing blocks
Did not check for orphaned blocks
Total full LBM containers with extra space: 0 (0 repaired)
Total full LBM container extra space in bytes: 0 (0 repaired)
Total incomplete LBM containers: 0 (0 repaired)
Total LBM partial records: 0 (0 repaired)
Total corrupted LBM metadata records in RocksDB: 0 (0 repaired)
W20260630 12:28:59.072856 20240 consensus_peers.cc:760] Error getting permanent uuid from config peer 127.19.163.60:45665: Network error: Client connection negotiation failed: client connection to 127.19.163.60:45665: connect: Connection refused (error 111)
I20260630 12:28:59.083353 20175 consensus_peers.cc:770] Retrying to get permanent uuid for remote peer: member_type: VOTER last_known_addr { host: "127.19.163.61" port: 40661 } attempt: 2
I20260630 12:28:59.092180 20175 sys_catalog.cc:422] member_type: VOTER last_known_addr { host: "127.19.163.60" port: 45665 } has no permanent_uuid. Determining permanent_uuid...
W20260630 12:28:59.096352 20175 consensus_peers.cc:760] Error getting permanent uuid from config peer 127.19.163.60:45665: Network error: Client connection negotiation failed: client connection to 127.19.163.60:45665: connect: Connection refused (error 111)
I20260630 12:28:59.101902 20108 rpc_server.cc:225] running with OpenSSL 1.1.1  11 Sep 2018
I20260630 12:28:59.103065 20108 kserver.cc:163] Server-wide thread pool size limit: 3276
I20260630 12:28:59.116528 20240 consensus_peers.cc:770] Retrying to get permanent uuid for remote peer: member_type: VOTER last_known_addr { host: "127.19.163.60" port: 45665 } attempt: 1
W20260630 12:28:59.121527 20240 consensus_peers.cc:760] Error getting permanent uuid from config peer 127.19.163.60:45665: Network error: Client connection negotiation failed: client connection to 127.19.163.60:45665: connect: Connection refused (error 111)
I20260630 12:28:59.127743 20175 consensus_peers.cc:770] Retrying to get permanent uuid for remote peer: member_type: VOTER last_known_addr { host: "127.19.163.60" port: 45665 } attempt: 1
W20260630 12:28:59.131533 20175 consensus_peers.cc:760] Error getting permanent uuid from config peer 127.19.163.60:45665: Network error: Client connection negotiation failed: client connection to 127.19.163.60:45665: connect: Connection refused (error 111)
I20260630 12:28:59.167929 20108 rpc_server.cc:307] RPC server started. Bound to: 127.19.163.60:45665
I20260630 12:28:59.168035 20304 acceptor_pool.cc:272] collecting diagnostics on the listening RPC socket 127.19.163.60:45665 every 8 connection(s)
I20260630 12:28:59.171989 20108 internal_mini_cluster.cc:184] Waiting to initialize catalog manager on master 0
I20260630 12:28:59.172063 20305 data_dirs.cc:400] Could only allocate 1 dirs of requested 3 for tablet 00000000000000000000000000000000. 1 dirs total, 0 dirs full, 0 dirs failed
I20260630 12:28:59.177194 20305 sys_catalog.cc:422] member_type: VOTER last_known_addr { host: "127.19.163.62" port: 39341 } has no permanent_uuid. Determining permanent_uuid...
I20260630 12:28:59.187657 20305 sys_catalog.cc:422] member_type: VOTER last_known_addr { host: "127.19.163.61" port: 40661 } has no permanent_uuid. Determining permanent_uuid...
I20260630 12:28:59.195464 20305 sys_catalog.cc:422] member_type: VOTER last_known_addr { host: "127.19.163.60" port: 45665 } has no permanent_uuid. Determining permanent_uuid...
I20260630 12:28:59.196973 20240 consensus_peers.cc:770] Retrying to get permanent uuid for remote peer: member_type: VOTER last_known_addr { host: "127.19.163.60" port: 45665 } attempt: 2
I20260630 12:28:59.198926 20175 consensus_peers.cc:770] Retrying to get permanent uuid for remote peer: member_type: VOTER last_known_addr { host: "127.19.163.60" port: 45665 } attempt: 2
I20260630 12:28:59.216357 20240 tablet_bootstrap.cc:492] T 00000000000000000000000000000000 P ffbd930ec45d43e2b5920a9ca3f54570: Bootstrap starting.
I20260630 12:28:59.216367 20305 tablet_bootstrap.cc:492] T 00000000000000000000000000000000 P 29fe934a5af7460bb162eec90c8a3ce4: Bootstrap starting.
I20260630 12:28:59.219058 20175 tablet_bootstrap.cc:492] T 00000000000000000000000000000000 P 6f75d5d28f914a68a7549d5ca60ca83d: Bootstrap starting.
I20260630 12:28:59.222123 20240 tablet_bootstrap.cc:654] T 00000000000000000000000000000000 P ffbd930ec45d43e2b5920a9ca3f54570: Neither blocks nor log segments found. Creating new log.
I20260630 12:28:59.223826 20305 tablet_bootstrap.cc:654] T 00000000000000000000000000000000 P 29fe934a5af7460bb162eec90c8a3ce4: Neither blocks nor log segments found. Creating new log.
I20260630 12:28:59.223999 20240 log.cc:826] T 00000000000000000000000000000000 P ffbd930ec45d43e2b5920a9ca3f54570: Log is configured to *not* fsync() on all Append() calls
I20260630 12:28:59.225243 20175 tablet_bootstrap.cc:654] T 00000000000000000000000000000000 P 6f75d5d28f914a68a7549d5ca60ca83d: Neither blocks nor log segments found. Creating new log.
I20260630 12:28:59.229565 20240 tablet_bootstrap.cc:492] T 00000000000000000000000000000000 P ffbd930ec45d43e2b5920a9ca3f54570: No bootstrap required, opened a new log
I20260630 12:28:59.231348 20305 tablet_bootstrap.cc:492] T 00000000000000000000000000000000 P 29fe934a5af7460bb162eec90c8a3ce4: No bootstrap required, opened a new log
I20260630 12:28:59.231458 20175 tablet_bootstrap.cc:492] T 00000000000000000000000000000000 P 6f75d5d28f914a68a7549d5ca60ca83d: No bootstrap required, opened a new log
I20260630 12:28:59.248296 20175 raft_consensus.cc:359] T 00000000000000000000000000000000 P 6f75d5d28f914a68a7549d5ca60ca83d [term 0 FOLLOWER]: Replica starting. Triggering 0 pending ops. Active config: opid_index: -1 OBSOLETE_local: false peers { permanent_uuid: "6f75d5d28f914a68a7549d5ca60ca83d" member_type: VOTER last_known_addr { host: "127.19.163.62" port: 39341 } } peers { permanent_uuid: "ffbd930ec45d43e2b5920a9ca3f54570" member_type: VOTER last_known_addr { host: "127.19.163.61" port: 40661 } } peers { permanent_uuid: "29fe934a5af7460bb162eec90c8a3ce4" member_type: VOTER last_known_addr { host: "127.19.163.60" port: 45665 } }
I20260630 12:28:59.248313 20305 raft_consensus.cc:359] T 00000000000000000000000000000000 P 29fe934a5af7460bb162eec90c8a3ce4 [term 0 FOLLOWER]: Replica starting. Triggering 0 pending ops. Active config: opid_index: -1 OBSOLETE_local: false peers { permanent_uuid: "6f75d5d28f914a68a7549d5ca60ca83d" member_type: VOTER last_known_addr { host: "127.19.163.62" port: 39341 } } peers { permanent_uuid: "ffbd930ec45d43e2b5920a9ca3f54570" member_type: VOTER last_known_addr { host: "127.19.163.61" port: 40661 } } peers { permanent_uuid: "29fe934a5af7460bb162eec90c8a3ce4" member_type: VOTER last_known_addr { host: "127.19.163.60" port: 45665 } }
I20260630 12:28:59.248313 20240 raft_consensus.cc:359] T 00000000000000000000000000000000 P ffbd930ec45d43e2b5920a9ca3f54570 [term 0 FOLLOWER]: Replica starting. Triggering 0 pending ops. Active config: opid_index: -1 OBSOLETE_local: false peers { permanent_uuid: "6f75d5d28f914a68a7549d5ca60ca83d" member_type: VOTER last_known_addr { host: "127.19.163.62" port: 39341 } } peers { permanent_uuid: "ffbd930ec45d43e2b5920a9ca3f54570" member_type: VOTER last_known_addr { host: "127.19.163.61" port: 40661 } } peers { permanent_uuid: "29fe934a5af7460bb162eec90c8a3ce4" member_type: VOTER last_known_addr { host: "127.19.163.60" port: 45665 } }
I20260630 12:28:59.248986 20175 raft_consensus.cc:385] T 00000000000000000000000000000000 P 6f75d5d28f914a68a7549d5ca60ca83d [term 0 FOLLOWER]: Consensus starting up: Expiring failure detector timer to make a prompt election more likely
I20260630 12:28:59.249250 20240 raft_consensus.cc:385] T 00000000000000000000000000000000 P ffbd930ec45d43e2b5920a9ca3f54570 [term 0 FOLLOWER]: Consensus starting up: Expiring failure detector timer to make a prompt election more likely
I20260630 12:28:59.249217 20305 raft_consensus.cc:385] T 00000000000000000000000000000000 P 29fe934a5af7460bb162eec90c8a3ce4 [term 0 FOLLOWER]: Consensus starting up: Expiring failure detector timer to make a prompt election more likely
I20260630 12:28:59.249303 20175 raft_consensus.cc:740] T 00000000000000000000000000000000 P 6f75d5d28f914a68a7549d5ca60ca83d [term 0 FOLLOWER]: Becoming Follower/Learner. State: Replica: 6f75d5d28f914a68a7549d5ca60ca83d, State: Initialized, Role: FOLLOWER
I20260630 12:28:59.249624 20240 raft_consensus.cc:740] T 00000000000000000000000000000000 P ffbd930ec45d43e2b5920a9ca3f54570 [term 0 FOLLOWER]: Becoming Follower/Learner. State: Replica: ffbd930ec45d43e2b5920a9ca3f54570, State: Initialized, Role: FOLLOWER
I20260630 12:28:59.249699 20305 raft_consensus.cc:740] T 00000000000000000000000000000000 P 29fe934a5af7460bb162eec90c8a3ce4 [term 0 FOLLOWER]: Becoming Follower/Learner. State: Replica: 29fe934a5af7460bb162eec90c8a3ce4, State: Initialized, Role: FOLLOWER
I20260630 12:28:59.250497 20175 consensus_queue.cc:260] T 00000000000000000000000000000000 P 6f75d5d28f914a68a7549d5ca60ca83d [NON_LEADER]: Queue going to NON_LEADER mode. State: All replicated index: 0, Majority replicated index: 0, Committed index: 0, Last appended: 0.0, Last appended by leader: 0, Current term: 0, Majority size: -1, State: 0, Mode: NON_LEADER, active raft config: opid_index: -1 OBSOLETE_local: false peers { permanent_uuid: "6f75d5d28f914a68a7549d5ca60ca83d" member_type: VOTER last_known_addr { host: "127.19.163.62" port: 39341 } } peers { permanent_uuid: "ffbd930ec45d43e2b5920a9ca3f54570" member_type: VOTER last_known_addr { host: "127.19.163.61" port: 40661 } } peers { permanent_uuid: "29fe934a5af7460bb162eec90c8a3ce4" member_type: VOTER last_known_addr { host: "127.19.163.60" port: 45665 } }
I20260630 12:28:59.250504 20305 consensus_queue.cc:260] T 00000000000000000000000000000000 P 29fe934a5af7460bb162eec90c8a3ce4 [NON_LEADER]: Queue going to NON_LEADER mode. State: All replicated index: 0, Majority replicated index: 0, Committed index: 0, Last appended: 0.0, Last appended by leader: 0, Current term: 0, Majority size: -1, State: 0, Mode: NON_LEADER, active raft config: opid_index: -1 OBSOLETE_local: false peers { permanent_uuid: "6f75d5d28f914a68a7549d5ca60ca83d" member_type: VOTER last_known_addr { host: "127.19.163.62" port: 39341 } } peers { permanent_uuid: "ffbd930ec45d43e2b5920a9ca3f54570" member_type: VOTER last_known_addr { host: "127.19.163.61" port: 40661 } } peers { permanent_uuid: "29fe934a5af7460bb162eec90c8a3ce4" member_type: VOTER last_known_addr { host: "127.19.163.60" port: 45665 } }
I20260630 12:28:59.250507 20240 consensus_queue.cc:260] T 00000000000000000000000000000000 P ffbd930ec45d43e2b5920a9ca3f54570 [NON_LEADER]: Queue going to NON_LEADER mode. State: All replicated index: 0, Majority replicated index: 0, Committed index: 0, Last appended: 0.0, Last appended by leader: 0, Current term: 0, Majority size: -1, State: 0, Mode: NON_LEADER, active raft config: opid_index: -1 OBSOLETE_local: false peers { permanent_uuid: "6f75d5d28f914a68a7549d5ca60ca83d" member_type: VOTER last_known_addr { host: "127.19.163.62" port: 39341 } } peers { permanent_uuid: "ffbd930ec45d43e2b5920a9ca3f54570" member_type: VOTER last_known_addr { host: "127.19.163.61" port: 40661 } } peers { permanent_uuid: "29fe934a5af7460bb162eec90c8a3ce4" member_type: VOTER last_known_addr { host: "127.19.163.60" port: 45665 } }
I20260630 12:28:59.254842 20316 sys_catalog.cc:455] T 00000000000000000000000000000000 P 29fe934a5af7460bb162eec90c8a3ce4 [sys.catalog]: SysCatalogTable state changed. Reason: RaftConsensus started. Latest consensus state: current_term: 0 committed_config { opid_index: -1 OBSOLETE_local: false peers { permanent_uuid: "6f75d5d28f914a68a7549d5ca60ca83d" member_type: VOTER last_known_addr { host: "127.19.163.62" port: 39341 } } peers { permanent_uuid: "ffbd930ec45d43e2b5920a9ca3f54570" member_type: VOTER last_known_addr { host: "127.19.163.61" port: 40661 } } peers { permanent_uuid: "29fe934a5af7460bb162eec90c8a3ce4" member_type: VOTER last_known_addr { host: "127.19.163.60" port: 45665 } } }
I20260630 12:28:59.256421 20316 sys_catalog.cc:458] T 00000000000000000000000000000000 P 29fe934a5af7460bb162eec90c8a3ce4 [sys.catalog]: This master's current role is: FOLLOWER
I20260630 12:28:59.257580 20305 sys_catalog.cc:565] T 00000000000000000000000000000000 P 29fe934a5af7460bb162eec90c8a3ce4 [sys.catalog]: configured and running, proceeding with master startup.
I20260630 12:28:59.257290 20314 sys_catalog.cc:455] T 00000000000000000000000000000000 P 6f75d5d28f914a68a7549d5ca60ca83d [sys.catalog]: SysCatalogTable state changed. Reason: RaftConsensus started. Latest consensus state: current_term: 0 committed_config { opid_index: -1 OBSOLETE_local: false peers { permanent_uuid: "6f75d5d28f914a68a7549d5ca60ca83d" member_type: VOTER last_known_addr { host: "127.19.163.62" port: 39341 } } peers { permanent_uuid: "ffbd930ec45d43e2b5920a9ca3f54570" member_type: VOTER last_known_addr { host: "127.19.163.61" port: 40661 } } peers { permanent_uuid: "29fe934a5af7460bb162eec90c8a3ce4" member_type: VOTER last_known_addr { host: "127.19.163.60" port: 45665 } } }
I20260630 12:28:59.257589 20175 sys_catalog.cc:565] T 00000000000000000000000000000000 P 6f75d5d28f914a68a7549d5ca60ca83d [sys.catalog]: configured and running, proceeding with master startup.
I20260630 12:28:59.258019 20314 sys_catalog.cc:458] T 00000000000000000000000000000000 P 6f75d5d28f914a68a7549d5ca60ca83d [sys.catalog]: This master's current role is: FOLLOWER
I20260630 12:28:59.257917 20240 sys_catalog.cc:565] T 00000000000000000000000000000000 P ffbd930ec45d43e2b5920a9ca3f54570 [sys.catalog]: configured and running, proceeding with master startup.
I20260630 12:28:59.258728 20315 sys_catalog.cc:455] T 00000000000000000000000000000000 P ffbd930ec45d43e2b5920a9ca3f54570 [sys.catalog]: SysCatalogTable state changed. Reason: RaftConsensus started. Latest consensus state: current_term: 0 committed_config { opid_index: -1 OBSOLETE_local: false peers { permanent_uuid: "6f75d5d28f914a68a7549d5ca60ca83d" member_type: VOTER last_known_addr { host: "127.19.163.62" port: 39341 } } peers { permanent_uuid: "ffbd930ec45d43e2b5920a9ca3f54570" member_type: VOTER last_known_addr { host: "127.19.163.61" port: 40661 } } peers { permanent_uuid: "29fe934a5af7460bb162eec90c8a3ce4" member_type: VOTER last_known_addr { host: "127.19.163.60" port: 45665 } } }
I20260630 12:28:59.259476 20315 sys_catalog.cc:458] T 00000000000000000000000000000000 P ffbd930ec45d43e2b5920a9ca3f54570 [sys.catalog]: This master's current role is: FOLLOWER
I20260630 12:28:59.301971 20108 internal_mini_cluster.cc:184] Waiting to initialize catalog manager on master 1
I20260630 12:28:59.302327 20108 internal_mini_cluster.cc:184] Waiting to initialize catalog manager on master 2
I20260630 12:28:59.304198 20108 file_cache.cc:492] Constructed file cache file cache with capacity 419430
W20260630 12:28:59.306368 20346 catalog_manager.cc:1594] T 00000000000000000000000000000000 P 6f75d5d28f914a68a7549d5ca60ca83d: loading cluster ID for follower catalog manager: Not found: cluster ID entry not found
W20260630 12:28:59.306710 20346 catalog_manager.cc:883] Not found: cluster ID entry not found: failed to prepare follower catalog manager, will retry
W20260630 12:28:59.309445 20348 catalog_manager.cc:1594] T 00000000000000000000000000000000 P 29fe934a5af7460bb162eec90c8a3ce4: loading cluster ID for follower catalog manager: Not found: cluster ID entry not found
W20260630 12:28:59.309767 20348 catalog_manager.cc:883] Not found: cluster ID entry not found: failed to prepare follower catalog manager, will retry
W20260630 12:28:59.311848 20349 catalog_manager.cc:1594] T 00000000000000000000000000000000 P ffbd930ec45d43e2b5920a9ca3f54570: loading cluster ID for follower catalog manager: Not found: cluster ID entry not found
W20260630 12:28:59.312165 20349 catalog_manager.cc:883] Not found: cluster ID entry not found: failed to prepare follower catalog manager, will retry
W20260630 12:28:59.315094 20352 instance_detector.cc:116] could not retrieve Azure instance metadata: Network error: curl error: HTTP response code said error: The requested URL returned error: 404
W20260630 12:28:59.315897 20351 instance_detector.cc:116] could not retrieve AWS instance metadata: Network error: curl error: HTTP response code said error: The requested URL returned error: 404
W20260630 12:28:59.318383 20354 instance_detector.cc:116] could not retrieve OpenStack instance metadata: Network error: curl error: HTTP response code said error: The requested URL returned error: 404
I20260630 12:28:59.318572 20108 server_base.cc:1061] running on GCE node
I20260630 12:28:59.319599 20108 hybrid_clock.cc:584] initializing the hybrid clock with 'system_unsync' time source
W20260630 12:28:59.319842 20108 system_unsync_time.cc:38] NTP support is disabled. Clock error bounds will not be accurate. This configuration is not suitable for distributed clusters.
I20260630 12:28:59.320034 20108 hybrid_clock.cc:648] HybridClock initialized: now 1782822539320017 us; error 0 us; skew 500 ppm
I20260630 12:28:59.320681 20108 server_base.cc:861] Flag tcmalloc_max_total_thread_cache_bytes is not working since tcmalloc is not enabled.
I20260630 12:28:59.323320 20108 webserver.cc:533] Webserver started at http://127.19.163.1:42897/ using document root <none> and password file <none>
I20260630 12:28:59.323938 20108 fs_manager.cc:362] Metadata directory not provided
I20260630 12:28:59.324179 20108 fs_manager.cc:368] Using write-ahead log directory (fs_wal_dir) as metadata directory
I20260630 12:28:59.324488 20108 server_base.cc:909] This appears to be a new deployment of Kudu; creating new FS layout
I20260630 12:28:59.325906 20108 fs_manager.cc:1068] Generated new instance metadata in path /tmp/dist-test-taskaRE8IO/test-tmp/auto_rebalancer-test.0.AutoRebalancerTest.OnlyLeaderDoesAutoRebalancing.1782822537450210-20108-0/minicluster-data/ts-0-root/instance:
uuid: "dc4a5971c953498884cc6a57eeb917c6"
format_stamp: "Formatted at 2026-06-30 12:28:59 on dist-test-slave-04br"
W20260630 12:28:59.330756 20129 tablet.cc:2406] T 00000000000000000000000000000000 P 6f75d5d28f914a68a7549d5ca60ca83d: Can't schedule compaction. Clean time has not been advanced past its initial value.
I20260630 12:28:59.331830 20108 fs_manager.cc:696] Time spent creating directory manager: real 0.005s	user 0.005s	sys 0.000s
I20260630 12:28:59.335888 20359 log_block_manager.cc:4031] Time spent loading block containers with low live blocks: real 0.000s	user 0.000s	sys 0.000s
I20260630 12:28:59.336637 20108 fs_manager.cc:730] Time spent opening block manager: real 0.002s	user 0.001s	sys 0.000s
I20260630 12:28:59.336952 20108 fs_manager.cc:647] Opened local filesystem: /tmp/dist-test-taskaRE8IO/test-tmp/auto_rebalancer-test.0.AutoRebalancerTest.OnlyLeaderDoesAutoRebalancing.1782822537450210-20108-0/minicluster-data/ts-0-root
uuid: "dc4a5971c953498884cc6a57eeb917c6"
format_stamp: "Formatted at 2026-06-30 12:28:59 on dist-test-slave-04br"
I20260630 12:28:59.337307 20108 fs_report.cc:389] FS layout report
--------------------
wal directory: /tmp/dist-test-taskaRE8IO/test-tmp/auto_rebalancer-test.0.AutoRebalancerTest.OnlyLeaderDoesAutoRebalancing.1782822537450210-20108-0/minicluster-data/ts-0-root
metadata directory: /tmp/dist-test-taskaRE8IO/test-tmp/auto_rebalancer-test.0.AutoRebalancerTest.OnlyLeaderDoesAutoRebalancing.1782822537450210-20108-0/minicluster-data/ts-0-root
1 data directories: /tmp/dist-test-taskaRE8IO/test-tmp/auto_rebalancer-test.0.AutoRebalancerTest.OnlyLeaderDoesAutoRebalancing.1782822537450210-20108-0/minicluster-data/ts-0-root/data
Total live blocks: 0
Total live bytes: 0
Total live bytes (after alignment): 0
Total number of LBM containers: 0 (0 full)
Did not check for missing blocks
Did not check for orphaned blocks
Total full LBM containers with extra space: 0 (0 repaired)
Total full LBM container extra space in bytes: 0 (0 repaired)
Total incomplete LBM containers: 0 (0 repaired)
Total LBM partial records: 0 (0 repaired)
Total corrupted LBM metadata records in RocksDB: 0 (0 repaired)
I20260630 12:28:59.370977 20108 rpc_server.cc:225] running with OpenSSL 1.1.1  11 Sep 2018
I20260630 12:28:59.372661 20108 kserver.cc:163] Server-wide thread pool size limit: 3276
I20260630 12:28:59.375226 20108 txn_system_client.cc:432] TxnSystemClient initialization is disabled...
I20260630 12:28:59.379966 20108 ts_tablet_manager.cc:585] Loaded tablet metadata (0 total tablets, 0 live tablets)
I20260630 12:28:59.380271 20108 ts_tablet_manager.cc:531] Time spent load tablet metadata: real 0.000s	user 0.000s	sys 0.000s
I20260630 12:28:59.380554 20108 ts_tablet_manager.cc:616] Registered 0 tablets
I20260630 12:28:59.380762 20108 ts_tablet_manager.cc:595] Time spent register tablets: real 0.000s	user 0.000s	sys 0.000s
I20260630 12:28:59.464773 20108 rpc_server.cc:307] RPC server started. Bound to: 127.19.163.1:38999
I20260630 12:28:59.464818 20421 acceptor_pool.cc:272] collecting diagnostics on the listening RPC socket 127.19.163.1:38999 every 8 connection(s)
I20260630 12:28:59.487607 20422 heartbeater.cc:344] Connected to a master server at 127.19.163.60:45665
I20260630 12:28:59.488041 20422 heartbeater.cc:461] Registering TS with master...
I20260630 12:28:59.489336 20422 heartbeater.cc:507] Master 127.19.163.60:45665 requested a full tablet report, sending...
I20260630 12:28:59.493325 20270 ts_manager.cc:194] Registered new tserver with Master: dc4a5971c953498884cc6a57eeb917c6 (127.19.163.1:38999)
I20260630 12:28:59.507861 20108 file_cache.cc:492] Constructed file cache file cache with capacity 419430
I20260630 12:28:59.508342 20423 heartbeater.cc:344] Connected to a master server at 127.19.163.61:40661
I20260630 12:28:59.508721 20423 heartbeater.cc:461] Registering TS with master...
I20260630 12:28:59.509651 20423 heartbeater.cc:507] Master 127.19.163.61:40661 requested a full tablet report, sending...
I20260630 12:28:59.512697 20205 ts_manager.cc:194] Registered new tserver with Master: dc4a5971c953498884cc6a57eeb917c6 (127.19.163.1:38999)
I20260630 12:28:59.526499 20424 heartbeater.cc:344] Connected to a master server at 127.19.163.62:39341
I20260630 12:28:59.526944 20424 heartbeater.cc:461] Registering TS with master...
W20260630 12:28:59.521906 20428 instance_detector.cc:116] could not retrieve AWS instance metadata: Network error: curl error: HTTP response code said error: The requested URL returned error: 404
I20260630 12:28:59.528214 20424 heartbeater.cc:507] Master 127.19.163.62:39341 requested a full tablet report, sending...
I20260630 12:28:59.531840 20140 ts_manager.cc:194] Registered new tserver with Master: dc4a5971c953498884cc6a57eeb917c6 (127.19.163.1:38999)
W20260630 12:28:59.533656 20429 instance_detector.cc:116] could not retrieve Azure instance metadata: Network error: curl error: HTTP response code said error: The requested URL returned error: 404
W20260630 12:28:59.536446 20431 instance_detector.cc:116] could not retrieve OpenStack instance metadata: Network error: curl error: HTTP response code said error: The requested URL returned error: 404
I20260630 12:28:59.537086 20108 server_base.cc:1061] running on GCE node
I20260630 12:28:59.538044 20108 hybrid_clock.cc:584] initializing the hybrid clock with 'system_unsync' time source
W20260630 12:28:59.538316 20108 system_unsync_time.cc:38] NTP support is disabled. Clock error bounds will not be accurate. This configuration is not suitable for distributed clusters.
I20260630 12:28:59.538512 20108 hybrid_clock.cc:648] HybridClock initialized: now 1782822539538495 us; error 0 us; skew 500 ppm
I20260630 12:28:59.539146 20108 server_base.cc:861] Flag tcmalloc_max_total_thread_cache_bytes is not working since tcmalloc is not enabled.
I20260630 12:28:59.541810 20108 webserver.cc:533] Webserver started at http://127.19.163.2:40689/ using document root <none> and password file <none>
I20260630 12:28:59.542443 20108 fs_manager.cc:362] Metadata directory not provided
I20260630 12:28:59.542670 20108 fs_manager.cc:368] Using write-ahead log directory (fs_wal_dir) as metadata directory
I20260630 12:28:59.542966 20108 server_base.cc:909] This appears to be a new deployment of Kudu; creating new FS layout
I20260630 12:28:59.544284 20108 fs_manager.cc:1068] Generated new instance metadata in path /tmp/dist-test-taskaRE8IO/test-tmp/auto_rebalancer-test.0.AutoRebalancerTest.OnlyLeaderDoesAutoRebalancing.1782822537450210-20108-0/minicluster-data/ts-1-root/instance:
uuid: "051a90c9a0eb42bd89d1cd5c0ee9a0fd"
format_stamp: "Formatted at 2026-06-30 12:28:59 on dist-test-slave-04br"
I20260630 12:28:59.549643 20108 fs_manager.cc:696] Time spent creating directory manager: real 0.005s	user 0.007s	sys 0.000s
I20260630 12:28:59.553399 20436 log_block_manager.cc:4031] Time spent loading block containers with low live blocks: real 0.000s	user 0.000s	sys 0.000s
I20260630 12:28:59.554181 20108 fs_manager.cc:730] Time spent opening block manager: real 0.002s	user 0.003s	sys 0.000s
I20260630 12:28:59.554490 20108 fs_manager.cc:647] Opened local filesystem: /tmp/dist-test-taskaRE8IO/test-tmp/auto_rebalancer-test.0.AutoRebalancerTest.OnlyLeaderDoesAutoRebalancing.1782822537450210-20108-0/minicluster-data/ts-1-root
uuid: "051a90c9a0eb42bd89d1cd5c0ee9a0fd"
format_stamp: "Formatted at 2026-06-30 12:28:59 on dist-test-slave-04br"
I20260630 12:28:59.554817 20108 fs_report.cc:389] FS layout report
--------------------
wal directory: /tmp/dist-test-taskaRE8IO/test-tmp/auto_rebalancer-test.0.AutoRebalancerTest.OnlyLeaderDoesAutoRebalancing.1782822537450210-20108-0/minicluster-data/ts-1-root
metadata directory: /tmp/dist-test-taskaRE8IO/test-tmp/auto_rebalancer-test.0.AutoRebalancerTest.OnlyLeaderDoesAutoRebalancing.1782822537450210-20108-0/minicluster-data/ts-1-root
1 data directories: /tmp/dist-test-taskaRE8IO/test-tmp/auto_rebalancer-test.0.AutoRebalancerTest.OnlyLeaderDoesAutoRebalancing.1782822537450210-20108-0/minicluster-data/ts-1-root/data
Total live blocks: 0
Total live bytes: 0
Total live bytes (after alignment): 0
Total number of LBM containers: 0 (0 full)
Did not check for missing blocks
Did not check for orphaned blocks
Total full LBM containers with extra space: 0 (0 repaired)
Total full LBM container extra space in bytes: 0 (0 repaired)
Total incomplete LBM containers: 0 (0 repaired)
Total LBM partial records: 0 (0 repaired)
Total corrupted LBM metadata records in RocksDB: 0 (0 repaired)
I20260630 12:28:59.575258 20315 raft_consensus.cc:493] T 00000000000000000000000000000000 P ffbd930ec45d43e2b5920a9ca3f54570 [term 0 FOLLOWER]: Starting pre-election (no leader contacted us within the election timeout)
I20260630 12:28:59.575765 20315 raft_consensus.cc:515] T 00000000000000000000000000000000 P ffbd930ec45d43e2b5920a9ca3f54570 [term 0 FOLLOWER]: Starting pre-election with config: opid_index: -1 OBSOLETE_local: false peers { permanent_uuid: "6f75d5d28f914a68a7549d5ca60ca83d" member_type: VOTER last_known_addr { host: "127.19.163.62" port: 39341 } } peers { permanent_uuid: "ffbd930ec45d43e2b5920a9ca3f54570" member_type: VOTER last_known_addr { host: "127.19.163.61" port: 40661 } } peers { permanent_uuid: "29fe934a5af7460bb162eec90c8a3ce4" member_type: VOTER last_known_addr { host: "127.19.163.60" port: 45665 } }
I20260630 12:28:59.577930 20315 leader_election.cc:290] T 00000000000000000000000000000000 P ffbd930ec45d43e2b5920a9ca3f54570 [CANDIDATE]: Term 1 pre-election: Requested pre-vote from peers 6f75d5d28f914a68a7549d5ca60ca83d (127.19.163.62:39341), 29fe934a5af7460bb162eec90c8a3ce4 (127.19.163.60:45665)
I20260630 12:28:59.578858 20150 tablet_service.cc:1917] Received RequestConsensusVote() RPC: tablet_id: "00000000000000000000000000000000" candidate_uuid: "ffbd930ec45d43e2b5920a9ca3f54570" candidate_term: 1 candidate_status { last_received { term: 0 index: 0 } } ignore_live_leader: false dest_uuid: "6f75d5d28f914a68a7549d5ca60ca83d" is_pre_election: true
I20260630 12:28:59.579629 20150 raft_consensus.cc:2468] T 00000000000000000000000000000000 P 6f75d5d28f914a68a7549d5ca60ca83d [term 0 FOLLOWER]: Leader pre-election vote request: Granting yes vote for candidate ffbd930ec45d43e2b5920a9ca3f54570 in term 0.
I20260630 12:28:59.579608 20280 tablet_service.cc:1917] Received RequestConsensusVote() RPC: tablet_id: "00000000000000000000000000000000" candidate_uuid: "ffbd930ec45d43e2b5920a9ca3f54570" candidate_term: 1 candidate_status { last_received { term: 0 index: 0 } } ignore_live_leader: false dest_uuid: "29fe934a5af7460bb162eec90c8a3ce4" is_pre_election: true
I20260630 12:28:59.580363 20280 raft_consensus.cc:2468] T 00000000000000000000000000000000 P 29fe934a5af7460bb162eec90c8a3ce4 [term 0 FOLLOWER]: Leader pre-election vote request: Granting yes vote for candidate ffbd930ec45d43e2b5920a9ca3f54570 in term 0.
I20260630 12:28:59.581333 20190 leader_election.cc:304] T 00000000000000000000000000000000 P ffbd930ec45d43e2b5920a9ca3f54570 [CANDIDATE]: Term 1 pre-election: Election decided. Result: candidate won. Election summary: received 2 responses out of 3 voters: 2 yes votes; 0 no votes. yes voters: 6f75d5d28f914a68a7549d5ca60ca83d, ffbd930ec45d43e2b5920a9ca3f54570; no voters: 
I20260630 12:28:59.582247 20315 raft_consensus.cc:2804] T 00000000000000000000000000000000 P ffbd930ec45d43e2b5920a9ca3f54570 [term 0 FOLLOWER]: Leader pre-election won for term 1
I20260630 12:28:59.582608 20315 raft_consensus.cc:493] T 00000000000000000000000000000000 P ffbd930ec45d43e2b5920a9ca3f54570 [term 0 FOLLOWER]: Starting leader election (no leader contacted us within the election timeout)
I20260630 12:28:59.583258 20315 raft_consensus.cc:3060] T 00000000000000000000000000000000 P ffbd930ec45d43e2b5920a9ca3f54570 [term 0 FOLLOWER]: Advancing to term 1
I20260630 12:28:59.586012 20108 rpc_server.cc:225] running with OpenSSL 1.1.1  11 Sep 2018
I20260630 12:28:59.587844 20108 kserver.cc:163] Server-wide thread pool size limit: 3276
I20260630 12:28:59.589648 20108 txn_system_client.cc:432] TxnSystemClient initialization is disabled...
I20260630 12:28:59.590519 20315 raft_consensus.cc:515] T 00000000000000000000000000000000 P ffbd930ec45d43e2b5920a9ca3f54570 [term 1 FOLLOWER]: Starting leader election with config: opid_index: -1 OBSOLETE_local: false peers { permanent_uuid: "6f75d5d28f914a68a7549d5ca60ca83d" member_type: VOTER last_known_addr { host: "127.19.163.62" port: 39341 } } peers { permanent_uuid: "ffbd930ec45d43e2b5920a9ca3f54570" member_type: VOTER last_known_addr { host: "127.19.163.61" port: 40661 } } peers { permanent_uuid: "29fe934a5af7460bb162eec90c8a3ce4" member_type: VOTER last_known_addr { host: "127.19.163.60" port: 45665 } }
I20260630 12:28:59.592772 20150 tablet_service.cc:1917] Received RequestConsensusVote() RPC: tablet_id: "00000000000000000000000000000000" candidate_uuid: "ffbd930ec45d43e2b5920a9ca3f54570" candidate_term: 1 candidate_status { last_received { term: 0 index: 0 } } ignore_live_leader: false dest_uuid: "6f75d5d28f914a68a7549d5ca60ca83d"
I20260630 12:28:59.593015 20280 tablet_service.cc:1917] Received RequestConsensusVote() RPC: tablet_id: "00000000000000000000000000000000" candidate_uuid: "ffbd930ec45d43e2b5920a9ca3f54570" candidate_term: 1 candidate_status { last_received { term: 0 index: 0 } } ignore_live_leader: false dest_uuid: "29fe934a5af7460bb162eec90c8a3ce4"
I20260630 12:28:59.593312 20150 raft_consensus.cc:3060] T 00000000000000000000000000000000 P 6f75d5d28f914a68a7549d5ca60ca83d [term 0 FOLLOWER]: Advancing to term 1
I20260630 12:28:59.593487 20280 raft_consensus.cc:3060] T 00000000000000000000000000000000 P 29fe934a5af7460bb162eec90c8a3ce4 [term 0 FOLLOWER]: Advancing to term 1
I20260630 12:28:59.594772 20315 leader_election.cc:290] T 00000000000000000000000000000000 P ffbd930ec45d43e2b5920a9ca3f54570 [CANDIDATE]: Term 1 election: Requested vote from peers 6f75d5d28f914a68a7549d5ca60ca83d (127.19.163.62:39341), 29fe934a5af7460bb162eec90c8a3ce4 (127.19.163.60:45665)
I20260630 12:28:59.599123 20108 ts_tablet_manager.cc:585] Loaded tablet metadata (0 total tablets, 0 live tablets)
I20260630 12:28:59.599409 20108 ts_tablet_manager.cc:531] Time spent load tablet metadata: real 0.000s	user 0.000s	sys 0.000s
I20260630 12:28:59.599692 20108 ts_tablet_manager.cc:616] Registered 0 tablets
I20260630 12:28:59.599895 20108 ts_tablet_manager.cc:595] Time spent register tablets: real 0.000s	user 0.000s	sys 0.000s
I20260630 12:28:59.600009 20150 raft_consensus.cc:2468] T 00000000000000000000000000000000 P 6f75d5d28f914a68a7549d5ca60ca83d [term 1 FOLLOWER]: Leader election vote request: Granting yes vote for candidate ffbd930ec45d43e2b5920a9ca3f54570 in term 1.
I20260630 12:28:59.600579 20280 raft_consensus.cc:2468] T 00000000000000000000000000000000 P 29fe934a5af7460bb162eec90c8a3ce4 [term 1 FOLLOWER]: Leader election vote request: Granting yes vote for candidate ffbd930ec45d43e2b5920a9ca3f54570 in term 1.
I20260630 12:28:59.601174 20190 leader_election.cc:304] T 00000000000000000000000000000000 P ffbd930ec45d43e2b5920a9ca3f54570 [CANDIDATE]: Term 1 election: Election decided. Result: candidate won. Election summary: received 2 responses out of 3 voters: 2 yes votes; 0 no votes. yes voters: 6f75d5d28f914a68a7549d5ca60ca83d, ffbd930ec45d43e2b5920a9ca3f54570; no voters: 
I20260630 12:28:59.602277 20315 raft_consensus.cc:2804] T 00000000000000000000000000000000 P ffbd930ec45d43e2b5920a9ca3f54570 [term 1 FOLLOWER]: Leader election won for term 1
I20260630 12:28:59.604195 20315 raft_consensus.cc:697] T 00000000000000000000000000000000 P ffbd930ec45d43e2b5920a9ca3f54570 [term 1 LEADER]: Becoming Leader. State: Replica: ffbd930ec45d43e2b5920a9ca3f54570, State: Running, Role: LEADER
