format_stamp: "Formatted at 2026-06-30 12:29:13 on dist-test-slave-wjf0"
I20260630 12:29:13.151787 27097 fs_report.cc:389] FS layout report
--------------------
wal directory: /tmp/dist-test-taskiJ3hu0/test-tmp/auto_rebalancer-test.0.AutoRebalancerTest.NextLeaderResumesAutoRebalancing.1782822534112507-27097-0/minicluster-data/master-0-root
metadata directory: /tmp/dist-test-taskiJ3hu0/test-tmp/auto_rebalancer-test.0.AutoRebalancerTest.NextLeaderResumesAutoRebalancing.1782822534112507-27097-0/minicluster-data/master-0-root
1 data directories: /tmp/dist-test-taskiJ3hu0/test-tmp/auto_rebalancer-test.0.AutoRebalancerTest.NextLeaderResumesAutoRebalancing.1782822534112507-27097-0/minicluster-data/master-0-root/data
Total live blocks: 0
Total live bytes: 0
Total live bytes (after alignment): 0
Total number of LBM containers: 0 (0 full)
Did not check for missing blocks
Did not check for orphaned blocks
Total full LBM containers with extra space: 0 (0 repaired)
Total full LBM container extra space in bytes: 0 (0 repaired)
Total incomplete LBM containers: 0 (0 repaired)
Total LBM partial records: 0 (0 repaired)
Total corrupted LBM metadata records in RocksDB: 0 (0 repaired)
I20260630 12:29:13.174017 27097 rpc_server.cc:225] running with OpenSSL 1.1.1  11 Sep 2018
I20260630 12:29:13.175063 27097 kserver.cc:163] Server-wide thread pool size limit: 3276
I20260630 12:29:13.210029 27097 rpc_server.cc:307] RPC server started. Bound to: 127.26.118.126:40113
I20260630 12:29:13.210117 28215 acceptor_pool.cc:272] collecting diagnostics on the listening RPC socket 127.26.118.126:40113 every 8 connection(s)
I20260630 12:29:13.214058 28216 data_dirs.cc:400] Could only allocate 1 dirs of requested 3 for tablet 00000000000000000000000000000000. 1 dirs total, 0 dirs full, 0 dirs failed
I20260630 12:29:13.214293 27097 file_cache.cc:492] Constructed file cache file cache with capacity 419430
W20260630 12:29:13.219480 28218 instance_detector.cc:116] could not retrieve AWS instance metadata: Network error: curl error: HTTP response code said error: The requested URL returned error: 404
W20260630 12:29:13.219974 28219 instance_detector.cc:116] could not retrieve Azure instance metadata: Network error: curl error: HTTP response code said error: The requested URL returned error: 404
I20260630 12:29:13.221073 28216 sys_catalog.cc:422] member_type: VOTER last_known_addr { host: "127.26.118.126" port: 40113 } has no permanent_uuid. Determining permanent_uuid...
I20260630 12:29:13.222437 27097 server_base.cc:1061] running on GCE node
W20260630 12:29:13.223158 28222 instance_detector.cc:116] could not retrieve OpenStack instance metadata: Network error: curl error: HTTP response code said error: The requested URL returned error: 404
I20260630 12:29:13.224201 27097 hybrid_clock.cc:584] initializing the hybrid clock with 'system_unsync' time source
W20260630 12:29:13.224478 27097 system_unsync_time.cc:38] NTP support is disabled. Clock error bounds will not be accurate. This configuration is not suitable for distributed clusters.
I20260630 12:29:13.224743 27097 hybrid_clock.cc:648] HybridClock initialized: now 1782822553224722 us; error 0 us; skew 500 ppm
I20260630 12:29:13.225378 27097 server_base.cc:861] Flag tcmalloc_max_total_thread_cache_bytes is not working since tcmalloc is not enabled.
I20260630 12:29:13.228093 27097 webserver.cc:533] Webserver started at http://127.26.118.125:42569/ using document root <none> and password file <none>
I20260630 12:29:13.228544 27097 fs_manager.cc:362] Metadata directory not provided
I20260630 12:29:13.228725 27097 fs_manager.cc:368] Using write-ahead log directory (fs_wal_dir) as metadata directory
I20260630 12:29:13.228984 27097 server_base.cc:909] This appears to be a new deployment of Kudu; creating new FS layout
I20260630 12:29:13.230254 27097 fs_manager.cc:1068] Generated new instance metadata in path /tmp/dist-test-taskiJ3hu0/test-tmp/auto_rebalancer-test.0.AutoRebalancerTest.NextLeaderResumesAutoRebalancing.1782822534112507-27097-0/minicluster-data/master-1-root/instance:
uuid: "05d8c79c6fb4405da3a4f3ba981f5b98"
format_stamp: "Formatted at 2026-06-30 12:29:13 on dist-test-slave-wjf0"
I20260630 12:29:13.234702 28216 sys_catalog.cc:422] member_type: VOTER last_known_addr { host: "127.26.118.125" port: 40291 } has no permanent_uuid. Determining permanent_uuid...
I20260630 12:29:13.235603 27097 fs_manager.cc:696] Time spent creating directory manager: real 0.005s	user 0.006s	sys 0.000s
I20260630 12:29:13.239985 28229 log_block_manager.cc:4031] Time spent loading block containers with low live blocks: real 0.000s	user 0.000s	sys 0.000s
W20260630 12:29:13.240743 28216 consensus_peers.cc:760] Error getting permanent uuid from config peer 127.26.118.125:40291: Network error: Client connection negotiation failed: client connection to 127.26.118.125:40291: connect: Connection refused (error 111)
I20260630 12:29:13.240823 27097 fs_manager.cc:730] Time spent opening block manager: real 0.003s	user 0.002s	sys 0.000s
I20260630 12:29:13.241214 27097 fs_manager.cc:647] Opened local filesystem: /tmp/dist-test-taskiJ3hu0/test-tmp/auto_rebalancer-test.0.AutoRebalancerTest.NextLeaderResumesAutoRebalancing.1782822534112507-27097-0/minicluster-data/master-1-root
uuid: "05d8c79c6fb4405da3a4f3ba981f5b98"
format_stamp: "Formatted at 2026-06-30 12:29:13 on dist-test-slave-wjf0"
I20260630 12:29:13.241503 27097 fs_report.cc:389] FS layout report
--------------------
wal directory: /tmp/dist-test-taskiJ3hu0/test-tmp/auto_rebalancer-test.0.AutoRebalancerTest.NextLeaderResumesAutoRebalancing.1782822534112507-27097-0/minicluster-data/master-1-root
metadata directory: /tmp/dist-test-taskiJ3hu0/test-tmp/auto_rebalancer-test.0.AutoRebalancerTest.NextLeaderResumesAutoRebalancing.1782822534112507-27097-0/minicluster-data/master-1-root
1 data directories: /tmp/dist-test-taskiJ3hu0/test-tmp/auto_rebalancer-test.0.AutoRebalancerTest.NextLeaderResumesAutoRebalancing.1782822534112507-27097-0/minicluster-data/master-1-root/data
Total live blocks: 0
Total live bytes: 0
Total live bytes (after alignment): 0
Total number of LBM containers: 0 (0 full)
Did not check for missing blocks
Did not check for orphaned blocks
Total full LBM containers with extra space: 0 (0 repaired)
Total full LBM container extra space in bytes: 0 (0 repaired)
Total incomplete LBM containers: 0 (0 repaired)
Total LBM partial records: 0 (0 repaired)
Total corrupted LBM metadata records in RocksDB: 0 (0 repaired)
I20260630 12:29:13.251451 27097 rpc_server.cc:225] running with OpenSSL 1.1.1  11 Sep 2018
I20260630 12:29:13.252456 27097 kserver.cc:163] Server-wide thread pool size limit: 3276
I20260630 12:29:13.278173 28216 consensus_peers.cc:770] Retrying to get permanent uuid for remote peer: member_type: VOTER last_known_addr { host: "127.26.118.125" port: 40291 } attempt: 1
W20260630 12:29:13.282846 28216 consensus_peers.cc:760] Error getting permanent uuid from config peer 127.26.118.125:40291: Network error: Client connection negotiation failed: client connection to 127.26.118.125:40291: connect: Connection refused (error 111)
I20260630 12:29:13.288887 27097 rpc_server.cc:307] RPC server started. Bound to: 127.26.118.125:40291
I20260630 12:29:13.288978 28280 acceptor_pool.cc:272] collecting diagnostics on the listening RPC socket 127.26.118.125:40291 every 8 connection(s)
I20260630 12:29:13.292451 27097 file_cache.cc:492] Constructed file cache file cache with capacity 419430
I20260630 12:29:13.292711 28281 data_dirs.cc:400] Could only allocate 1 dirs of requested 3 for tablet 00000000000000000000000000000000. 1 dirs total, 0 dirs full, 0 dirs failed
W20260630 12:29:13.297842 28283 instance_detector.cc:116] could not retrieve AWS instance metadata: Network error: curl error: HTTP response code said error: The requested URL returned error: 404
W20260630 12:29:13.297997 28284 instance_detector.cc:116] could not retrieve Azure instance metadata: Network error: curl error: HTTP response code said error: The requested URL returned error: 404
I20260630 12:29:13.299901 28281 sys_catalog.cc:422] member_type: VOTER last_known_addr { host: "127.26.118.126" port: 40113 } has no permanent_uuid. Determining permanent_uuid...
W20260630 12:29:13.301384 28286 instance_detector.cc:116] could not retrieve OpenStack instance metadata: Network error: curl error: HTTP response code said error: The requested URL returned error: 404
I20260630 12:29:13.302589 27097 server_base.cc:1061] running on GCE node
I20260630 12:29:13.303527 27097 hybrid_clock.cc:584] initializing the hybrid clock with 'system_unsync' time source
W20260630 12:29:13.303741 27097 system_unsync_time.cc:38] NTP support is disabled. Clock error bounds will not be accurate. This configuration is not suitable for distributed clusters.
I20260630 12:29:13.303915 27097 hybrid_clock.cc:648] HybridClock initialized: now 1782822553303898 us; error 0 us; skew 500 ppm
I20260630 12:29:13.304500 27097 server_base.cc:861] Flag tcmalloc_max_total_thread_cache_bytes is not working since tcmalloc is not enabled.
I20260630 12:29:13.307082 27097 webserver.cc:533] Webserver started at http://127.26.118.124:36003/ using document root <none> and password file <none>
I20260630 12:29:13.307673 27097 fs_manager.cc:362] Metadata directory not provided
I20260630 12:29:13.307883 27097 fs_manager.cc:368] Using write-ahead log directory (fs_wal_dir) as metadata directory
I20260630 12:29:13.308168 27097 server_base.cc:909] This appears to be a new deployment of Kudu; creating new FS layout
I20260630 12:29:13.309405 27097 fs_manager.cc:1068] Generated new instance metadata in path /tmp/dist-test-taskiJ3hu0/test-tmp/auto_rebalancer-test.0.AutoRebalancerTest.NextLeaderResumesAutoRebalancing.1782822534112507-27097-0/minicluster-data/master-2-root/instance:
uuid: "0adcb6d5f3bd4204b50befab6ed7c2b8"
format_stamp: "Formatted at 2026-06-30 12:29:13 on dist-test-slave-wjf0"
I20260630 12:29:13.312340 28281 sys_catalog.cc:422] member_type: VOTER last_known_addr { host: "127.26.118.125" port: 40291 } has no permanent_uuid. Determining permanent_uuid...
I20260630 12:29:13.320990 27097 fs_manager.cc:696] Time spent creating directory manager: real 0.011s	user 0.010s	sys 0.001s
I20260630 12:29:13.322418 28216 consensus_peers.cc:770] Retrying to get permanent uuid for remote peer: member_type: VOTER last_known_addr { host: "127.26.118.125" port: 40291 } attempt: 2
I20260630 12:29:13.325975 28293 log_block_manager.cc:4031] Time spent loading block containers with low live blocks: real 0.000s	user 0.000s	sys 0.000s
I20260630 12:29:13.327481 27097 fs_manager.cc:730] Time spent opening block manager: real 0.005s	user 0.002s	sys 0.003s
I20260630 12:29:13.327821 27097 fs_manager.cc:647] Opened local filesystem: /tmp/dist-test-taskiJ3hu0/test-tmp/auto_rebalancer-test.0.AutoRebalancerTest.NextLeaderResumesAutoRebalancing.1782822534112507-27097-0/minicluster-data/master-2-root
uuid: "0adcb6d5f3bd4204b50befab6ed7c2b8"
format_stamp: "Formatted at 2026-06-30 12:29:13 on dist-test-slave-wjf0"
I20260630 12:29:13.328153 27097 fs_report.cc:389] FS layout report
--------------------
wal directory: /tmp/dist-test-taskiJ3hu0/test-tmp/auto_rebalancer-test.0.AutoRebalancerTest.NextLeaderResumesAutoRebalancing.1782822534112507-27097-0/minicluster-data/master-2-root
metadata directory: /tmp/dist-test-taskiJ3hu0/test-tmp/auto_rebalancer-test.0.AutoRebalancerTest.NextLeaderResumesAutoRebalancing.1782822534112507-27097-0/minicluster-data/master-2-root
1 data directories: /tmp/dist-test-taskiJ3hu0/test-tmp/auto_rebalancer-test.0.AutoRebalancerTest.NextLeaderResumesAutoRebalancing.1782822534112507-27097-0/minicluster-data/master-2-root/data
Total live blocks: 0
Total live bytes: 0
Total live bytes (after alignment): 0
Total number of LBM containers: 0 (0 full)
Did not check for missing blocks
Did not check for orphaned blocks
Total full LBM containers with extra space: 0 (0 repaired)
Total full LBM container extra space in bytes: 0 (0 repaired)
Total incomplete LBM containers: 0 (0 repaired)
Total LBM partial records: 0 (0 repaired)
Total corrupted LBM metadata records in RocksDB: 0 (0 repaired)
I20260630 12:29:13.328438 28281 sys_catalog.cc:422] member_type: VOTER last_known_addr { host: "127.26.118.124" port: 33421 } has no permanent_uuid. Determining permanent_uuid...
W20260630 12:29:13.337105 28281 consensus_peers.cc:760] Error getting permanent uuid from config peer 127.26.118.124:33421: Network error: Client connection negotiation failed: client connection to 127.26.118.124:33421: connect: Connection refused (error 111)
I20260630 12:29:13.338214 28216 sys_catalog.cc:422] member_type: VOTER last_known_addr { host: "127.26.118.124" port: 33421 } has no permanent_uuid. Determining permanent_uuid...
W20260630 12:29:13.342497 28216 consensus_peers.cc:760] Error getting permanent uuid from config peer 127.26.118.124:33421: Network error: Client connection negotiation failed: client connection to 127.26.118.124:33421: connect: Connection refused (error 111)
I20260630 12:29:13.350286 27097 rpc_server.cc:225] running with OpenSSL 1.1.1  11 Sep 2018
I20260630 12:29:13.351287 27097 kserver.cc:163] Server-wide thread pool size limit: 3276
I20260630 12:29:13.356576 28281 consensus_peers.cc:770] Retrying to get permanent uuid for remote peer: member_type: VOTER last_known_addr { host: "127.26.118.124" port: 33421 } attempt: 1
W20260630 12:29:13.361011 28281 consensus_peers.cc:760] Error getting permanent uuid from config peer 127.26.118.124:33421: Network error: Client connection negotiation failed: client connection to 127.26.118.124:33421: connect: Connection refused (error 111)
I20260630 12:29:13.387056 27097 rpc_server.cc:307] RPC server started. Bound to: 127.26.118.124:33421
I20260630 12:29:13.387141 28346 acceptor_pool.cc:272] collecting diagnostics on the listening RPC socket 127.26.118.124:33421 every 8 connection(s)
I20260630 12:29:13.387931 28216 consensus_peers.cc:770] Retrying to get permanent uuid for remote peer: member_type: VOTER last_known_addr { host: "127.26.118.124" port: 33421 } attempt: 1
I20260630 12:29:13.391002 27097 internal_mini_cluster.cc:184] Waiting to initialize catalog manager on master 0
I20260630 12:29:13.391415 28347 data_dirs.cc:400] Could only allocate 1 dirs of requested 3 for tablet 00000000000000000000000000000000. 1 dirs total, 0 dirs full, 0 dirs failed
I20260630 12:29:13.398944 28347 sys_catalog.cc:422] member_type: VOTER last_known_addr { host: "127.26.118.126" port: 40113 } has no permanent_uuid. Determining permanent_uuid...
I20260630 12:29:13.408066 28216 tablet_bootstrap.cc:492] T 00000000000000000000000000000000 P 3f6e3581f78d4f4981c0e99626b32f92: Bootstrap starting.
I20260630 12:29:13.409811 28347 sys_catalog.cc:422] member_type: VOTER last_known_addr { host: "127.26.118.125" port: 40291 } has no permanent_uuid. Determining permanent_uuid...
I20260630 12:29:13.412873 28216 tablet_bootstrap.cc:654] T 00000000000000000000000000000000 P 3f6e3581f78d4f4981c0e99626b32f92: Neither blocks nor log segments found. Creating new log.
I20260630 12:29:13.416893 28216 tablet_bootstrap.cc:492] T 00000000000000000000000000000000 P 3f6e3581f78d4f4981c0e99626b32f92: No bootstrap required, opened a new log
I20260630 12:29:13.419102 28216 raft_consensus.cc:359] T 00000000000000000000000000000000 P 3f6e3581f78d4f4981c0e99626b32f92 [term 0 FOLLOWER]: Replica starting. Triggering 0 pending ops. Active config: opid_index: -1 OBSOLETE_local: false peers { permanent_uuid: "3f6e3581f78d4f4981c0e99626b32f92" member_type: VOTER last_known_addr { host: "127.26.118.126" port: 40113 } } peers { permanent_uuid: "05d8c79c6fb4405da3a4f3ba981f5b98" member_type: VOTER last_known_addr { host: "127.26.118.125" port: 40291 } } peers { permanent_uuid: "0adcb6d5f3bd4204b50befab6ed7c2b8" member_type: VOTER last_known_addr { host: "127.26.118.124" port: 33421 } }
I20260630 12:29:13.419450 28347 sys_catalog.cc:422] member_type: VOTER last_known_addr { host: "127.26.118.124" port: 33421 } has no permanent_uuid. Determining permanent_uuid...
I20260630 12:29:13.419713 28216 raft_consensus.cc:385] T 00000000000000000000000000000000 P 3f6e3581f78d4f4981c0e99626b32f92 [term 0 FOLLOWER]: Consensus starting up: Expiring failure detector timer to make a prompt election more likely
I20260630 12:29:13.420022 28216 raft_consensus.cc:740] T 00000000000000000000000000000000 P 3f6e3581f78d4f4981c0e99626b32f92 [term 0 FOLLOWER]: Becoming Follower/Learner. State: Replica: 3f6e3581f78d4f4981c0e99626b32f92, State: Initialized, Role: FOLLOWER
I20260630 12:29:13.420619 28216 consensus_queue.cc:260] T 00000000000000000000000000000000 P 3f6e3581f78d4f4981c0e99626b32f92 [NON_LEADER]: Queue going to NON_LEADER mode. State: All replicated index: 0, Majority replicated index: 0, Committed index: 0, Last appended: 0.0, Last appended by leader: 0, Current term: 0, Majority size: -1, State: 0, Mode: NON_LEADER, active raft config: opid_index: -1 OBSOLETE_local: false peers { permanent_uuid: "3f6e3581f78d4f4981c0e99626b32f92" member_type: VOTER last_known_addr { host: "127.26.118.126" port: 40113 } } peers { permanent_uuid: "05d8c79c6fb4405da3a4f3ba981f5b98" member_type: VOTER last_known_addr { host: "127.26.118.125" port: 40291 } } peers { permanent_uuid: "0adcb6d5f3bd4204b50befab6ed7c2b8" member_type: VOTER last_known_addr { host: "127.26.118.124" port: 33421 } }
I20260630 12:29:13.422428 28352 sys_catalog.cc:455] T 00000000000000000000000000000000 P 3f6e3581f78d4f4981c0e99626b32f92 [sys.catalog]: SysCatalogTable state changed. Reason: RaftConsensus started. Latest consensus state: current_term: 0 committed_config { opid_index: -1 OBSOLETE_local: false peers { permanent_uuid: "3f6e3581f78d4f4981c0e99626b32f92" member_type: VOTER last_known_addr { host: "127.26.118.126" port: 40113 } } peers { permanent_uuid: "05d8c79c6fb4405da3a4f3ba981f5b98" member_type: VOTER last_known_addr { host: "127.26.118.125" port: 40291 } } peers { permanent_uuid: "0adcb6d5f3bd4204b50befab6ed7c2b8" member_type: VOTER last_known_addr { host: "127.26.118.124" port: 33421 } } }
I20260630 12:29:13.423141 28352 sys_catalog.cc:458] T 00000000000000000000000000000000 P 3f6e3581f78d4f4981c0e99626b32f92 [sys.catalog]: This master's current role is: FOLLOWER
I20260630 12:29:13.423971 28216 sys_catalog.cc:565] T 00000000000000000000000000000000 P 3f6e3581f78d4f4981c0e99626b32f92 [sys.catalog]: configured and running, proceeding with master startup.
I20260630 12:29:13.434783 28347 tablet_bootstrap.cc:492] T 00000000000000000000000000000000 P 0adcb6d5f3bd4204b50befab6ed7c2b8: Bootstrap starting.
I20260630 12:29:13.437445 27097 internal_mini_cluster.cc:184] Waiting to initialize catalog manager on master 1
I20260630 12:29:13.439369 28347 tablet_bootstrap.cc:654] T 00000000000000000000000000000000 P 0adcb6d5f3bd4204b50befab6ed7c2b8: Neither blocks nor log segments found. Creating new log.
W20260630 12:29:13.440388 28363 catalog_manager.cc:1594] T 00000000000000000000000000000000 P 3f6e3581f78d4f4981c0e99626b32f92: loading cluster ID for follower catalog manager: Not found: cluster ID entry not found
W20260630 12:29:13.440665 28363 catalog_manager.cc:883] Not found: cluster ID entry not found: failed to prepare follower catalog manager, will retry
I20260630 12:29:13.441663 28281 consensus_peers.cc:770] Retrying to get permanent uuid for remote peer: member_type: VOTER last_known_addr { host: "127.26.118.124" port: 33421 } attempt: 2
I20260630 12:29:13.443622 28347 tablet_bootstrap.cc:492] T 00000000000000000000000000000000 P 0adcb6d5f3bd4204b50befab6ed7c2b8: No bootstrap required, opened a new log
I20260630 12:29:13.445549 28347 raft_consensus.cc:359] T 00000000000000000000000000000000 P 0adcb6d5f3bd4204b50befab6ed7c2b8 [term 0 FOLLOWER]: Replica starting. Triggering 0 pending ops. Active config: opid_index: -1 OBSOLETE_local: false peers { permanent_uuid: "3f6e3581f78d4f4981c0e99626b32f92" member_type: VOTER last_known_addr { host: "127.26.118.126" port: 40113 } } peers { permanent_uuid: "05d8c79c6fb4405da3a4f3ba981f5b98" member_type: VOTER last_known_addr { host: "127.26.118.125" port: 40291 } } peers { permanent_uuid: "0adcb6d5f3bd4204b50befab6ed7c2b8" member_type: VOTER last_known_addr { host: "127.26.118.124" port: 33421 } }
I20260630 12:29:13.446050 28347 raft_consensus.cc:385] T 00000000000000000000000000000000 P 0adcb6d5f3bd4204b50befab6ed7c2b8 [term 0 FOLLOWER]: Consensus starting up: Expiring failure detector timer to make a prompt election more likely
I20260630 12:29:13.446287 28347 raft_consensus.cc:740] T 00000000000000000000000000000000 P 0adcb6d5f3bd4204b50befab6ed7c2b8 [term 0 FOLLOWER]: Becoming Follower/Learner. State: Replica: 0adcb6d5f3bd4204b50befab6ed7c2b8, State: Initialized, Role: FOLLOWER
I20260630 12:29:13.446902 28347 consensus_queue.cc:260] T 00000000000000000000000000000000 P 0adcb6d5f3bd4204b50befab6ed7c2b8 [NON_LEADER]: Queue going to NON_LEADER mode. State: All replicated index: 0, Majority replicated index: 0, Committed index: 0, Last appended: 0.0, Last appended by leader: 0, Current term: 0, Majority size: -1, State: 0, Mode: NON_LEADER, active raft config: opid_index: -1 OBSOLETE_local: false peers { permanent_uuid: "3f6e3581f78d4f4981c0e99626b32f92" member_type: VOTER last_known_addr { host: "127.26.118.126" port: 40113 } } peers { permanent_uuid: "05d8c79c6fb4405da3a4f3ba981f5b98" member_type: VOTER last_known_addr { host: "127.26.118.125" port: 40291 } } peers { permanent_uuid: "0adcb6d5f3bd4204b50befab6ed7c2b8" member_type: VOTER last_known_addr { host: "127.26.118.124" port: 33421 } }
I20260630 12:29:13.448832 28365 sys_catalog.cc:455] T 00000000000000000000000000000000 P 0adcb6d5f3bd4204b50befab6ed7c2b8 [sys.catalog]: SysCatalogTable state changed. Reason: RaftConsensus started. Latest consensus state: current_term: 0 committed_config { opid_index: -1 OBSOLETE_local: false peers { permanent_uuid: "3f6e3581f78d4f4981c0e99626b32f92" member_type: VOTER last_known_addr { host: "127.26.118.126" port: 40113 } } peers { permanent_uuid: "05d8c79c6fb4405da3a4f3ba981f5b98" member_type: VOTER last_known_addr { host: "127.26.118.125" port: 40291 } } peers { permanent_uuid: "0adcb6d5f3bd4204b50befab6ed7c2b8" member_type: VOTER last_known_addr { host: "127.26.118.124" port: 33421 } } }
I20260630 12:29:13.449447 28365 sys_catalog.cc:458] T 00000000000000000000000000000000 P 0adcb6d5f3bd4204b50befab6ed7c2b8 [sys.catalog]: This master's current role is: FOLLOWER
I20260630 12:29:13.450165 28347 sys_catalog.cc:565] T 00000000000000000000000000000000 P 0adcb6d5f3bd4204b50befab6ed7c2b8 [sys.catalog]: configured and running, proceeding with master startup.
I20260630 12:29:13.456755 28281 tablet_bootstrap.cc:492] T 00000000000000000000000000000000 P 05d8c79c6fb4405da3a4f3ba981f5b98: Bootstrap starting.
I20260630 12:29:13.460980 28281 tablet_bootstrap.cc:654] T 00000000000000000000000000000000 P 05d8c79c6fb4405da3a4f3ba981f5b98: Neither blocks nor log segments found. Creating new log.
I20260630 12:29:13.465045 28281 tablet_bootstrap.cc:492] T 00000000000000000000000000000000 P 05d8c79c6fb4405da3a4f3ba981f5b98: No bootstrap required, opened a new log
W20260630 12:29:13.466164 28376 catalog_manager.cc:1594] T 00000000000000000000000000000000 P 0adcb6d5f3bd4204b50befab6ed7c2b8: loading cluster ID for follower catalog manager: Not found: cluster ID entry not found
W20260630 12:29:13.466426 28376 catalog_manager.cc:883] Not found: cluster ID entry not found: failed to prepare follower catalog manager, will retry
I20260630 12:29:13.466921 28281 raft_consensus.cc:359] T 00000000000000000000000000000000 P 05d8c79c6fb4405da3a4f3ba981f5b98 [term 0 FOLLOWER]: Replica starting. Triggering 0 pending ops. Active config: opid_index: -1 OBSOLETE_local: false peers { permanent_uuid: "3f6e3581f78d4f4981c0e99626b32f92" member_type: VOTER last_known_addr { host: "127.26.118.126" port: 40113 } } peers { permanent_uuid: "05d8c79c6fb4405da3a4f3ba981f5b98" member_type: VOTER last_known_addr { host: "127.26.118.125" port: 40291 } } peers { permanent_uuid: "0adcb6d5f3bd4204b50befab6ed7c2b8" member_type: VOTER last_known_addr { host: "127.26.118.124" port: 33421 } }
I20260630 12:29:13.467434 28281 raft_consensus.cc:385] T 00000000000000000000000000000000 P 05d8c79c6fb4405da3a4f3ba981f5b98 [term 0 FOLLOWER]: Consensus starting up: Expiring failure detector timer to make a prompt election more likely
I20260630 12:29:13.467661 28281 raft_consensus.cc:740] T 00000000000000000000000000000000 P 05d8c79c6fb4405da3a4f3ba981f5b98 [term 0 FOLLOWER]: Becoming Follower/Learner. State: Replica: 05d8c79c6fb4405da3a4f3ba981f5b98, State: Initialized, Role: FOLLOWER
I20260630 12:29:13.468211 28281 consensus_queue.cc:260] T 00000000000000000000000000000000 P 05d8c79c6fb4405da3a4f3ba981f5b98 [NON_LEADER]: Queue going to NON_LEADER mode. State: All replicated index: 0, Majority replicated index: 0, Committed index: 0, Last appended: 0.0, Last appended by leader: 0, Current term: 0, Majority size: -1, State: 0, Mode: NON_LEADER, active raft config: opid_index: -1 OBSOLETE_local: false peers { permanent_uuid: "3f6e3581f78d4f4981c0e99626b32f92" member_type: VOTER last_known_addr { host: "127.26.118.126" port: 40113 } } peers { permanent_uuid: "05d8c79c6fb4405da3a4f3ba981f5b98" member_type: VOTER last_known_addr { host: "127.26.118.125" port: 40291 } } peers { permanent_uuid: "0adcb6d5f3bd4204b50befab6ed7c2b8" member_type: VOTER last_known_addr { host: "127.26.118.124" port: 33421 } }
I20260630 12:29:13.469726 28378 sys_catalog.cc:455] T 00000000000000000000000000000000 P 05d8c79c6fb4405da3a4f3ba981f5b98 [sys.catalog]: SysCatalogTable state changed. Reason: RaftConsensus started. Latest consensus state: current_term: 0 committed_config { opid_index: -1 OBSOLETE_local: false peers { permanent_uuid: "3f6e3581f78d4f4981c0e99626b32f92" member_type: VOTER last_known_addr { host: "127.26.118.126" port: 40113 } } peers { permanent_uuid: "05d8c79c6fb4405da3a4f3ba981f5b98" member_type: VOTER last_known_addr { host: "127.26.118.125" port: 40291 } } peers { permanent_uuid: "0adcb6d5f3bd4204b50befab6ed7c2b8" member_type: VOTER last_known_addr { host: "127.26.118.124" port: 33421 } } }
I20260630 12:29:13.470222 28378 sys_catalog.cc:458] T 00000000000000000000000000000000 P 05d8c79c6fb4405da3a4f3ba981f5b98 [sys.catalog]: This master's current role is: FOLLOWER
I20260630 12:29:13.470800 28281 sys_catalog.cc:565] T 00000000000000000000000000000000 P 05d8c79c6fb4405da3a4f3ba981f5b98 [sys.catalog]: configured and running, proceeding with master startup.
I20260630 12:29:13.480240 27097 internal_mini_cluster.cc:184] Waiting to initialize catalog manager on master 2
I20260630 12:29:13.481920 27097 file_cache.cc:492] Constructed file cache file cache with capacity 419430
W20260630 12:29:13.484252 28389 catalog_manager.cc:1594] T 00000000000000000000000000000000 P 05d8c79c6fb4405da3a4f3ba981f5b98: loading cluster ID for follower catalog manager: Not found: cluster ID entry not found
W20260630 12:29:13.484584 28389 catalog_manager.cc:883] Not found: cluster ID entry not found: failed to prepare follower catalog manager, will retry
W20260630 12:29:13.488901 28390 instance_detector.cc:116] could not retrieve AWS instance metadata: Network error: curl error: HTTP response code said error: The requested URL returned error: 404
W20260630 12:29:13.489096 28391 instance_detector.cc:116] could not retrieve Azure instance metadata: Network error: curl error: HTTP response code said error: The requested URL returned error: 404
I20260630 12:29:13.491005 27097 server_base.cc:1061] running on GCE node
W20260630 12:29:13.490963 28393 instance_detector.cc:116] could not retrieve OpenStack instance metadata: Network error: curl error: HTTP response code said error: The requested URL returned error: 404
I20260630 12:29:13.491983 27097 hybrid_clock.cc:584] initializing the hybrid clock with 'system_unsync' time source
W20260630 12:29:13.492215 27097 system_unsync_time.cc:38] NTP support is disabled. Clock error bounds will not be accurate. This configuration is not suitable for distributed clusters.
I20260630 12:29:13.492390 27097 hybrid_clock.cc:648] HybridClock initialized: now 1782822553492369 us; error 0 us; skew 500 ppm
I20260630 12:29:13.492877 27097 server_base.cc:861] Flag tcmalloc_max_total_thread_cache_bytes is not working since tcmalloc is not enabled.
I20260630 12:29:13.494977 27097 webserver.cc:533] Webserver started at http://127.26.118.65:39373/ using document root <none> and password file <none>
I20260630 12:29:13.495451 27097 fs_manager.cc:362] Metadata directory not provided
I20260630 12:29:13.495664 27097 fs_manager.cc:368] Using write-ahead log directory (fs_wal_dir) as metadata directory
I20260630 12:29:13.495918 27097 server_base.cc:909] This appears to be a new deployment of Kudu; creating new FS layout
I20260630 12:29:13.496982 27097 fs_manager.cc:1068] Generated new instance metadata in path /tmp/dist-test-taskiJ3hu0/test-tmp/auto_rebalancer-test.0.AutoRebalancerTest.NextLeaderResumesAutoRebalancing.1782822534112507-27097-0/minicluster-data/ts-0-root/instance:
uuid: "f3da961e69774096a0db94339615a2bf"
format_stamp: "Formatted at 2026-06-30 12:29:13 on dist-test-slave-wjf0"
I20260630 12:29:13.501127 27097 fs_manager.cc:696] Time spent creating directory manager: real 0.004s	user 0.002s	sys 0.001s
I20260630 12:29:13.504087 28398 log_block_manager.cc:4031] Time spent loading block containers with low live blocks: real 0.000s	user 0.000s	sys 0.000s
I20260630 12:29:13.504855 27097 fs_manager.cc:730] Time spent opening block manager: real 0.002s	user 0.003s	sys 0.000s
I20260630 12:29:13.505081 27097 fs_manager.cc:647] Opened local filesystem: /tmp/dist-test-taskiJ3hu0/test-tmp/auto_rebalancer-test.0.AutoRebalancerTest.NextLeaderResumesAutoRebalancing.1782822534112507-27097-0/minicluster-data/ts-0-root
uuid: "f3da961e69774096a0db94339615a2bf"
format_stamp: "Formatted at 2026-06-30 12:29:13 on dist-test-slave-wjf0"
I20260630 12:29:13.505410 27097 fs_report.cc:389] FS layout report
--------------------
wal directory: /tmp/dist-test-taskiJ3hu0/test-tmp/auto_rebalancer-test.0.AutoRebalancerTest.NextLeaderResumesAutoRebalancing.1782822534112507-27097-0/minicluster-data/ts-0-root
metadata directory: /tmp/dist-test-taskiJ3hu0/test-tmp/auto_rebalancer-test.0.AutoRebalancerTest.NextLeaderResumesAutoRebalancing.1782822534112507-27097-0/minicluster-data/ts-0-root
1 data directories: /tmp/dist-test-taskiJ3hu0/test-tmp/auto_rebalancer-test.0.AutoRebalancerTest.NextLeaderResumesAutoRebalancing.1782822534112507-27097-0/minicluster-data/ts-0-root/data
Total live blocks: 0
Total live bytes: 0
Total live bytes (after alignment): 0
Total number of LBM containers: 0 (0 full)
Did not check for missing blocks
Did not check for orphaned blocks
Total full LBM containers with extra space: 0 (0 repaired)
Total full LBM container extra space in bytes: 0 (0 repaired)
Total incomplete LBM containers: 0 (0 repaired)
Total LBM partial records: 0 (0 repaired)
Total corrupted LBM metadata records in RocksDB: 0 (0 repaired)
I20260630 12:29:13.525555 28378 raft_consensus.cc:493] T 00000000000000000000000000000000 P 05d8c79c6fb4405da3a4f3ba981f5b98 [term 0 FOLLOWER]: Starting pre-election (no leader contacted us within the election timeout)
I20260630 12:29:13.526000 28378 raft_consensus.cc:515] T 00000000000000000000000000000000 P 05d8c79c6fb4405da3a4f3ba981f5b98 [term 0 FOLLOWER]: Starting pre-election with config: opid_index: -1 OBSOLETE_local: false peers { permanent_uuid: "3f6e3581f78d4f4981c0e99626b32f92" member_type: VOTER last_known_addr { host: "127.26.118.126" port: 40113 } } peers { permanent_uuid: "05d8c79c6fb4405da3a4f3ba981f5b98" member_type: VOTER last_known_addr { host: "127.26.118.125" port: 40291 } } peers { permanent_uuid: "0adcb6d5f3bd4204b50befab6ed7c2b8" member_type: VOTER last_known_addr { host: "127.26.118.124" port: 33421 } }
I20260630 12:29:13.527683 28378 leader_election.cc:290] T 00000000000000000000000000000000 P 05d8c79c6fb4405da3a4f3ba981f5b98 [CANDIDATE]: Term 1 pre-election: Requested pre-vote from peers 3f6e3581f78d4f4981c0e99626b32f92 (127.26.118.126:40113), 0adcb6d5f3bd4204b50befab6ed7c2b8 (127.26.118.124:33421)
I20260630 12:29:13.528553 28191 tablet_service.cc:1917] Received RequestConsensusVote() RPC: tablet_id: "00000000000000000000000000000000" candidate_uuid: "05d8c79c6fb4405da3a4f3ba981f5b98" candidate_term: 1 candidate_status { last_received { term: 0 index: 0 } } ignore_live_leader: false dest_uuid: "3f6e3581f78d4f4981c0e99626b32f92" is_pre_election: true
I20260630 12:29:13.528685 28322 tablet_service.cc:1917] Received RequestConsensusVote() RPC: tablet_id: "00000000000000000000000000000000" candidate_uuid: "05d8c79c6fb4405da3a4f3ba981f5b98" candidate_term: 1 candidate_status { last_received { term: 0 index: 0 } } ignore_live_leader: false dest_uuid: "0adcb6d5f3bd4204b50befab6ed7c2b8" is_pre_election: true
I20260630 12:29:13.529294 28191 raft_consensus.cc:2468] T 00000000000000000000000000000000 P 3f6e3581f78d4f4981c0e99626b32f92 [term 0 FOLLOWER]: Leader pre-election vote request: Granting yes vote for candidate 05d8c79c6fb4405da3a4f3ba981f5b98 in term 0.
I20260630 12:29:13.529384 28322 raft_consensus.cc:2468] T 00000000000000000000000000000000 P 0adcb6d5f3bd4204b50befab6ed7c2b8 [term 0 FOLLOWER]: Leader pre-election vote request: Granting yes vote for candidate 05d8c79c6fb4405da3a4f3ba981f5b98 in term 0.
I20260630 12:29:13.530532 28231 leader_election.cc:304] T 00000000000000000000000000000000 P 05d8c79c6fb4405da3a4f3ba981f5b98 [CANDIDATE]: Term 1 pre-election: Election decided. Result: candidate won. Election summary: received 2 responses out of 3 voters: 2 yes votes; 0 no votes. yes voters: 05d8c79c6fb4405da3a4f3ba981f5b98, 0adcb6d5f3bd4204b50befab6ed7c2b8; no voters: 
I20260630 12:29:13.531281 28378 raft_consensus.cc:2804] T 00000000000000000000000000000000 P 05d8c79c6fb4405da3a4f3ba981f5b98 [term 0 FOLLOWER]: Leader pre-election won for term 1
I20260630 12:29:13.531651 28378 raft_consensus.cc:493] T 00000000000000000000000000000000 P 05d8c79c6fb4405da3a4f3ba981f5b98 [term 0 FOLLOWER]: Starting leader election (no leader contacted us within the election timeout)
I20260630 12:29:13.531921 28378 raft_consensus.cc:3060] T 00000000000000000000000000000000 P 05d8c79c6fb4405da3a4f3ba981f5b98 [term 0 FOLLOWER]: Advancing to term 1
I20260630 12:29:13.533311 27097 rpc_server.cc:225] running with OpenSSL 1.1.1  11 Sep 2018
I20260630 12:29:13.534365 27097 kserver.cc:163] Server-wide thread pool size limit: 3276
I20260630 12:29:13.535832 27097 txn_system_client.cc:432] TxnSystemClient initialization is disabled...
I20260630 12:29:13.536597 28378 raft_consensus.cc:515] T 00000000000000000000000000000000 P 05d8c79c6fb4405da3a4f3ba981f5b98 [term 1 FOLLOWER]: Starting leader election with config: opid_index: -1 OBSOLETE_local: false peers { permanent_uuid: "3f6e3581f78d4f4981c0e99626b32f92" member_type: VOTER last_known_addr { host: "127.26.118.126" port: 40113 } } peers { permanent_uuid: "05d8c79c6fb4405da3a4f3ba981f5b98" member_type: VOTER last_known_addr { host: "127.26.118.125" port: 40291 } } peers { permanent_uuid: "0adcb6d5f3bd4204b50befab6ed7c2b8" member_type: VOTER last_known_addr { host: "127.26.118.124" port: 33421 } }
I20260630 12:29:13.538292 27097 ts_tablet_manager.cc:585] Loaded tablet metadata (0 total tablets, 0 live tablets)
I20260630 12:29:13.538594 27097 ts_tablet_manager.cc:531] Time spent load tablet metadata: real 0.000s	user 0.000s	sys 0.000s
I20260630 12:29:13.538787 28378 leader_election.cc:290] T 00000000000000000000000000000000 P 05d8c79c6fb4405da3a4f3ba981f5b98 [CANDIDATE]: Term 1 election: Requested vote from peers 3f6e3581f78d4f4981c0e99626b32f92 (127.26.118.126:40113), 0adcb6d5f3bd4204b50befab6ed7c2b8 (127.26.118.124:33421)
I20260630 12:29:13.538954 27097 ts_tablet_manager.cc:616] Registered 0 tablets
I20260630 12:29:13.539057 28191 tablet_service.cc:1917] Received RequestConsensusVote() RPC: tablet_id: "00000000000000000000000000000000" candidate_uuid: "05d8c79c6fb4405da3a4f3ba981f5b98" candidate_term: 1 candidate_status { last_received { term: 0 index: 0 } } ignore_live_leader: false dest_uuid: "3f6e3581f78d4f4981c0e99626b32f92"
I20260630 12:29:13.539285 27097 ts_tablet_manager.cc:595] Time spent register tablets: real 0.000s	user 0.000s	sys 0.000s
I20260630 12:29:13.539403 28322 tablet_service.cc:1917] Received RequestConsensusVote() RPC: tablet_id: "00000000000000000000000000000000" candidate_uuid: "05d8c79c6fb4405da3a4f3ba981f5b98" candidate_term: 1 candidate_status { last_received { term: 0 index: 0 } } ignore_live_leader: false dest_uuid: "0adcb6d5f3bd4204b50befab6ed7c2b8"
I20260630 12:29:13.539655 28191 raft_consensus.cc:3060] T 00000000000000000000000000000000 P 3f6e3581f78d4f4981c0e99626b32f92 [term 0 FOLLOWER]: Advancing to term 1
I20260630 12:29:13.540000 28322 raft_consensus.cc:3060] T 00000000000000000000000000000000 P 0adcb6d5f3bd4204b50befab6ed7c2b8 [term 0 FOLLOWER]: Advancing to term 1
I20260630 12:29:13.544533 28191 raft_consensus.cc:2468] T 00000000000000000000000000000000 P 3f6e3581f78d4f4981c0e99626b32f92 [term 1 FOLLOWER]: Leader election vote request: Granting yes vote for candidate 05d8c79c6fb4405da3a4f3ba981f5b98 in term 1.
I20260630 12:29:13.545504 28232 leader_election.cc:304] T 00000000000000000000000000000000 P 05d8c79c6fb4405da3a4f3ba981f5b98 [CANDIDATE]: Term 1 election: Election decided. Result: candidate won. Election summary: received 2 responses out of 3 voters: 2 yes votes; 0 no votes. yes voters: 05d8c79c6fb4405da3a4f3ba981f5b98, 3f6e3581f78d4f4981c0e99626b32f92; no voters: 
I20260630 12:29:13.546176 28378 raft_consensus.cc:2804] T 00000000000000000000000000000000 P 05d8c79c6fb4405da3a4f3ba981f5b98 [term 1 FOLLOWER]: Leader election won for term 1
I20260630 12:29:13.546883 28322 raft_consensus.cc:2468] T 00000000000000000000000000000000 P 0adcb6d5f3bd4204b50befab6ed7c2b8 [term 1 FOLLOWER]: Leader election vote request: Granting yes vote for candidate 05d8c79c6fb4405da3a4f3ba981f5b98 in term 1.
I20260630 12:29:13.547971 28378 raft_consensus.cc:697] T 00000000000000000000000000000000 P 05d8c79c6fb4405da3a4f3ba981f5b98 [term 1 LEADER]: Becoming Leader. State: Replica: 05d8c79c6fb4405da3a4f3ba981f5b98, State: Running, Role: LEADER
I20260630 12:29:13.548894 28378 consensus_queue.cc:237] T 00000000000000000000000000000000 P 05d8c79c6fb4405da3a4f3ba981f5b98 [LEADER]: Queue going to LEADER mode. State: All replicated index: 0, Majority replicated index: 0, Committed index: 0, Last appended: 0.0, Last appended by leader: 0, Current term: 1, Majority size: 2, State: 0, Mode: LEADER, active raft config: opid_index: -1 OBSOLETE_local: false peers { permanent_uuid: "3f6e3581f78d4f4981c0e99626b32f92" member_type: VOTER last_known_addr { host: "127.26.118.126" port: 40113 } } peers { permanent_uuid: "05d8c79c6fb4405da3a4f3ba981f5b98" member_type: VOTER last_known_addr { host: "127.26.118.125" port: 40291 } } peers { permanent_uuid: "0adcb6d5f3bd4204b50befab6ed7c2b8" member_type: VOTER last_known_addr { host: "127.26.118.124" port: 33421 } }
I20260630 12:29:13.559676 28407 sys_catalog.cc:455] T 00000000000000000000000000000000 P 05d8c79c6fb4405da3a4f3ba981f5b98 [sys.catalog]: SysCatalogTable state changed. Reason: New leader 05d8c79c6fb4405da3a4f3ba981f5b98. Latest consensus state: current_term: 1 leader_uuid: "05d8c79c6fb4405da3a4f3ba981f5b98" committed_config { opid_index: -1 OBSOLETE_local: false peers { permanent_uuid: "3f6e3581f78d4f4981c0e99626b32f92" member_type: VOTER last_known_addr { host: "127.26.118.126" port: 40113 } } peers { permanent_uuid: "05d8c79c6fb4405da3a4f3ba981f5b98" member_type: VOTER last_known_addr { host: "127.26.118.125" port: 40291 } } peers { permanent_uuid: "0adcb6d5f3bd4204b50befab6ed7c2b8" member_type: VOTER last_known_addr { host: "127.26.118.124" port: 33421 } } }
I20260630 12:29:13.560377 28407 sys_catalog.cc:458] T 00000000000000000000000000000000 P 05d8c79c6fb4405da3a4f3ba981f5b98 [sys.catalog]: This master's current role is: LEADER
I20260630 12:29:13.562373 28422 catalog_manager.cc:1511] Loading table and tablet metadata into memory...
I20260630 12:29:13.571136 28422 catalog_manager.cc:1520] Initializing Kudu cluster ID...
I20260630 12:29:13.583670 28322 raft_consensus.cc:1275] T 00000000000000000000000000000000 P 0adcb6d5f3bd4204b50befab6ed7c2b8 [term 1 FOLLOWER]: Refusing update from remote peer 05d8c79c6fb4405da3a4f3ba981f5b98: Log matching property violated. Preceding OpId in replica: term: 0 index: 0. Preceding OpId from leader: term: 1 index: 2. (index mismatch)
I20260630 12:29:13.583884 28191 raft_consensus.cc:1275] T 00000000000000000000000000000000 P 3f6e3581f78d4f4981c0e99626b32f92 [term 1 FOLLOWER]: Refusing update from remote peer 05d8c79c6fb4405da3a4f3ba981f5b98: Log matching property violated. Preceding OpId in replica: term: 0 index: 0. Preceding OpId from leader: term: 1 index: 2. (index mismatch)
I20260630 12:29:13.585542 28378 consensus_queue.cc:1048] T 00000000000000000000000000000000 P 05d8c79c6fb4405da3a4f3ba981f5b98 [LEADER]: Connected to new peer: Peer: permanent_uuid: "3f6e3581f78d4f4981c0e99626b32f92" member_type: VOTER last_known_addr { host: "127.26.118.126" port: 40113 }, Status: LMP_MISMATCH, Last received: 0.0, Next index: 1, Last known committed idx: 0, Time since last communication: 0.000s
I20260630 12:29:13.586139 28407 consensus_queue.cc:1048] T 00000000000000000000000000000000 P 05d8c79c6fb4405da3a4f3ba981f5b98 [LEADER]: Connected to new peer: Peer: permanent_uuid: "0adcb6d5f3bd4204b50befab6ed7c2b8" member_type: VOTER last_known_addr { host: "127.26.118.124" port: 33421 }, Status: LMP_MISMATCH, Last received: 0.0, Next index: 1, Last known committed idx: 0, Time since last communication: 0.000s
I20260630 12:29:13.598604 28352 sys_catalog.cc:455] T 00000000000000000000000000000000 P 3f6e3581f78d4f4981c0e99626b32f92 [sys.catalog]: SysCatalogTable state changed. Reason: New leader 05d8c79c6fb4405da3a4f3ba981f5b98. Latest consensus state: current_term: 1 leader_uuid: "05d8c79c6fb4405da3a4f3ba981f5b98" committed_config { opid_index: -1 OBSOLETE_local: false peers { permanent_uuid: "3f6e3581f78d4f4981c0e99626b32f92" member_type: VOTER last_known_addr { host: "127.26.118.126" port: 40113 } } peers { permanent_uuid: "05d8c79c6fb4405da3a4f3ba981f5b98" member_type: VOTER last_known_addr { host: "127.26.118.125" port: 40291 } } peers { permanent_uuid: "0adcb6d5f3bd4204b50befab6ed7c2b8" member_type: VOTER last_known_addr { host: "127.26.118.124" port: 33421 } } }
I20260630 12:29:13.599450 28352 sys_catalog.cc:458] T 00000000000000000000000000000000 P 3f6e3581f78d4f4981c0e99626b32f92 [sys.catalog]: This master's current role is: FOLLOWER
I20260630 12:29:13.603332 28365 sys_catalog.cc:455] T 00000000000000000000000000000000 P 0adcb6d5f3bd4204b50befab6ed7c2b8 [sys.catalog]: SysCatalogTable state changed. Reason: New leader 05d8c79c6fb4405da3a4f3ba981f5b98. Latest consensus state: current_term: 1 leader_uuid: "05d8c79c6fb4405da3a4f3ba981f5b98" committed_config { opid_index: -1 OBSOLETE_local: false peers { permanent_uuid: "3f6e3581f78d4f4981c0e99626b32f92" member_type: VOTER last_known_addr { host: "127.26.118.126" port: 40113 } } peers { permanent_uuid: "05d8c79c6fb4405da3a4f3ba981f5b98" member_type: VOTER last_known_addr { host: "127.26.118.125" port: 40291 } } peers { permanent_uuid: "0adcb6d5f3bd4204b50befab6ed7c2b8" member_type: VOTER last_known_addr { host: "127.26.118.124" port: 33421 } } }
I20260630 12:29:13.604290 28365 sys_catalog.cc:458] T 00000000000000000000000000000000 P 0adcb6d5f3bd4204b50befab6ed7c2b8 [sys.catalog]: This master's current role is: FOLLOWER
I20260630 12:29:13.622714 28365 sys_catalog.cc:455] T 00000000000000000000000000000000 P 0adcb6d5f3bd4204b50befab6ed7c2b8 [sys.catalog]: SysCatalogTable state changed. Reason: Replicated consensus-only round. Latest consensus state: current_term: 1 leader_uuid: "05d8c79c6fb4405da3a4f3ba981f5b98" committed_config { opid_index: -1 OBSOLETE_local: false peers { permanent_uuid: "3f6e3581f78d4f4981c0e99626b32f92" member_type: VOTER last_known_addr { host: "127.26.118.126" port: 40113 } } peers { permanent_uuid: "05d8c79c6fb4405da3a4f3ba981f5b98" member_type: VOTER last_known_addr { host: "127.26.118.125" port: 40291 } } peers { permanent_uuid: "0adcb6d5f3bd4204b50befab6ed7c2b8" member_type: VOTER last_known_addr { host: "127.26.118.124" port: 33421 } } }
I20260630 12:29:13.623747 28365 sys_catalog.cc:458] T 00000000000000000000000000000000 P 0adcb6d5f3bd4204b50befab6ed7c2b8 [sys.catalog]: This master's current role is: FOLLOWER
I20260630 12:29:13.628659 28352 sys_catalog.cc:455] T 00000000000000000000000000000000 P 3f6e3581f78d4f4981c0e99626b32f92 [sys.catalog]: SysCatalogTable state changed. Reason: Replicated consensus-only round. Latest consensus state: current_term: 1 leader_uuid: "05d8c79c6fb4405da3a4f3ba981f5b98" committed_config { opid_index: -1 OBSOLETE_local: false peers { permanent_uuid: "3f6e3581f78d4f4981c0e99626b32f92" member_type: VOTER last_known_addr { host: "127.26.118.126" port: 40113 } } peers { permanent_uuid: "05d8c79c6fb4405da3a4f3ba981f5b98" member_type: VOTER last_known_addr { host: "127.26.118.125" port: 40291 } } peers { permanent_uuid: "0adcb6d5f3bd4204b50befab6ed7c2b8" member_type: VOTER last_known_addr { host: "127.26.118.124" port: 33421 } } }
I20260630 12:29:13.629632 28352 sys_catalog.cc:458] T 00000000000000000000000000000000 P 3f6e3581f78d4f4981c0e99626b32f92 [sys.catalog]: This master's current role is: FOLLOWER
I20260630 12:29:13.631582 28407 sys_catalog.cc:455] T 00000000000000000000000000000000 P 05d8c79c6fb4405da3a4f3ba981f5b98 [sys.catalog]: SysCatalogTable state changed. Reason: Peer health change. Latest consensus state: current_term: 1 leader_uuid: "05d8c79c6fb4405da3a4f3ba981f5b98" committed_config { opid_index: -1 OBSOLETE_local: false peers { permanent_uuid: "3f6e3581f78d4f4981c0e99626b32f92" member_type: VOTER last_known_addr { host: "127.26.118.126" port: 40113 } } peers { permanent_uuid: "05d8c79c6fb4405da3a4f3ba981f5b98" member_type: VOTER last_known_addr { host: "127.26.118.125" port: 40291 } } peers { permanent_uuid: "0adcb6d5f3bd4204b50befab6ed7c2b8" member_type: VOTER last_known_addr { host: "127.26.118.124" port: 33421 } } }
I20260630 12:29:13.632288 28407 sys_catalog.cc:458] T 00000000000000000000000000000000 P 05d8c79c6fb4405da3a4f3ba981f5b98 [sys.catalog]: This master's current role is: LEADER
I20260630 12:29:13.632992 28422 catalog_manager.cc:1383] Generated new cluster ID: d20dcdf53bcc44f3ad57b356dc4c63ee
I20260630 12:29:13.633294 28422 catalog_manager.cc:1531] Initializing Kudu internal certificate authority...
I20260630 12:29:13.633869 28378 sys_catalog.cc:455] T 00000000000000000000000000000000 P 05d8c79c6fb4405da3a4f3ba981f5b98 [sys.catalog]: SysCatalogTable state changed. Reason: Peer health change. Latest consensus state: current_term: 1 leader_uuid: "05d8c79c6fb4405da3a4f3ba981f5b98" committed_config { opid_index: -1 OBSOLETE_local: false peers { permanent_uuid: "3f6e3581f78d4f4981c0e99626b32f92" member_type: VOTER last_known_addr { host: "127.26.118.126" port: 40113 } } peers { permanent_uuid: "05d8c79c6fb4405da3a4f3ba981f5b98" member_type: VOTER last_known_addr { host: "127.26.118.125" port: 40291 } } peers { permanent_uuid: "0adcb6d5f3bd4204b50befab6ed7c2b8" member_type: VOTER last_known_addr { host: "127.26.118.124" port: 33421 } } }
I20260630 12:29:13.634588 28378 sys_catalog.cc:458] T 00000000000000000000000000000000 P 05d8c79c6fb4405da3a4f3ba981f5b98 [sys.catalog]: This master's current role is: LEADER
I20260630 12:29:13.644745 27097 rpc_server.cc:307] RPC server started. Bound to: 127.26.118.65:37155
I20260630 12:29:13.644833 28472 acceptor_pool.cc:272] collecting diagnostics on the listening RPC socket 127.26.118.65:37155 every 8 connection(s)
I20260630 12:29:13.665688 27097 file_cache.cc:492] Constructed file cache file cache with capacity 419430
I20260630 12:29:13.673909 28473 heartbeater.cc:344] Connected to a master server at 127.26.118.124:33421
I20260630 12:29:13.674268 28473 heartbeater.cc:461] Registering TS with master...
I20260630 12:29:13.675086 28473 heartbeater.cc:507] Master 127.26.118.124:33421 requested a full tablet report, sending...
I20260630 12:29:13.680734 28312 ts_manager.cc:194] Registered new tserver with Master: f3da961e69774096a0db94339615a2bf (127.26.118.65:37155)
I20260630 12:29:13.681253 28422 catalog_manager.cc:1406] Generated new certificate authority record
W20260630 12:29:13.680935 28480 instance_detector.cc:116] could not retrieve AWS instance metadata: Network error: curl error: HTTP response code said error: The requested URL returned error: 404
I20260630 12:29:13.683153 28422 catalog_manager.cc:1540] Loading token signing keys...
I20260630 12:29:13.683928 28474 heartbeater.cc:344] Connected to a master server at 127.26.118.125:40291
I20260630 12:29:13.684329 28474 heartbeater.cc:461] Registering TS with master...
I20260630 12:29:13.685199 28474 heartbeater.cc:507] Master 127.26.118.125:40291 requested a full tablet report, sending...
W20260630 12:29:13.686861 28481 instance_detector.cc:116] could not retrieve Azure instance metadata: Network error: curl error: HTTP response code said error: The requested URL returned error: 404
I20260630 12:29:13.687565 28246 ts_manager.cc:194] Registered new tserver with Master: f3da961e69774096a0db94339615a2bf (127.26.118.65:37155)
W20260630 12:29:13.697665 28483 instance_detector.cc:116] could not retrieve OpenStack instance metadata: Network error: curl error: HTTP response code said error: The requested URL returned error: 404
I20260630 12:29:13.698725 27097 server_base.cc:1061] running on GCE node
I20260630 12:29:13.699626 27097 hybrid_clock.cc:584] initializing the hybrid clock with 'system_unsync' time source
