I20260630 12:29:07.972517 20987 tablet_bootstrap.cc:492] T 00000000000000000000000000000000 P 991adbec836f4bcc994a37922328ad77: No bootstrap required, opened a new log
I20260630 12:29:07.975073 20987 raft_consensus.cc:359] T 00000000000000000000000000000000 P 991adbec836f4bcc994a37922328ad77 [term 0 FOLLOWER]: Replica starting. Triggering 0 pending ops. Active config: opid_index: -1 OBSOLETE_local: false peers { permanent_uuid: "1c500860e3274c45bc7aa2b37e80d80b" member_type: VOTER last_known_addr { host: "127.19.67.126" port: 37527 } } peers { permanent_uuid: "1f9805210e224452a9daa797c78a8593" member_type: VOTER last_known_addr { host: "127.19.67.125" port: 46285 } } peers { permanent_uuid: "991adbec836f4bcc994a37922328ad77" member_type: VOTER last_known_addr { host: "127.19.67.124" port: 37065 } }
I20260630 12:29:07.975646 20987 raft_consensus.cc:385] T 00000000000000000000000000000000 P 991adbec836f4bcc994a37922328ad77 [term 0 FOLLOWER]: Consensus starting up: Expiring failure detector timer to make a prompt election more likely
I20260630 12:29:07.975939 20987 raft_consensus.cc:740] T 00000000000000000000000000000000 P 991adbec836f4bcc994a37922328ad77 [term 0 FOLLOWER]: Becoming Follower/Learner. State: Replica: 991adbec836f4bcc994a37922328ad77, State: Initialized, Role: FOLLOWER
I20260630 12:29:07.976640 20987 consensus_queue.cc:260] T 00000000000000000000000000000000 P 991adbec836f4bcc994a37922328ad77 [NON_LEADER]: Queue going to NON_LEADER mode. State: All replicated index: 0, Majority replicated index: 0, Committed index: 0, Last appended: 0.0, Last appended by leader: 0, Current term: 0, Majority size: -1, State: 0, Mode: NON_LEADER, active raft config: opid_index: -1 OBSOLETE_local: false peers { permanent_uuid: "1c500860e3274c45bc7aa2b37e80d80b" member_type: VOTER last_known_addr { host: "127.19.67.126" port: 37527 } } peers { permanent_uuid: "1f9805210e224452a9daa797c78a8593" member_type: VOTER last_known_addr { host: "127.19.67.125" port: 46285 } } peers { permanent_uuid: "991adbec836f4bcc994a37922328ad77" member_type: VOTER last_known_addr { host: "127.19.67.124" port: 37065 } }
I20260630 12:29:07.978479 21004 sys_catalog.cc:455] T 00000000000000000000000000000000 P 991adbec836f4bcc994a37922328ad77 [sys.catalog]: SysCatalogTable state changed. Reason: RaftConsensus started. Latest consensus state: current_term: 0 committed_config { opid_index: -1 OBSOLETE_local: false peers { permanent_uuid: "1c500860e3274c45bc7aa2b37e80d80b" member_type: VOTER last_known_addr { host: "127.19.67.126" port: 37527 } } peers { permanent_uuid: "1f9805210e224452a9daa797c78a8593" member_type: VOTER last_known_addr { host: "127.19.67.125" port: 46285 } } peers { permanent_uuid: "991adbec836f4bcc994a37922328ad77" member_type: VOTER last_known_addr { host: "127.19.67.124" port: 37065 } } }
I20260630 12:29:07.979120 21004 sys_catalog.cc:458] T 00000000000000000000000000000000 P 991adbec836f4bcc994a37922328ad77 [sys.catalog]: This master's current role is: FOLLOWER
I20260630 12:29:07.979887 20987 sys_catalog.cc:565] T 00000000000000000000000000000000 P 991adbec836f4bcc994a37922328ad77 [sys.catalog]: configured and running, proceeding with master startup.
I20260630 12:29:07.988036 20856 tablet_bootstrap.cc:492] T 00000000000000000000000000000000 P 1c500860e3274c45bc7aa2b37e80d80b: Bootstrap starting.
I20260630 12:29:07.993701 20856 tablet_bootstrap.cc:654] T 00000000000000000000000000000000 P 1c500860e3274c45bc7aa2b37e80d80b: Neither blocks nor log segments found. Creating new log.
W20260630 12:29:07.994273 21015 catalog_manager.cc:1594] T 00000000000000000000000000000000 P 991adbec836f4bcc994a37922328ad77: loading cluster ID for follower catalog manager: Not found: cluster ID entry not found
W20260630 12:29:07.994505 21015 catalog_manager.cc:883] Not found: cluster ID entry not found: failed to prepare follower catalog manager, will retry
I20260630 12:29:07.997397 20856 tablet_bootstrap.cc:492] T 00000000000000000000000000000000 P 1c500860e3274c45bc7aa2b37e80d80b: No bootstrap required, opened a new log
I20260630 12:29:07.999425 20856 raft_consensus.cc:359] T 00000000000000000000000000000000 P 1c500860e3274c45bc7aa2b37e80d80b [term 0 FOLLOWER]: Replica starting. Triggering 0 pending ops. Active config: opid_index: -1 OBSOLETE_local: false peers { permanent_uuid: "1c500860e3274c45bc7aa2b37e80d80b" member_type: VOTER last_known_addr { host: "127.19.67.126" port: 37527 } } peers { permanent_uuid: "1f9805210e224452a9daa797c78a8593" member_type: VOTER last_known_addr { host: "127.19.67.125" port: 46285 } } peers { permanent_uuid: "991adbec836f4bcc994a37922328ad77" member_type: VOTER last_known_addr { host: "127.19.67.124" port: 37065 } }
I20260630 12:29:07.999883 20856 raft_consensus.cc:385] T 00000000000000000000000000000000 P 1c500860e3274c45bc7aa2b37e80d80b [term 0 FOLLOWER]: Consensus starting up: Expiring failure detector timer to make a prompt election more likely
I20260630 12:29:08.000133 20856 raft_consensus.cc:740] T 00000000000000000000000000000000 P 1c500860e3274c45bc7aa2b37e80d80b [term 0 FOLLOWER]: Becoming Follower/Learner. State: Replica: 1c500860e3274c45bc7aa2b37e80d80b, State: Initialized, Role: FOLLOWER
I20260630 12:29:08.000702 20856 consensus_queue.cc:260] T 00000000000000000000000000000000 P 1c500860e3274c45bc7aa2b37e80d80b [NON_LEADER]: Queue going to NON_LEADER mode. State: All replicated index: 0, Majority replicated index: 0, Committed index: 0, Last appended: 0.0, Last appended by leader: 0, Current term: 0, Majority size: -1, State: 0, Mode: NON_LEADER, active raft config: opid_index: -1 OBSOLETE_local: false peers { permanent_uuid: "1c500860e3274c45bc7aa2b37e80d80b" member_type: VOTER last_known_addr { host: "127.19.67.126" port: 37527 } } peers { permanent_uuid: "1f9805210e224452a9daa797c78a8593" member_type: VOTER last_known_addr { host: "127.19.67.125" port: 46285 } } peers { permanent_uuid: "991adbec836f4bcc994a37922328ad77" member_type: VOTER last_known_addr { host: "127.19.67.124" port: 37065 } }
I20260630 12:29:08.002126 21017 sys_catalog.cc:455] T 00000000000000000000000000000000 P 1c500860e3274c45bc7aa2b37e80d80b [sys.catalog]: SysCatalogTable state changed. Reason: RaftConsensus started. Latest consensus state: current_term: 0 committed_config { opid_index: -1 OBSOLETE_local: false peers { permanent_uuid: "1c500860e3274c45bc7aa2b37e80d80b" member_type: VOTER last_known_addr { host: "127.19.67.126" port: 37527 } } peers { permanent_uuid: "1f9805210e224452a9daa797c78a8593" member_type: VOTER last_known_addr { host: "127.19.67.125" port: 46285 } } peers { permanent_uuid: "991adbec836f4bcc994a37922328ad77" member_type: VOTER last_known_addr { host: "127.19.67.124" port: 37065 } } }
I20260630 12:29:08.002650 21017 sys_catalog.cc:458] T 00000000000000000000000000000000 P 1c500860e3274c45bc7aa2b37e80d80b [sys.catalog]: This master's current role is: FOLLOWER
I20260630 12:29:08.003158 20856 sys_catalog.cc:565] T 00000000000000000000000000000000 P 1c500860e3274c45bc7aa2b37e80d80b [sys.catalog]: configured and running, proceeding with master startup.
I20260630 12:29:08.012456 19725 internal_mini_cluster.cc:184] Waiting to initialize catalog manager on master 1
I20260630 12:29:08.012717 19725 internal_mini_cluster.cc:184] Waiting to initialize catalog manager on master 2
I20260630 12:29:08.014467 19725 file_cache.cc:492] Constructed file cache file cache with capacity 419430
W20260630 12:29:08.016631 21028 catalog_manager.cc:1594] T 00000000000000000000000000000000 P 1c500860e3274c45bc7aa2b37e80d80b: loading cluster ID for follower catalog manager: Not found: cluster ID entry not found
W20260630 12:29:08.016959 21028 catalog_manager.cc:883] Not found: cluster ID entry not found: failed to prepare follower catalog manager, will retry
W20260630 12:29:08.021538 21030 instance_detector.cc:116] could not retrieve Azure instance metadata: Network error: curl error: HTTP response code said error: The requested URL returned error: 404
W20260630 12:29:08.021749 21029 instance_detector.cc:116] could not retrieve AWS instance metadata: Network error: curl error: HTTP response code said error: The requested URL returned error: 404
W20260630 12:29:08.023221 21032 instance_detector.cc:116] could not retrieve OpenStack instance metadata: Network error: curl error: HTTP response code said error: The requested URL returned error: 404
I20260630 12:29:08.023768 19725 server_base.cc:1061] running on GCE node
I20260630 12:29:08.024454 19725 hybrid_clock.cc:584] initializing the hybrid clock with 'system_unsync' time source
W20260630 12:29:08.024642 19725 system_unsync_time.cc:38] NTP support is disabled. Clock error bounds will not be accurate. This configuration is not suitable for distributed clusters.
I20260630 12:29:08.024813 19725 hybrid_clock.cc:648] HybridClock initialized: now 1782822548024798 us; error 0 us; skew 500 ppm
I20260630 12:29:08.025256 19725 server_base.cc:861] Flag tcmalloc_max_total_thread_cache_bytes is not working since tcmalloc is not enabled.
I20260630 12:29:08.027503 19725 webserver.cc:533] Webserver started at http://127.19.67.65:41399/ using document root <none> and password file <none>
I20260630 12:29:08.028020 19725 fs_manager.cc:362] Metadata directory not provided
I20260630 12:29:08.028209 19725 fs_manager.cc:368] Using write-ahead log directory (fs_wal_dir) as metadata directory
I20260630 12:29:08.028483 19725 server_base.cc:909] This appears to be a new deployment of Kudu; creating new FS layout
I20260630 12:29:08.029505 19725 fs_manager.cc:1068] Generated new instance metadata in path /tmp/dist-test-taskELgtLr/test-tmp/auto_rebalancer-test.0.AutoRebalancerTest.NextLeaderResumesAutoRebalancing.1782822531886874-19725-0/minicluster-data/ts-0-root/instance:
uuid: "b724dd50ec9f4b09b747e444f99cc2d0"
format_stamp: "Formatted at 2026-06-30 12:29:08 on dist-test-slave-vcrd"
I20260630 12:29:08.033617 19725 fs_manager.cc:696] Time spent creating directory manager: real 0.004s	user 0.002s	sys 0.003s
I20260630 12:29:08.036556 21037 log_block_manager.cc:4031] Time spent loading block containers with low live blocks: real 0.000s	user 0.000s	sys 0.000s
I20260630 12:29:08.037189 19725 fs_manager.cc:730] Time spent opening block manager: real 0.002s	user 0.002s	sys 0.000s
I20260630 12:29:08.037463 19725 fs_manager.cc:647] Opened local filesystem: /tmp/dist-test-taskELgtLr/test-tmp/auto_rebalancer-test.0.AutoRebalancerTest.NextLeaderResumesAutoRebalancing.1782822531886874-19725-0/minicluster-data/ts-0-root
uuid: "b724dd50ec9f4b09b747e444f99cc2d0"
format_stamp: "Formatted at 2026-06-30 12:29:08 on dist-test-slave-vcrd"
I20260630 12:29:08.037715 19725 fs_report.cc:389] FS layout report
--------------------
wal directory: /tmp/dist-test-taskELgtLr/test-tmp/auto_rebalancer-test.0.AutoRebalancerTest.NextLeaderResumesAutoRebalancing.1782822531886874-19725-0/minicluster-data/ts-0-root
metadata directory: /tmp/dist-test-taskELgtLr/test-tmp/auto_rebalancer-test.0.AutoRebalancerTest.NextLeaderResumesAutoRebalancing.1782822531886874-19725-0/minicluster-data/ts-0-root
1 data directories: /tmp/dist-test-taskELgtLr/test-tmp/auto_rebalancer-test.0.AutoRebalancerTest.NextLeaderResumesAutoRebalancing.1782822531886874-19725-0/minicluster-data/ts-0-root/data
Total live blocks: 0
Total live bytes: 0
Total live bytes (after alignment): 0
Total number of LBM containers: 0 (0 full)
Did not check for missing blocks
Did not check for orphaned blocks
Total full LBM containers with extra space: 0 (0 repaired)
Total full LBM container extra space in bytes: 0 (0 repaired)
Total incomplete LBM containers: 0 (0 repaired)
Total LBM partial records: 0 (0 repaired)
Total corrupted LBM metadata records in RocksDB: 0 (0 repaired)
I20260630 12:29:08.047355 19725 rpc_server.cc:225] running with OpenSSL 1.1.1  11 Sep 2018
I20260630 12:29:08.048326 19725 kserver.cc:163] Server-wide thread pool size limit: 3276
I20260630 12:29:08.049551 19725 txn_system_client.cc:432] TxnSystemClient initialization is disabled...
I20260630 12:29:08.051750 19725 ts_tablet_manager.cc:585] Loaded tablet metadata (0 total tablets, 0 live tablets)
I20260630 12:29:08.052004 19725 ts_tablet_manager.cc:531] Time spent load tablet metadata: real 0.000s	user 0.000s	sys 0.000s
I20260630 12:29:08.052229 19725 ts_tablet_manager.cc:616] Registered 0 tablets
I20260630 12:29:08.052403 19725 ts_tablet_manager.cc:595] Time spent register tablets: real 0.000s	user 0.000s	sys 0.000s
I20260630 12:29:08.062945 21004 raft_consensus.cc:493] T 00000000000000000000000000000000 P 991adbec836f4bcc994a37922328ad77 [term 0 FOLLOWER]: Starting pre-election (no leader contacted us within the election timeout)
I20260630 12:29:08.063504 21004 raft_consensus.cc:515] T 00000000000000000000000000000000 P 991adbec836f4bcc994a37922328ad77 [term 0 FOLLOWER]: Starting pre-election with config: opid_index: -1 OBSOLETE_local: false peers { permanent_uuid: "1c500860e3274c45bc7aa2b37e80d80b" member_type: VOTER last_known_addr { host: "127.19.67.126" port: 37527 } } peers { permanent_uuid: "1f9805210e224452a9daa797c78a8593" member_type: VOTER last_known_addr { host: "127.19.67.125" port: 46285 } } peers { permanent_uuid: "991adbec836f4bcc994a37922328ad77" member_type: VOTER last_known_addr { host: "127.19.67.124" port: 37065 } }
I20260630 12:29:08.065821 21004 leader_election.cc:290] T 00000000000000000000000000000000 P 991adbec836f4bcc994a37922328ad77 [CANDIDATE]: Term 1 pre-election: Requested pre-vote from peers 1c500860e3274c45bc7aa2b37e80d80b (127.19.67.126:37527), 1f9805210e224452a9daa797c78a8593 (127.19.67.125:46285)
I20260630 12:29:08.066505 20831 tablet_service.cc:1917] Received RequestConsensusVote() RPC: tablet_id: "00000000000000000000000000000000" candidate_uuid: "991adbec836f4bcc994a37922328ad77" candidate_term: 1 candidate_status { last_received { term: 0 index: 0 } } ignore_live_leader: false dest_uuid: "1c500860e3274c45bc7aa2b37e80d80b" is_pre_election: true
I20260630 12:29:08.067006 20896 tablet_service.cc:1917] Received RequestConsensusVote() RPC: tablet_id: "00000000000000000000000000000000" candidate_uuid: "991adbec836f4bcc994a37922328ad77" candidate_term: 1 candidate_status { last_received { term: 0 index: 0 } } ignore_live_leader: false dest_uuid: "1f9805210e224452a9daa797c78a8593" is_pre_election: true
I20260630 12:29:08.067327 20831 raft_consensus.cc:2468] T 00000000000000000000000000000000 P 1c500860e3274c45bc7aa2b37e80d80b [term 0 FOLLOWER]: Leader pre-election vote request: Granting yes vote for candidate 991adbec836f4bcc994a37922328ad77 in term 0.
I20260630 12:29:08.067832 20896 raft_consensus.cc:2468] T 00000000000000000000000000000000 P 1f9805210e224452a9daa797c78a8593 [term 0 FOLLOWER]: Leader pre-election vote request: Granting yes vote for candidate 991adbec836f4bcc994a37922328ad77 in term 0.
I20260630 12:29:08.068732 20934 leader_election.cc:304] T 00000000000000000000000000000000 P 991adbec836f4bcc994a37922328ad77 [CANDIDATE]: Term 1 pre-election: Election decided. Result: candidate won. Election summary: received 2 responses out of 3 voters: 2 yes votes; 0 no votes. yes voters: 1c500860e3274c45bc7aa2b37e80d80b, 991adbec836f4bcc994a37922328ad77; no voters: 
I20260630 12:29:08.069777 21004 raft_consensus.cc:2804] T 00000000000000000000000000000000 P 991adbec836f4bcc994a37922328ad77 [term 0 FOLLOWER]: Leader pre-election won for term 1
I20260630 12:29:08.070242 21004 raft_consensus.cc:493] T 00000000000000000000000000000000 P 991adbec836f4bcc994a37922328ad77 [term 0 FOLLOWER]: Starting leader election (no leader contacted us within the election timeout)
I20260630 12:29:08.070629 21004 raft_consensus.cc:3060] T 00000000000000000000000000000000 P 991adbec836f4bcc994a37922328ad77 [term 0 FOLLOWER]: Advancing to term 1
I20260630 12:29:08.078229 21004 raft_consensus.cc:515] T 00000000000000000000000000000000 P 991adbec836f4bcc994a37922328ad77 [term 1 FOLLOWER]: Starting leader election with config: opid_index: -1 OBSOLETE_local: false peers { permanent_uuid: "1c500860e3274c45bc7aa2b37e80d80b" member_type: VOTER last_known_addr { host: "127.19.67.126" port: 37527 } } peers { permanent_uuid: "1f9805210e224452a9daa797c78a8593" member_type: VOTER last_known_addr { host: "127.19.67.125" port: 46285 } } peers { permanent_uuid: "991adbec836f4bcc994a37922328ad77" member_type: VOTER last_known_addr { host: "127.19.67.124" port: 37065 } }
I20260630 12:29:08.080854 20831 tablet_service.cc:1917] Received RequestConsensusVote() RPC: tablet_id: "00000000000000000000000000000000" candidate_uuid: "991adbec836f4bcc994a37922328ad77" candidate_term: 1 candidate_status { last_received { term: 0 index: 0 } } ignore_live_leader: false dest_uuid: "1c500860e3274c45bc7aa2b37e80d80b"
I20260630 12:29:08.081290 21004 leader_election.cc:290] T 00000000000000000000000000000000 P 991adbec836f4bcc994a37922328ad77 [CANDIDATE]: Term 1 election: Requested vote from peers 1c500860e3274c45bc7aa2b37e80d80b (127.19.67.126:37527), 1f9805210e224452a9daa797c78a8593 (127.19.67.125:46285)
I20260630 12:29:08.081404 20831 raft_consensus.cc:3060] T 00000000000000000000000000000000 P 1c500860e3274c45bc7aa2b37e80d80b [term 0 FOLLOWER]: Advancing to term 1
I20260630 12:29:08.081440 20896 tablet_service.cc:1917] Received RequestConsensusVote() RPC: tablet_id: "00000000000000000000000000000000" candidate_uuid: "991adbec836f4bcc994a37922328ad77" candidate_term: 1 candidate_status { last_received { term: 0 index: 0 } } ignore_live_leader: false dest_uuid: "1f9805210e224452a9daa797c78a8593"
I20260630 12:29:08.082135 20896 raft_consensus.cc:3060] T 00000000000000000000000000000000 P 1f9805210e224452a9daa797c78a8593 [term 0 FOLLOWER]: Advancing to term 1
I20260630 12:29:08.085668 20831 raft_consensus.cc:2468] T 00000000000000000000000000000000 P 1c500860e3274c45bc7aa2b37e80d80b [term 1 FOLLOWER]: Leader election vote request: Granting yes vote for candidate 991adbec836f4bcc994a37922328ad77 in term 1.
I20260630 12:29:08.086575 20934 leader_election.cc:304] T 00000000000000000000000000000000 P 991adbec836f4bcc994a37922328ad77 [CANDIDATE]: Term 1 election: Election decided. Result: candidate won. Election summary: received 2 responses out of 3 voters: 2 yes votes; 0 no votes. yes voters: 1c500860e3274c45bc7aa2b37e80d80b, 991adbec836f4bcc994a37922328ad77; no voters: 
I20260630 12:29:08.087312 21004 raft_consensus.cc:2804] T 00000000000000000000000000000000 P 991adbec836f4bcc994a37922328ad77 [term 1 FOLLOWER]: Leader election won for term 1
I20260630 12:29:08.089171 21004 raft_consensus.cc:697] T 00000000000000000000000000000000 P 991adbec836f4bcc994a37922328ad77 [term 1 LEADER]: Becoming Leader. State: Replica: 991adbec836f4bcc994a37922328ad77, State: Running, Role: LEADER
I20260630 12:29:08.090016 21004 consensus_queue.cc:237] T 00000000000000000000000000000000 P 991adbec836f4bcc994a37922328ad77 [LEADER]: Queue going to LEADER mode. State: All replicated index: 0, Majority replicated index: 0, Committed index: 0, Last appended: 0.0, Last appended by leader: 0, Current term: 1, Majority size: 2, State: 0, Mode: LEADER, active raft config: opid_index: -1 OBSOLETE_local: false peers { permanent_uuid: "1c500860e3274c45bc7aa2b37e80d80b" member_type: VOTER last_known_addr { host: "127.19.67.126" port: 37527 } } peers { permanent_uuid: "1f9805210e224452a9daa797c78a8593" member_type: VOTER last_known_addr { host: "127.19.67.125" port: 46285 } } peers { permanent_uuid: "991adbec836f4bcc994a37922328ad77" member_type: VOTER last_known_addr { host: "127.19.67.124" port: 37065 } }
I20260630 12:29:08.090534 20896 raft_consensus.cc:2468] T 00000000000000000000000000000000 P 1f9805210e224452a9daa797c78a8593 [term 1 FOLLOWER]: Leader election vote request: Granting yes vote for candidate 991adbec836f4bcc994a37922328ad77 in term 1.
I20260630 12:29:08.094693 21079 sys_catalog.cc:455] T 00000000000000000000000000000000 P 991adbec836f4bcc994a37922328ad77 [sys.catalog]: SysCatalogTable state changed. Reason: New leader 991adbec836f4bcc994a37922328ad77. Latest consensus state: current_term: 1 leader_uuid: "991adbec836f4bcc994a37922328ad77" committed_config { opid_index: -1 OBSOLETE_local: false peers { permanent_uuid: "1c500860e3274c45bc7aa2b37e80d80b" member_type: VOTER last_known_addr { host: "127.19.67.126" port: 37527 } } peers { permanent_uuid: "1f9805210e224452a9daa797c78a8593" member_type: VOTER last_known_addr { host: "127.19.67.125" port: 46285 } } peers { permanent_uuid: "991adbec836f4bcc994a37922328ad77" member_type: VOTER last_known_addr { host: "127.19.67.124" port: 37065 } } }
I20260630 12:29:08.095330 21079 sys_catalog.cc:458] T 00000000000000000000000000000000 P 991adbec836f4bcc994a37922328ad77 [sys.catalog]: This master's current role is: LEADER
I20260630 12:29:08.096911 21088 catalog_manager.cc:1511] Loading table and tablet metadata into memory...
I20260630 12:29:08.104439 21088 catalog_manager.cc:1520] Initializing Kudu cluster ID...
I20260630 12:29:08.105165 19725 rpc_server.cc:307] RPC server started. Bound to: 127.19.67.65:45277
I20260630 12:29:08.105317 21102 acceptor_pool.cc:272] collecting diagnostics on the listening RPC socket 127.19.67.65:45277 every 8 connection(s)
I20260630 12:29:08.127054 20896 raft_consensus.cc:1275] T 00000000000000000000000000000000 P 1f9805210e224452a9daa797c78a8593 [term 1 FOLLOWER]: Refusing update from remote peer 991adbec836f4bcc994a37922328ad77: Log matching property violated. Preceding OpId in replica: term: 0 index: 0. Preceding OpId from leader: term: 1 index: 2. (index mismatch)
I20260630 12:29:08.127666 20831 raft_consensus.cc:1275] T 00000000000000000000000000000000 P 1c500860e3274c45bc7aa2b37e80d80b [term 1 FOLLOWER]: Refusing update from remote peer 991adbec836f4bcc994a37922328ad77: Log matching property violated. Preceding OpId in replica: term: 0 index: 0. Preceding OpId from leader: term: 1 index: 2. (index mismatch)
I20260630 12:29:08.128597 21079 consensus_queue.cc:1048] T 00000000000000000000000000000000 P 991adbec836f4bcc994a37922328ad77 [LEADER]: Connected to new peer: Peer: permanent_uuid: "1f9805210e224452a9daa797c78a8593" member_type: VOTER last_known_addr { host: "127.19.67.125" port: 46285 }, Status: LMP_MISMATCH, Last received: 0.0, Next index: 1, Last known committed idx: 0, Time since last communication: 0.000s
I20260630 12:29:08.129478 21004 consensus_queue.cc:1048] T 00000000000000000000000000000000 P 991adbec836f4bcc994a37922328ad77 [LEADER]: Connected to new peer: Peer: permanent_uuid: "1c500860e3274c45bc7aa2b37e80d80b" member_type: VOTER last_known_addr { host: "127.19.67.126" port: 37527 }, Status: LMP_MISMATCH, Last received: 0.0, Next index: 1, Last known committed idx: 0, Time since last communication: 0.000s
I20260630 12:29:08.136363 19725 file_cache.cc:492] Constructed file cache file cache with capacity 419430
I20260630 12:29:08.139250 21104 heartbeater.cc:344] Connected to a master server at 127.19.67.125:46285
I20260630 12:29:08.140170 21104 heartbeater.cc:461] Registering TS with master...
I20260630 12:29:08.141273 21104 heartbeater.cc:507] Master 127.19.67.125:46285 requested a full tablet report, sending...
W20260630 12:29:08.148901 21113 instance_detector.cc:116] could not retrieve AWS instance metadata: Network error: curl error: HTTP response code said error: The requested URL returned error: 404
I20260630 12:29:08.149838 21103 heartbeater.cc:344] Connected to a master server at 127.19.67.124:37065
I20260630 12:29:08.150362 21103 heartbeater.cc:461] Registering TS with master...
I20260630 12:29:08.151412 21103 heartbeater.cc:507] Master 127.19.67.124:37065 requested a full tablet report, sending...
I20260630 12:29:08.153168 21106 heartbeater.cc:344] Connected to a master server at 127.19.67.126:37527
I20260630 12:29:08.153545 21106 heartbeater.cc:461] Registering TS with master...
I20260630 12:29:08.154201 20951 ts_manager.cc:194] Registered new tserver with Master: b724dd50ec9f4b09b747e444f99cc2d0 (127.19.67.65:45277)
I20260630 12:29:08.154482 21106 heartbeater.cc:507] Master 127.19.67.126:37527 requested a full tablet report, sending...
W20260630 12:29:08.155579 21114 instance_detector.cc:116] could not retrieve Azure instance metadata: Network error: curl error: HTTP response code said error: The requested URL returned error: 404
I20260630 12:29:08.163215 20991 sys_catalog.cc:455] T 00000000000000000000000000000000 P 1f9805210e224452a9daa797c78a8593 [sys.catalog]: SysCatalogTable state changed. Reason: New leader 991adbec836f4bcc994a37922328ad77. Latest consensus state: current_term: 1 leader_uuid: "991adbec836f4bcc994a37922328ad77" committed_config { opid_index: -1 OBSOLETE_local: false peers { permanent_uuid: "1c500860e3274c45bc7aa2b37e80d80b" member_type: VOTER last_known_addr { host: "127.19.67.126" port: 37527 } } peers { permanent_uuid: "1f9805210e224452a9daa797c78a8593" member_type: VOTER last_known_addr { host: "127.19.67.125" port: 46285 } } peers { permanent_uuid: "991adbec836f4bcc994a37922328ad77" member_type: VOTER last_known_addr { host: "127.19.67.124" port: 37065 } } }
I20260630 12:29:08.163982 20991 sys_catalog.cc:458] T 00000000000000000000000000000000 P 1f9805210e224452a9daa797c78a8593 [sys.catalog]: This master's current role is: FOLLOWER
I20260630 12:29:08.165238 20821 ts_manager.cc:194] Registered new tserver with Master: b724dd50ec9f4b09b747e444f99cc2d0 (127.19.67.65:45277)
I20260630 12:29:08.165841 20886 ts_manager.cc:194] Registered new tserver with Master: b724dd50ec9f4b09b747e444f99cc2d0 (127.19.67.65:45277)
I20260630 12:29:08.167505 21017 sys_catalog.cc:455] T 00000000000000000000000000000000 P 1c500860e3274c45bc7aa2b37e80d80b [sys.catalog]: SysCatalogTable state changed. Reason: New leader 991adbec836f4bcc994a37922328ad77. Latest consensus state: current_term: 1 leader_uuid: "991adbec836f4bcc994a37922328ad77" committed_config { opid_index: -1 OBSOLETE_local: false peers { permanent_uuid: "1c500860e3274c45bc7aa2b37e80d80b" member_type: VOTER last_known_addr { host: "127.19.67.126" port: 37527 } } peers { permanent_uuid: "1f9805210e224452a9daa797c78a8593" member_type: VOTER last_known_addr { host: "127.19.67.125" port: 46285 } } peers { permanent_uuid: "991adbec836f4bcc994a37922328ad77" member_type: VOTER last_known_addr { host: "127.19.67.124" port: 37065 } } }
I20260630 12:29:08.168385 21017 sys_catalog.cc:458] T 00000000000000000000000000000000 P 1c500860e3274c45bc7aa2b37e80d80b [sys.catalog]: This master's current role is: FOLLOWER
I20260630 12:29:08.187314 20991 sys_catalog.cc:455] T 00000000000000000000000000000000 P 1f9805210e224452a9daa797c78a8593 [sys.catalog]: SysCatalogTable state changed. Reason: Replicated consensus-only round. Latest consensus state: current_term: 1 leader_uuid: "991adbec836f4bcc994a37922328ad77" committed_config { opid_index: -1 OBSOLETE_local: false peers { permanent_uuid: "1c500860e3274c45bc7aa2b37e80d80b" member_type: VOTER last_known_addr { host: "127.19.67.126" port: 37527 } } peers { permanent_uuid: "1f9805210e224452a9daa797c78a8593" member_type: VOTER last_known_addr { host: "127.19.67.125" port: 46285 } } peers { permanent_uuid: "991adbec836f4bcc994a37922328ad77" member_type: VOTER last_known_addr { host: "127.19.67.124" port: 37065 } } }
I20260630 12:29:08.188269 20991 sys_catalog.cc:458] T 00000000000000000000000000000000 P 1f9805210e224452a9daa797c78a8593 [sys.catalog]: This master's current role is: FOLLOWER
I20260630 12:29:08.191717 21079 sys_catalog.cc:455] T 00000000000000000000000000000000 P 991adbec836f4bcc994a37922328ad77 [sys.catalog]: SysCatalogTable state changed. Reason: Peer health change. Latest consensus state: current_term: 1 leader_uuid: "991adbec836f4bcc994a37922328ad77" committed_config { opid_index: -1 OBSOLETE_local: false peers { permanent_uuid: "1c500860e3274c45bc7aa2b37e80d80b" member_type: VOTER last_known_addr { host: "127.19.67.126" port: 37527 } } peers { permanent_uuid: "1f9805210e224452a9daa797c78a8593" member_type: VOTER last_known_addr { host: "127.19.67.125" port: 46285 } } peers { permanent_uuid: "991adbec836f4bcc994a37922328ad77" member_type: VOTER last_known_addr { host: "127.19.67.124" port: 37065 } } }
I20260630 12:29:08.192631 21079 sys_catalog.cc:458] T 00000000000000000000000000000000 P 991adbec836f4bcc994a37922328ad77 [sys.catalog]: This master's current role is: LEADER
I20260630 12:29:08.196739 19725 server_base.cc:1061] running on GCE node
I20260630 12:29:08.199152 21079 sys_catalog.cc:455] T 00000000000000000000000000000000 P 991adbec836f4bcc994a37922328ad77 [sys.catalog]: SysCatalogTable state changed. Reason: Peer health change. Latest consensus state: current_term: 1 leader_uuid: "991adbec836f4bcc994a37922328ad77" committed_config { opid_index: -1 OBSOLETE_local: false peers { permanent_uuid: "1c500860e3274c45bc7aa2b37e80d80b" member_type: VOTER last_known_addr { host: "127.19.67.126" port: 37527 } } peers { permanent_uuid: "1f9805210e224452a9daa797c78a8593" member_type: VOTER last_known_addr { host: "127.19.67.125" port: 46285 } } peers { permanent_uuid: "991adbec836f4bcc994a37922328ad77" member_type: VOTER last_known_addr { host: "127.19.67.124" port: 37065 } } }
I20260630 12:29:08.199800 21079 sys_catalog.cc:458] T 00000000000000000000000000000000 P 991adbec836f4bcc994a37922328ad77 [sys.catalog]: This master's current role is: LEADER
W20260630 12:29:08.199599 21118 instance_detector.cc:116] could not retrieve OpenStack instance metadata: Network error: curl error: HTTP response code said error: The requested URL returned error: 404
I20260630 12:29:08.199963 21017 sys_catalog.cc:455] T 00000000000000000000000000000000 P 1c500860e3274c45bc7aa2b37e80d80b [sys.catalog]: SysCatalogTable state changed. Reason: Replicated consensus-only round. Latest consensus state: current_term: 1 leader_uuid: "991adbec836f4bcc994a37922328ad77" committed_config { opid_index: -1 OBSOLETE_local: false peers { permanent_uuid: "1c500860e3274c45bc7aa2b37e80d80b" member_type: VOTER last_known_addr { host: "127.19.67.126" port: 37527 } } peers { permanent_uuid: "1f9805210e224452a9daa797c78a8593" member_type: VOTER last_known_addr { host: "127.19.67.125" port: 46285 } } peers { permanent_uuid: "991adbec836f4bcc994a37922328ad77" member_type: VOTER last_known_addr { host: "127.19.67.124" port: 37065 } } }
I20260630 12:29:08.200700 21088 catalog_manager.cc:1383] Generated new cluster ID: 07f3ddd6221b48b3b4f98252fe39dd43
I20260630 12:29:08.201007 19725 hybrid_clock.cc:584] initializing the hybrid clock with 'system_unsync' time source
I20260630 12:29:08.201143 21088 catalog_manager.cc:1531] Initializing Kudu internal certificate authority...
W20260630 12:29:08.201313 19725 system_unsync_time.cc:38] NTP support is disabled. Clock error bounds will not be accurate. This configuration is not suitable for distributed clusters.
I20260630 12:29:08.200752 21017 sys_catalog.cc:458] T 00000000000000000000000000000000 P 1c500860e3274c45bc7aa2b37e80d80b [sys.catalog]: This master's current role is: FOLLOWER
I20260630 12:29:08.201536 19725 hybrid_clock.cc:648] HybridClock initialized: now 1782822548201519 us; error 0 us; skew 500 ppm
I20260630 12:29:08.202235 19725 server_base.cc:861] Flag tcmalloc_max_total_thread_cache_bytes is not working since tcmalloc is not enabled.
I20260630 12:29:08.204681 19725 webserver.cc:533] Webserver started at http://127.19.67.66:42007/ using document root <none> and password file <none>
I20260630 12:29:08.205226 19725 fs_manager.cc:362] Metadata directory not provided
I20260630 12:29:08.205430 19725 fs_manager.cc:368] Using write-ahead log directory (fs_wal_dir) as metadata directory
I20260630 12:29:08.205688 19725 server_base.cc:909] This appears to be a new deployment of Kudu; creating new FS layout
I20260630 12:29:08.206813 19725 fs_manager.cc:1068] Generated new instance metadata in path /tmp/dist-test-taskELgtLr/test-tmp/auto_rebalancer-test.0.AutoRebalancerTest.NextLeaderResumesAutoRebalancing.1782822531886874-19725-0/minicluster-data/ts-1-root/instance:
uuid: "351fd041ba86415c820318e62a232594"
format_stamp: "Formatted at 2026-06-30 12:29:08 on dist-test-slave-vcrd"
I20260630 12:29:08.211848 19725 fs_manager.cc:696] Time spent creating directory manager: real 0.005s	user 0.005s	sys 0.000s
I20260630 12:29:08.215205 21127 log_block_manager.cc:4031] Time spent loading block containers with low live blocks: real 0.000s	user 0.000s	sys 0.000s
I20260630 12:29:08.216022 19725 fs_manager.cc:730] Time spent opening block manager: real 0.002s	user 0.002s	sys 0.001s
I20260630 12:29:08.216295 19725 fs_manager.cc:647] Opened local filesystem: /tmp/dist-test-taskELgtLr/test-tmp/auto_rebalancer-test.0.AutoRebalancerTest.NextLeaderResumesAutoRebalancing.1782822531886874-19725-0/minicluster-data/ts-1-root
uuid: "351fd041ba86415c820318e62a232594"
format_stamp: "Formatted at 2026-06-30 12:29:08 on dist-test-slave-vcrd"
I20260630 12:29:08.216553 19725 fs_report.cc:389] FS layout report
--------------------
wal directory: /tmp/dist-test-taskELgtLr/test-tmp/auto_rebalancer-test.0.AutoRebalancerTest.NextLeaderResumesAutoRebalancing.1782822531886874-19725-0/minicluster-data/ts-1-root
metadata directory: /tmp/dist-test-taskELgtLr/test-tmp/auto_rebalancer-test.0.AutoRebalancerTest.NextLeaderResumesAutoRebalancing.1782822531886874-19725-0/minicluster-data/ts-1-root
1 data directories: /tmp/dist-test-taskELgtLr/test-tmp/auto_rebalancer-test.0.AutoRebalancerTest.NextLeaderResumesAutoRebalancing.1782822531886874-19725-0/minicluster-data/ts-1-root/data
Total live blocks: 0
Total live bytes: 0
Total live bytes (after alignment): 0
Total number of LBM containers: 0 (0 full)
Did not check for missing blocks
Did not check for orphaned blocks
Total full LBM containers with extra space: 0 (0 repaired)
Total full LBM container extra space in bytes: 0 (0 repaired)
Total incomplete LBM containers: 0 (0 repaired)
Total LBM partial records: 0 (0 repaired)
Total corrupted LBM metadata records in RocksDB: 0 (0 repaired)
I20260630 12:29:08.229859 21088 catalog_manager.cc:1406] Generated new certificate authority record
I20260630 12:29:08.231473 21088 catalog_manager.cc:1540] Loading token signing keys...
I20260630 12:29:08.236706 19725 rpc_server.cc:225] running with OpenSSL 1.1.1  11 Sep 2018
I20260630 12:29:08.237828 19725 kserver.cc:163] Server-wide thread pool size limit: 3276
I20260630 12:29:08.239234 19725 txn_system_client.cc:432] TxnSystemClient initialization is disabled...
I20260630 12:29:08.241467 19725 ts_tablet_manager.cc:585] Loaded tablet metadata (0 total tablets, 0 live tablets)
I20260630 12:29:08.241673 19725 ts_tablet_manager.cc:531] Time spent load tablet metadata: real 0.000s	user 0.000s	sys 0.000s
I20260630 12:29:08.241927 19725 ts_tablet_manager.cc:616] Registered 0 tablets
I20260630 12:29:08.242101 19725 ts_tablet_manager.cc:595] Time spent register tablets: real 0.000s	user 0.000s	sys 0.000s
I20260630 12:29:08.252571 21088 catalog_manager.cc:6070] T 00000000000000000000000000000000 P 991adbec836f4bcc994a37922328ad77: Generated new TSK 0
I20260630 12:29:08.253122 21088 catalog_manager.cc:1550] Initializing in-progress tserver states...
I20260630 12:29:08.285928 19725 rpc_server.cc:307] RPC server started. Bound to: 127.19.67.66:36369
I20260630 12:29:08.286010 21189 acceptor_pool.cc:272] collecting diagnostics on the listening RPC socket 127.19.67.66:36369 every 8 connection(s)
I20260630 12:29:08.305429 21190 heartbeater.cc:344] Connected to a master server at 127.19.67.124:37065
I20260630 12:29:08.305796 21190 heartbeater.cc:461] Registering TS with master...
I20260630 12:29:08.305904 21191 heartbeater.cc:344] Connected to a master server at 127.19.67.125:46285
I20260630 12:29:08.306289 21191 heartbeater.cc:461] Registering TS with master...
I20260630 12:29:08.306593 21190 heartbeater.cc:507] Master 127.19.67.124:37065 requested a full tablet report, sending...
I20260630 12:29:08.306993 21191 heartbeater.cc:507] Master 127.19.67.125:46285 requested a full tablet report, sending...
I20260630 12:29:08.307149 19725 file_cache.cc:492] Constructed file cache file cache with capacity 419430
I20260630 12:29:08.308864 20951 ts_manager.cc:194] Registered new tserver with Master: 351fd041ba86415c820318e62a232594 (127.19.67.66:36369)
I20260630 12:29:08.309688 20886 ts_manager.cc:194] Registered new tserver with Master: 351fd041ba86415c820318e62a232594 (127.19.67.66:36369)
I20260630 12:29:08.311102 20951 master_service.cc:502] Signed X509 certificate for tserver {username='slave'} at 127.0.0.1:58078
W20260630 12:29:08.315019 21197 instance_detector.cc:116] could not retrieve AWS instance metadata: Network error: curl error: HTTP response code said error: The requested URL returned error: 404
I20260630 12:29:08.315613 21192 heartbeater.cc:344] Connected to a master server at 127.19.67.126:37527
I20260630 12:29:08.316092 21192 heartbeater.cc:461] Registering TS with master...
W20260630 12:29:08.316223 21198 instance_detector.cc:116] could not retrieve Azure instance metadata: Network error: curl error: HTTP response code said error: The requested URL returned error: 404
I20260630 12:29:08.316905 21192 heartbeater.cc:507] Master 127.19.67.126:37527 requested a full tablet report, sending...
I20260630 12:29:08.318825 19725 server_base.cc:1061] running on GCE node
W20260630 12:29:08.319666 21200 instance_detector.cc:116] could not retrieve OpenStack instance metadata: Network error: curl error: HTTP response code said error: The requested URL returned error: 404
I20260630 12:29:08.320160 20821 ts_manager.cc:194] Registered new tserver with Master: 351fd041ba86415c820318e62a232594 (127.19.67.66:36369)
I20260630 12:29:08.320590 19725 hybrid_clock.cc:584] initializing the hybrid clock with 'system_unsync' time source
W20260630 12:29:08.320878 19725 system_unsync_time.cc:38] NTP support is disabled. Clock error bounds will not be accurate. This configuration is not suitable for distributed clusters.
I20260630 12:29:08.321087 19725 hybrid_clock.cc:648] HybridClock initialized: now 1782822548321069 us; error 0 us; skew 500 ppm
I20260630 12:29:08.321650 19725 server_base.cc:861] Flag tcmalloc_max_total_thread_cache_bytes is not working since tcmalloc is not enabled.
I20260630 12:29:08.323710 19725 webserver.cc:533] Webserver started at http://127.19.67.67:34555/ using document root <none> and password file <none>
I20260630 12:29:08.324157 19725 fs_manager.cc:362] Metadata directory not provided
I20260630 12:29:08.324378 19725 fs_manager.cc:368] Using write-ahead log directory (fs_wal_dir) as metadata directory
I20260630 12:29:08.324633 19725 server_base.cc:909] This appears to be a new deployment of Kudu; creating new FS layout
I20260630 12:29:08.325610 19725 fs_manager.cc:1068] Generated new instance metadata in path /tmp/dist-test-taskELgtLr/test-tmp/auto_rebalancer-test.0.AutoRebalancerTest.NextLeaderResumesAutoRebalancing.1782822531886874-19725-0/minicluster-data/ts-2-root/instance:
uuid: "b0933fc065dd43ce98276fbde6b14379"
format_stamp: "Formatted at 2026-06-30 12:29:08 on dist-test-slave-vcrd"
I20260630 12:29:08.329670 19725 fs_manager.cc:696] Time spent creating directory manager: real 0.004s	user 0.005s	sys 0.000s
I20260630 12:29:08.332589 21205 log_block_manager.cc:4031] Time spent loading block containers with low live blocks: real 0.000s	user 0.000s	sys 0.000s
I20260630 12:29:08.333295 19725 fs_manager.cc:730] Time spent opening block manager: real 0.002s	user 0.002s	sys 0.000s
I20260630 12:29:08.333571 19725 fs_manager.cc:647] Opened local filesystem: /tmp/dist-test-taskELgtLr/test-tmp/auto_rebalancer-test.0.AutoRebalancerTest.NextLeaderResumesAutoRebalancing.1782822531886874-19725-0/minicluster-data/ts-2-root
uuid: "b0933fc065dd43ce98276fbde6b14379"
format_stamp: "Formatted at 2026-06-30 12:29:08 on dist-test-slave-vcrd"
I20260630 12:29:08.333838 19725 fs_report.cc:389] FS layout report
--------------------
wal directory: /tmp/dist-test-taskELgtLr/test-tmp/auto_rebalancer-test.0.AutoRebalancerTest.NextLeaderResumesAutoRebalancing.1782822531886874-19725-0/minicluster-data/ts-2-root
metadata directory: /tmp/dist-test-taskELgtLr/test-tmp/auto_rebalancer-test.0.AutoRebalancerTest.NextLeaderResumesAutoRebalancing.1782822531886874-19725-0/minicluster-data/ts-2-root
1 data directories: /tmp/dist-test-taskELgtLr/test-tmp/auto_rebalancer-test.0.AutoRebalancerTest.NextLeaderResumesAutoRebalancing.1782822531886874-19725-0/minicluster-data/ts-2-root/data
Total live blocks: 0
Total live bytes: 0
Total live bytes (after alignment): 0
Total number of LBM containers: 0 (0 full)
Did not check for missing blocks
Did not check for orphaned blocks
Total full LBM containers with extra space: 0 (0 repaired)
Total full LBM container extra space in bytes: 0 (0 repaired)
Total incomplete LBM containers: 0 (0 repaired)
Total LBM partial records: 0 (0 repaired)
Total corrupted LBM metadata records in RocksDB: 0 (0 repaired)
I20260630 12:29:08.350545 19725 rpc_server.cc:225] running with OpenSSL 1.1.1  11 Sep 2018
I20260630 12:29:08.351640 19725 kserver.cc:163] Server-wide thread pool size limit: 3276
I20260630 12:29:08.352958 19725 txn_system_client.cc:432] TxnSystemClient initialization is disabled...
I20260630 12:29:08.354986 19725 ts_tablet_manager.cc:585] Loaded tablet metadata (0 total tablets, 0 live tablets)
I20260630 12:29:08.355221 19725 ts_tablet_manager.cc:531] Time spent load tablet metadata: real 0.000s	user 0.000s	sys 0.000s
I20260630 12:29:08.355459 19725 ts_tablet_manager.cc:616] Registered 0 tablets
I20260630 12:29:08.355624 19725 ts_tablet_manager.cc:595] Time spent register tablets: real 0.000s	user 0.000s	sys 0.000s
I20260630 12:29:08.393047 19725 rpc_server.cc:307] RPC server started. Bound to: 127.19.67.67:46039
I20260630 12:29:08.393132 21267 acceptor_pool.cc:272] collecting diagnostics on the listening RPC socket 127.19.67.67:46039 every 8 connection(s)
I20260630 12:29:08.421612 21268 heartbeater.cc:344] Connected to a master server at 127.19.67.124:37065
I20260630 12:29:08.422026 21268 heartbeater.cc:461] Registering TS with master...
I20260630 12:29:08.422142 21269 heartbeater.cc:344] Connected to a master server at 127.19.67.125:46285
I20260630 12:29:08.422569 21269 heartbeater.cc:461] Registering TS with master...
I20260630 12:29:08.422853 21270 heartbeater.cc:344] Connected to a master server at 127.19.67.126:37527
I20260630 12:29:08.422904 21268 heartbeater.cc:507] Master 127.19.67.124:37065 requested a full tablet report, sending...
I20260630 12:29:08.423362 21270 heartbeater.cc:461] Registering TS with master...
I20260630 12:29:08.423422 21269 heartbeater.cc:507] Master 127.19.67.125:46285 requested a full tablet report, sending...
I20260630 12:29:08.424309 21270 heartbeater.cc:507] Master 127.19.67.126:37527 requested a full tablet report, sending...
I20260630 12:29:08.425416 20951 ts_manager.cc:194] Registered new tserver with Master: b0933fc065dd43ce98276fbde6b14379 (127.19.67.67:46039)
I20260630 12:29:08.425979 20886 ts_manager.cc:194] Registered new tserver with Master: b0933fc065dd43ce98276fbde6b14379 (127.19.67.67:46039)
I20260630 12:29:08.426807 20821 ts_manager.cc:194] Registered new tserver with Master: b0933fc065dd43ce98276fbde6b14379 (127.19.67.67:46039)
I20260630 12:29:08.426954 19725 internal_mini_cluster.cc:371] 3 TS(s) registered with all masters after 0.01589654s
I20260630 12:29:08.427083 20951 master_service.cc:502] Signed X509 certificate for tserver {username='slave'} at 127.0.0.1:58082
I20260630 12:29:08.968393 21002 catalog_manager.cc:1295] Loaded cluster ID: 07f3ddd6221b48b3b4f98252fe39dd43
I20260630 12:29:08.968681 21002 catalog_manager.cc:1588] T 00000000000000000000000000000000 P 1f9805210e224452a9daa797c78a8593: loading cluster ID for follower catalog manager: success
I20260630 12:29:08.972724 21002 catalog_manager.cc:1610] T 00000000000000000000000000000000 P 1f9805210e224452a9daa797c78a8593: acquiring CA information for follower catalog manager: success
I20260630 12:29:08.975610 21002 catalog_manager.cc:1638] T 00000000000000000000000000000000 P 1f9805210e224452a9daa797c78a8593: importing token verification keys for follower catalog manager: success; most recent TSK sequence number 0
I20260630 12:29:09.020342 21028 catalog_manager.cc:1295] Loaded cluster ID: 07f3ddd6221b48b3b4f98252fe39dd43
I20260630 12:29:09.020653 21028 catalog_manager.cc:1588] T 00000000000000000000000000000000 P 1c500860e3274c45bc7aa2b37e80d80b: loading cluster ID for follower catalog manager: success
I20260630 12:29:09.024479 21028 catalog_manager.cc:1610] T 00000000000000000000000000000000 P 1c500860e3274c45bc7aa2b37e80d80b: acquiring CA information for follower catalog manager: success
I20260630 12:29:09.027213 21028 catalog_manager.cc:1638] T 00000000000000000000000000000000 P 1c500860e3274c45bc7aa2b37e80d80b: importing token verification keys for follower catalog manager: success; most recent TSK sequence number 0
I20260630 12:29:09.158799 20951 master_service.cc:502] Signed X509 certificate for tserver {username='slave'} at 127.0.0.1:58066
I20260630 12:29:09.313791 21190 heartbeater.cc:499] Master 127.19.67.124:37065 was elected leader, sending a full tablet report...
I20260630 12:29:09.429595 21268 heartbeater.cc:499] Master 127.19.67.124:37065 was elected leader, sending a full tablet report...
I20260630 12:29:09.991405 21014 auto_leader_rebalancer.cc:515] All tables' leader rebalancing finished this round
I20260630 12:29:10.161093 21103 heartbeater.cc:499] Master 127.19.67.124:37065 was elected leader, sending a full tablet report...
I20260630 12:29:10.544435 20951 catalog_manager.cc:2283] Servicing CreateTable request from {username='slave'} at 127.0.0.1:58086:
name: "test-workload"
schema {
  columns {
    name: "key"
    type: INT32
    is_key: true
    is_nullable: false
    encoding: AUTO_ENCODING
    compression: DEFAULT_COMPRESSION
    cfile_block_size: 0
    immutable: false
  }
  columns {
    name: "int_val"
    type: INT32
    is_key: false
    is_nullable: false
    encoding: AUTO_ENCODING
    compression: DEFAULT_COMPRESSION
    cfile_block_size: 0
    immutable: false
  }
  columns {
    name: "string_val"
    type: STRING
    is_key: false
    is_nullable: true
    encoding: AUTO_ENCODING
    compression: DEFAULT_COMPRESSION
    cfile_block_size: 0
    immutable: false
  }
}
num_replicas: 1
split_rows_range_bounds {
  rows: "\004\001\000\252\252\252*\004\001\000TUUU""\004\001\000\252\252\252*\004\001\000TUUU"
  indirect_data: """"
}
partition_schema {
  range_schema {
    columns {
      name: "key"
    }
  }
}
I20260630 12:29:10.599562 21065 tablet_service.cc:1511] Processing CreateTablet for tablet dfc83fa5437841c1b3251661a770c59e (DEFAULT_TABLE table=test-workload [id=286d5cbfff13436bb7a02b405ba8a53a]), partition=RANGE (key) PARTITION VALUES < 715827882
I20260630 12:29:10.600674 21065 data_dirs.cc:400] Could only allocate 1 dirs of requested 3 for tablet dfc83fa5437841c1b3251661a770c59e. 1 dirs total, 0 dirs full, 0 dirs failed
I20260630 12:29:10.605182 21155 tablet_service.cc:1511] Processing CreateTablet for tablet 22573870329f4ce6be7c35d3b1d251f0 (DEFAULT_TABLE table=test-workload [id=286d5cbfff13436bb7a02b405ba8a53a]), partition=RANGE (key) PARTITION 715827882 <= VALUES < 1431655764
I20260630 12:29:10.606376 21155 data_dirs.cc:400] Could only allocate 1 dirs of requested 3 for tablet 22573870329f4ce6be7c35d3b1d251f0. 1 dirs total, 0 dirs full, 0 dirs failed
I20260630 12:29:10.609444 21233 tablet_service.cc:1511] Processing CreateTablet for tablet b7576246ef7b4a09aae5c7a37df9cd04 (DEFAULT_TABLE table=test-workload [id=286d5cbfff13436bb7a02b405ba8a53a]), partition=RANGE (key) PARTITION 1431655764 <= VALUES
I20260630 12:29:10.610670 21233 data_dirs.cc:400] Could only allocate 1 dirs of requested 3 for tablet b7576246ef7b4a09aae5c7a37df9cd04. 1 dirs total, 0 dirs full, 0 dirs failed
I20260630 12:29:10.615624 21303 tablet_bootstrap.cc:492] T dfc83fa5437841c1b3251661a770c59e P b724dd50ec9f4b09b747e444f99cc2d0: Bootstrap starting.
I20260630 12:29:10.619992 21303 tablet_bootstrap.cc:654] T dfc83fa5437841c1b3251661a770c59e P b724dd50ec9f4b09b747e444f99cc2d0: Neither blocks nor log segments found. Creating new log.
I20260630 12:29:10.620543 21304 tablet_bootstrap.cc:492] T 22573870329f4ce6be7c35d3b1d251f0 P 351fd041ba86415c820318e62a232594: Bootstrap starting.
I20260630 12:29:10.624601 21303 tablet_bootstrap.cc:492] T dfc83fa5437841c1b3251661a770c59e P b724dd50ec9f4b09b747e444f99cc2d0: No bootstrap required, opened a new log
I20260630 12:29:10.624747 21306 tablet_bootstrap.cc:492] T b7576246ef7b4a09aae5c7a37df9cd04 P b0933fc065dd43ce98276fbde6b14379: Bootstrap starting.
I20260630 12:29:10.625039 21303 ts_tablet_manager.cc:1403] T dfc83fa5437841c1b3251661a770c59e P b724dd50ec9f4b09b747e444f99cc2d0: Time spent bootstrapping tablet: real 0.010s	user 0.005s	sys 0.004s
I20260630 12:29:10.626312 21304 tablet_bootstrap.cc:654] T 22573870329f4ce6be7c35d3b1d251f0 P 351fd041ba86415c820318e62a232594: Neither blocks nor log segments found. Creating new log.
I20260630 12:29:10.627595 21303 raft_consensus.cc:359] T dfc83fa5437841c1b3251661a770c59e P b724dd50ec9f4b09b747e444f99cc2d0 [term 0 FOLLOWER]: Replica starting. Triggering 0 pending ops. Active config: opid_index: -1 OBSOLETE_local: true peers { permanent_uuid: "b724dd50ec9f4b09b747e444f99cc2d0" member_type: VOTER last_known_addr { host: "127.19.67.65" port: 45277 } }
I20260630 12:29:10.628226 21303 raft_consensus.cc:385] T dfc83fa5437841c1b3251661a770c59e P b724dd50ec9f4b09b747e444f99cc2d0 [term 0 FOLLOWER]: Consensus starting up: Expiring failure detector timer to make a prompt election more likely
I20260630 12:29:10.628513 21303 raft_consensus.cc:740] T dfc83fa5437841c1b3251661a770c59e P b724dd50ec9f4b09b747e444f99cc2d0 [term 0 FOLLOWER]: Becoming Follower/Learner. State: Replica: b724dd50ec9f4b09b747e444f99cc2d0, State: Initialized, Role: FOLLOWER
