I20260630 12:12:40.617666 10979 leader_election.cc:290] T 3fdd1af8296a4d32b83a31d2e6d14234 P 6503e6b2b07b425d87aeaed21fd22afe [CANDIDATE]: Term 1 election: Requested vote from peers c11b1db18c4b4297afa4884f52f80e51 (127.6.16.66:34983), df2590a7aa9a48d3b1a2c69acdd0a101 (127.6.16.67:39673)
I20260630 12:12:40.619370 10784 tablet_service.cc:1917] Received RequestConsensusVote() RPC: tablet_id: "3fdd1af8296a4d32b83a31d2e6d14234" candidate_uuid: "6503e6b2b07b425d87aeaed21fd22afe" candidate_term: 1 candidate_status { last_received { term: 0 index: 0 } } ignore_live_leader: false dest_uuid: "c11b1db18c4b4297afa4884f52f80e51"
I20260630 12:12:40.620504 10856 tablet_service.cc:1917] Received RequestConsensusVote() RPC: tablet_id: "3fdd1af8296a4d32b83a31d2e6d14234" candidate_uuid: "6503e6b2b07b425d87aeaed21fd22afe" candidate_term: 1 candidate_status { last_received { term: 0 index: 0 } } ignore_live_leader: false dest_uuid: "df2590a7aa9a48d3b1a2c69acdd0a101"
I20260630 12:12:40.621516 10856 raft_consensus.cc:2393] T 3fdd1af8296a4d32b83a31d2e6d14234 P df2590a7aa9a48d3b1a2c69acdd0a101 [term 1 FOLLOWER]: Leader election vote request: Denying vote to candidate 6503e6b2b07b425d87aeaed21fd22afe in current term 1: Already voted for candidate c11b1db18c4b4297afa4884f52f80e51 in this term.
I20260630 12:12:40.622547 10675 leader_election.cc:304] T 3fdd1af8296a4d32b83a31d2e6d14234 P 6503e6b2b07b425d87aeaed21fd22afe [CANDIDATE]: Term 1 election: Election decided. Result: candidate lost. Election summary: received 3 responses out of 3 voters: 1 yes votes; 2 no votes. yes voters: 6503e6b2b07b425d87aeaed21fd22afe; no voters: c11b1db18c4b4297afa4884f52f80e51, df2590a7aa9a48d3b1a2c69acdd0a101
I20260630 12:12:40.623363 10979 raft_consensus.cc:2749] T 3fdd1af8296a4d32b83a31d2e6d14234 P 6503e6b2b07b425d87aeaed21fd22afe [term 1 FOLLOWER]: Leader election lost for term 1. Reason: could not achieve majority
I20260630 12:12:40.629055 10606 catalog_manager.cc:5697] T 3fdd1af8296a4d32b83a31d2e6d14234 P c11b1db18c4b4297afa4884f52f80e51 reported cstate change: term changed from 0 to 1, leader changed from <none> to c11b1db18c4b4297afa4884f52f80e51 (127.6.16.66). New cstate: current_term: 1 leader_uuid: "c11b1db18c4b4297afa4884f52f80e51" committed_config { opid_index: -1 OBSOLETE_local: false peers { permanent_uuid: "6503e6b2b07b425d87aeaed21fd22afe" member_type: VOTER last_known_addr { host: "127.6.16.65" port: 44565 } health_report { overall_health: UNKNOWN } } peers { permanent_uuid: "c11b1db18c4b4297afa4884f52f80e51" member_type: VOTER last_known_addr { host: "127.6.16.66" port: 34983 } health_report { overall_health: HEALTHY } } peers { permanent_uuid: "df2590a7aa9a48d3b1a2c69acdd0a101" member_type: VOTER last_known_addr { host: "127.6.16.67" port: 39673 } health_report { overall_health: UNKNOWN } } }
I20260630 12:12:40.642002 10927 raft_consensus.cc:493] T c0c51e94c53a48979ce3565acbf5ab85 P c11b1db18c4b4297afa4884f52f80e51 [term 0 FOLLOWER]: Starting pre-election (no leader contacted us within the election timeout)
I20260630 12:12:40.642462 10927 raft_consensus.cc:515] T c0c51e94c53a48979ce3565acbf5ab85 P c11b1db18c4b4297afa4884f52f80e51 [term 0 FOLLOWER]: Starting pre-election with config: opid_index: -1 OBSOLETE_local: false peers { permanent_uuid: "6503e6b2b07b425d87aeaed21fd22afe" member_type: VOTER last_known_addr { host: "127.6.16.65" port: 44565 } } peers { permanent_uuid: "df2590a7aa9a48d3b1a2c69acdd0a101" member_type: VOTER last_known_addr { host: "127.6.16.67" port: 39673 } } peers { permanent_uuid: "c11b1db18c4b4297afa4884f52f80e51" member_type: VOTER last_known_addr { host: "127.6.16.66" port: 34983 } }
I20260630 12:12:40.644413 10927 leader_election.cc:290] T c0c51e94c53a48979ce3565acbf5ab85 P c11b1db18c4b4297afa4884f52f80e51 [CANDIDATE]: Term 1 pre-election: Requested pre-vote from peers 6503e6b2b07b425d87aeaed21fd22afe (127.6.16.65:44565), df2590a7aa9a48d3b1a2c69acdd0a101 (127.6.16.67:39673)
I20260630 12:12:40.645117 10708 tablet_service.cc:1917] Received RequestConsensusVote() RPC: tablet_id: "c0c51e94c53a48979ce3565acbf5ab85" candidate_uuid: "c11b1db18c4b4297afa4884f52f80e51" candidate_term: 1 candidate_status { last_received { term: 0 index: 0 } } ignore_live_leader: false dest_uuid: "6503e6b2b07b425d87aeaed21fd22afe" is_pre_election: true
I20260630 12:12:40.645437 10856 tablet_service.cc:1917] Received RequestConsensusVote() RPC: tablet_id: "c0c51e94c53a48979ce3565acbf5ab85" candidate_uuid: "c11b1db18c4b4297afa4884f52f80e51" candidate_term: 1 candidate_status { last_received { term: 0 index: 0 } } ignore_live_leader: false dest_uuid: "df2590a7aa9a48d3b1a2c69acdd0a101" is_pre_election: true
I20260630 12:12:40.646229 10856 raft_consensus.cc:2393] T c0c51e94c53a48979ce3565acbf5ab85 P df2590a7aa9a48d3b1a2c69acdd0a101 [term 1 FOLLOWER]: Leader pre-election vote request: Denying vote to candidate c11b1db18c4b4297afa4884f52f80e51 in current term 1: Already voted for candidate 6503e6b2b07b425d87aeaed21fd22afe in this term.
I20260630 12:12:40.647058 10750 leader_election.cc:304] T c0c51e94c53a48979ce3565acbf5ab85 P c11b1db18c4b4297afa4884f52f80e51 [CANDIDATE]: Term 1 pre-election: Election decided. Result: candidate lost. Election summary: received 3 responses out of 3 voters: 1 yes votes; 2 no votes. yes voters: c11b1db18c4b4297afa4884f52f80e51; no voters: 6503e6b2b07b425d87aeaed21fd22afe, df2590a7aa9a48d3b1a2c69acdd0a101
I20260630 12:12:40.647715 10927 raft_consensus.cc:3060] T c0c51e94c53a48979ce3565acbf5ab85 P c11b1db18c4b4297afa4884f52f80e51 [term 0 FOLLOWER]: Advancing to term 1
I20260630 12:12:40.652916 10927 raft_consensus.cc:2749] T c0c51e94c53a48979ce3565acbf5ab85 P c11b1db18c4b4297afa4884f52f80e51 [term 1 FOLLOWER]: Leader pre-election lost for term 1. Reason: could not achieve majority
I20260630 12:12:40.658509 10927 consensus_queue.cc:1048] T a0c227b2d082421f87d5218a5d3e4811 P c11b1db18c4b4297afa4884f52f80e51 [LEADER]: Connected to new peer: Peer: permanent_uuid: "df2590a7aa9a48d3b1a2c69acdd0a101" member_type: VOTER last_known_addr { host: "127.6.16.67" port: 39673 }, Status: LMP_MISMATCH, Last received: 0.0, Next index: 1, Last known committed idx: 0, Time since last communication: 0.000s
I20260630 12:12:40.668900 10910 consensus_queue.cc:1048] T a0c227b2d082421f87d5218a5d3e4811 P c11b1db18c4b4297afa4884f52f80e51 [LEADER]: Connected to new peer: Peer: permanent_uuid: "6503e6b2b07b425d87aeaed21fd22afe" member_type: VOTER last_known_addr { host: "127.6.16.65" port: 44565 }, Status: LMP_MISMATCH, Last received: 0.0, Next index: 1, Last known committed idx: 0, Time since last communication: 0.000s
I20260630 12:12:40.680747 10979 consensus_queue.cc:1048] T c0c51e94c53a48979ce3565acbf5ab85 P 6503e6b2b07b425d87aeaed21fd22afe [LEADER]: Connected to new peer: Peer: permanent_uuid: "c11b1db18c4b4297afa4884f52f80e51" member_type: VOTER last_known_addr { host: "127.6.16.66" port: 34983 }, Status: LMP_MISMATCH, Last received: 0.0, Next index: 1, Last known committed idx: 0, Time since last communication: 0.000s
I20260630 12:12:40.694546 10950 consensus_queue.cc:1048] T c0c51e94c53a48979ce3565acbf5ab85 P 6503e6b2b07b425d87aeaed21fd22afe [LEADER]: Connected to new peer: Peer: permanent_uuid: "df2590a7aa9a48d3b1a2c69acdd0a101" member_type: VOTER last_known_addr { host: "127.6.16.67" port: 39673 }, Status: LMP_MISMATCH, Last received: 0.0, Next index: 1, Last known committed idx: 0, Time since last communication: 0.001s
I20260630 12:12:40.721827 10912 consensus_queue.cc:1048] T 97f3d4e596db41afa107c036f346d041 P df2590a7aa9a48d3b1a2c69acdd0a101 [LEADER]: Connected to new peer: Peer: permanent_uuid: "6503e6b2b07b425d87aeaed21fd22afe" member_type: VOTER last_known_addr { host: "127.6.16.65" port: 44565 }, Status: LMP_MISMATCH, Last received: 0.0, Next index: 1, Last known committed idx: 0, Time since last communication: 0.000s
I20260630 12:12:40.733500 10948 consensus_queue.cc:1048] T 97f3d4e596db41afa107c036f346d041 P df2590a7aa9a48d3b1a2c69acdd0a101 [LEADER]: Connected to new peer: Peer: permanent_uuid: "c11b1db18c4b4297afa4884f52f80e51" member_type: VOTER last_known_addr { host: "127.6.16.66" port: 34983 }, Status: LMP_MISMATCH, Last received: 0.0, Next index: 1, Last known committed idx: 0, Time since last communication: 0.000s
I20260630 12:12:40.772276 10948 consensus_queue.cc:1048] T db512b2046db4fdca89859248499c5c1 P df2590a7aa9a48d3b1a2c69acdd0a101 [LEADER]: Connected to new peer: Peer: permanent_uuid: "c11b1db18c4b4297afa4884f52f80e51" member_type: VOTER last_known_addr { host: "127.6.16.66" port: 34983 }, Status: LMP_MISMATCH, Last received: 0.0, Next index: 1, Last known committed idx: 0, Time since last communication: 0.000s
I20260630 12:12:40.782892 10912 consensus_queue.cc:1048] T db512b2046db4fdca89859248499c5c1 P df2590a7aa9a48d3b1a2c69acdd0a101 [LEADER]: Connected to new peer: Peer: permanent_uuid: "6503e6b2b07b425d87aeaed21fd22afe" member_type: VOTER last_known_addr { host: "127.6.16.65" port: 44565 }, Status: LMP_MISMATCH, Last received: 0.0, Next index: 1, Last known committed idx: 0, Time since last communication: 0.000s
I20260630 12:12:40.792047 10856 raft_consensus.cc:3060] T 5538a88cccac44ac896065c9d78560a3 P df2590a7aa9a48d3b1a2c69acdd0a101 [term 0 FOLLOWER]: Advancing to term 1
I20260630 12:12:40.799701 10910 consensus_queue.cc:1048] T 5538a88cccac44ac896065c9d78560a3 P c11b1db18c4b4297afa4884f52f80e51 [LEADER]: Connected to new peer: Peer: permanent_uuid: "df2590a7aa9a48d3b1a2c69acdd0a101" member_type: VOTER last_known_addr { host: "127.6.16.67" port: 39673 }, Status: LMP_MISMATCH, Last received: 0.0, Next index: 1, Last known committed idx: 0, Time since last communication: 0.000s
I20260630 12:12:40.811249 10934 consensus_queue.cc:1048] T 5538a88cccac44ac896065c9d78560a3 P c11b1db18c4b4297afa4884f52f80e51 [LEADER]: Connected to new peer: Peer: permanent_uuid: "6503e6b2b07b425d87aeaed21fd22afe" member_type: VOTER last_known_addr { host: "127.6.16.65" port: 44565 }, Status: LMP_MISMATCH, Last received: 0.0, Next index: 1, Last known committed idx: 0, Time since last communication: 0.000s
I20260630 12:12:40.938793 10912 consensus_queue.cc:1048] T 0f08dc9281fd46159daa5e9be2bbbc39 P df2590a7aa9a48d3b1a2c69acdd0a101 [LEADER]: Connected to new peer: Peer: permanent_uuid: "c11b1db18c4b4297afa4884f52f80e51" member_type: VOTER last_known_addr { host: "127.6.16.66" port: 34983 }, Status: LMP_MISMATCH, Last received: 0.0, Next index: 1, Last known committed idx: 0, Time since last communication: 0.000s
I20260630 12:12:40.950748 10912 consensus_queue.cc:1048] T 0f08dc9281fd46159daa5e9be2bbbc39 P df2590a7aa9a48d3b1a2c69acdd0a101 [LEADER]: Connected to new peer: Peer: permanent_uuid: "6503e6b2b07b425d87aeaed21fd22afe" member_type: VOTER last_known_addr { host: "127.6.16.65" port: 44565 }, Status: LMP_MISMATCH, Last received: 0.0, Next index: 1, Last known committed idx: 0, Time since last communication: 0.000s
I20260630 12:12:40.963357 10979 consensus_queue.cc:1048] T 477a8521dcbf48509daa3b3ee417676a P 6503e6b2b07b425d87aeaed21fd22afe [LEADER]: Connected to new peer: Peer: permanent_uuid: "c11b1db18c4b4297afa4884f52f80e51" member_type: VOTER last_known_addr { host: "127.6.16.66" port: 34983 }, Status: LMP_MISMATCH, Last received: 0.0, Next index: 1, Last known committed idx: 0, Time since last communication: 0.001s
I20260630 12:12:40.981287 10919 consensus_queue.cc:1048] T 477a8521dcbf48509daa3b3ee417676a P 6503e6b2b07b425d87aeaed21fd22afe [LEADER]: Connected to new peer: Peer: permanent_uuid: "df2590a7aa9a48d3b1a2c69acdd0a101" member_type: VOTER last_known_addr { host: "127.6.16.67" port: 39673 }, Status: LMP_MISMATCH, Last received: 0.0, Next index: 1, Last known committed idx: 0, Time since last communication: 0.001s
I20260630 12:12:41.191697 10934 consensus_queue.cc:1048] T 3fdd1af8296a4d32b83a31d2e6d14234 P c11b1db18c4b4297afa4884f52f80e51 [LEADER]: Connected to new peer: Peer: permanent_uuid: "df2590a7aa9a48d3b1a2c69acdd0a101" member_type: VOTER last_known_addr { host: "127.6.16.67" port: 39673 }, Status: LMP_MISMATCH, Last received: 0.0, Next index: 1, Last known committed idx: 0, Time since last communication: 0.000s
I20260630 12:12:41.199090 10934 consensus_queue.cc:1048] T 3fdd1af8296a4d32b83a31d2e6d14234 P c11b1db18c4b4297afa4884f52f80e51 [LEADER]: Connected to new peer: Peer: permanent_uuid: "6503e6b2b07b425d87aeaed21fd22afe" member_type: VOTER last_known_addr { host: "127.6.16.65" port: 44565 }, Status: LMP_MISMATCH, Last received: 0.0, Next index: 1, Last known committed idx: 0, Time since last communication: 0.000s
W20260630 12:12:41.567130 10675 outbound_call.cc:321] RPC callback for RPC call kudu.consensus.ConsensusService.UpdateConsensus -> {remote=127.6.16.67:39673, user_credentials={real_user=slave}} blocked reactor thread for 58197us
W20260630 12:12:41.780129 11045 log.cc:927] Time spent T 9ce258d4b01f402ebfd786ffe5d27eaf P 6503e6b2b07b425d87aeaed21fd22afe: Append to log took a long time: real 0.084s	user 0.001s	sys 0.001s
W20260630 12:12:41.803290 10749 outbound_call.cc:321] RPC callback for RPC call kudu.consensus.ConsensusService.UpdateConsensus -> {remote=127.6.16.65:44565, user_credentials={real_user=slave}} blocked reactor thread for 55992.9us
W20260630 12:12:42.044422 10821 outbound_call.cc:321] RPC callback for RPC call kudu.consensus.ConsensusService.UpdateConsensus -> {remote=127.6.16.66:34983, user_credentials={real_user=slave}} blocked reactor thread for 45510.6us
W20260630 12:12:42.110183 10821 outbound_call.cc:321] RPC callback for RPC call kudu.consensus.ConsensusService.UpdateConsensus -> {remote=127.6.16.66:34983, user_credentials={real_user=slave}} blocked reactor thread for 63718.2us
W20260630 12:12:42.136780 10889 outbound_call.cc:321] RPC callback for RPC call kudu.tserver.TabletServerService.Write -> {remote=127.6.16.65:44565, user_credentials={real_user=slave}} blocked reactor thread for 64797.3us
W20260630 12:12:42.222256 10890 outbound_call.cc:321] RPC callback for RPC call kudu.tserver.TabletServerService.Write -> {remote=127.6.16.67:39673, user_credentials={real_user=slave}} blocked reactor thread for 85648.4us
W20260630 12:12:42.787253 10823 outbound_call.cc:321] RPC callback for RPC call kudu.consensus.ConsensusService.UpdateConsensus -> {remote=127.6.16.65:44565, user_credentials={real_user=slave}} blocked reactor thread for 52906.9us
W20260630 12:12:42.870056 10749 outbound_call.cc:321] RPC callback for RPC call kudu.consensus.ConsensusService.UpdateConsensus -> {remote=127.6.16.65:44565, user_credentials={real_user=slave}} blocked reactor thread for 241461us
W20260630 12:12:42.877259 10750 outbound_call.cc:321] RPC callback for RPC call kudu.consensus.ConsensusService.UpdateConsensus -> {remote=127.6.16.67:39673, user_credentials={real_user=slave}} blocked reactor thread for 208523us
W20260630 12:12:43.359113 10821 outbound_call.cc:321] RPC callback for RPC call kudu.consensus.ConsensusService.UpdateConsensus -> {remote=127.6.16.66:34983, user_credentials={real_user=slave}} blocked reactor thread for 189957us
I20260630 12:12:43.479902 11091 rpcz_store.cc:275] Call kudu.tserver.TabletServerService.Write from 127.0.0.1:44374 (ReqId={client: 0c4142ee545b4054b4c37a80712a7a4d, seq_no=66, attempt_no=0}) took 1033 ms. Trace:
I20260630 12:12:43.484197 11093 rpcz_store.cc:275] Call kudu.tserver.TabletServerService.Write from 127.0.0.1:45064 (ReqId={client: 0c4142ee545b4054b4c37a80712a7a4d, seq_no=67, attempt_no=0}) took 1003 ms. Trace:
I20260630 12:12:43.480785 11091 rpcz_store.cc:276] 0630 12:12:42.446164 (+     0us) service_pool.cc:167] Inserting onto call queue
0630 12:12:42.446347 (+   183us) service_pool.cc:224] Handling call
0630 12:12:43.479800 (+1033453us) inbound_call.cc:177] Queueing success response
Related trace 'op':
0630 12:12:42.465638 (+     0us) write_op.cc:183] PREPARE: starting on tablet 3fdd1af8296a4d32b83a31d2e6d14234
0630 12:12:42.466225 (+   587us) write_op.cc:432] Acquiring schema lock in shared mode
0630 12:12:42.466261 (+    36us) write_op.cc:435] Acquired schema lock
0630 12:12:42.466277 (+    16us) tablet.cc:662] Decoding operations
0630 12:12:42.466606 (+   329us) write_op.cc:620] Acquiring the partition lock for write op
0630 12:12:42.466652 (+    46us) write_op.cc:641] Partition lock acquired for write op
0630 12:12:42.466676 (+    24us) tablet.cc:685] Acquiring locks for 2 operations
0630 12:12:42.466865 (+   189us) tablet.cc:701] Row locks acquired
0630 12:12:42.466883 (+    18us) write_op.cc:260] PREPARE: finished
0630 12:12:42.467082 (+   199us) write_op.cc:270] Start()
0630 12:12:42.467182 (+   100us) write_op.cc:276] Timestamp: P: 1782821562467024 usec, L: 0
0630 12:12:42.467199 (+    17us) op_driver.cc:348] REPLICATION: starting
0630 12:12:42.469465 (+  2266us) log.cc:844] Serialized 397 byte log entry
0630 12:12:43.237507 (+768042us) op_driver.cc:464] REPLICATION: finished
0630 12:12:43.357630 (+120123us) write_op.cc:301] APPLY: starting
0630 12:12:43.357727 (+    97us) tablet.cc:1367] starting BulkCheckPresence
0630 12:12:43.357895 (+   168us) tablet.cc:1370] finished BulkCheckPresence
0630 12:12:43.358015 (+   120us) tablet.cc:1372] starting ApplyRowOperation cycle
0630 12:12:43.358566 (+   551us) tablet.cc:1383] finished ApplyRowOperation cycle
0630 12:12:43.358803 (+   237us) tablet_metrics.cc:581] ProbeStats: bloom_lookups=0,key_file_lookups=0,delta_file_lookups=0,mrs_lookups=0
0630 12:12:43.358875 (+    72us) write_op.cc:312] APPLY: finished
0630 12:12:43.361475 (+  2600us) log.cc:844] Serialized 28 byte log entry
0630 12:12:43.438180 (+ 76705us) write_op.cc:489] Releasing partition, row and schema locks
0630 12:12:43.444702 (+  6522us) write_op.cc:454] Released schema lock
0630 12:12:43.464784 (+ 20082us) write_op.cc:341] FINISH: Updating metrics
Metrics: {"child_traces":[["op",{"apply.queue_time_us":119912,"mutex_wait_us":1110,"num_ops":2,"prepare.queue_time_us":6977,"prepare.run_cpu_time_us":2817,"prepare.run_wall_time_us":15201,"replication_time_us":770132}]]}
I20260630 12:12:43.500615 11093 rpcz_store.cc:276] 0630 12:12:42.480522 (+     0us) service_pool.cc:167] Inserting onto call queue
0630 12:12:42.485132 (+  4610us) service_pool.cc:224] Handling call
0630 12:12:43.483829 (+998697us) inbound_call.cc:177] Queueing success response
Related trace 'op':
0630 12:12:42.754702 (+     0us) write_op.cc:183] PREPARE: starting on tablet 082ad767eda14583851462ec09d931b7
0630 12:12:42.755528 (+   826us) write_op.cc:432] Acquiring schema lock in shared mode
0630 12:12:42.755571 (+    43us) write_op.cc:435] Acquired schema lock
0630 12:12:42.758593 (+  3022us) tablet.cc:662] Decoding operations
0630 12:12:42.765518 (+  6925us) write_op.cc:620] Acquiring the partition lock for write op
0630 12:12:42.765575 (+    57us) write_op.cc:641] Partition lock acquired for write op
0630 12:12:42.765622 (+    47us) tablet.cc:685] Acquiring locks for 3 operations
0630 12:12:42.766029 (+   407us) tablet.cc:701] Row locks acquired
0630 12:12:42.766046 (+    17us) write_op.cc:260] PREPARE: finished
0630 12:12:42.766331 (+   285us) write_op.cc:270] Start()
0630 12:12:42.766497 (+   166us) write_op.cc:276] Timestamp: P: 1782821562766259 usec, L: 0
0630 12:12:42.766533 (+    36us) op_driver.cc:348] REPLICATION: starting
0630 12:12:42.767474 (+   941us) log.cc:844] Serialized 441 byte log entry
0630 12:12:43.394791 (+627317us) op_driver.cc:464] REPLICATION: finished
0630 12:12:43.474821 (+ 80030us) write_op.cc:301] APPLY: starting
0630 12:12:43.474936 (+   115us) tablet.cc:1367] starting BulkCheckPresence
0630 12:12:43.475141 (+   205us) tablet.cc:1370] finished BulkCheckPresence
0630 12:12:43.475264 (+   123us) tablet.cc:1372] starting ApplyRowOperation cycle
0630 12:12:43.476087 (+   823us) tablet.cc:1383] finished ApplyRowOperation cycle
0630 12:12:43.476348 (+   261us) tablet_metrics.cc:581] ProbeStats: bloom_lookups=0,key_file_lookups=0,delta_file_lookups=0,mrs_lookups=0
0630 12:12:43.476435 (+    87us) write_op.cc:312] APPLY: finished
0630 12:12:43.476752 (+   317us) log.cc:844] Serialized 34 byte log entry
0630 12:12:43.477906 (+  1154us) write_op.cc:489] Releasing partition, row and schema locks
0630 12:12:43.478014 (+   108us) write_op.cc:454] Released schema lock
0630 12:12:43.478067 (+    53us) write_op.cc:341] FINISH: Updating metrics
Metrics: {"child_traces":[["op",{"apply.queue_time_us":79779,"mutex_wait_us":137052,"num_ops":3,"prepare.queue_time_us":239296,"prepare.run_cpu_time_us":4030,"prepare.run_wall_time_us":18904,"replication_time_us":628100}]]}
W20260630 12:12:43.803997 10749 outbound_call.cc:321] RPC callback for RPC call kudu.consensus.ConsensusService.UpdateConsensus -> {remote=127.6.16.65:44565, user_credentials={real_user=slave}} blocked reactor thread for 84899.1us
W20260630 12:12:43.958389 10823 outbound_call.cc:321] RPC callback for RPC call kudu.consensus.ConsensusService.UpdateConsensus -> {remote=127.6.16.65:44565, user_credentials={real_user=slave}} blocked reactor thread for 150376us
W20260630 12:12:44.646246 11000 meta_cache.cc:1261] Time spent looking up entry by key: real 0.059s	user 0.001s	sys 0.000s
W20260630 12:12:44.758042 10750 outbound_call.cc:321] RPC callback for RPC call kudu.consensus.ConsensusService.UpdateConsensus -> {remote=127.6.16.67:39673, user_credentials={real_user=slave}} blocked reactor thread for 103821us
W20260630 12:12:44.891690 10672 outbound_call.cc:321] RPC callback for RPC call kudu.consensus.ConsensusService.UpdateConsensus -> {remote=127.6.16.66:34983, user_credentials={real_user=slave}} blocked reactor thread for 79173.5us
W20260630 12:12:44.892990 10675 outbound_call.cc:321] RPC callback for RPC call kudu.consensus.ConsensusService.UpdateConsensus -> {remote=127.6.16.67:39673, user_credentials={real_user=slave}} blocked reactor thread for 64207.5us
W20260630 12:12:44.896864 10749 outbound_call.cc:321] RPC callback for RPC call kudu.consensus.ConsensusService.UpdateConsensus -> {remote=127.6.16.65:44565, user_credentials={real_user=slave}} blocked reactor thread for 59117.3us
W20260630 12:12:45.363997 10821 outbound_call.cc:321] RPC callback for RPC call kudu.consensus.ConsensusService.UpdateConsensus -> {remote=127.6.16.66:34983, user_credentials={real_user=slave}} blocked reactor thread for 49578.7us
W20260630 12:12:45.365562 11003 meta_cache.cc:1261] Time spent looking up entry by key: real 0.081s	user 0.001s	sys 0.000s
W20260630 12:12:46.642246 10887 outbound_call.cc:321] RPC callback for RPC call kudu.tserver.TabletServerService.Write -> {remote=127.6.16.66:34983, user_credentials={real_user=slave}} blocked reactor thread for 138375us
I20260630 12:12:47.590670 11091 rpcz_store.cc:275] Call kudu.tserver.TabletServerService.Write from 127.0.0.1:44374 (ReqId={client: 0c4142ee545b4054b4c37a80712a7a4d, seq_no=286, attempt_no=0}) took 1102 ms. Trace:
I20260630 12:12:47.591145 11091 rpcz_store.cc:276] 0630 12:12:46.487851 (+     0us) service_pool.cc:167] Inserting onto call queue
0630 12:12:46.488425 (+   574us) service_pool.cc:224] Handling call
0630 12:12:47.590463 (+1102038us) inbound_call.cc:177] Queueing success response
Related trace 'op':
0630 12:12:46.717767 (+     0us) write_op.cc:183] PREPARE: starting on tablet 5538a88cccac44ac896065c9d78560a3
0630 12:12:46.871397 (+153630us) write_op.cc:432] Acquiring schema lock in shared mode
0630 12:12:46.871460 (+    63us) write_op.cc:435] Acquired schema lock
0630 12:12:46.871498 (+    38us) tablet.cc:662] Decoding operations
0630 12:12:46.872347 (+   849us) write_op.cc:620] Acquiring the partition lock for write op
0630 12:12:46.872435 (+    88us) write_op.cc:641] Partition lock acquired for write op
0630 12:12:46.872489 (+    54us) tablet.cc:685] Acquiring locks for 3 operations
0630 12:12:46.872994 (+   505us) tablet.cc:701] Row locks acquired
0630 12:12:46.873010 (+    16us) write_op.cc:260] PREPARE: finished
0630 12:12:46.873342 (+   332us) write_op.cc:270] Start()
0630 12:12:46.873537 (+   195us) write_op.cc:276] Timestamp: P: 1782821566873266 usec, L: 0
0630 12:12:46.873583 (+    46us) op_driver.cc:348] REPLICATION: starting
0630 12:12:46.905990 (+ 32407us) log.cc:844] Serialized 443 byte log entry
0630 12:12:47.588551 (+682561us) op_driver.cc:464] REPLICATION: finished
0630 12:12:47.588832 (+   281us) write_op.cc:301] APPLY: starting
0630 12:12:47.588898 (+    66us) tablet.cc:1367] starting BulkCheckPresence
0630 12:12:47.589001 (+   103us) tablet.cc:1370] finished BulkCheckPresence
0630 12:12:47.589088 (+    87us) tablet.cc:1372] starting ApplyRowOperation cycle
0630 12:12:47.589559 (+   471us) tablet.cc:1383] finished ApplyRowOperation cycle
0630 12:12:47.589702 (+   143us) tablet_metrics.cc:581] ProbeStats: bloom_lookups=0,key_file_lookups=0,delta_file_lookups=0,mrs_lookups=0
0630 12:12:47.589738 (+    36us) write_op.cc:312] APPLY: finished
0630 12:12:47.589896 (+   158us) log.cc:844] Serialized 34 byte log entry
0630 12:12:47.590050 (+   154us) write_op.cc:489] Releasing partition, row and schema locks
0630 12:12:47.590122 (+    72us) write_op.cc:454] Released schema lock
0630 12:12:47.590156 (+    34us) write_op.cc:341] FINISH: Updating metrics
Metrics: {"child_traces":[["op",{"apply.queue_time_us":100,"num_ops":3,"prepare.queue_time_us":198228,"prepare.run_cpu_time_us":5019,"prepare.run_wall_time_us":209342,"replication_time_us":714821}]]}
I20260630 12:12:47.599326 11091 rpcz_store.cc:275] Call kudu.tserver.TabletServerService.Write from 127.0.0.1:44374 (ReqId={client: 0c4142ee545b4054b4c37a80712a7a4d, seq_no=272, attempt_no=0}) took 1138 ms. Trace:
I20260630 12:12:47.600123 11091 rpcz_store.cc:276] 0630 12:12:46.461196 (+     0us) service_pool.cc:167] Inserting onto call queue
0630 12:12:46.470999 (+  9803us) service_pool.cc:224] Handling call
0630 12:12:47.599257 (+1128258us) inbound_call.cc:177] Queueing success response
Related trace 'op':
0630 12:12:46.473145 (+     0us) write_op.cc:183] PREPARE: starting on tablet 9ce258d4b01f402ebfd786ffe5d27eaf
0630 12:12:46.473964 (+   819us) write_op.cc:432] Acquiring schema lock in shared mode
0630 12:12:46.474004 (+    40us) write_op.cc:435] Acquired schema lock
0630 12:12:46.474018 (+    14us) tablet.cc:662] Decoding operations
0630 12:12:46.475238 (+  1220us) write_op.cc:620] Acquiring the partition lock for write op
0630 12:12:46.475298 (+    60us) write_op.cc:641] Partition lock acquired for write op
0630 12:12:46.475330 (+    32us) tablet.cc:685] Acquiring locks for 9 operations
0630 12:12:46.476139 (+   809us) tablet.cc:701] Row locks acquired
0630 12:12:46.476174 (+    35us) write_op.cc:260] PREPARE: finished
0630 12:12:46.476636 (+   462us) write_op.cc:270] Start()
0630 12:12:46.476782 (+   146us) write_op.cc:276] Timestamp: P: 1782821566476566 usec, L: 0
0630 12:12:46.476800 (+    18us) op_driver.cc:348] REPLICATION: starting
0630 12:12:46.477691 (+   891us) log.cc:844] Serialized 703 byte log entry
0630 12:12:47.592854 (+1115163us) op_driver.cc:464] REPLICATION: finished
0630 12:12:47.597439 (+  4585us) write_op.cc:301] APPLY: starting
0630 12:12:47.597492 (+    53us) tablet.cc:1367] starting BulkCheckPresence
0630 12:12:47.597623 (+   131us) tablet.cc:1370] finished BulkCheckPresence
0630 12:12:47.597685 (+    62us) tablet.cc:1372] starting ApplyRowOperation cycle
0630 12:12:47.598348 (+   663us) tablet.cc:1383] finished ApplyRowOperation cycle
0630 12:12:47.598460 (+   112us) tablet_metrics.cc:581] ProbeStats: bloom_lookups=0,key_file_lookups=0,delta_file_lookups=0,mrs_lookups=0
0630 12:12:47.598482 (+    22us) write_op.cc:312] APPLY: finished
0630 12:12:47.598677 (+   195us) log.cc:844] Serialized 70 byte log entry
0630 12:12:47.598815 (+   138us) write_op.cc:489] Releasing partition, row and schema locks
0630 12:12:47.598904 (+    89us) write_op.cc:454] Released schema lock
0630 12:12:47.598941 (+    37us) write_op.cc:341] FINISH: Updating metrics
Metrics: {"child_traces":[["op",{"apply.queue_time_us":4438,"num_ops":9,"prepare.queue_time_us":126,"prepare.run_cpu_time_us":4796,"prepare.run_wall_time_us":4938,"replication_time_us":1115873}]]}
I20260630 12:12:47.611822 11091 rpcz_store.cc:275] Call kudu.tserver.TabletServerService.Write from 127.0.0.1:44374 (ReqId={client: 0c4142ee545b4054b4c37a80712a7a4d, seq_no=270, attempt_no=0}) took 1172 ms. Trace:
I20260630 12:12:47.617286 11091 rpcz_store.cc:276] 0630 12:12:46.439311 (+     0us) service_pool.cc:167] Inserting onto call queue
0630 12:12:46.441292 (+  1981us) service_pool.cc:224] Handling call
0630 12:12:46.478932 (+ 37640us) spinlock_profiling.cc:243] Waited 36.5 ms on lock 0x7b34002d0708. stack: 00007ffad871c983 00007ffad871c880 00007ffad80ac1d4 000000000042d824 000000000042d7b9 00007ffad9aec171 00007ffad9b3118c 00007ffad9b761d1 00007ffad9b794cf 00007ffad9b7a821 00007ffad9b7a7d9 00007ffad9b7a769 00007ffad9b7a731 00007ffad9b79a2d 000000000043f3c4 000000000043f209
0630 12:12:47.611751 (+1132819us) inbound_call.cc:177] Queueing success response
Related trace 'op':
0630 12:12:46.480525 (+     0us) write_op.cc:183] PREPARE: starting on tablet 9ce258d4b01f402ebfd786ffe5d27eaf
0630 12:12:46.481368 (+   843us) write_op.cc:432] Acquiring schema lock in shared mode
0630 12:12:46.481414 (+    46us) write_op.cc:435] Acquired schema lock
0630 12:12:46.481454 (+    40us) tablet.cc:662] Decoding operations
0630 12:12:46.481993 (+   539us) write_op.cc:620] Acquiring the partition lock for write op
0630 12:12:46.482067 (+    74us) write_op.cc:641] Partition lock acquired for write op
0630 12:12:46.482120 (+    53us) tablet.cc:685] Acquiring locks for 2 operations
0630 12:12:46.482427 (+   307us) tablet.cc:701] Row locks acquired
0630 12:12:46.490099 (+  7672us) write_op.cc:260] PREPARE: finished
0630 12:12:46.490373 (+   274us) write_op.cc:270] Start()
0630 12:12:46.490525 (+   152us) write_op.cc:276] Timestamp: P: 1782821566490314 usec, L: 0
0630 12:12:46.490542 (+    17us) op_driver.cc:348] REPLICATION: starting
0630 12:12:46.491406 (+   864us) log.cc:844] Serialized 399 byte log entry
0630 12:12:47.593156 (+1101750us) op_driver.cc:464] REPLICATION: finished
0630 12:12:47.603656 (+ 10500us) write_op.cc:301] APPLY: starting
0630 12:12:47.603721 (+    65us) tablet.cc:1367] starting BulkCheckPresence
0630 12:12:47.603819 (+    98us) tablet.cc:1370] finished BulkCheckPresence
0630 12:12:47.610738 (+  6919us) tablet.cc:1372] starting ApplyRowOperation cycle
0630 12:12:47.611017 (+   279us) tablet.cc:1383] finished ApplyRowOperation cycle
0630 12:12:47.611118 (+   101us) tablet_metrics.cc:581] ProbeStats: bloom_lookups=0,key_file_lookups=0,delta_file_lookups=0,mrs_lookups=0
0630 12:12:47.611156 (+    38us) write_op.cc:312] APPLY: finished
0630 12:12:47.611302 (+   146us) log.cc:844] Serialized 28 byte log entry
0630 12:12:47.611410 (+   108us) write_op.cc:489] Releasing partition, row and schema locks
0630 12:12:47.611467 (+    57us) write_op.cc:454] Released schema lock
0630 12:12:47.611489 (+    22us) write_op.cc:341] FINISH: Updating metrics
Metrics: {"spinlock_wait_cycles":83899264,"child_traces":[["op",{"apply.queue_time_us":10329,"num_ops":2,"prepare.queue_time_us":160,"prepare.run_cpu_time_us":3592,"prepare.run_wall_time_us":11240,"replication_time_us":1102498}]]}
I20260630 12:12:47.688668 11117 rpcz_store.cc:275] Call kudu.tserver.TabletServerService.Write from 127.0.0.1:45064 (ReqId={client: 0c4142ee545b4054b4c37a80712a7a4d, seq_no=267, attempt_no=0}) took 1007 ms. Trace:
I20260630 12:12:47.689144 11117 rpcz_store.cc:276] 0630 12:12:46.681395 (+     0us) service_pool.cc:167] Inserting onto call queue
0630 12:12:46.681696 (+   301us) service_pool.cc:224] Handling call
0630 12:12:46.772363 (+ 90667us) spinlock_profiling.cc:243] Waited 8.86 ms on lock 0x7b2c0010fea8. stack: 00007ffad871c983 00007ffad871c880 00007ffad80ac1d4 000000000042d824 000000000042d7b9 00007ffada135a11 00007ffada145372 00007ffae07f885f 00007ffadf8d5f84 00007ffadf8d5f12 00007ffadf8d5e41 00007ffadf8d5dbc 00007ffadf8d5072 00007ffad9b7741c 00007ffad9b76856 00007ffad9b761ff
0630 12:12:47.688572 (+916209us) inbound_call.cc:177] Queueing success response
Related trace 'op':
0630 12:12:46.913709 (+     0us) write_op.cc:183] PREPARE: starting on tablet db512b2046db4fdca89859248499c5c1
0630 12:12:46.929244 (+ 15535us) write_op.cc:432] Acquiring schema lock in shared mode
0630 12:12:46.929292 (+    48us) write_op.cc:435] Acquired schema lock
0630 12:12:46.929329 (+    37us) tablet.cc:662] Decoding operations
0630 12:12:46.930155 (+   826us) write_op.cc:620] Acquiring the partition lock for write op
0630 12:12:46.930218 (+    63us) write_op.cc:641] Partition lock acquired for write op
0630 12:12:46.930279 (+    61us) tablet.cc:685] Acquiring locks for 4 operations
0630 12:12:46.931876 (+  1597us) tablet.cc:701] Row locks acquired
0630 12:12:46.931918 (+    42us) write_op.cc:260] PREPARE: finished
0630 12:12:47.319467 (+387549us) spinlock_profiling.cc:243] Waited 10.3 ms on lock 0x7b34000a84b8. stack: 00007ffad871c983 00007ffad871c880 00007ffad80ac1d4 000000000042d824 000000000042d7b9 00007ffad9aec171 00007ffad9b31b64 00007ffadf2701b5 00007ffadf26fd58 00007ffadf2749f1 00007ffadf2749a9 00007ffadf274939 00007ffadf274901 00007ffadf273b2d 000000000043f3c4 000000000043f209
0630 12:12:47.319618 (+   151us) write_op.cc:270] Start()
0630 12:12:47.319899 (+   281us) write_op.cc:276] Timestamp: P: 1782821567319562 usec, L: 0
0630 12:12:47.319937 (+    38us) op_driver.cc:348] REPLICATION: starting
0630 12:12:47.320974 (+  1037us) log.cc:844] Serialized 486 byte log entry
0630 12:12:47.685038 (+364064us) op_driver.cc:464] REPLICATION: finished
0630 12:12:47.685392 (+   354us) write_op.cc:301] APPLY: starting
0630 12:12:47.685452 (+    60us) tablet.cc:1367] starting BulkCheckPresence
0630 12:12:47.685550 (+    98us) tablet.cc:1370] finished BulkCheckPresence
0630 12:12:47.685565 (+    15us) tablet.cc:1372] starting ApplyRowOperation cycle
0630 12:12:47.686038 (+   473us) tablet.cc:1383] finished ApplyRowOperation cycle
0630 12:12:47.686174 (+   136us) tablet_metrics.cc:581] ProbeStats: bloom_lookups=0,key_file_lookups=0,delta_file_lookups=0,mrs_lookups=0
0630 12:12:47.686210 (+    36us) write_op.cc:312] APPLY: finished
0630 12:12:47.686347 (+   137us) log.cc:844] Serialized 40 byte log entry
0630 12:12:47.688057 (+  1710us) write_op.cc:489] Releasing partition, row and schema locks
0630 12:12:47.688132 (+    75us) write_op.cc:454] Released schema lock
0630 12:12:47.688175 (+    43us) write_op.cc:341] FINISH: Updating metrics
Metrics: {"spinlock_wait_cycles":20389120,"child_traces":[["op",{"apply.queue_time_us":211,"num_ops":4,"prepare.queue_time_us":140185,"prepare.run_cpu_time_us":15375,"prepare.run_wall_time_us":407875,"raft.queue_time_us":18983,"raft.run_cpu_time_us":2451,"raft.run_wall_time_us":4233,"replication_time_us":364966,"spinlock_wait_cycles":23716224,"thread_start_us":116192,"threads_started":1}]]}
I20260630 12:12:47.704389  6209 file_cache.cc:492] Constructed file cache file cache with capacity 419430
W20260630 12:12:47.715590 11153 instance_detector.cc:116] could not retrieve AWS instance metadata: Network error: curl error: HTTP response code said error: The requested URL returned error: 404
W20260630 12:12:47.715667 11154 instance_detector.cc:116] could not retrieve Azure instance metadata: Network error: curl error: HTTP response code said error: The requested URL returned error: 404
W20260630 12:12:47.716476 11156 instance_detector.cc:116] could not retrieve OpenStack instance metadata: Network error: curl error: HTTP response code said error: The requested URL returned error: 404
I20260630 12:12:47.718262  6209 server_base.cc:1061] running on GCE node
I20260630 12:12:47.720214  6209 hybrid_clock.cc:584] initializing the hybrid clock with 'system_unsync' time source
W20260630 12:12:47.720542  6209 system_unsync_time.cc:38] NTP support is disabled. Clock error bounds will not be accurate. This configuration is not suitable for distributed clusters.
I20260630 12:12:47.720777  6209 hybrid_clock.cc:648] HybridClock initialized: now 1782821567720756 us; error 0 us; skew 500 ppm
I20260630 12:12:47.721517  6209 server_base.cc:861] Flag tcmalloc_max_total_thread_cache_bytes is not working since tcmalloc is not enabled.
I20260630 12:12:47.724294  6209 webserver.cc:533] Webserver started at http://127.6.16.68:40415/ using document root <none> and password file <none>
I20260630 12:12:47.724918  6209 fs_manager.cc:362] Metadata directory not provided
I20260630 12:12:47.725138  6209 fs_manager.cc:368] Using write-ahead log directory (fs_wal_dir) as metadata directory
I20260630 12:12:47.725454  6209 server_base.cc:909] This appears to be a new deployment of Kudu; creating new FS layout
I20260630 12:12:47.726843  6209 fs_manager.cc:1068] Generated new instance metadata in path /tmp/dist-test-taskoN2M0w/test-tmp/auto_rebalancer-test.0.AutoRebalancerTest.TestMaxMovesPerServer.1782821433953764-6209-0/minicluster-data/ts-3-root/instance:
uuid: "a00ee2b130e3405e9a9656b806add395"
format_stamp: "Formatted at 2026-06-30 12:12:47 on dist-test-slave-8ssg"
I20260630 12:12:47.731820  6209 fs_manager.cc:696] Time spent creating directory manager: real 0.004s	user 0.000s	sys 0.006s
I20260630 12:12:47.735467 11161 log_block_manager.cc:4031] Time spent loading block containers with low live blocks: real 0.000s	user 0.000s	sys 0.000s
I20260630 12:12:47.736261  6209 fs_manager.cc:730] Time spent opening block manager: real 0.002s	user 0.003s	sys 0.000s
I20260630 12:12:47.736649  6209 fs_manager.cc:647] Opened local filesystem: /tmp/dist-test-taskoN2M0w/test-tmp/auto_rebalancer-test.0.AutoRebalancerTest.TestMaxMovesPerServer.1782821433953764-6209-0/minicluster-data/ts-3-root
uuid: "a00ee2b130e3405e9a9656b806add395"
format_stamp: "Formatted at 2026-06-30 12:12:47 on dist-test-slave-8ssg"
I20260630 12:12:47.736953  6209 fs_report.cc:389] FS layout report
--------------------
wal directory: /tmp/dist-test-taskoN2M0w/test-tmp/auto_rebalancer-test.0.AutoRebalancerTest.TestMaxMovesPerServer.1782821433953764-6209-0/minicluster-data/ts-3-root
metadata directory: /tmp/dist-test-taskoN2M0w/test-tmp/auto_rebalancer-test.0.AutoRebalancerTest.TestMaxMovesPerServer.1782821433953764-6209-0/minicluster-data/ts-3-root
1 data directories: /tmp/dist-test-taskoN2M0w/test-tmp/auto_rebalancer-test.0.AutoRebalancerTest.TestMaxMovesPerServer.1782821433953764-6209-0/minicluster-data/ts-3-root/data
Total live blocks: 0
Total live bytes: 0
Total live bytes (after alignment): 0
Total number of LBM containers: 0 (0 full)
Did not check for missing blocks
Did not check for orphaned blocks
Total full LBM containers with extra space: 0 (0 repaired)
Total full LBM container extra space in bytes: 0 (0 repaired)
Total incomplete LBM containers: 0 (0 repaired)
Total LBM partial records: 0 (0 repaired)
Total corrupted LBM metadata records in RocksDB: 0 (0 repaired)
I20260630 12:12:47.780486  6209 rpc_server.cc:225] running with OpenSSL 1.1.1  11 Sep 2018
I20260630 12:12:47.782001  6209 kserver.cc:163] Server-wide thread pool size limit: 3276
I20260630 12:12:47.783846  6209 txn_system_client.cc:432] TxnSystemClient initialization is disabled...
I20260630 12:12:47.786924  6209 ts_tablet_manager.cc:585] Loaded tablet metadata (0 total tablets, 0 live tablets)
I20260630 12:12:47.787240  6209 ts_tablet_manager.cc:531] Time spent load tablet metadata: real 0.000s	user 0.000s	sys 0.000s
I20260630 12:12:47.787551  6209 ts_tablet_manager.cc:616] Registered 0 tablets
I20260630 12:12:47.787796  6209 ts_tablet_manager.cc:595] Time spent register tablets: real 0.000s	user 0.000s	sys 0.000s
I20260630 12:12:47.837949  6209 rpc_server.cc:307] RPC server started. Bound to: 127.6.16.68:37109
I20260630 12:12:47.838068 11223 acceptor_pool.cc:272] collecting diagnostics on the listening RPC socket 127.6.16.68:37109 every 8 connection(s)
I20260630 12:12:47.843684  6209 file_cache.cc:492] Constructed file cache file cache with capacity 419430
W20260630 12:12:47.852670 11228 instance_detector.cc:116] could not retrieve AWS instance metadata: Network error: curl error: HTTP response code said error: The requested URL returned error: 404
W20260630 12:12:47.853549 11229 instance_detector.cc:116] could not retrieve Azure instance metadata: Network error: curl error: HTTP response code said error: The requested URL returned error: 404
I20260630 12:12:47.856518  6209 server_base.cc:1061] running on GCE node
W20260630 12:12:47.857337 11232 instance_detector.cc:116] could not retrieve OpenStack instance metadata: Network error: curl error: HTTP response code said error: The requested URL returned error: 404
I20260630 12:12:47.859823 11224 heartbeater.cc:344] Connected to a master server at 127.6.16.126:39579
I20260630 12:12:47.860249 11224 heartbeater.cc:461] Registering TS with master...
I20260630 12:12:47.861656 11224 heartbeater.cc:507] Master 127.6.16.126:39579 requested a full tablet report, sending...
I20260630 12:12:47.861809  6209 hybrid_clock.cc:584] initializing the hybrid clock with 'system_unsync' time source
W20260630 12:12:47.862098  6209 system_unsync_time.cc:38] NTP support is disabled. Clock error bounds will not be accurate. This configuration is not suitable for distributed clusters.
I20260630 12:12:47.862282  6209 hybrid_clock.cc:648] HybridClock initialized: now 1782821567862265 us; error 0 us; skew 500 ppm
I20260630 12:12:47.862928  6209 server_base.cc:861] Flag tcmalloc_max_total_thread_cache_bytes is not working since tcmalloc is not enabled.
I20260630 12:12:47.863826 10606 ts_manager.cc:194] Registered new tserver with Master: a00ee2b130e3405e9a9656b806add395 (127.6.16.68:37109)
I20260630 12:12:47.865754  6209 webserver.cc:533] Webserver started at http://127.6.16.69:37521/ using document root <none> and password file <none>
I20260630 12:12:47.865779 10606 master_service.cc:502] Signed X509 certificate for tserver {username='slave'} at 127.0.0.1:39850
I20260630 12:12:47.866410  6209 fs_manager.cc:362] Metadata directory not provided
I20260630 12:12:47.866679  6209 fs_manager.cc:368] Using write-ahead log directory (fs_wal_dir) as metadata directory
I20260630 12:12:47.867020  6209 server_base.cc:909] This appears to be a new deployment of Kudu; creating new FS layout
I20260630 12:12:47.868670  6209 fs_manager.cc:1068] Generated new instance metadata in path /tmp/dist-test-taskoN2M0w/test-tmp/auto_rebalancer-test.0.AutoRebalancerTest.TestMaxMovesPerServer.1782821433953764-6209-0/minicluster-data/ts-4-root/instance:
uuid: "41a07bf6754a47c699460e57612cd858"
format_stamp: "Formatted at 2026-06-30 12:12:47 on dist-test-slave-8ssg"
I20260630 12:12:47.873361  6209 fs_manager.cc:696] Time spent creating directory manager: real 0.004s	user 0.002s	sys 0.003s
I20260630 12:12:47.876886 11236 log_block_manager.cc:4031] Time spent loading block containers with low live blocks: real 0.000s	user 0.000s	sys 0.000s
I20260630 12:12:47.877650  6209 fs_manager.cc:730] Time spent opening block manager: real 0.002s	user 0.002s	sys 0.001s
I20260630 12:12:47.877959  6209 fs_manager.cc:647] Opened local filesystem: /tmp/dist-test-taskoN2M0w/test-tmp/auto_rebalancer-test.0.AutoRebalancerTest.TestMaxMovesPerServer.1782821433953764-6209-0/minicluster-data/ts-4-root
uuid: "41a07bf6754a47c699460e57612cd858"
format_stamp: "Formatted at 2026-06-30 12:12:47 on dist-test-slave-8ssg"
I20260630 12:12:47.878221  6209 fs_report.cc:389] FS layout report
--------------------
wal directory: /tmp/dist-test-taskoN2M0w/test-tmp/auto_rebalancer-test.0.AutoRebalancerTest.TestMaxMovesPerServer.1782821433953764-6209-0/minicluster-data/ts-4-root
metadata directory: /tmp/dist-test-taskoN2M0w/test-tmp/auto_rebalancer-test.0.AutoRebalancerTest.TestMaxMovesPerServer.1782821433953764-6209-0/minicluster-data/ts-4-root
1 data directories: /tmp/dist-test-taskoN2M0w/test-tmp/auto_rebalancer-test.0.AutoRebalancerTest.TestMaxMovesPerServer.1782821433953764-6209-0/minicluster-data/ts-4-root/data
Total live blocks: 0
Total live bytes: 0
Total live bytes (after alignment): 0
Total number of LBM containers: 0 (0 full)
Did not check for missing blocks
Did not check for orphaned blocks
Total full LBM containers with extra space: 0 (0 repaired)
Total full LBM container extra space in bytes: 0 (0 repaired)
Total incomplete LBM containers: 0 (0 repaired)
Total LBM partial records: 0 (0 repaired)
Total corrupted LBM metadata records in RocksDB: 0 (0 repaired)
I20260630 12:12:47.892136  6209 rpc_server.cc:225] running with OpenSSL 1.1.1  11 Sep 2018
I20260630 12:12:47.893507  6209 kserver.cc:163] Server-wide thread pool size limit: 3276
I20260630 12:12:47.895089  6209 txn_system_client.cc:432] TxnSystemClient initialization is disabled...
I20260630 12:12:47.897485  6209 ts_tablet_manager.cc:585] Loaded tablet metadata (0 total tablets, 0 live tablets)
I20260630 12:12:47.897696  6209 ts_tablet_manager.cc:531] Time spent load tablet metadata: real 0.000s	user 0.000s	sys 0.000s
I20260630 12:12:47.897944  6209 ts_tablet_manager.cc:616] Registered 0 tablets
I20260630 12:12:47.898087  6209 ts_tablet_manager.cc:595] Time spent register tablets: real 0.000s	user 0.000s	sys 0.000s
I20260630 12:12:47.961910  6209 rpc_server.cc:307] RPC server started. Bound to: 127.6.16.69:41279
I20260630 12:12:47.962028 11298 acceptor_pool.cc:272] collecting diagnostics on the listening RPC socket 127.6.16.69:41279 every 8 connection(s)
I20260630 12:12:47.968971  6209 file_cache.cc:492] Constructed file cache file cache with capacity 419430
W20260630 12:12:47.976483 11302 instance_detector.cc:116] could not retrieve AWS instance metadata: Network error: curl error: HTTP response code said error: The requested URL returned error: 404
W20260630 12:12:47.978389 11303 instance_detector.cc:116] could not retrieve Azure instance metadata: Network error: curl error: HTTP response code said error: The requested URL returned error: 404
W20260630 12:12:47.983011 11305 instance_detector.cc:116] could not retrieve OpenStack instance metadata: Network error: curl error: HTTP response code said error: The requested URL returned error: 404
I20260630 12:12:47.983398  6209 server_base.cc:1061] running on GCE node
I20260630 12:12:47.983597 11299 heartbeater.cc:344] Connected to a master server at 127.6.16.126:39579
I20260630 12:12:47.984064 11299 heartbeater.cc:461] Registering TS with master...
I20260630 12:12:47.984685  6209 hybrid_clock.cc:584] initializing the hybrid clock with 'system_unsync' time source
W20260630 12:12:47.984952  6209 system_unsync_time.cc:38] NTP support is disabled. Clock error bounds will not be accurate. This configuration is not suitable for distributed clusters.
I20260630 12:12:47.984932 11299 heartbeater.cc:507] Master 127.6.16.126:39579 requested a full tablet report, sending...
I20260630 12:12:47.985342  6209 hybrid_clock.cc:648] HybridClock initialized: now 1782821567985324 us; error 0 us; skew 500 ppm
I20260630 12:12:47.985992  6209 server_base.cc:861] Flag tcmalloc_max_total_thread_cache_bytes is not working since tcmalloc is not enabled.
I20260630 12:12:47.987317 10606 ts_manager.cc:194] Registered new tserver with Master: 41a07bf6754a47c699460e57612cd858 (127.6.16.69:41279)
I20260630 12:12:47.989084 10606 master_service.cc:502] Signed X509 certificate for tserver {username='slave'} at 127.0.0.1:39860
I20260630 12:12:47.990368  6209 webserver.cc:533] Webserver started at http://127.6.16.70:45023/ using document root <none> and password file <none>
I20260630 12:12:47.991036  6209 fs_manager.cc:362] Metadata directory not provided
I20260630 12:12:47.991261  6209 fs_manager.cc:368] Using write-ahead log directory (fs_wal_dir) as metadata directory
I20260630 12:12:47.991560  6209 server_base.cc:909] This appears to be a new deployment of Kudu; creating new FS layout
I20260630 12:12:47.992882  6209 fs_manager.cc:1068] Generated new instance metadata in path /tmp/dist-test-taskoN2M0w/test-tmp/auto_rebalancer-test.0.AutoRebalancerTest.TestMaxMovesPerServer.1782821433953764-6209-0/minicluster-data/ts-5-root/instance:
uuid: "9db9e5bc6a4744e794fa99fdd9e0b01c"
format_stamp: "Formatted at 2026-06-30 12:12:47 on dist-test-slave-8ssg"
I20260630 12:12:47.998515  6209 fs_manager.cc:696] Time spent creating directory manager: real 0.005s	user 0.005s	sys 0.000s
I20260630 12:12:48.002180 11310 log_block_manager.cc:4031] Time spent loading block containers with low live blocks: real 0.000s	user 0.000s	sys 0.000s
I20260630 12:12:48.003062  6209 fs_manager.cc:730] Time spent opening block manager: real 0.002s	user 0.001s	sys 0.000s
I20260630 12:12:48.003376  6209 fs_manager.cc:647] Opened local filesystem: /tmp/dist-test-taskoN2M0w/test-tmp/auto_rebalancer-test.0.AutoRebalancerTest.TestMaxMovesPerServer.1782821433953764-6209-0/minicluster-data/ts-5-root
uuid: "9db9e5bc6a4744e794fa99fdd9e0b01c"
format_stamp: "Formatted at 2026-06-30 12:12:47 on dist-test-slave-8ssg"
I20260630 12:12:48.003664  6209 fs_report.cc:389] FS layout report
--------------------
wal directory: /tmp/dist-test-taskoN2M0w/test-tmp/auto_rebalancer-test.0.AutoRebalancerTest.TestMaxMovesPerServer.1782821433953764-6209-0/minicluster-data/ts-5-root
metadata directory: /tmp/dist-test-taskoN2M0w/test-tmp/auto_rebalancer-test.0.AutoRebalancerTest.TestMaxMovesPerServer.1782821433953764-6209-0/minicluster-data/ts-5-root
1 data directories: /tmp/dist-test-taskoN2M0w/test-tmp/auto_rebalancer-test.0.AutoRebalancerTest.TestMaxMovesPerServer.1782821433953764-6209-0/minicluster-data/ts-5-root/data
Total live blocks: 0
Total live bytes: 0
Total live bytes (after alignment): 0
Total number of LBM containers: 0 (0 full)
Did not check for missing blocks
Did not check for orphaned blocks
Total full LBM containers with extra space: 0 (0 repaired)
Total full LBM container extra space in bytes: 0 (0 repaired)
Total incomplete LBM containers: 0 (0 repaired)
Total LBM partial records: 0 (0 repaired)
Total corrupted LBM metadata records in RocksDB: 0 (0 repaired)
I20260630 12:12:48.048374  6209 rpc_server.cc:225] running with OpenSSL 1.1.1  11 Sep 2018
