W20260630 12:29:27.273306 21953 instance_detector.cc:116] could not retrieve Azure instance metadata: Network error: curl error: HTTP response code said error: The requested URL returned error: 404
I20260630 12:29:27.276551 19978 server_base.cc:1061] running on GCE node
W20260630 12:29:27.277127 21955 instance_detector.cc:116] could not retrieve OpenStack instance metadata: Network error: curl error: HTTP response code said error: The requested URL returned error: 404
I20260630 12:29:27.278023 19978 hybrid_clock.cc:584] initializing the hybrid clock with 'system_unsync' time source
W20260630 12:29:27.278263 19978 system_unsync_time.cc:38] NTP support is disabled. Clock error bounds will not be accurate. This configuration is not suitable for distributed clusters.
I20260630 12:29:27.278463 19978 hybrid_clock.cc:648] HybridClock initialized: now 1782822567278448 us; error 0 us; skew 500 ppm
I20260630 12:29:27.278950 19978 server_base.cc:861] Flag tcmalloc_max_total_thread_cache_bytes is not working since tcmalloc is not enabled.
I20260630 12:29:27.281384 19978 webserver.cc:533] Webserver started at http://127.19.130.132:36283/ using document root <none> and password file <none>
I20260630 12:29:27.281944 19978 fs_manager.cc:362] Metadata directory not provided
I20260630 12:29:27.282166 19978 fs_manager.cc:368] Using write-ahead log directory (fs_wal_dir) as metadata directory
I20260630 12:29:27.282481 19978 server_base.cc:909] This appears to be a new deployment of Kudu; creating new FS layout
I20260630 12:29:27.283761 19978 fs_manager.cc:1068] Generated new instance metadata in path /tmp/dist-test-taskPc6UTa/test-tmp/auto_rebalancer-test.0.AutoRebalancerTest.MovesScheduledIfAddTserver.1782822531767112-19978-0/minicluster-data/ts-3-root/instance:
uuid: "bd6e2dd0a4e04e3a9921d6e2114c7b63"
format_stamp: "Formatted at 2026-06-30 12:29:27 on dist-test-slave-zr02"
I20260630 12:29:27.288028 19978 fs_manager.cc:696] Time spent creating directory manager: real 0.004s	user 0.002s	sys 0.001s
I20260630 12:29:27.291080 21960 log_block_manager.cc:4031] Time spent loading block containers with low live blocks: real 0.000s	user 0.000s	sys 0.000s
I20260630 12:29:27.291757 19978 fs_manager.cc:730] Time spent opening block manager: real 0.002s	user 0.003s	sys 0.000s
I20260630 12:29:27.292076 19978 fs_manager.cc:647] Opened local filesystem: /tmp/dist-test-taskPc6UTa/test-tmp/auto_rebalancer-test.0.AutoRebalancerTest.MovesScheduledIfAddTserver.1782822531767112-19978-0/minicluster-data/ts-3-root
uuid: "bd6e2dd0a4e04e3a9921d6e2114c7b63"
format_stamp: "Formatted at 2026-06-30 12:29:27 on dist-test-slave-zr02"
I20260630 12:29:27.292418 19978 fs_report.cc:389] FS layout report
--------------------
wal directory: /tmp/dist-test-taskPc6UTa/test-tmp/auto_rebalancer-test.0.AutoRebalancerTest.MovesScheduledIfAddTserver.1782822531767112-19978-0/minicluster-data/ts-3-root
metadata directory: /tmp/dist-test-taskPc6UTa/test-tmp/auto_rebalancer-test.0.AutoRebalancerTest.MovesScheduledIfAddTserver.1782822531767112-19978-0/minicluster-data/ts-3-root
1 data directories: /tmp/dist-test-taskPc6UTa/test-tmp/auto_rebalancer-test.0.AutoRebalancerTest.MovesScheduledIfAddTserver.1782822531767112-19978-0/minicluster-data/ts-3-root/data
Total live blocks: 0
Total live bytes: 0
Total live bytes (after alignment): 0
Total number of LBM containers: 0 (0 full)
Did not check for missing blocks
Did not check for orphaned blocks
Total full LBM containers with extra space: 0 (0 repaired)
Total full LBM container extra space in bytes: 0 (0 repaired)
Total incomplete LBM containers: 0 (0 repaired)
Total LBM partial records: 0 (0 repaired)
Total corrupted LBM metadata records in RocksDB: 0 (0 repaired)
I20260630 12:29:27.308543 19978 rpc_server.cc:225] running with OpenSSL 1.1.1  11 Sep 2018
I20260630 12:29:27.309753 19978 kserver.cc:163] Server-wide thread pool size limit: 3276
I20260630 12:29:27.311129 19978 txn_system_client.cc:432] TxnSystemClient initialization is disabled...
I20260630 12:29:27.313472 19978 ts_tablet_manager.cc:585] Loaded tablet metadata (0 total tablets, 0 live tablets)
I20260630 12:29:27.313694 19978 ts_tablet_manager.cc:531] Time spent load tablet metadata: real 0.000s	user 0.000s	sys 0.000s
I20260630 12:29:27.313930 19978 ts_tablet_manager.cc:616] Registered 0 tablets
I20260630 12:29:27.314123 19978 ts_tablet_manager.cc:595] Time spent register tablets: real 0.000s	user 0.000s	sys 0.000s
I20260630 12:29:27.352877 19978 rpc_server.cc:307] RPC server started. Bound to: 127.19.130.132:35809
I20260630 12:29:27.352969 22022 acceptor_pool.cc:272] collecting diagnostics on the listening RPC socket 127.19.130.132:35809 every 8 connection(s)
I20260630 12:29:27.481997 22023 heartbeater.cc:344] Connected to a master server at 127.19.130.190:34715
I20260630 12:29:27.482764 22023 heartbeater.cc:461] Registering TS with master...
I20260630 12:29:27.483925 22023 heartbeater.cc:507] Master 127.19.130.190:34715 requested a full tablet report, sending...
I20260630 12:29:27.561082 21617 ts_manager.cc:194] Registered new tserver with Master: bd6e2dd0a4e04e3a9921d6e2114c7b63 (127.19.130.132:35809)
I20260630 12:29:27.562666 21617 master_service.cc:502] Signed X509 certificate for tserver {username='slave'} at 127.0.0.1:46566
I20260630 12:29:28.404282 21672 auto_leader_rebalancer.cc:141] leader rebalance for table test-workload
I20260630 12:29:28.406189 21672 auto_leader_rebalancer.cc:440] table: test-workload, leader rebalance finish, leader transfer count: 0
I20260630 12:29:28.406558 21672 auto_leader_rebalancer.cc:515] All tables' leader rebalancing finished this round
W20260630 12:29:28.492734 21817 debug-util.cc:398] Leaking SignalData structure 0x7b080019cbe0 after lost signal to thread 19981
W20260630 12:29:28.493818 21817 debug-util.cc:398] Leaking SignalData structure 0x7b08001b43e0 after lost signal to thread 21653
W20260630 12:29:28.494953 21817 debug-util.cc:398] Leaking SignalData structure 0x7b080011de20 after lost signal to thread 21745
W20260630 12:29:28.495945 21817 debug-util.cc:398] Leaking SignalData structure 0x7b0800063ae0 after lost signal to thread 21820
W20260630 12:29:28.497068 21817 debug-util.cc:398] Leaking SignalData structure 0x7b08001cd640 after lost signal to thread 21894
W20260630 12:29:28.498175 21817 debug-util.cc:398] Leaking SignalData structure 0x7b0800120820 after lost signal to thread 22022
I20260630 12:29:28.514261 21869 consensus_queue.cc:237] T 4d3523ffcdcf4f96b43448c4af32de66 P 454f6bd9bd6848babea2b4e42e01bf5f [LEADER]: Queue going to LEADER mode. State: All replicated index: 0, Majority replicated index: 2, Committed index: 2, Last appended: 2.2, Last appended by leader: 1, Current term: 2, Majority size: 2, State: 0, Mode: LEADER, active raft config: opid_index: 3 OBSOLETE_local: false peers { permanent_uuid: "454f6bd9bd6848babea2b4e42e01bf5f" member_type: VOTER last_known_addr { host: "127.19.130.131" port: 42745 } } peers { permanent_uuid: "e81b7b86de4344d198901f7752da3f1a" member_type: VOTER last_known_addr { host: "127.19.130.130" port: 33839 } } peers { permanent_uuid: "7d12ed5a6560488497b4c73e354d7819" member_type: VOTER last_known_addr { host: "127.19.130.129" port: 38291 } attrs { replace: true } } peers { permanent_uuid: "bd6e2dd0a4e04e3a9921d6e2114c7b63" member_type: NON_VOTER last_known_addr { host: "127.19.130.132" port: 35809 } attrs { promote: true } }
I20260630 12:29:28.522962 21721 raft_consensus.cc:1275] T 4d3523ffcdcf4f96b43448c4af32de66 P 7d12ed5a6560488497b4c73e354d7819 [term 2 FOLLOWER]: Refusing update from remote peer 454f6bd9bd6848babea2b4e42e01bf5f: Log matching property violated. Preceding OpId in replica: term: 2 index: 2. Preceding OpId from leader: term: 2 index: 3. (index mismatch)
I20260630 12:29:28.525311 21949 consensus_queue.cc:1048] T 4d3523ffcdcf4f96b43448c4af32de66 P 454f6bd9bd6848babea2b4e42e01bf5f [LEADER]: Connected to new peer: Peer: permanent_uuid: "7d12ed5a6560488497b4c73e354d7819" member_type: VOTER last_known_addr { host: "127.19.130.129" port: 38291 } attrs { replace: true }, Status: LMP_MISMATCH, Last received: 0.0, Next index: 3, Last known committed idx: 2, Time since last communication: 0.001s
I20260630 12:29:28.532496 21796 raft_consensus.cc:1275] T 4d3523ffcdcf4f96b43448c4af32de66 P e81b7b86de4344d198901f7752da3f1a [term 2 FOLLOWER]: Refusing update from remote peer 454f6bd9bd6848babea2b4e42e01bf5f: Log matching property violated. Preceding OpId in replica: term: 2 index: 2. Preceding OpId from leader: term: 2 index: 3. (index mismatch)
I20260630 12:29:28.534031 21949 consensus_queue.cc:1048] T 4d3523ffcdcf4f96b43448c4af32de66 P 454f6bd9bd6848babea2b4e42e01bf5f [LEADER]: Connected to new peer: Peer: permanent_uuid: "e81b7b86de4344d198901f7752da3f1a" member_type: VOTER last_known_addr { host: "127.19.130.130" port: 33839 }, Status: LMP_MISMATCH, Last received: 0.0, Next index: 3, Last known committed idx: 2, Time since last communication: 0.000s
I20260630 12:29:28.543891 21949 raft_consensus.cc:2955] T 4d3523ffcdcf4f96b43448c4af32de66 P 454f6bd9bd6848babea2b4e42e01bf5f [term 2 LEADER]: Committing config change with OpId 2.3: config changed from index -1 to 3, NON_VOTER bd6e2dd0a4e04e3a9921d6e2114c7b63 (127.19.130.132) added. New config: { opid_index: 3 OBSOLETE_local: false peers { permanent_uuid: "454f6bd9bd6848babea2b4e42e01bf5f" member_type: VOTER last_known_addr { host: "127.19.130.131" port: 42745 } } peers { permanent_uuid: "e81b7b86de4344d198901f7752da3f1a" member_type: VOTER last_known_addr { host: "127.19.130.130" port: 33839 } } peers { permanent_uuid: "7d12ed5a6560488497b4c73e354d7819" member_type: VOTER last_known_addr { host: "127.19.130.129" port: 38291 } attrs { replace: true } } peers { permanent_uuid: "bd6e2dd0a4e04e3a9921d6e2114c7b63" member_type: NON_VOTER last_known_addr { host: "127.19.130.132" port: 35809 } attrs { promote: true } } }
I20260630 12:29:28.551433 21721 raft_consensus.cc:2955] T 4d3523ffcdcf4f96b43448c4af32de66 P 7d12ed5a6560488497b4c73e354d7819 [term 2 FOLLOWER]: Committing config change with OpId 2.3: config changed from index -1 to 3, NON_VOTER bd6e2dd0a4e04e3a9921d6e2114c7b63 (127.19.130.132) added. New config: { opid_index: 3 OBSOLETE_local: false peers { permanent_uuid: "454f6bd9bd6848babea2b4e42e01bf5f" member_type: VOTER last_known_addr { host: "127.19.130.131" port: 42745 } } peers { permanent_uuid: "e81b7b86de4344d198901f7752da3f1a" member_type: VOTER last_known_addr { host: "127.19.130.130" port: 33839 } } peers { permanent_uuid: "7d12ed5a6560488497b4c73e354d7819" member_type: VOTER last_known_addr { host: "127.19.130.129" port: 38291 } attrs { replace: true } } peers { permanent_uuid: "bd6e2dd0a4e04e3a9921d6e2114c7b63" member_type: NON_VOTER last_known_addr { host: "127.19.130.132" port: 35809 } attrs { promote: true } } }
W20260630 12:29:28.555649 21834 consensus_peers.cc:597] T 4d3523ffcdcf4f96b43448c4af32de66 P 454f6bd9bd6848babea2b4e42e01bf5f -> Peer bd6e2dd0a4e04e3a9921d6e2114c7b63 (127.19.130.132:35809): Couldn't send request to peer bd6e2dd0a4e04e3a9921d6e2114c7b63. Error code: TABLET_NOT_FOUND (6). Status: Not found: Tablet not found: 4d3523ffcdcf4f96b43448c4af32de66. This is attempt 1: this message will repeat every 5th retry.
I20260630 12:29:28.563920 21796 raft_consensus.cc:2955] T 4d3523ffcdcf4f96b43448c4af32de66 P e81b7b86de4344d198901f7752da3f1a [term 2 FOLLOWER]: Committing config change with OpId 2.3: config changed from index -1 to 3, NON_VOTER bd6e2dd0a4e04e3a9921d6e2114c7b63 (127.19.130.132) added. New config: { opid_index: 3 OBSOLETE_local: false peers { permanent_uuid: "454f6bd9bd6848babea2b4e42e01bf5f" member_type: VOTER last_known_addr { host: "127.19.130.131" port: 42745 } } peers { permanent_uuid: "e81b7b86de4344d198901f7752da3f1a" member_type: VOTER last_known_addr { host: "127.19.130.130" port: 33839 } } peers { permanent_uuid: "7d12ed5a6560488497b4c73e354d7819" member_type: VOTER last_known_addr { host: "127.19.130.129" port: 38291 } attrs { replace: true } } peers { permanent_uuid: "bd6e2dd0a4e04e3a9921d6e2114c7b63" member_type: NON_VOTER last_known_addr { host: "127.19.130.132" port: 35809 } attrs { promote: true } } }
I20260630 12:29:28.564877 22023 heartbeater.cc:499] Master 127.19.130.190:34715 was elected leader, sending a full tablet report...
I20260630 12:29:28.572837 21617 catalog_manager.cc:5697] T 4d3523ffcdcf4f96b43448c4af32de66 P 454f6bd9bd6848babea2b4e42e01bf5f reported cstate change: config changed from index -1 to 3, NON_VOTER bd6e2dd0a4e04e3a9921d6e2114c7b63 (127.19.130.132) added. New cstate: current_term: 2 leader_uuid: "454f6bd9bd6848babea2b4e42e01bf5f" committed_config { opid_index: 3 OBSOLETE_local: false peers { permanent_uuid: "454f6bd9bd6848babea2b4e42e01bf5f" member_type: VOTER last_known_addr { host: "127.19.130.131" port: 42745 } health_report { overall_health: HEALTHY } } peers { permanent_uuid: "e81b7b86de4344d198901f7752da3f1a" member_type: VOTER last_known_addr { host: "127.19.130.130" port: 33839 } health_report { overall_health: UNKNOWN } } peers { permanent_uuid: "7d12ed5a6560488497b4c73e354d7819" member_type: VOTER last_known_addr { host: "127.19.130.129" port: 38291 } attrs { replace: true } health_report { overall_health: HEALTHY } } peers { permanent_uuid: "bd6e2dd0a4e04e3a9921d6e2114c7b63" member_type: NON_VOTER last_known_addr { host: "127.19.130.132" port: 35809 } attrs { promote: true } health_report { overall_health: UNKNOWN } } }
I20260630 12:29:28.961199 22042 ts_tablet_manager.cc:933] T 4d3523ffcdcf4f96b43448c4af32de66 P bd6e2dd0a4e04e3a9921d6e2114c7b63: Initiating tablet copy from peer 454f6bd9bd6848babea2b4e42e01bf5f (127.19.130.131:42745)
I20260630 12:29:28.963636 22042 tablet_copy_client.cc:323] T 4d3523ffcdcf4f96b43448c4af32de66 P bd6e2dd0a4e04e3a9921d6e2114c7b63: tablet copy: Beginning tablet copy session from remote peer at address 127.19.130.131:42745
I20260630 12:29:28.977078 21880 tablet_copy_service.cc:140] P 454f6bd9bd6848babea2b4e42e01bf5f: Received BeginTabletCopySession request for tablet 4d3523ffcdcf4f96b43448c4af32de66 from peer bd6e2dd0a4e04e3a9921d6e2114c7b63 ({username='slave'} at 127.0.0.1:38968)
I20260630 12:29:28.977624 21880 tablet_copy_service.cc:161] P 454f6bd9bd6848babea2b4e42e01bf5f: Beginning new tablet copy session on tablet 4d3523ffcdcf4f96b43448c4af32de66 from peer bd6e2dd0a4e04e3a9921d6e2114c7b63 at {username='slave'} at 127.0.0.1:38968: session id = bd6e2dd0a4e04e3a9921d6e2114c7b63-4d3523ffcdcf4f96b43448c4af32de66
I20260630 12:29:28.983317 21880 tablet_copy_source_session.cc:215] T 4d3523ffcdcf4f96b43448c4af32de66 P 454f6bd9bd6848babea2b4e42e01bf5f: Tablet Copy: opened 0 blocks and 1 log segments
I20260630 12:29:28.986534 22042 data_dirs.cc:400] Could only allocate 1 dirs of requested 3 for tablet 4d3523ffcdcf4f96b43448c4af32de66. 1 dirs total, 0 dirs full, 0 dirs failed
I20260630 12:29:28.997300 22042 tablet_copy_client.cc:806] T 4d3523ffcdcf4f96b43448c4af32de66 P bd6e2dd0a4e04e3a9921d6e2114c7b63: tablet copy: Starting download of 0 data blocks...
I20260630 12:29:28.997960 22042 tablet_copy_client.cc:670] T 4d3523ffcdcf4f96b43448c4af32de66 P bd6e2dd0a4e04e3a9921d6e2114c7b63: tablet copy: Starting download of 1 WAL segments...
I20260630 12:29:29.001854 22042 tablet_copy_client.cc:538] T 4d3523ffcdcf4f96b43448c4af32de66 P bd6e2dd0a4e04e3a9921d6e2114c7b63: tablet copy: Tablet Copy complete. Replacing tablet superblock.
I20260630 12:29:29.007468 22042 tablet_bootstrap.cc:492] T 4d3523ffcdcf4f96b43448c4af32de66 P bd6e2dd0a4e04e3a9921d6e2114c7b63: Bootstrap starting.
I20260630 12:29:29.025256 22042 tablet_bootstrap.cc:492] T 4d3523ffcdcf4f96b43448c4af32de66 P bd6e2dd0a4e04e3a9921d6e2114c7b63: Bootstrap replayed 1/1 log segments. Stats: ops{read=3 overwritten=0 applied=3 ignored=0} inserts{seen=0 ignored=0} mutations{seen=0 ignored=0} orphaned_commits=0. Pending: 0 replicates
I20260630 12:29:29.026016 22042 tablet_bootstrap.cc:492] T 4d3523ffcdcf4f96b43448c4af32de66 P bd6e2dd0a4e04e3a9921d6e2114c7b63: Bootstrap complete.
I20260630 12:29:29.026584 22042 ts_tablet_manager.cc:1403] T 4d3523ffcdcf4f96b43448c4af32de66 P bd6e2dd0a4e04e3a9921d6e2114c7b63: Time spent bootstrapping tablet: real 0.019s	user 0.019s	sys 0.000s
I20260630 12:29:29.028934 22042 raft_consensus.cc:359] T 4d3523ffcdcf4f96b43448c4af32de66 P bd6e2dd0a4e04e3a9921d6e2114c7b63 [term 2 LEARNER]: Replica starting. Triggering 0 pending ops. Active config: opid_index: 3 OBSOLETE_local: false peers { permanent_uuid: "454f6bd9bd6848babea2b4e42e01bf5f" member_type: VOTER last_known_addr { host: "127.19.130.131" port: 42745 } } peers { permanent_uuid: "e81b7b86de4344d198901f7752da3f1a" member_type: VOTER last_known_addr { host: "127.19.130.130" port: 33839 } } peers { permanent_uuid: "7d12ed5a6560488497b4c73e354d7819" member_type: VOTER last_known_addr { host: "127.19.130.129" port: 38291 } attrs { replace: true } } peers { permanent_uuid: "bd6e2dd0a4e04e3a9921d6e2114c7b63" member_type: NON_VOTER last_known_addr { host: "127.19.130.132" port: 35809 } attrs { promote: true } }
I20260630 12:29:29.029556 22042 raft_consensus.cc:740] T 4d3523ffcdcf4f96b43448c4af32de66 P bd6e2dd0a4e04e3a9921d6e2114c7b63 [term 2 LEARNER]: Becoming Follower/Learner. State: Replica: bd6e2dd0a4e04e3a9921d6e2114c7b63, State: Initialized, Role: LEARNER
I20260630 12:29:29.030110 22042 consensus_queue.cc:260] T 4d3523ffcdcf4f96b43448c4af32de66 P bd6e2dd0a4e04e3a9921d6e2114c7b63 [NON_LEADER]: Queue going to NON_LEADER mode. State: All replicated index: 0, Majority replicated index: 0, Committed index: 3, Last appended: 2.3, Last appended by leader: 3, Current term: 0, Majority size: -1, State: 0, Mode: NON_LEADER, active raft config: opid_index: 3 OBSOLETE_local: false peers { permanent_uuid: "454f6bd9bd6848babea2b4e42e01bf5f" member_type: VOTER last_known_addr { host: "127.19.130.131" port: 42745 } } peers { permanent_uuid: "e81b7b86de4344d198901f7752da3f1a" member_type: VOTER last_known_addr { host: "127.19.130.130" port: 33839 } } peers { permanent_uuid: "7d12ed5a6560488497b4c73e354d7819" member_type: VOTER last_known_addr { host: "127.19.130.129" port: 38291 } attrs { replace: true } } peers { permanent_uuid: "bd6e2dd0a4e04e3a9921d6e2114c7b63" member_type: NON_VOTER last_known_addr { host: "127.19.130.132" port: 35809 } attrs { promote: true } }
I20260630 12:29:29.033043 22042 ts_tablet_manager.cc:1434] T 4d3523ffcdcf4f96b43448c4af32de66 P bd6e2dd0a4e04e3a9921d6e2114c7b63: Time spent starting tablet: real 0.006s	user 0.008s	sys 0.000s
I20260630 12:29:29.035395 21880 tablet_copy_service.cc:342] P 454f6bd9bd6848babea2b4e42e01bf5f: Request end of tablet copy session bd6e2dd0a4e04e3a9921d6e2114c7b63-4d3523ffcdcf4f96b43448c4af32de66 received from {username='slave'} at 127.0.0.1:38968
I20260630 12:29:29.035905 21880 tablet_copy_service.cc:434] P 454f6bd9bd6848babea2b4e42e01bf5f: ending tablet copy session bd6e2dd0a4e04e3a9921d6e2114c7b63-4d3523ffcdcf4f96b43448c4af32de66 on tablet 4d3523ffcdcf4f96b43448c4af32de66 with peer bd6e2dd0a4e04e3a9921d6e2114c7b63
I20260630 12:29:29.495136 21998 raft_consensus.cc:1217] T 4d3523ffcdcf4f96b43448c4af32de66 P bd6e2dd0a4e04e3a9921d6e2114c7b63 [term 2 LEARNER]: Deduplicated request from leader. Original: 2.2->[2.3-2.3]   Dedup: 2.3->[]
I20260630 12:29:30.117372 22048 raft_consensus.cc:1064] T 4d3523ffcdcf4f96b43448c4af32de66 P 454f6bd9bd6848babea2b4e42e01bf5f: attempting to promote NON_VOTER bd6e2dd0a4e04e3a9921d6e2114c7b63 to VOTER
I20260630 12:29:30.120159 22048 consensus_queue.cc:237] T 4d3523ffcdcf4f96b43448c4af32de66 P 454f6bd9bd6848babea2b4e42e01bf5f [LEADER]: Queue going to LEADER mode. State: All replicated index: 0, Majority replicated index: 3, Committed index: 3, Last appended: 2.3, Last appended by leader: 1, Current term: 2, Majority size: 3, State: 0, Mode: LEADER, active raft config: opid_index: 4 OBSOLETE_local: false peers { permanent_uuid: "454f6bd9bd6848babea2b4e42e01bf5f" member_type: VOTER last_known_addr { host: "127.19.130.131" port: 42745 } } peers { permanent_uuid: "e81b7b86de4344d198901f7752da3f1a" member_type: VOTER last_known_addr { host: "127.19.130.130" port: 33839 } } peers { permanent_uuid: "7d12ed5a6560488497b4c73e354d7819" member_type: VOTER last_known_addr { host: "127.19.130.129" port: 38291 } attrs { replace: true } } peers { permanent_uuid: "bd6e2dd0a4e04e3a9921d6e2114c7b63" member_type: VOTER last_known_addr { host: "127.19.130.132" port: 35809 } attrs { promote: false } }
I20260630 12:29:30.126261 21998 raft_consensus.cc:1275] T 4d3523ffcdcf4f96b43448c4af32de66 P bd6e2dd0a4e04e3a9921d6e2114c7b63 [term 2 LEARNER]: Refusing update from remote peer 454f6bd9bd6848babea2b4e42e01bf5f: Log matching property violated. Preceding OpId in replica: term: 2 index: 3. Preceding OpId from leader: term: 2 index: 4. (index mismatch)
I20260630 12:29:30.128430 21721 raft_consensus.cc:1275] T 4d3523ffcdcf4f96b43448c4af32de66 P 7d12ed5a6560488497b4c73e354d7819 [term 2 FOLLOWER]: Refusing update from remote peer 454f6bd9bd6848babea2b4e42e01bf5f: Log matching property violated. Preceding OpId in replica: term: 2 index: 3. Preceding OpId from leader: term: 2 index: 4. (index mismatch)
I20260630 12:29:30.128582 21796 raft_consensus.cc:1275] T 4d3523ffcdcf4f96b43448c4af32de66 P e81b7b86de4344d198901f7752da3f1a [term 2 FOLLOWER]: Refusing update from remote peer 454f6bd9bd6848babea2b4e42e01bf5f: Log matching property violated. Preceding OpId in replica: term: 2 index: 3. Preceding OpId from leader: term: 2 index: 4. (index mismatch)
I20260630 12:29:30.130364 22049 consensus_queue.cc:1048] T 4d3523ffcdcf4f96b43448c4af32de66 P 454f6bd9bd6848babea2b4e42e01bf5f [LEADER]: Connected to new peer: Peer: permanent_uuid: "7d12ed5a6560488497b4c73e354d7819" member_type: VOTER last_known_addr { host: "127.19.130.129" port: 38291 } attrs { replace: true }, Status: LMP_MISMATCH, Last received: 0.0, Next index: 4, Last known committed idx: 3, Time since last communication: 0.001s
I20260630 12:29:30.132143 22049 consensus_queue.cc:1048] T 4d3523ffcdcf4f96b43448c4af32de66 P 454f6bd9bd6848babea2b4e42e01bf5f [LEADER]: Connected to new peer: Peer: permanent_uuid: "bd6e2dd0a4e04e3a9921d6e2114c7b63" member_type: VOTER last_known_addr { host: "127.19.130.132" port: 35809 } attrs { promote: false }, Status: LMP_MISMATCH, Last received: 0.0, Next index: 4, Last known committed idx: 3, Time since last communication: 0.000s
I20260630 12:29:30.134665 22049 consensus_queue.cc:1048] T 4d3523ffcdcf4f96b43448c4af32de66 P 454f6bd9bd6848babea2b4e42e01bf5f [LEADER]: Connected to new peer: Peer: permanent_uuid: "e81b7b86de4344d198901f7752da3f1a" member_type: VOTER last_known_addr { host: "127.19.130.130" port: 33839 }, Status: LMP_MISMATCH, Last received: 0.0, Next index: 4, Last known committed idx: 3, Time since last communication: 0.000s
I20260630 12:29:30.155015 22048 raft_consensus.cc:2955] T 4d3523ffcdcf4f96b43448c4af32de66 P 454f6bd9bd6848babea2b4e42e01bf5f [term 2 LEADER]: Committing config change with OpId 2.4: config changed from index 3 to 4, bd6e2dd0a4e04e3a9921d6e2114c7b63 (127.19.130.132) changed from NON_VOTER to VOTER. New config: { opid_index: 4 OBSOLETE_local: false peers { permanent_uuid: "454f6bd9bd6848babea2b4e42e01bf5f" member_type: VOTER last_known_addr { host: "127.19.130.131" port: 42745 } } peers { permanent_uuid: "e81b7b86de4344d198901f7752da3f1a" member_type: VOTER last_known_addr { host: "127.19.130.130" port: 33839 } } peers { permanent_uuid: "7d12ed5a6560488497b4c73e354d7819" member_type: VOTER last_known_addr { host: "127.19.130.129" port: 38291 } attrs { replace: true } } peers { permanent_uuid: "bd6e2dd0a4e04e3a9921d6e2114c7b63" member_type: VOTER last_known_addr { host: "127.19.130.132" port: 35809 } attrs { promote: false } } }
I20260630 12:29:30.168267 21998 raft_consensus.cc:2955] T 4d3523ffcdcf4f96b43448c4af32de66 P bd6e2dd0a4e04e3a9921d6e2114c7b63 [term 2 FOLLOWER]: Committing config change with OpId 2.4: config changed from index 3 to 4, bd6e2dd0a4e04e3a9921d6e2114c7b63 (127.19.130.132) changed from NON_VOTER to VOTER. New config: { opid_index: 4 OBSOLETE_local: false peers { permanent_uuid: "454f6bd9bd6848babea2b4e42e01bf5f" member_type: VOTER last_known_addr { host: "127.19.130.131" port: 42745 } } peers { permanent_uuid: "e81b7b86de4344d198901f7752da3f1a" member_type: VOTER last_known_addr { host: "127.19.130.130" port: 33839 } } peers { permanent_uuid: "7d12ed5a6560488497b4c73e354d7819" member_type: VOTER last_known_addr { host: "127.19.130.129" port: 38291 } attrs { replace: true } } peers { permanent_uuid: "bd6e2dd0a4e04e3a9921d6e2114c7b63" member_type: VOTER last_known_addr { host: "127.19.130.132" port: 35809 } attrs { promote: false } } }
I20260630 12:29:30.177678 21796 raft_consensus.cc:2955] T 4d3523ffcdcf4f96b43448c4af32de66 P e81b7b86de4344d198901f7752da3f1a [term 2 FOLLOWER]: Committing config change with OpId 2.4: config changed from index 3 to 4, bd6e2dd0a4e04e3a9921d6e2114c7b63 (127.19.130.132) changed from NON_VOTER to VOTER. New config: { opid_index: 4 OBSOLETE_local: false peers { permanent_uuid: "454f6bd9bd6848babea2b4e42e01bf5f" member_type: VOTER last_known_addr { host: "127.19.130.131" port: 42745 } } peers { permanent_uuid: "e81b7b86de4344d198901f7752da3f1a" member_type: VOTER last_known_addr { host: "127.19.130.130" port: 33839 } } peers { permanent_uuid: "7d12ed5a6560488497b4c73e354d7819" member_type: VOTER last_known_addr { host: "127.19.130.129" port: 38291 } attrs { replace: true } } peers { permanent_uuid: "bd6e2dd0a4e04e3a9921d6e2114c7b63" member_type: VOTER last_known_addr { host: "127.19.130.132" port: 35809 } attrs { promote: false } } }
I20260630 12:29:30.183357 21721 raft_consensus.cc:2955] T 4d3523ffcdcf4f96b43448c4af32de66 P 7d12ed5a6560488497b4c73e354d7819 [term 2 FOLLOWER]: Committing config change with OpId 2.4: config changed from index 3 to 4, bd6e2dd0a4e04e3a9921d6e2114c7b63 (127.19.130.132) changed from NON_VOTER to VOTER. New config: { opid_index: 4 OBSOLETE_local: false peers { permanent_uuid: "454f6bd9bd6848babea2b4e42e01bf5f" member_type: VOTER last_known_addr { host: "127.19.130.131" port: 42745 } } peers { permanent_uuid: "e81b7b86de4344d198901f7752da3f1a" member_type: VOTER last_known_addr { host: "127.19.130.130" port: 33839 } } peers { permanent_uuid: "7d12ed5a6560488497b4c73e354d7819" member_type: VOTER last_known_addr { host: "127.19.130.129" port: 38291 } attrs { replace: true } } peers { permanent_uuid: "bd6e2dd0a4e04e3a9921d6e2114c7b63" member_type: VOTER last_known_addr { host: "127.19.130.132" port: 35809 } attrs { promote: false } } }
I20260630 12:29:30.183845 21618 catalog_manager.cc:5697] T 4d3523ffcdcf4f96b43448c4af32de66 P 454f6bd9bd6848babea2b4e42e01bf5f reported cstate change: config changed from index 3 to 4, bd6e2dd0a4e04e3a9921d6e2114c7b63 (127.19.130.132) changed from NON_VOTER to VOTER. New cstate: current_term: 2 leader_uuid: "454f6bd9bd6848babea2b4e42e01bf5f" committed_config { opid_index: 4 OBSOLETE_local: false peers { permanent_uuid: "454f6bd9bd6848babea2b4e42e01bf5f" member_type: VOTER last_known_addr { host: "127.19.130.131" port: 42745 } health_report { overall_health: HEALTHY } } peers { permanent_uuid: "e81b7b86de4344d198901f7752da3f1a" member_type: VOTER last_known_addr { host: "127.19.130.130" port: 33839 } health_report { overall_health: UNKNOWN } } peers { permanent_uuid: "7d12ed5a6560488497b4c73e354d7819" member_type: VOTER last_known_addr { host: "127.19.130.129" port: 38291 } attrs { replace: true } health_report { overall_health: HEALTHY } } peers { permanent_uuid: "bd6e2dd0a4e04e3a9921d6e2114c7b63" member_type: VOTER last_known_addr { host: "127.19.130.132" port: 35809 } attrs { promote: false } health_report { overall_health: HEALTHY } } }
I20260630 12:29:30.407624 21672 auto_leader_rebalancer.cc:141] leader rebalance for table test-workload
I20260630 12:29:30.410445 21672 auto_leader_rebalancer.cc:440] table: test-workload, leader rebalance finish, leader transfer count: 0
I20260630 12:29:30.410853 21672 auto_leader_rebalancer.cc:515] All tables' leader rebalancing finished this round
I20260630 12:29:30.757427 21869 consensus_queue.cc:237] T 4d3523ffcdcf4f96b43448c4af32de66 P 454f6bd9bd6848babea2b4e42e01bf5f [LEADER]: Queue going to LEADER mode. State: All replicated index: 0, Majority replicated index: 4, Committed index: 4, Last appended: 2.4, Last appended by leader: 1, Current term: 2, Majority size: 2, State: 0, Mode: LEADER, active raft config: opid_index: 5 OBSOLETE_local: false peers { permanent_uuid: "454f6bd9bd6848babea2b4e42e01bf5f" member_type: VOTER last_known_addr { host: "127.19.130.131" port: 42745 } } peers { permanent_uuid: "e81b7b86de4344d198901f7752da3f1a" member_type: VOTER last_known_addr { host: "127.19.130.130" port: 33839 } } peers { permanent_uuid: "bd6e2dd0a4e04e3a9921d6e2114c7b63" member_type: VOTER last_known_addr { host: "127.19.130.132" port: 35809 } attrs { promote: false } }
I20260630 12:29:30.763738 21998 raft_consensus.cc:1275] T 4d3523ffcdcf4f96b43448c4af32de66 P bd6e2dd0a4e04e3a9921d6e2114c7b63 [term 2 FOLLOWER]: Refusing update from remote peer 454f6bd9bd6848babea2b4e42e01bf5f: Log matching property violated. Preceding OpId in replica: term: 2 index: 4. Preceding OpId from leader: term: 2 index: 5. (index mismatch)
I20260630 12:29:30.764714 21796 raft_consensus.cc:1275] T 4d3523ffcdcf4f96b43448c4af32de66 P e81b7b86de4344d198901f7752da3f1a [term 2 FOLLOWER]: Refusing update from remote peer 454f6bd9bd6848babea2b4e42e01bf5f: Log matching property violated. Preceding OpId in replica: term: 2 index: 4. Preceding OpId from leader: term: 2 index: 5. (index mismatch)
I20260630 12:29:30.765682 22055 consensus_queue.cc:1048] T 4d3523ffcdcf4f96b43448c4af32de66 P 454f6bd9bd6848babea2b4e42e01bf5f [LEADER]: Connected to new peer: Peer: permanent_uuid: "bd6e2dd0a4e04e3a9921d6e2114c7b63" member_type: VOTER last_known_addr { host: "127.19.130.132" port: 35809 } attrs { promote: false }, Status: LMP_MISMATCH, Last received: 0.0, Next index: 5, Last known committed idx: 4, Time since last communication: 0.000s
I20260630 12:29:30.766711 22064 consensus_queue.cc:1048] T 4d3523ffcdcf4f96b43448c4af32de66 P 454f6bd9bd6848babea2b4e42e01bf5f [LEADER]: Connected to new peer: Peer: permanent_uuid: "e81b7b86de4344d198901f7752da3f1a" member_type: VOTER last_known_addr { host: "127.19.130.130" port: 33839 }, Status: LMP_MISMATCH, Last received: 0.0, Next index: 5, Last known committed idx: 4, Time since last communication: 0.000s
I20260630 12:29:30.774705 21796 raft_consensus.cc:2955] T 4d3523ffcdcf4f96b43448c4af32de66 P e81b7b86de4344d198901f7752da3f1a [term 2 FOLLOWER]: Committing config change with OpId 2.5: config changed from index 4 to 5, VOTER 7d12ed5a6560488497b4c73e354d7819 (127.19.130.129) evicted. New config: { opid_index: 5 OBSOLETE_local: false peers { permanent_uuid: "454f6bd9bd6848babea2b4e42e01bf5f" member_type: VOTER last_known_addr { host: "127.19.130.131" port: 42745 } } peers { permanent_uuid: "e81b7b86de4344d198901f7752da3f1a" member_type: VOTER last_known_addr { host: "127.19.130.130" port: 33839 } } peers { permanent_uuid: "bd6e2dd0a4e04e3a9921d6e2114c7b63" member_type: VOTER last_known_addr { host: "127.19.130.132" port: 35809 } attrs { promote: false } } }
I20260630 12:29:30.785948 22062 raft_consensus.cc:2955] T 4d3523ffcdcf4f96b43448c4af32de66 P 454f6bd9bd6848babea2b4e42e01bf5f [term 2 LEADER]: Committing config change with OpId 2.5: config changed from index 4 to 5, VOTER 7d12ed5a6560488497b4c73e354d7819 (127.19.130.129) evicted. New config: { opid_index: 5 OBSOLETE_local: false peers { permanent_uuid: "454f6bd9bd6848babea2b4e42e01bf5f" member_type: VOTER last_known_addr { host: "127.19.130.131" port: 42745 } } peers { permanent_uuid: "e81b7b86de4344d198901f7752da3f1a" member_type: VOTER last_known_addr { host: "127.19.130.130" port: 33839 } } peers { permanent_uuid: "bd6e2dd0a4e04e3a9921d6e2114c7b63" member_type: VOTER last_known_addr { host: "127.19.130.132" port: 35809 } attrs { promote: false } } }
I20260630 12:29:30.787622 21998 raft_consensus.cc:2955] T 4d3523ffcdcf4f96b43448c4af32de66 P bd6e2dd0a4e04e3a9921d6e2114c7b63 [term 2 FOLLOWER]: Committing config change with OpId 2.5: config changed from index 4 to 5, VOTER 7d12ed5a6560488497b4c73e354d7819 (127.19.130.129) evicted. New config: { opid_index: 5 OBSOLETE_local: false peers { permanent_uuid: "454f6bd9bd6848babea2b4e42e01bf5f" member_type: VOTER last_known_addr { host: "127.19.130.131" port: 42745 } } peers { permanent_uuid: "e81b7b86de4344d198901f7752da3f1a" member_type: VOTER last_known_addr { host: "127.19.130.130" port: 33839 } } peers { permanent_uuid: "bd6e2dd0a4e04e3a9921d6e2114c7b63" member_type: VOTER last_known_addr { host: "127.19.130.132" port: 35809 } attrs { promote: false } } }
I20260630 12:29:30.800379 21606 catalog_manager.cc:5210] ChangeConfig:REMOVE_PEER RPC for tablet 4d3523ffcdcf4f96b43448c4af32de66 with cas_config_opid_index 4: ChangeConfig:REMOVE_PEER succeeded (attempt 1)
I20260630 12:29:30.804765 21617 catalog_manager.cc:5697] T 4d3523ffcdcf4f96b43448c4af32de66 P 454f6bd9bd6848babea2b4e42e01bf5f reported cstate change: config changed from index 4 to 5, VOTER 7d12ed5a6560488497b4c73e354d7819 (127.19.130.129) evicted. New cstate: current_term: 2 leader_uuid: "454f6bd9bd6848babea2b4e42e01bf5f" committed_config { opid_index: 5 OBSOLETE_local: false peers { permanent_uuid: "454f6bd9bd6848babea2b4e42e01bf5f" member_type: VOTER last_known_addr { host: "127.19.130.131" port: 42745 } health_report { overall_health: HEALTHY } } peers { permanent_uuid: "e81b7b86de4344d198901f7752da3f1a" member_type: VOTER last_known_addr { host: "127.19.130.130" port: 33839 } health_report { overall_health: HEALTHY } } peers { permanent_uuid: "bd6e2dd0a4e04e3a9921d6e2114c7b63" member_type: VOTER last_known_addr { host: "127.19.130.132" port: 35809 } attrs { promote: false } health_report { overall_health: HEALTHY } } }
I20260630 12:29:30.823504 21710 tablet_service.cc:1558] Processing DeleteTablet for tablet 4d3523ffcdcf4f96b43448c4af32de66 with delete_type TABLET_DATA_TOMBSTONED (TS 7d12ed5a6560488497b4c73e354d7819 not found in new config with opid_index 5) from {username='slave'} at 127.0.0.1:48186
I20260630 12:29:30.829396 22070 tablet_replica.cc:333] T 4d3523ffcdcf4f96b43448c4af32de66 P 7d12ed5a6560488497b4c73e354d7819: stopping tablet replica
I20260630 12:29:30.831115 22070 raft_consensus.cc:2243] T 4d3523ffcdcf4f96b43448c4af32de66 P 7d12ed5a6560488497b4c73e354d7819 [term 2 FOLLOWER]: Raft consensus shutting down.
I20260630 12:29:30.831692 22070 raft_consensus.cc:2272] T 4d3523ffcdcf4f96b43448c4af32de66 P 7d12ed5a6560488497b4c73e354d7819 [term 2 FOLLOWER]: Raft consensus is shut down!
I20260630 12:29:30.834262 22070 ts_tablet_manager.cc:1916] T 4d3523ffcdcf4f96b43448c4af32de66 P 7d12ed5a6560488497b4c73e354d7819: Deleting tablet data with delete state TABLET_DATA_TOMBSTONED
I20260630 12:29:30.844098 22070 ts_tablet_manager.cc:1929] T 4d3523ffcdcf4f96b43448c4af32de66 P 7d12ed5a6560488497b4c73e354d7819: tablet deleted with delete type TABLET_DATA_TOMBSTONED: last-logged OpId 2.4
I20260630 12:29:30.844470 22070 log.cc:1199] T 4d3523ffcdcf4f96b43448c4af32de66 P 7d12ed5a6560488497b4c73e354d7819: Deleting WAL directory at /tmp/dist-test-taskPc6UTa/test-tmp/auto_rebalancer-test.0.AutoRebalancerTest.MovesScheduledIfAddTserver.1782822531767112-19978-0/minicluster-data/ts-0-root/wals/4d3523ffcdcf4f96b43448c4af32de66
I20260630 12:29:30.845727 21605 catalog_manager.cc:5028] TS 7d12ed5a6560488497b4c73e354d7819 (127.19.130.129:38291): tablet 4d3523ffcdcf4f96b43448c4af32de66 (table test-workload [id=459b87a81b3a45ec9fa6d19660b6b29f]) successfully deleted
I20260630 12:29:32.412246 21672 auto_leader_rebalancer.cc:141] leader rebalance for table test-workload
I20260630 12:29:32.414908 21672 auto_leader_rebalancer.cc:440] table: test-workload, leader rebalance finish, leader transfer count: 0
I20260630 12:29:32.415339 21672 auto_leader_rebalancer.cc:515] All tables' leader rebalancing finished this round
I20260630 12:29:34.416170 21672 auto_leader_rebalancer.cc:141] leader rebalance for table test-workload
I20260630 12:29:34.418008 21672 auto_leader_rebalancer.cc:440] table: test-workload, leader rebalance finish, leader transfer count: 0
I20260630 12:29:34.418315 21672 auto_leader_rebalancer.cc:515] All tables' leader rebalancing finished this round
I20260630 12:29:36.419196 21672 auto_leader_rebalancer.cc:141] leader rebalance for table test-workload
I20260630 12:29:36.421123 21672 auto_leader_rebalancer.cc:440] table: test-workload, leader rebalance finish, leader transfer count: 0
I20260630 12:29:36.421466 21672 auto_leader_rebalancer.cc:515] All tables' leader rebalancing finished this round
I20260630 12:29:38.422335 21672 auto_leader_rebalancer.cc:141] leader rebalance for table test-workload
I20260630 12:29:38.424075 21672 auto_leader_rebalancer.cc:440] table: test-workload, leader rebalance finish, leader transfer count: 0
I20260630 12:29:38.424445 21672 auto_leader_rebalancer.cc:515] All tables' leader rebalancing finished this round
I20260630 12:29:40.425365 21672 auto_leader_rebalancer.cc:141] leader rebalance for table test-workload
I20260630 12:29:40.427327 21672 auto_leader_rebalancer.cc:440] table: test-workload, leader rebalance finish, leader transfer count: 0
I20260630 12:29:40.427731 21672 auto_leader_rebalancer.cc:515] All tables' leader rebalancing finished this round
I20260630 12:29:42.429080 21672 auto_leader_rebalancer.cc:141] leader rebalance for table test-workload
I20260630 12:29:42.431466 21672 auto_leader_rebalancer.cc:440] table: test-workload, leader rebalance finish, leader transfer count: 0
I20260630 12:29:42.431855 21672 auto_leader_rebalancer.cc:515] All tables' leader rebalancing finished this round
I20260630 12:29:42.573237 19978 tablet_server.cc:179] TabletServer@127.19.130.129:0 shutting down...
I20260630 12:29:42.597023 19978 ts_tablet_manager.cc:1507] Shutting down tablet manager...
I20260630 12:29:42.597821 19978 tablet_replica.cc:333] T 5f6f76344c954287abbd4fd9434be3d5 P 7d12ed5a6560488497b4c73e354d7819: stopping tablet replica
I20260630 12:29:42.598337 19978 raft_consensus.cc:2243] T 5f6f76344c954287abbd4fd9434be3d5 P 7d12ed5a6560488497b4c73e354d7819 [term 1 LEADER]: Raft consensus shutting down.
I20260630 12:29:42.599488 19978 raft_consensus.cc:2272] T 5f6f76344c954287abbd4fd9434be3d5 P 7d12ed5a6560488497b4c73e354d7819 [term 1 FOLLOWER]: Raft consensus is shut down!
I20260630 12:29:42.621173 19978 tablet_server.cc:196] TabletServer@127.19.130.129:0 shutdown complete.
I20260630 12:29:42.634164 19978 tablet_server.cc:179] TabletServer@127.19.130.130:0 shutting down...
I20260630 12:29:42.658389 19978 ts_tablet_manager.cc:1507] Shutting down tablet manager...
I20260630 12:29:42.659021 19978 tablet_replica.cc:333] T 5f6f76344c954287abbd4fd9434be3d5 P e81b7b86de4344d198901f7752da3f1a: stopping tablet replica
I20260630 12:29:42.659583 19978 raft_consensus.cc:2243] T 5f6f76344c954287abbd4fd9434be3d5 P e81b7b86de4344d198901f7752da3f1a [term 1 FOLLOWER]: Raft consensus shutting down.
I20260630 12:29:42.660094 19978 raft_consensus.cc:2272] T 5f6f76344c954287abbd4fd9434be3d5 P e81b7b86de4344d198901f7752da3f1a [term 1 FOLLOWER]: Raft consensus is shut down!
I20260630 12:29:42.662237 19978 tablet_replica.cc:333] T 4d3523ffcdcf4f96b43448c4af32de66 P e81b7b86de4344d198901f7752da3f1a: stopping tablet replica
I20260630 12:29:42.662659 19978 raft_consensus.cc:2243] T 4d3523ffcdcf4f96b43448c4af32de66 P e81b7b86de4344d198901f7752da3f1a [term 2 FOLLOWER]: Raft consensus shutting down.
I20260630 12:29:42.663303 19978 raft_consensus.cc:2272] T 4d3523ffcdcf4f96b43448c4af32de66 P e81b7b86de4344d198901f7752da3f1a [term 2 FOLLOWER]: Raft consensus is shut down!
I20260630 12:29:42.700589 19978 tablet_server.cc:196] TabletServer@127.19.130.130:0 shutdown complete.
I20260630 12:29:42.711050 19978 tablet_server.cc:179] TabletServer@127.19.130.131:0 shutting down...
W20260630 12:29:42.727826 21833 proxy.cc:239] Call had error, refreshing address and retrying: Network error: Client connection negotiation failed: client connection to 127.19.130.130:33839: connect: Connection refused (error 111) [suppressed 3 similar messages]
I20260630 12:29:42.734216 19978 ts_tablet_manager.cc:1507] Shutting down tablet manager...
W20260630 12:29:42.734609 21833 consensus_peers.cc:597] T 4d3523ffcdcf4f96b43448c4af32de66 P 454f6bd9bd6848babea2b4e42e01bf5f -> Peer e81b7b86de4344d198901f7752da3f1a (127.19.130.130:33839): Couldn't send request to peer e81b7b86de4344d198901f7752da3f1a. Status: Network error: Client connection negotiation failed: client connection to 127.19.130.130:33839: connect: Connection refused (error 111). This is attempt 1: this message will repeat every 5th retry.
I20260630 12:29:42.735020 19978 tablet_replica.cc:333] T 5f6f76344c954287abbd4fd9434be3d5 P 454f6bd9bd6848babea2b4e42e01bf5f: stopping tablet replica
I20260630 12:29:42.735589 19978 raft_consensus.cc:2243] T 5f6f76344c954287abbd4fd9434be3d5 P 454f6bd9bd6848babea2b4e42e01bf5f [term 1 FOLLOWER]: Raft consensus shutting down.
I20260630 12:29:42.736029 19978 raft_consensus.cc:2272] T 5f6f76344c954287abbd4fd9434be3d5 P 454f6bd9bd6848babea2b4e42e01bf5f [term 1 FOLLOWER]: Raft consensus is shut down!
I20260630 12:29:42.737969 19978 tablet_replica.cc:333] T 4d3523ffcdcf4f96b43448c4af32de66 P 454f6bd9bd6848babea2b4e42e01bf5f: stopping tablet replica
I20260630 12:29:42.738411 19978 raft_consensus.cc:2243] T 4d3523ffcdcf4f96b43448c4af32de66 P 454f6bd9bd6848babea2b4e42e01bf5f [term 2 LEADER]: Raft consensus shutting down.
I20260630 12:29:42.739161 19978 raft_consensus.cc:2272] T 4d3523ffcdcf4f96b43448c4af32de66 P 454f6bd9bd6848babea2b4e42e01bf5f [term 2 FOLLOWER]: Raft consensus is shut down!
I20260630 12:29:42.759019 19978 tablet_server.cc:196] TabletServer@127.19.130.131:0 shutdown complete.
I20260630 12:29:42.770128 19978 tablet_server.cc:179] TabletServer@127.19.130.132:0 shutting down...
I20260630 12:29:42.788487 19978 ts_tablet_manager.cc:1507] Shutting down tablet manager...
I20260630 12:29:42.789042 19978 tablet_replica.cc:333] T 4d3523ffcdcf4f96b43448c4af32de66 P bd6e2dd0a4e04e3a9921d6e2114c7b63: stopping tablet replica
I20260630 12:29:42.789506 19978 raft_consensus.cc:2243] T 4d3523ffcdcf4f96b43448c4af32de66 P bd6e2dd0a4e04e3a9921d6e2114c7b63 [term 2 FOLLOWER]: Raft consensus shutting down.
I20260630 12:29:42.790118 19978 raft_consensus.cc:2272] T 4d3523ffcdcf4f96b43448c4af32de66 P bd6e2dd0a4e04e3a9921d6e2114c7b63 [term 2 FOLLOWER]: Raft consensus is shut down!
I20260630 12:29:42.807643 19978 tablet_server.cc:196] TabletServer@127.19.130.132:0 shutdown complete.
I20260630 12:29:42.815898 19978 master.cc:562] Master@127.19.130.190:34715 shutting down...
I20260630 12:29:42.838164 19978 raft_consensus.cc:2243] T 00000000000000000000000000000000 P fa3cb032396b4e9a8772d47fb3876140 [term 1 LEADER]: Raft consensus shutting down.
I20260630 12:29:42.838578 19978 raft_consensus.cc:2272] T 00000000000000000000000000000000 P fa3cb032396b4e9a8772d47fb3876140 [term 1 FOLLOWER]: Raft consensus is shut down!
I20260630 12:29:42.838824 19978 tablet_replica.cc:333] T 00000000000000000000000000000000 P fa3cb032396b4e9a8772d47fb3876140: stopping tablet replica
I20260630 12:29:42.856525 19978 master.cc:584] Master@127.19.130.190:34715 shutdown complete.
[       OK ] AutoRebalancerTest.MovesScheduledIfAddTserver (28649 ms)
[ RUN      ] AutoRebalancerTest.NoReplicaMovesIfNoTservers
I20260630 12:29:42.888019 19978 internal_mini_cluster.cc:156] Creating distributed mini masters. Addrs: 127.19.130.190:39279
I20260630 12:29:42.889032 19978 file_cache.cc:492] Constructed file cache file cache with capacity 419430
W20260630 12:29:42.894208 22076 instance_detector.cc:116] could not retrieve Azure instance metadata: Network error: curl error: HTTP response code said error: The requested URL returned error: 404
W20260630 12:29:42.894557 22075 instance_detector.cc:116] could not retrieve AWS instance metadata: Network error: curl error: HTTP response code said error: The requested URL returned error: 404
W20260630 12:29:42.895234 22078 instance_detector.cc:116] could not retrieve OpenStack instance metadata: Network error: curl error: HTTP response code said error: The requested URL returned error: 404
I20260630 12:29:42.895380 19978 server_base.cc:1061] running on GCE node
I20260630 12:29:42.896281 19978 hybrid_clock.cc:584] initializing the hybrid clock with 'system_unsync' time source
W20260630 12:29:42.896438 19978 system_unsync_time.cc:38] NTP support is disabled. Clock error bounds will not be accurate. This configuration is not suitable for distributed clusters.
I20260630 12:29:42.896543 19978 hybrid_clock.cc:648] HybridClock initialized: now 1782822582896528 us; error 0 us; skew 500 ppm
I20260630 12:29:42.896970 19978 server_base.cc:861] Flag tcmalloc_max_total_thread_cache_bytes is not working since tcmalloc is not enabled.
I20260630 12:29:42.898903 19978 webserver.cc:533] Webserver started at http://127.19.130.190:43907/ using document root <none> and password file <none>
I20260630 12:29:42.899309 19978 fs_manager.cc:362] Metadata directory not provided
I20260630 12:29:42.899559 19978 fs_manager.cc:368] Using write-ahead log directory (fs_wal_dir) as metadata directory
I20260630 12:29:42.899833 19978 server_base.cc:909] This appears to be a new deployment of Kudu; creating new FS layout
I20260630 12:29:42.900991 19978 fs_manager.cc:1068] Generated new instance metadata in path /tmp/dist-test-taskPc6UTa/test-tmp/auto_rebalancer-test.0.AutoRebalancerTest.NoReplicaMovesIfNoTservers.1782822531767112-19978-0/minicluster-data/master-0-root/instance:
uuid: "6c85744dbbc34641adfd5c8840292c70"
format_stamp: "Formatted at 2026-06-30 12:29:42 on dist-test-slave-zr02"
I20260630 12:29:42.904929 19978 fs_manager.cc:696] Time spent creating directory manager: real 0.003s	user 0.000s	sys 0.004s
I20260630 12:29:42.907707 22083 log_block_manager.cc:4031] Time spent loading block containers with low live blocks: real 0.000s	user 0.000s	sys 0.000s
I20260630 12:29:42.908435 19978 fs_manager.cc:730] Time spent opening block manager: real 0.002s	user 0.001s	sys 0.002s
I20260630 12:29:42.908667 19978 fs_manager.cc:647] Opened local filesystem: /tmp/dist-test-taskPc6UTa/test-tmp/auto_rebalancer-test.0.AutoRebalancerTest.NoReplicaMovesIfNoTservers.1782822531767112-19978-0/minicluster-data/master-0-root
uuid: "6c85744dbbc34641adfd5c8840292c70"
format_stamp: "Formatted at 2026-06-30 12:29:42 on dist-test-slave-zr02"
I20260630 12:29:42.908891 19978 fs_report.cc:389] FS layout report
--------------------
wal directory: /tmp/dist-test-taskPc6UTa/test-tmp/auto_rebalancer-test.0.AutoRebalancerTest.NoReplicaMovesIfNoTservers.1782822531767112-19978-0/minicluster-data/master-0-root
metadata directory: /tmp/dist-test-taskPc6UTa/test-tmp/auto_rebalancer-test.0.AutoRebalancerTest.NoReplicaMovesIfNoTservers.1782822531767112-19978-0/minicluster-data/master-0-root
1 data directories: /tmp/dist-test-taskPc6UTa/test-tmp/auto_rebalancer-test.0.AutoRebalancerTest.NoReplicaMovesIfNoTservers.1782822531767112-19978-0/minicluster-data/master-0-root/data
Total live blocks: 0
Total live bytes: 0
Total live bytes (after alignment): 0
Total number of LBM containers: 0 (0 full)
Did not check for missing blocks
Did not check for orphaned blocks
Total full LBM containers with extra space: 0 (0 repaired)
Total full LBM container extra space in bytes: 0 (0 repaired)
Total incomplete LBM containers: 0 (0 repaired)
Total LBM partial records: 0 (0 repaired)
Total corrupted LBM metadata records in RocksDB: 0 (0 repaired)
I20260630 12:29:42.932555 19978 rpc_server.cc:225] running with OpenSSL 1.1.1  11 Sep 2018
I20260630 12:29:42.933696 19978 kserver.cc:163] Server-wide thread pool size limit: 3276
I20260630 12:29:42.967693 19978 rpc_server.cc:307] RPC server started. Bound to: 127.19.130.190:39279
I20260630 12:29:42.967821 22134 acceptor_pool.cc:272] collecting diagnostics on the listening RPC socket 127.19.130.190:39279 every 8 connection(s)
I20260630 12:29:42.971190 22135 data_dirs.cc:400] Could only allocate 1 dirs of requested 3 for tablet 00000000000000000000000000000000. 1 dirs total, 0 dirs full, 0 dirs failed
I20260630 12:29:42.980561 22135 tablet_bootstrap.cc:492] T 00000000000000000000000000000000 P 6c85744dbbc34641adfd5c8840292c70: Bootstrap starting.
I20260630 12:29:42.984258 22135 tablet_bootstrap.cc:654] T 00000000000000000000000000000000 P 6c85744dbbc34641adfd5c8840292c70: Neither blocks nor log segments found. Creating new log.
I20260630 12:29:42.987996 22135 tablet_bootstrap.cc:492] T 00000000000000000000000000000000 P 6c85744dbbc34641adfd5c8840292c70: No bootstrap required, opened a new log
I20260630 12:29:42.990015 22135 raft_consensus.cc:359] T 00000000000000000000000000000000 P 6c85744dbbc34641adfd5c8840292c70 [term 0 FOLLOWER]: Replica starting. Triggering 0 pending ops. Active config: opid_index: -1 OBSOLETE_local: true peers { permanent_uuid: "6c85744dbbc34641adfd5c8840292c70" member_type: VOTER }
I20260630 12:29:42.990446 22135 raft_consensus.cc:385] T 00000000000000000000000000000000 P 6c85744dbbc34641adfd5c8840292c70 [term 0 FOLLOWER]: Consensus starting up: Expiring failure detector timer to make a prompt election more likely
I20260630 12:29:42.990661 22135 raft_consensus.cc:740] T 00000000000000000000000000000000 P 6c85744dbbc34641adfd5c8840292c70 [term 0 FOLLOWER]: Becoming Follower/Learner. State: Replica: 6c85744dbbc34641adfd5c8840292c70, State: Initialized, Role: FOLLOWER
