I20260630 12:29:10.623144 19866 fs_manager.cc:362] Metadata directory not provided
I20260630 12:29:10.623318 19866 fs_manager.cc:368] Using write-ahead log directory (fs_wal_dir) as metadata directory
I20260630 12:29:10.623544 19866 server_base.cc:909] This appears to be a new deployment of Kudu; creating new FS layout
I20260630 12:29:10.624522 19866 fs_manager.cc:1068] Generated new instance metadata in path /tmp/dist-test-taskDdjRFJ/test-tmp/auto_rebalancer-test.0.AutoRebalancerTest.NextLeaderResumesAutoRebalancing.1782822531047477-19866-0/minicluster-data/ts-2-root/instance:
uuid: "e08f38fcc4e7490883c875f071defdd7"
format_stamp: "Formatted at 2026-06-30 12:29:10 on dist-test-slave-q2t5"
I20260630 12:29:10.628296 19866 fs_manager.cc:696] Time spent creating directory manager: real 0.003s	user 0.003s	sys 0.001s
I20260630 12:29:10.631109 21359 log_block_manager.cc:4031] Time spent loading block containers with low live blocks: real 0.000s	user 0.000s	sys 0.000s
I20260630 12:29:10.631771 19866 fs_manager.cc:730] Time spent opening block manager: real 0.002s	user 0.002s	sys 0.001s
I20260630 12:29:10.632061 19866 fs_manager.cc:647] Opened local filesystem: /tmp/dist-test-taskDdjRFJ/test-tmp/auto_rebalancer-test.0.AutoRebalancerTest.NextLeaderResumesAutoRebalancing.1782822531047477-19866-0/minicluster-data/ts-2-root
uuid: "e08f38fcc4e7490883c875f071defdd7"
format_stamp: "Formatted at 2026-06-30 12:29:10 on dist-test-slave-q2t5"
I20260630 12:29:10.632325 19866 fs_report.cc:389] FS layout report
--------------------
wal directory: /tmp/dist-test-taskDdjRFJ/test-tmp/auto_rebalancer-test.0.AutoRebalancerTest.NextLeaderResumesAutoRebalancing.1782822531047477-19866-0/minicluster-data/ts-2-root
metadata directory: /tmp/dist-test-taskDdjRFJ/test-tmp/auto_rebalancer-test.0.AutoRebalancerTest.NextLeaderResumesAutoRebalancing.1782822531047477-19866-0/minicluster-data/ts-2-root
1 data directories: /tmp/dist-test-taskDdjRFJ/test-tmp/auto_rebalancer-test.0.AutoRebalancerTest.NextLeaderResumesAutoRebalancing.1782822531047477-19866-0/minicluster-data/ts-2-root/data
Total live blocks: 0
Total live bytes: 0
Total live bytes (after alignment): 0
Total number of LBM containers: 0 (0 full)
Did not check for missing blocks
Did not check for orphaned blocks
Total full LBM containers with extra space: 0 (0 repaired)
Total full LBM container extra space in bytes: 0 (0 repaired)
Total incomplete LBM containers: 0 (0 repaired)
Total LBM partial records: 0 (0 repaired)
Total corrupted LBM metadata records in RocksDB: 0 (0 repaired)
I20260630 12:29:10.648171 19866 rpc_server.cc:225] running with OpenSSL 1.1.1  11 Sep 2018
I20260630 12:29:10.649231 19866 kserver.cc:163] Server-wide thread pool size limit: 3276
I20260630 12:29:10.650487 19866 txn_system_client.cc:432] TxnSystemClient initialization is disabled...
I20260630 12:29:10.652526 19866 ts_tablet_manager.cc:585] Loaded tablet metadata (0 total tablets, 0 live tablets)
I20260630 12:29:10.652719 19866 ts_tablet_manager.cc:531] Time spent load tablet metadata: real 0.000s	user 0.000s	sys 0.000s
I20260630 12:29:10.652926 19866 ts_tablet_manager.cc:616] Registered 0 tablets
I20260630 12:29:10.653075 19866 ts_tablet_manager.cc:595] Time spent register tablets: real 0.000s	user 0.000s	sys 0.000s
I20260630 12:29:10.689358 19866 rpc_server.cc:307] RPC server started. Bound to: 127.19.102.131:35879
I20260630 12:29:10.689479 21421 acceptor_pool.cc:272] collecting diagnostics on the listening RPC socket 127.19.102.131:35879 every 8 connection(s)
I20260630 12:29:10.707937 21423 heartbeater.cc:344] Connected to a master server at 127.19.102.189:42599
I20260630 12:29:10.708047 21422 heartbeater.cc:344] Connected to a master server at 127.19.102.188:36735
I20260630 12:29:10.708642 21422 heartbeater.cc:461] Registering TS with master...
I20260630 12:29:10.709439 21422 heartbeater.cc:507] Master 127.19.102.188:36735 requested a full tablet report, sending...
I20260630 12:29:10.709961 21423 heartbeater.cc:461] Registering TS with master...
I20260630 12:29:10.710832 21423 heartbeater.cc:507] Master 127.19.102.189:42599 requested a full tablet report, sending...
I20260630 12:29:10.711642 21104 ts_manager.cc:194] Registered new tserver with Master: e08f38fcc4e7490883c875f071defdd7 (127.19.102.131:35879)
I20260630 12:29:10.713385 21104 master_service.cc:502] Signed X509 certificate for tserver {username='slave'} at 127.0.0.1:49202
I20260630 12:29:10.713568 21039 ts_manager.cc:194] Registered new tserver with Master: e08f38fcc4e7490883c875f071defdd7 (127.19.102.131:35879)
I20260630 12:29:10.715896 21424 heartbeater.cc:344] Connected to a master server at 127.19.102.190:43857
I20260630 12:29:10.716199 21424 heartbeater.cc:461] Registering TS with master...
I20260630 12:29:10.716724 21424 heartbeater.cc:507] Master 127.19.102.190:43857 requested a full tablet report, sending...
I20260630 12:29:10.718616 20974 ts_manager.cc:194] Registered new tserver with Master: e08f38fcc4e7490883c875f071defdd7 (127.19.102.131:35879)
I20260630 12:29:10.718732 19866 internal_mini_cluster.cc:371] 3 TS(s) registered with all masters after 0.009877049s
I20260630 12:29:11.310266 21167 catalog_manager.cc:1295] Loaded cluster ID: ef3fc062c7e04dbc86d67751b85bd9bd
I20260630 12:29:11.310791 21170 catalog_manager.cc:1295] Loaded cluster ID: ef3fc062c7e04dbc86d67751b85bd9bd
I20260630 12:29:11.311134 21167 catalog_manager.cc:1588] T 00000000000000000000000000000000 P 19255830890f4ac5a59aa29a11d9e923: loading cluster ID for follower catalog manager: success
I20260630 12:29:11.311302 21170 catalog_manager.cc:1588] T 00000000000000000000000000000000 P 2c33af43c4c84d92a1da40e5466ef1c3: loading cluster ID for follower catalog manager: success
I20260630 12:29:11.318336 21170 catalog_manager.cc:1610] T 00000000000000000000000000000000 P 2c33af43c4c84d92a1da40e5466ef1c3: acquiring CA information for follower catalog manager: success
I20260630 12:29:11.318336 21167 catalog_manager.cc:1610] T 00000000000000000000000000000000 P 19255830890f4ac5a59aa29a11d9e923: acquiring CA information for follower catalog manager: success
I20260630 12:29:11.323572 21167 catalog_manager.cc:1638] T 00000000000000000000000000000000 P 19255830890f4ac5a59aa29a11d9e923: importing token verification keys for follower catalog manager: success; most recent TSK sequence number 0
I20260630 12:29:11.323580 21170 catalog_manager.cc:1638] T 00000000000000000000000000000000 P 2c33af43c4c84d92a1da40e5466ef1c3: importing token verification keys for follower catalog manager: success; most recent TSK sequence number 0
I20260630 12:29:11.505635 21266 heartbeater.cc:499] Master 127.19.102.188:36735 was elected leader, sending a full tablet report...
I20260630 12:29:11.613096 21344 heartbeater.cc:499] Master 127.19.102.188:36735 was elected leader, sending a full tablet report...
I20260630 12:29:11.716193 21422 heartbeater.cc:499] Master 127.19.102.188:36735 was elected leader, sending a full tablet report...
I20260630 12:29:12.314965 21181 auto_leader_rebalancer.cc:515] All tables' leader rebalancing finished this round
I20260630 12:29:12.835462 21104 catalog_manager.cc:2283] Servicing CreateTable request from {username='slave'} at 127.0.0.1:49210:
name: "test-workload"
schema {
  columns {
    name: "key"
    type: INT32
    is_key: true
    is_nullable: false
    encoding: AUTO_ENCODING
    compression: DEFAULT_COMPRESSION
    cfile_block_size: 0
    immutable: false
  }
  columns {
    name: "int_val"
    type: INT32
    is_key: false
    is_nullable: false
    encoding: AUTO_ENCODING
    compression: DEFAULT_COMPRESSION
    cfile_block_size: 0
    immutable: false
  }
  columns {
    name: "string_val"
    type: STRING
    is_key: false
    is_nullable: true
    encoding: AUTO_ENCODING
    compression: DEFAULT_COMPRESSION
    cfile_block_size: 0
    immutable: false
  }
}
num_replicas: 1
split_rows_range_bounds {
  rows: "\004\001\000\252\252\252*\004\001\000TUUU""\004\001\000\252\252\252*\004\001\000TUUU"
  indirect_data: """"
}
partition_schema {
  range_schema {
    columns {
      name: "key"
    }
  }
}
I20260630 12:29:12.897056 21309 tablet_service.cc:1511] Processing CreateTablet for tablet 55387732790d4a2f98bec1bd9194976c (DEFAULT_TABLE table=test-workload [id=b5fc5367616b42db952fa32e1b864c12]), partition=RANGE (key) PARTITION VALUES < 715827882
I20260630 12:29:12.898505 21309 data_dirs.cc:400] Could only allocate 1 dirs of requested 3 for tablet 55387732790d4a2f98bec1bd9194976c. 1 dirs total, 0 dirs full, 0 dirs failed
I20260630 12:29:12.903833 21387 tablet_service.cc:1511] Processing CreateTablet for tablet 5b5707e883254b399a2d2709e3041ca9 (DEFAULT_TABLE table=test-workload [id=b5fc5367616b42db952fa32e1b864c12]), partition=RANGE (key) PARTITION 715827882 <= VALUES < 1431655764
I20260630 12:29:12.905143 21387 data_dirs.cc:400] Could only allocate 1 dirs of requested 3 for tablet 5b5707e883254b399a2d2709e3041ca9. 1 dirs total, 0 dirs full, 0 dirs failed
I20260630 12:29:12.915277 21223 tablet_service.cc:1511] Processing CreateTablet for tablet bf209c6c2f6d464a9c57a713ab89bd89 (DEFAULT_TABLE table=test-workload [id=b5fc5367616b42db952fa32e1b864c12]), partition=RANGE (key) PARTITION 1431655764 <= VALUES
I20260630 12:29:12.916558 21223 data_dirs.cc:400] Could only allocate 1 dirs of requested 3 for tablet bf209c6c2f6d464a9c57a713ab89bd89. 1 dirs total, 0 dirs full, 0 dirs failed
I20260630 12:29:12.919528 21459 tablet_bootstrap.cc:492] T 5b5707e883254b399a2d2709e3041ca9 P e08f38fcc4e7490883c875f071defdd7: Bootstrap starting.
I20260630 12:29:12.919780 21458 tablet_bootstrap.cc:492] T 55387732790d4a2f98bec1bd9194976c P 8df44b51eea64fad88d627d57c9c9abd: Bootstrap starting.
I20260630 12:29:12.926759 21458 tablet_bootstrap.cc:654] T 55387732790d4a2f98bec1bd9194976c P 8df44b51eea64fad88d627d57c9c9abd: Neither blocks nor log segments found. Creating new log.
I20260630 12:29:12.927570 21459 tablet_bootstrap.cc:654] T 5b5707e883254b399a2d2709e3041ca9 P e08f38fcc4e7490883c875f071defdd7: Neither blocks nor log segments found. Creating new log.
I20260630 12:29:12.929028 21460 tablet_bootstrap.cc:492] T bf209c6c2f6d464a9c57a713ab89bd89 P 33079af38b2143018ec9da889046aece: Bootstrap starting.
I20260630 12:29:12.932420 21458 tablet_bootstrap.cc:492] T 55387732790d4a2f98bec1bd9194976c P 8df44b51eea64fad88d627d57c9c9abd: No bootstrap required, opened a new log
I20260630 12:29:12.932826 21458 ts_tablet_manager.cc:1403] T 55387732790d4a2f98bec1bd9194976c P 8df44b51eea64fad88d627d57c9c9abd: Time spent bootstrapping tablet: real 0.013s	user 0.003s	sys 0.008s
I20260630 12:29:12.934218 21459 tablet_bootstrap.cc:492] T 5b5707e883254b399a2d2709e3041ca9 P e08f38fcc4e7490883c875f071defdd7: No bootstrap required, opened a new log
I20260630 12:29:12.934702 21460 tablet_bootstrap.cc:654] T bf209c6c2f6d464a9c57a713ab89bd89 P 33079af38b2143018ec9da889046aece: Neither blocks nor log segments found. Creating new log.
I20260630 12:29:12.934662 21459 ts_tablet_manager.cc:1403] T 5b5707e883254b399a2d2709e3041ca9 P e08f38fcc4e7490883c875f071defdd7: Time spent bootstrapping tablet: real 0.015s	user 0.012s	sys 0.000s
I20260630 12:29:12.935559 21458 raft_consensus.cc:359] T 55387732790d4a2f98bec1bd9194976c P 8df44b51eea64fad88d627d57c9c9abd [term 0 FOLLOWER]: Replica starting. Triggering 0 pending ops. Active config: opid_index: -1 OBSOLETE_local: true peers { permanent_uuid: "8df44b51eea64fad88d627d57c9c9abd" member_type: VOTER last_known_addr { host: "127.19.102.130" port: 37733 } }
I20260630 12:29:12.936094 21458 raft_consensus.cc:385] T 55387732790d4a2f98bec1bd9194976c P 8df44b51eea64fad88d627d57c9c9abd [term 0 FOLLOWER]: Consensus starting up: Expiring failure detector timer to make a prompt election more likely
I20260630 12:29:12.936321 21458 raft_consensus.cc:740] T 55387732790d4a2f98bec1bd9194976c P 8df44b51eea64fad88d627d57c9c9abd [term 0 FOLLOWER]: Becoming Follower/Learner. State: Replica: 8df44b51eea64fad88d627d57c9c9abd, State: Initialized, Role: FOLLOWER
I20260630 12:29:12.937153 21458 consensus_queue.cc:260] T 55387732790d4a2f98bec1bd9194976c P 8df44b51eea64fad88d627d57c9c9abd [NON_LEADER]: Queue going to NON_LEADER mode. State: All replicated index: 0, Majority replicated index: 0, Committed index: 0, Last appended: 0.0, Last appended by leader: 0, Current term: 0, Majority size: -1, State: 0, Mode: NON_LEADER, active raft config: opid_index: -1 OBSOLETE_local: true peers { permanent_uuid: "8df44b51eea64fad88d627d57c9c9abd" member_type: VOTER last_known_addr { host: "127.19.102.130" port: 37733 } }
I20260630 12:29:12.937836 21458 raft_consensus.cc:399] T 55387732790d4a2f98bec1bd9194976c P 8df44b51eea64fad88d627d57c9c9abd [term 0 FOLLOWER]: Only one voter in the Raft config. Triggering election immediately
I20260630 12:29:12.937706 21459 raft_consensus.cc:359] T 5b5707e883254b399a2d2709e3041ca9 P e08f38fcc4e7490883c875f071defdd7 [term 0 FOLLOWER]: Replica starting. Triggering 0 pending ops. Active config: opid_index: -1 OBSOLETE_local: true peers { permanent_uuid: "e08f38fcc4e7490883c875f071defdd7" member_type: VOTER last_known_addr { host: "127.19.102.131" port: 35879 } }
I20260630 12:29:12.938241 21458 raft_consensus.cc:493] T 55387732790d4a2f98bec1bd9194976c P 8df44b51eea64fad88d627d57c9c9abd [term 0 FOLLOWER]: Starting leader election (initial election of a single-replica configuration)
I20260630 12:29:12.938387 21459 raft_consensus.cc:385] T 5b5707e883254b399a2d2709e3041ca9 P e08f38fcc4e7490883c875f071defdd7 [term 0 FOLLOWER]: Consensus starting up: Expiring failure detector timer to make a prompt election more likely
I20260630 12:29:12.938908 21458 raft_consensus.cc:3060] T 55387732790d4a2f98bec1bd9194976c P 8df44b51eea64fad88d627d57c9c9abd [term 0 FOLLOWER]: Advancing to term 1
I20260630 12:29:12.938881 21459 raft_consensus.cc:740] T 5b5707e883254b399a2d2709e3041ca9 P e08f38fcc4e7490883c875f071defdd7 [term 0 FOLLOWER]: Becoming Follower/Learner. State: Replica: e08f38fcc4e7490883c875f071defdd7, State: Initialized, Role: FOLLOWER
I20260630 12:29:12.939898 21459 consensus_queue.cc:260] T 5b5707e883254b399a2d2709e3041ca9 P e08f38fcc4e7490883c875f071defdd7 [NON_LEADER]: Queue going to NON_LEADER mode. State: All replicated index: 0, Majority replicated index: 0, Committed index: 0, Last appended: 0.0, Last appended by leader: 0, Current term: 0, Majority size: -1, State: 0, Mode: NON_LEADER, active raft config: opid_index: -1 OBSOLETE_local: true peers { permanent_uuid: "e08f38fcc4e7490883c875f071defdd7" member_type: VOTER last_known_addr { host: "127.19.102.131" port: 35879 } }
I20260630 12:29:12.940518 21459 raft_consensus.cc:399] T 5b5707e883254b399a2d2709e3041ca9 P e08f38fcc4e7490883c875f071defdd7 [term 0 FOLLOWER]: Only one voter in the Raft config. Triggering election immediately
I20260630 12:29:12.940745 21459 raft_consensus.cc:493] T 5b5707e883254b399a2d2709e3041ca9 P e08f38fcc4e7490883c875f071defdd7 [term 0 FOLLOWER]: Starting leader election (initial election of a single-replica configuration)
I20260630 12:29:12.941075 21459 raft_consensus.cc:3060] T 5b5707e883254b399a2d2709e3041ca9 P e08f38fcc4e7490883c875f071defdd7 [term 0 FOLLOWER]: Advancing to term 1
I20260630 12:29:12.942224 21460 tablet_bootstrap.cc:492] T bf209c6c2f6d464a9c57a713ab89bd89 P 33079af38b2143018ec9da889046aece: No bootstrap required, opened a new log
I20260630 12:29:12.942669 21460 ts_tablet_manager.cc:1403] T bf209c6c2f6d464a9c57a713ab89bd89 P 33079af38b2143018ec9da889046aece: Time spent bootstrapping tablet: real 0.014s	user 0.003s	sys 0.008s
I20260630 12:29:12.944075 21458 raft_consensus.cc:515] T 55387732790d4a2f98bec1bd9194976c P 8df44b51eea64fad88d627d57c9c9abd [term 1 FOLLOWER]: Starting leader election with config: opid_index: -1 OBSOLETE_local: true peers { permanent_uuid: "8df44b51eea64fad88d627d57c9c9abd" member_type: VOTER last_known_addr { host: "127.19.102.130" port: 37733 } }
I20260630 12:29:12.944622 21458 leader_election.cc:304] T 55387732790d4a2f98bec1bd9194976c P 8df44b51eea64fad88d627d57c9c9abd [CANDIDATE]: Term 1 election: Election decided. Result: candidate won. Election summary: received 1 responses out of 1 voters: 1 yes votes; 0 no votes. yes voters: 8df44b51eea64fad88d627d57c9c9abd; no voters: 
I20260630 12:29:12.945406 21460 raft_consensus.cc:359] T bf209c6c2f6d464a9c57a713ab89bd89 P 33079af38b2143018ec9da889046aece [term 0 FOLLOWER]: Replica starting. Triggering 0 pending ops. Active config: opid_index: -1 OBSOLETE_local: true peers { permanent_uuid: "33079af38b2143018ec9da889046aece" member_type: VOTER last_known_addr { host: "127.19.102.129" port: 44241 } }
I20260630 12:29:12.945842 21458 leader_election.cc:290] T 55387732790d4a2f98bec1bd9194976c P 8df44b51eea64fad88d627d57c9c9abd [CANDIDATE]: Term 1 election: Requested vote from peers 
I20260630 12:29:12.946036 21460 raft_consensus.cc:385] T bf209c6c2f6d464a9c57a713ab89bd89 P 33079af38b2143018ec9da889046aece [term 0 FOLLOWER]: Consensus starting up: Expiring failure detector timer to make a prompt election more likely
I20260630 12:29:12.946223 21464 raft_consensus.cc:2804] T 55387732790d4a2f98bec1bd9194976c P 8df44b51eea64fad88d627d57c9c9abd [term 1 FOLLOWER]: Leader election won for term 1
I20260630 12:29:12.946453 21460 raft_consensus.cc:740] T bf209c6c2f6d464a9c57a713ab89bd89 P 33079af38b2143018ec9da889046aece [term 0 FOLLOWER]: Becoming Follower/Learner. State: Replica: 33079af38b2143018ec9da889046aece, State: Initialized, Role: FOLLOWER
I20260630 12:29:12.947302 21459 raft_consensus.cc:515] T 5b5707e883254b399a2d2709e3041ca9 P e08f38fcc4e7490883c875f071defdd7 [term 1 FOLLOWER]: Starting leader election with config: opid_index: -1 OBSOLETE_local: true peers { permanent_uuid: "e08f38fcc4e7490883c875f071defdd7" member_type: VOTER last_known_addr { host: "127.19.102.131" port: 35879 } }
I20260630 12:29:12.947398 21460 consensus_queue.cc:260] T bf209c6c2f6d464a9c57a713ab89bd89 P 33079af38b2143018ec9da889046aece [NON_LEADER]: Queue going to NON_LEADER mode. State: All replicated index: 0, Majority replicated index: 0, Committed index: 0, Last appended: 0.0, Last appended by leader: 0, Current term: 0, Majority size: -1, State: 0, Mode: NON_LEADER, active raft config: opid_index: -1 OBSOLETE_local: true peers { permanent_uuid: "33079af38b2143018ec9da889046aece" member_type: VOTER last_known_addr { host: "127.19.102.129" port: 44241 } }
I20260630 12:29:12.948146 21460 raft_consensus.cc:399] T bf209c6c2f6d464a9c57a713ab89bd89 P 33079af38b2143018ec9da889046aece [term 0 FOLLOWER]: Only one voter in the Raft config. Triggering election immediately
I20260630 12:29:12.948069 21459 leader_election.cc:304] T 5b5707e883254b399a2d2709e3041ca9 P e08f38fcc4e7490883c875f071defdd7 [CANDIDATE]: Term 1 election: Election decided. Result: candidate won. Election summary: received 1 responses out of 1 voters: 1 yes votes; 0 no votes. yes voters: e08f38fcc4e7490883c875f071defdd7; no voters: 
I20260630 12:29:12.948568 21460 raft_consensus.cc:493] T bf209c6c2f6d464a9c57a713ab89bd89 P 33079af38b2143018ec9da889046aece [term 0 FOLLOWER]: Starting leader election (initial election of a single-replica configuration)
I20260630 12:29:12.948980 21460 raft_consensus.cc:3060] T bf209c6c2f6d464a9c57a713ab89bd89 P 33079af38b2143018ec9da889046aece [term 0 FOLLOWER]: Advancing to term 1
I20260630 12:29:12.954597 21458 ts_tablet_manager.cc:1434] T 55387732790d4a2f98bec1bd9194976c P 8df44b51eea64fad88d627d57c9c9abd: Time spent starting tablet: real 0.021s	user 0.011s	sys 0.010s
I20260630 12:29:12.955245 21460 raft_consensus.cc:515] T bf209c6c2f6d464a9c57a713ab89bd89 P 33079af38b2143018ec9da889046aece [term 1 FOLLOWER]: Starting leader election with config: opid_index: -1 OBSOLETE_local: true peers { permanent_uuid: "33079af38b2143018ec9da889046aece" member_type: VOTER last_known_addr { host: "127.19.102.129" port: 44241 } }
I20260630 12:29:12.956548 21460 leader_election.cc:304] T bf209c6c2f6d464a9c57a713ab89bd89 P 33079af38b2143018ec9da889046aece [CANDIDATE]: Term 1 election: Election decided. Result: candidate won. Election summary: received 1 responses out of 1 voters: 1 yes votes; 0 no votes. yes voters: 33079af38b2143018ec9da889046aece; no voters: 
I20260630 12:29:12.956888 21464 raft_consensus.cc:697] T 55387732790d4a2f98bec1bd9194976c P 8df44b51eea64fad88d627d57c9c9abd [term 1 LEADER]: Becoming Leader. State: Replica: 8df44b51eea64fad88d627d57c9c9abd, State: Running, Role: LEADER
I20260630 12:29:12.957330 21459 leader_election.cc:290] T 5b5707e883254b399a2d2709e3041ca9 P e08f38fcc4e7490883c875f071defdd7 [CANDIDATE]: Term 1 election: Requested vote from peers 
I20260630 12:29:12.957708 21467 raft_consensus.cc:2804] T 5b5707e883254b399a2d2709e3041ca9 P e08f38fcc4e7490883c875f071defdd7 [term 1 FOLLOWER]: Leader election won for term 1
I20260630 12:29:12.957741 21464 consensus_queue.cc:237] T 55387732790d4a2f98bec1bd9194976c P 8df44b51eea64fad88d627d57c9c9abd [LEADER]: Queue going to LEADER mode. State: All replicated index: 0, Majority replicated index: 0, Committed index: 0, Last appended: 0.0, Last appended by leader: 0, Current term: 1, Majority size: 1, State: 0, Mode: LEADER, active raft config: opid_index: -1 OBSOLETE_local: true peers { permanent_uuid: "8df44b51eea64fad88d627d57c9c9abd" member_type: VOTER last_known_addr { host: "127.19.102.130" port: 37733 } }
I20260630 12:29:12.964800 21468 raft_consensus.cc:2804] T bf209c6c2f6d464a9c57a713ab89bd89 P 33079af38b2143018ec9da889046aece [term 1 FOLLOWER]: Leader election won for term 1
I20260630 12:29:12.965243 21460 leader_election.cc:290] T bf209c6c2f6d464a9c57a713ab89bd89 P 33079af38b2143018ec9da889046aece [CANDIDATE]: Term 1 election: Requested vote from peers 
I20260630 12:29:12.967646 21459 ts_tablet_manager.cc:1434] T 5b5707e883254b399a2d2709e3041ca9 P e08f38fcc4e7490883c875f071defdd7: Time spent starting tablet: real 0.032s	user 0.022s	sys 0.007s
I20260630 12:29:12.977509 21468 raft_consensus.cc:697] T bf209c6c2f6d464a9c57a713ab89bd89 P 33079af38b2143018ec9da889046aece [term 1 LEADER]: Becoming Leader. State: Replica: 33079af38b2143018ec9da889046aece, State: Running, Role: LEADER
I20260630 12:29:12.978688 21468 consensus_queue.cc:237] T bf209c6c2f6d464a9c57a713ab89bd89 P 33079af38b2143018ec9da889046aece [LEADER]: Queue going to LEADER mode. State: All replicated index: 0, Majority replicated index: 0, Committed index: 0, Last appended: 0.0, Last appended by leader: 0, Current term: 1, Majority size: 1, State: 0, Mode: LEADER, active raft config: opid_index: -1 OBSOLETE_local: true peers { permanent_uuid: "33079af38b2143018ec9da889046aece" member_type: VOTER last_known_addr { host: "127.19.102.129" port: 44241 } }
I20260630 12:29:12.982295 21460 ts_tablet_manager.cc:1434] T bf209c6c2f6d464a9c57a713ab89bd89 P 33079af38b2143018ec9da889046aece: Time spent starting tablet: real 0.039s	user 0.024s	sys 0.006s
I20260630 12:29:12.981943 21104 catalog_manager.cc:5697] T 55387732790d4a2f98bec1bd9194976c P 8df44b51eea64fad88d627d57c9c9abd reported cstate change: term changed from 0 to 1, leader changed from <none> to 8df44b51eea64fad88d627d57c9c9abd (127.19.102.130). New cstate: current_term: 1 leader_uuid: "8df44b51eea64fad88d627d57c9c9abd" committed_config { opid_index: -1 OBSOLETE_local: true peers { permanent_uuid: "8df44b51eea64fad88d627d57c9c9abd" member_type: VOTER last_known_addr { host: "127.19.102.130" port: 37733 } health_report { overall_health: HEALTHY } } }
I20260630 12:29:12.985510 21467 raft_consensus.cc:697] T 5b5707e883254b399a2d2709e3041ca9 P e08f38fcc4e7490883c875f071defdd7 [term 1 LEADER]: Becoming Leader. State: Replica: e08f38fcc4e7490883c875f071defdd7, State: Running, Role: LEADER
I20260630 12:29:12.986829 21467 consensus_queue.cc:237] T 5b5707e883254b399a2d2709e3041ca9 P e08f38fcc4e7490883c875f071defdd7 [LEADER]: Queue going to LEADER mode. State: All replicated index: 0, Majority replicated index: 0, Committed index: 0, Last appended: 0.0, Last appended by leader: 0, Current term: 1, Majority size: 1, State: 0, Mode: LEADER, active raft config: opid_index: -1 OBSOLETE_local: true peers { permanent_uuid: "e08f38fcc4e7490883c875f071defdd7" member_type: VOTER last_known_addr { host: "127.19.102.131" port: 35879 } }
I20260630 12:29:12.994187 21103 catalog_manager.cc:5697] T bf209c6c2f6d464a9c57a713ab89bd89 P 33079af38b2143018ec9da889046aece reported cstate change: term changed from 0 to 1, leader changed from <none> to 33079af38b2143018ec9da889046aece (127.19.102.129). New cstate: current_term: 1 leader_uuid: "33079af38b2143018ec9da889046aece" committed_config { opid_index: -1 OBSOLETE_local: true peers { permanent_uuid: "33079af38b2143018ec9da889046aece" member_type: VOTER last_known_addr { host: "127.19.102.129" port: 44241 } health_report { overall_health: HEALTHY } } }
I20260630 12:29:13.010674 21104 catalog_manager.cc:5697] T 5b5707e883254b399a2d2709e3041ca9 P e08f38fcc4e7490883c875f071defdd7 reported cstate change: term changed from 0 to 1, leader changed from <none> to e08f38fcc4e7490883c875f071defdd7 (127.19.102.131). New cstate: current_term: 1 leader_uuid: "e08f38fcc4e7490883c875f071defdd7" committed_config { opid_index: -1 OBSOLETE_local: true peers { permanent_uuid: "e08f38fcc4e7490883c875f071defdd7" member_type: VOTER last_known_addr { host: "127.19.102.131" port: 35879 } health_report { overall_health: HEALTHY } } }
I20260630 12:29:14.315876 21181 auto_leader_rebalancer.cc:141] leader rebalance for table test-workload
I20260630 12:29:14.317668 21181 auto_leader_rebalancer.cc:515] All tables' leader rebalancing finished this round
I20260630 12:29:15.061417 19866 master.cc:562] Master@127.19.102.188:36735 shutting down...
I20260630 12:29:15.076427 19866 raft_consensus.cc:2243] T 00000000000000000000000000000000 P a2116fa8a90d41608a0ca4b208dda514 [term 1 LEADER]: Raft consensus shutting down.
I20260630 12:29:15.077124 19866 raft_consensus.cc:2272] T 00000000000000000000000000000000 P a2116fa8a90d41608a0ca4b208dda514 [term 1 FOLLOWER]: Raft consensus is shut down!
I20260630 12:29:15.077436 19866 tablet_replica.cc:333] T 00000000000000000000000000000000 P a2116fa8a90d41608a0ca4b208dda514: stopping tablet replica
I20260630 12:29:15.096338 19866 master.cc:584] Master@127.19.102.188:36735 shutdown complete.
W20260630 12:29:15.987761 21344 heartbeater.cc:646] Failed to heartbeat to 127.19.102.188:36735 (0 consecutive failures): Network error: Failed to send heartbeat to master: Client connection negotiation failed: client connection to 127.19.102.188:36735: connect: Connection refused (error 111)
I20260630 12:29:16.106611 21483 raft_consensus.cc:493] T 00000000000000000000000000000000 P 2c33af43c4c84d92a1da40e5466ef1c3 [term 1 FOLLOWER]: Starting pre-election (detected failure of leader a2116fa8a90d41608a0ca4b208dda514)
I20260630 12:29:16.107043 21483 raft_consensus.cc:515] T 00000000000000000000000000000000 P 2c33af43c4c84d92a1da40e5466ef1c3 [term 1 FOLLOWER]: Starting pre-election with config: opid_index: -1 OBSOLETE_local: false peers { permanent_uuid: "19255830890f4ac5a59aa29a11d9e923" member_type: VOTER last_known_addr { host: "127.19.102.190" port: 43857 } } peers { permanent_uuid: "2c33af43c4c84d92a1da40e5466ef1c3" member_type: VOTER last_known_addr { host: "127.19.102.189" port: 42599 } } peers { permanent_uuid: "a2116fa8a90d41608a0ca4b208dda514" member_type: VOTER last_known_addr { host: "127.19.102.188" port: 36735 } }
I20260630 12:29:16.108628 21483 leader_election.cc:290] T 00000000000000000000000000000000 P 2c33af43c4c84d92a1da40e5466ef1c3 [CANDIDATE]: Term 2 pre-election: Requested pre-vote from peers 19255830890f4ac5a59aa29a11d9e923 (127.19.102.190:43857), a2116fa8a90d41608a0ca4b208dda514 (127.19.102.188:36735)
I20260630 12:29:16.109503 20984 tablet_service.cc:1917] Received RequestConsensusVote() RPC: tablet_id: "00000000000000000000000000000000" candidate_uuid: "2c33af43c4c84d92a1da40e5466ef1c3" candidate_term: 2 candidate_status { last_received { term: 1 index: 10 } } ignore_live_leader: false dest_uuid: "19255830890f4ac5a59aa29a11d9e923" is_pre_election: true
W20260630 12:29:16.111018 21024 proxy.cc:239] Call had error, refreshing address and retrying: Network error: Client connection negotiation failed: client connection to 127.19.102.188:36735: connect: Connection refused (error 111) [suppressed 39 similar messages]
W20260630 12:29:16.113924 21024 leader_election.cc:336] T 00000000000000000000000000000000 P 2c33af43c4c84d92a1da40e5466ef1c3 [CANDIDATE]: Term 2 pre-election: RPC error from VoteRequest() call to peer a2116fa8a90d41608a0ca4b208dda514 (127.19.102.188:36735): Network error: Client connection negotiation failed: client connection to 127.19.102.188:36735: connect: Connection refused (error 111)
I20260630 12:29:16.114248 21024 leader_election.cc:304] T 00000000000000000000000000000000 P 2c33af43c4c84d92a1da40e5466ef1c3 [CANDIDATE]: Term 2 pre-election: Election decided. Result: candidate lost. Election summary: received 3 responses out of 3 voters: 1 yes votes; 2 no votes. yes voters: 2c33af43c4c84d92a1da40e5466ef1c3; no voters: 19255830890f4ac5a59aa29a11d9e923, a2116fa8a90d41608a0ca4b208dda514
I20260630 12:29:16.114763 21483 raft_consensus.cc:2749] T 00000000000000000000000000000000 P 2c33af43c4c84d92a1da40e5466ef1c3 [term 1 FOLLOWER]: Leader pre-election lost for term 2. Reason: could not achieve majority
I20260630 12:29:16.485507 21486 raft_consensus.cc:493] T 00000000000000000000000000000000 P 19255830890f4ac5a59aa29a11d9e923 [term 1 FOLLOWER]: Starting pre-election (detected failure of leader a2116fa8a90d41608a0ca4b208dda514)
I20260630 12:29:16.485941 21486 raft_consensus.cc:515] T 00000000000000000000000000000000 P 19255830890f4ac5a59aa29a11d9e923 [term 1 FOLLOWER]: Starting pre-election with config: opid_index: -1 OBSOLETE_local: false peers { permanent_uuid: "19255830890f4ac5a59aa29a11d9e923" member_type: VOTER last_known_addr { host: "127.19.102.190" port: 43857 } } peers { permanent_uuid: "2c33af43c4c84d92a1da40e5466ef1c3" member_type: VOTER last_known_addr { host: "127.19.102.189" port: 42599 } } peers { permanent_uuid: "a2116fa8a90d41608a0ca4b208dda514" member_type: VOTER last_known_addr { host: "127.19.102.188" port: 36735 } }
I20260630 12:29:16.487592 21486 leader_election.cc:290] T 00000000000000000000000000000000 P 19255830890f4ac5a59aa29a11d9e923 [CANDIDATE]: Term 2 pre-election: Requested pre-vote from peers 2c33af43c4c84d92a1da40e5466ef1c3 (127.19.102.189:42599), a2116fa8a90d41608a0ca4b208dda514 (127.19.102.188:36735)
I20260630 12:29:16.489187 21049 tablet_service.cc:1917] Received RequestConsensusVote() RPC: tablet_id: "00000000000000000000000000000000" candidate_uuid: "19255830890f4ac5a59aa29a11d9e923" candidate_term: 2 candidate_status { last_received { term: 1 index: 10 } } ignore_live_leader: false dest_uuid: "2c33af43c4c84d92a1da40e5466ef1c3" is_pre_election: true
I20260630 12:29:16.490106 21049 raft_consensus.cc:2468] T 00000000000000000000000000000000 P 2c33af43c4c84d92a1da40e5466ef1c3 [term 1 FOLLOWER]: Leader pre-election vote request: Granting yes vote for candidate 19255830890f4ac5a59aa29a11d9e923 in term 1.
I20260630 12:29:16.491171 20958 leader_election.cc:304] T 00000000000000000000000000000000 P 19255830890f4ac5a59aa29a11d9e923 [CANDIDATE]: Term 2 pre-election: Election decided. Result: candidate won. Election summary: received 2 responses out of 3 voters: 2 yes votes; 0 no votes. yes voters: 19255830890f4ac5a59aa29a11d9e923, 2c33af43c4c84d92a1da40e5466ef1c3; no voters: 
I20260630 12:29:16.491847 21486 raft_consensus.cc:2804] T 00000000000000000000000000000000 P 19255830890f4ac5a59aa29a11d9e923 [term 1 FOLLOWER]: Leader pre-election won for term 2
I20260630 12:29:16.492202 21486 raft_consensus.cc:493] T 00000000000000000000000000000000 P 19255830890f4ac5a59aa29a11d9e923 [term 1 FOLLOWER]: Starting leader election (detected failure of leader a2116fa8a90d41608a0ca4b208dda514)
I20260630 12:29:16.492472 21486 raft_consensus.cc:3060] T 00000000000000000000000000000000 P 19255830890f4ac5a59aa29a11d9e923 [term 1 FOLLOWER]: Advancing to term 2
W20260630 12:29:16.493749 20959 leader_election.cc:336] T 00000000000000000000000000000000 P 19255830890f4ac5a59aa29a11d9e923 [CANDIDATE]: Term 2 pre-election: RPC error from VoteRequest() call to peer a2116fa8a90d41608a0ca4b208dda514 (127.19.102.188:36735): Network error: Client connection negotiation failed: client connection to 127.19.102.188:36735: connect: Connection refused (error 111)
I20260630 12:29:16.497140 21486 raft_consensus.cc:515] T 00000000000000000000000000000000 P 19255830890f4ac5a59aa29a11d9e923 [term 2 FOLLOWER]: Starting leader election with config: opid_index: -1 OBSOLETE_local: false peers { permanent_uuid: "19255830890f4ac5a59aa29a11d9e923" member_type: VOTER last_known_addr { host: "127.19.102.190" port: 43857 } } peers { permanent_uuid: "2c33af43c4c84d92a1da40e5466ef1c3" member_type: VOTER last_known_addr { host: "127.19.102.189" port: 42599 } } peers { permanent_uuid: "a2116fa8a90d41608a0ca4b208dda514" member_type: VOTER last_known_addr { host: "127.19.102.188" port: 36735 } }
I20260630 12:29:16.498631 21486 leader_election.cc:290] T 00000000000000000000000000000000 P 19255830890f4ac5a59aa29a11d9e923 [CANDIDATE]: Term 2 election: Requested vote from peers 2c33af43c4c84d92a1da40e5466ef1c3 (127.19.102.189:42599), a2116fa8a90d41608a0ca4b208dda514 (127.19.102.188:36735)
I20260630 12:29:16.499174 21049 tablet_service.cc:1917] Received RequestConsensusVote() RPC: tablet_id: "00000000000000000000000000000000" candidate_uuid: "19255830890f4ac5a59aa29a11d9e923" candidate_term: 2 candidate_status { last_received { term: 1 index: 10 } } ignore_live_leader: false dest_uuid: "2c33af43c4c84d92a1da40e5466ef1c3"
I20260630 12:29:16.499583 21049 raft_consensus.cc:3060] T 00000000000000000000000000000000 P 2c33af43c4c84d92a1da40e5466ef1c3 [term 1 FOLLOWER]: Advancing to term 2
W20260630 12:29:16.501708 20959 leader_election.cc:336] T 00000000000000000000000000000000 P 19255830890f4ac5a59aa29a11d9e923 [CANDIDATE]: Term 2 election: RPC error from VoteRequest() call to peer a2116fa8a90d41608a0ca4b208dda514 (127.19.102.188:36735): Network error: Client connection negotiation failed: client connection to 127.19.102.188:36735: connect: Connection refused (error 111)
I20260630 12:29:16.503866 21049 raft_consensus.cc:2468] T 00000000000000000000000000000000 P 2c33af43c4c84d92a1da40e5466ef1c3 [term 2 FOLLOWER]: Leader election vote request: Granting yes vote for candidate 19255830890f4ac5a59aa29a11d9e923 in term 2.
I20260630 12:29:16.504626 20958 leader_election.cc:304] T 00000000000000000000000000000000 P 19255830890f4ac5a59aa29a11d9e923 [CANDIDATE]: Term 2 election: Election decided. Result: candidate won. Election summary: received 3 responses out of 3 voters: 2 yes votes; 1 no votes. yes voters: 19255830890f4ac5a59aa29a11d9e923, 2c33af43c4c84d92a1da40e5466ef1c3; no voters: a2116fa8a90d41608a0ca4b208dda514
I20260630 12:29:16.505182 21486 raft_consensus.cc:2804] T 00000000000000000000000000000000 P 19255830890f4ac5a59aa29a11d9e923 [term 2 FOLLOWER]: Leader election won for term 2
I20260630 12:29:16.506083 21486 raft_consensus.cc:697] T 00000000000000000000000000000000 P 19255830890f4ac5a59aa29a11d9e923 [term 2 LEADER]: Becoming Leader. State: Replica: 19255830890f4ac5a59aa29a11d9e923, State: Running, Role: LEADER
I20260630 12:29:16.506659 21486 consensus_queue.cc:237] T 00000000000000000000000000000000 P 19255830890f4ac5a59aa29a11d9e923 [LEADER]: Queue going to LEADER mode. State: All replicated index: 0, Majority replicated index: 10, Committed index: 10, Last appended: 1.10, Last appended by leader: 10, Current term: 2, Majority size: 2, State: 0, Mode: LEADER, active raft config: opid_index: -1 OBSOLETE_local: false peers { permanent_uuid: "19255830890f4ac5a59aa29a11d9e923" member_type: VOTER last_known_addr { host: "127.19.102.190" port: 43857 } } peers { permanent_uuid: "2c33af43c4c84d92a1da40e5466ef1c3" member_type: VOTER last_known_addr { host: "127.19.102.189" port: 42599 } } peers { permanent_uuid: "a2116fa8a90d41608a0ca4b208dda514" member_type: VOTER last_known_addr { host: "127.19.102.188" port: 36735 } }
I20260630 12:29:16.509680 21489 sys_catalog.cc:455] T 00000000000000000000000000000000 P 19255830890f4ac5a59aa29a11d9e923 [sys.catalog]: SysCatalogTable state changed. Reason: New leader 19255830890f4ac5a59aa29a11d9e923. Latest consensus state: current_term: 2 leader_uuid: "19255830890f4ac5a59aa29a11d9e923" committed_config { opid_index: -1 OBSOLETE_local: false peers { permanent_uuid: "19255830890f4ac5a59aa29a11d9e923" member_type: VOTER last_known_addr { host: "127.19.102.190" port: 43857 } } peers { permanent_uuid: "2c33af43c4c84d92a1da40e5466ef1c3" member_type: VOTER last_known_addr { host: "127.19.102.189" port: 42599 } } peers { permanent_uuid: "a2116fa8a90d41608a0ca4b208dda514" member_type: VOTER last_known_addr { host: "127.19.102.188" port: 36735 } } }
I20260630 12:29:16.510233 21489 sys_catalog.cc:458] T 00000000000000000000000000000000 P 19255830890f4ac5a59aa29a11d9e923 [sys.catalog]: This master's current role is: LEADER
I20260630 12:29:16.511608 21491 catalog_manager.cc:1511] Loading table and tablet metadata into memory...
I20260630 12:29:16.516112 21491 catalog_manager.cc:679] Loaded metadata for table test-workload [id=b5fc5367616b42db952fa32e1b864c12]
I20260630 12:29:16.520402 21491 tablet_loader.cc:96] loaded metadata for tablet 55387732790d4a2f98bec1bd9194976c (table test-workload [id=b5fc5367616b42db952fa32e1b864c12])
I20260630 12:29:16.521639 21491 tablet_loader.cc:96] loaded metadata for tablet 5b5707e883254b399a2d2709e3041ca9 (table test-workload [id=b5fc5367616b42db952fa32e1b864c12])
I20260630 12:29:16.522482 21491 tablet_loader.cc:96] loaded metadata for tablet bf209c6c2f6d464a9c57a713ab89bd89 (table test-workload [id=b5fc5367616b42db952fa32e1b864c12])
I20260630 12:29:16.523381 21491 catalog_manager.cc:1520] Initializing Kudu cluster ID...
I20260630 12:29:16.526515 21491 catalog_manager.cc:1295] Loaded cluster ID: ef3fc062c7e04dbc86d67751b85bd9bd
I20260630 12:29:16.526721 21491 catalog_manager.cc:1531] Initializing Kudu internal certificate authority...
I20260630 12:29:16.529963 21491 catalog_manager.cc:1540] Loading token signing keys...
I20260630 12:29:16.532809 21491 catalog_manager.cc:6081] T 00000000000000000000000000000000 P 19255830890f4ac5a59aa29a11d9e923: Loaded TSK: 0
I20260630 12:29:16.533656 21491 catalog_manager.cc:1550] Initializing in-progress tserver states...
I20260630 12:29:16.893577 21049 raft_consensus.cc:1275] T 00000000000000000000000000000000 P 2c33af43c4c84d92a1da40e5466ef1c3 [term 2 FOLLOWER]: Refusing update from remote peer 19255830890f4ac5a59aa29a11d9e923: Log matching property violated. Preceding OpId in replica: term: 1 index: 10. Preceding OpId from leader: term: 2 index: 11. (index mismatch)
I20260630 12:29:16.894876 21489 consensus_queue.cc:1048] T 00000000000000000000000000000000 P 19255830890f4ac5a59aa29a11d9e923 [LEADER]: Connected to new peer: Peer: permanent_uuid: "2c33af43c4c84d92a1da40e5466ef1c3" member_type: VOTER last_known_addr { host: "127.19.102.189" port: 42599 }, Status: LMP_MISMATCH, Last received: 0.0, Next index: 11, Last known committed idx: 10, Time since last communication: 0.000s
I20260630 12:29:16.899111 21492 sys_catalog.cc:455] T 00000000000000000000000000000000 P 2c33af43c4c84d92a1da40e5466ef1c3 [sys.catalog]: SysCatalogTable state changed. Reason: New leader 19255830890f4ac5a59aa29a11d9e923. Latest consensus state: current_term: 2 leader_uuid: "19255830890f4ac5a59aa29a11d9e923" committed_config { opid_index: -1 OBSOLETE_local: false peers { permanent_uuid: "19255830890f4ac5a59aa29a11d9e923" member_type: VOTER last_known_addr { host: "127.19.102.190" port: 43857 } } peers { permanent_uuid: "2c33af43c4c84d92a1da40e5466ef1c3" member_type: VOTER last_known_addr { host: "127.19.102.189" port: 42599 } } peers { permanent_uuid: "a2116fa8a90d41608a0ca4b208dda514" member_type: VOTER last_known_addr { host: "127.19.102.188" port: 36735 } } }
I20260630 12:29:16.899621 21492 sys_catalog.cc:458] T 00000000000000000000000000000000 P 2c33af43c4c84d92a1da40e5466ef1c3 [sys.catalog]: This master's current role is: FOLLOWER
I20260630 12:29:16.902112 21486 sys_catalog.cc:455] T 00000000000000000000000000000000 P 19255830890f4ac5a59aa29a11d9e923 [sys.catalog]: SysCatalogTable state changed. Reason: Peer health change. Latest consensus state: current_term: 2 leader_uuid: "19255830890f4ac5a59aa29a11d9e923" committed_config { opid_index: -1 OBSOLETE_local: false peers { permanent_uuid: "19255830890f4ac5a59aa29a11d9e923" member_type: VOTER last_known_addr { host: "127.19.102.190" port: 43857 } } peers { permanent_uuid: "2c33af43c4c84d92a1da40e5466ef1c3" member_type: VOTER last_known_addr { host: "127.19.102.189" port: 42599 } } peers { permanent_uuid: "a2116fa8a90d41608a0ca4b208dda514" member_type: VOTER last_known_addr { host: "127.19.102.188" port: 36735 } } }
I20260630 12:29:16.902868 21486 sys_catalog.cc:458] T 00000000000000000000000000000000 P 19255830890f4ac5a59aa29a11d9e923 [sys.catalog]: This master's current role is: LEADER
I20260630 12:29:16.905248 21492 sys_catalog.cc:455] T 00000000000000000000000000000000 P 2c33af43c4c84d92a1da40e5466ef1c3 [sys.catalog]: SysCatalogTable state changed. Reason: Replicated consensus-only round. Latest consensus state: current_term: 2 leader_uuid: "19255830890f4ac5a59aa29a11d9e923" committed_config { opid_index: -1 OBSOLETE_local: false peers { permanent_uuid: "19255830890f4ac5a59aa29a11d9e923" member_type: VOTER last_known_addr { host: "127.19.102.190" port: 43857 } } peers { permanent_uuid: "2c33af43c4c84d92a1da40e5466ef1c3" member_type: VOTER last_known_addr { host: "127.19.102.189" port: 42599 } } peers { permanent_uuid: "a2116fa8a90d41608a0ca4b208dda514" member_type: VOTER last_known_addr { host: "127.19.102.188" port: 36735 } } }
I20260630 12:29:16.905871 21492 sys_catalog.cc:458] T 00000000000000000000000000000000 P 2c33af43c4c84d92a1da40e5466ef1c3 [sys.catalog]: This master's current role is: FOLLOWER
W20260630 12:29:16.906394 20959 consensus_peers.cc:597] T 00000000000000000000000000000000 P 19255830890f4ac5a59aa29a11d9e923 -> Peer a2116fa8a90d41608a0ca4b208dda514 (127.19.102.188:36735): Couldn't send request to peer a2116fa8a90d41608a0ca4b208dda514. Status: Network error: Client connection negotiation failed: client connection to 127.19.102.188:36735: connect: Connection refused (error 111). This is attempt 1: this message will repeat every 5th retry.
I20260630 12:29:17.991460 21346 heartbeater.cc:499] Master 127.19.102.190:43857 was elected leader, sending a full tablet report...
I20260630 12:29:18.037371 21424 heartbeater.cc:499] Master 127.19.102.190:43857 was elected leader, sending a full tablet report...
I20260630 12:29:18.041487 21268 heartbeater.cc:499] Master 127.19.102.190:43857 was elected leader, sending a full tablet report...
I20260630 12:29:18.299983 21165 auto_leader_rebalancer.cc:141] leader rebalance for table test-workload
I20260630 12:29:18.302016 21165 auto_leader_rebalancer.cc:515] All tables' leader rebalancing finished this round
I20260630 12:29:18.650099 19866 tablet_server.cc:179] TabletServer@127.19.102.129:0 shutting down...
I20260630 12:29:18.673472 19866 ts_tablet_manager.cc:1507] Shutting down tablet manager...
I20260630 12:29:18.674068 19866 tablet_replica.cc:333] T bf209c6c2f6d464a9c57a713ab89bd89 P 33079af38b2143018ec9da889046aece: stopping tablet replica
I20260630 12:29:18.674530 19866 raft_consensus.cc:2243] T bf209c6c2f6d464a9c57a713ab89bd89 P 33079af38b2143018ec9da889046aece [term 1 LEADER]: Raft consensus shutting down.
I20260630 12:29:18.674914 19866 raft_consensus.cc:2272] T bf209c6c2f6d464a9c57a713ab89bd89 P 33079af38b2143018ec9da889046aece [term 1 FOLLOWER]: Raft consensus is shut down!
I20260630 12:29:18.691932 19866 tablet_server.cc:196] TabletServer@127.19.102.129:0 shutdown complete.
I20260630 12:29:18.700830 19866 tablet_server.cc:179] TabletServer@127.19.102.130:0 shutting down...
I20260630 12:29:18.717396 19866 ts_tablet_manager.cc:1507] Shutting down tablet manager...
I20260630 12:29:18.717958 19866 tablet_replica.cc:333] T 55387732790d4a2f98bec1bd9194976c P 8df44b51eea64fad88d627d57c9c9abd: stopping tablet replica
I20260630 12:29:18.718393 19866 raft_consensus.cc:2243] T 55387732790d4a2f98bec1bd9194976c P 8df44b51eea64fad88d627d57c9c9abd [term 1 LEADER]: Raft consensus shutting down.
I20260630 12:29:18.718762 19866 raft_consensus.cc:2272] T 55387732790d4a2f98bec1bd9194976c P 8df44b51eea64fad88d627d57c9c9abd [term 1 FOLLOWER]: Raft consensus is shut down!
I20260630 12:29:18.735700 19866 tablet_server.cc:196] TabletServer@127.19.102.130:0 shutdown complete.
I20260630 12:29:18.743443 19866 tablet_server.cc:179] TabletServer@127.19.102.131:0 shutting down...
I20260630 12:29:18.760556 19866 ts_tablet_manager.cc:1507] Shutting down tablet manager...
I20260630 12:29:18.761075 19866 tablet_replica.cc:333] T 5b5707e883254b399a2d2709e3041ca9 P e08f38fcc4e7490883c875f071defdd7: stopping tablet replica
I20260630 12:29:18.761494 19866 raft_consensus.cc:2243] T 5b5707e883254b399a2d2709e3041ca9 P e08f38fcc4e7490883c875f071defdd7 [term 1 LEADER]: Raft consensus shutting down.
I20260630 12:29:18.761831 19866 raft_consensus.cc:2272] T 5b5707e883254b399a2d2709e3041ca9 P e08f38fcc4e7490883c875f071defdd7 [term 1 FOLLOWER]: Raft consensus is shut down!
I20260630 12:29:18.778419 19866 tablet_server.cc:196] TabletServer@127.19.102.131:0 shutdown complete.
I20260630 12:29:18.786288 19866 master.cc:562] Master@127.19.102.190:43857 shutting down...
I20260630 12:29:18.801537 19866 raft_consensus.cc:2243] T 00000000000000000000000000000000 P 19255830890f4ac5a59aa29a11d9e923 [term 2 LEADER]: Raft consensus shutting down.
I20260630 12:29:18.802237 19866 raft_consensus.cc:2272] T 00000000000000000000000000000000 P 19255830890f4ac5a59aa29a11d9e923 [term 2 FOLLOWER]: Raft consensus is shut down!
I20260630 12:29:18.802489 19866 tablet_replica.cc:333] T 00000000000000000000000000000000 P 19255830890f4ac5a59aa29a11d9e923: stopping tablet replica
I20260630 12:29:18.820360 19866 master.cc:584] Master@127.19.102.190:43857 shutdown complete.
I20260630 12:29:18.831532 19866 master.cc:562] Master@127.19.102.189:42599 shutting down...
I20260630 12:29:18.845232 19866 raft_consensus.cc:2243] T 00000000000000000000000000000000 P 2c33af43c4c84d92a1da40e5466ef1c3 [term 2 FOLLOWER]: Raft consensus shutting down.
I20260630 12:29:18.845644 19866 raft_consensus.cc:2272] T 00000000000000000000000000000000 P 2c33af43c4c84d92a1da40e5466ef1c3 [term 2 FOLLOWER]: Raft consensus is shut down!
I20260630 12:29:18.845918 19866 tablet_replica.cc:333] T 00000000000000000000000000000000 P 2c33af43c4c84d92a1da40e5466ef1c3: stopping tablet replica
I20260630 12:29:18.862087 19866 master.cc:584] Master@127.19.102.189:42599 shutdown complete.
[       OK ] AutoRebalancerTest.NextLeaderResumesAutoRebalancing (8881 ms)
[ RUN      ] AutoRebalancerTest.MovesScheduledIfAddTserver
I20260630 12:29:18.889145 19866 internal_mini_cluster.cc:156] Creating distributed mini masters. Addrs: 127.19.102.190:35267
I20260630 12:29:18.890089 19866 file_cache.cc:492] Constructed file cache file cache with capacity 419430
W20260630 12:29:18.894845 21503 instance_detector.cc:116] could not retrieve AWS instance metadata: Network error: curl error: HTTP response code said error: The requested URL returned error: 404
W20260630 12:29:18.895313 21504 instance_detector.cc:116] could not retrieve Azure instance metadata: Network error: curl error: HTTP response code said error: The requested URL returned error: 404
W20260630 12:29:18.896065 21506 instance_detector.cc:116] could not retrieve OpenStack instance metadata: Network error: curl error: HTTP response code said error: The requested URL returned error: 404
I20260630 12:29:18.896350 19866 server_base.cc:1061] running on GCE node
I20260630 12:29:18.897061 19866 hybrid_clock.cc:584] initializing the hybrid clock with 'system_unsync' time source
W20260630 12:29:18.897233 19866 system_unsync_time.cc:38] NTP support is disabled. Clock error bounds will not be accurate. This configuration is not suitable for distributed clusters.
I20260630 12:29:18.897344 19866 hybrid_clock.cc:648] HybridClock initialized: now 1782822558897334 us; error 0 us; skew 500 ppm
I20260630 12:29:18.897723 19866 server_base.cc:861] Flag tcmalloc_max_total_thread_cache_bytes is not working since tcmalloc is not enabled.
I20260630 12:29:18.899725 19866 webserver.cc:533] Webserver started at http://127.19.102.190:44889/ using document root <none> and password file <none>
I20260630 12:29:18.900156 19866 fs_manager.cc:362] Metadata directory not provided
I20260630 12:29:18.900302 19866 fs_manager.cc:368] Using write-ahead log directory (fs_wal_dir) as metadata directory
I20260630 12:29:18.900511 19866 server_base.cc:909] This appears to be a new deployment of Kudu; creating new FS layout
I20260630 12:29:18.901433 19866 fs_manager.cc:1068] Generated new instance metadata in path /tmp/dist-test-taskDdjRFJ/test-tmp/auto_rebalancer-test.0.AutoRebalancerTest.MovesScheduledIfAddTserver.1782822531047477-19866-0/minicluster-data/master-0-root/instance:
uuid: "d4afbc820ccf49cd8356bdd8d6e58fa9"
format_stamp: "Formatted at 2026-06-30 12:29:18 on dist-test-slave-q2t5"
I20260630 12:29:18.905366 19866 fs_manager.cc:696] Time spent creating directory manager: real 0.003s	user 0.005s	sys 0.000s
I20260630 12:29:18.908313 21511 log_block_manager.cc:4031] Time spent loading block containers with low live blocks: real 0.000s	user 0.000s	sys 0.000s
I20260630 12:29:18.908927 19866 fs_manager.cc:730] Time spent opening block manager: real 0.002s	user 0.002s	sys 0.001s
I20260630 12:29:18.909150 19866 fs_manager.cc:647] Opened local filesystem: /tmp/dist-test-taskDdjRFJ/test-tmp/auto_rebalancer-test.0.AutoRebalancerTest.MovesScheduledIfAddTserver.1782822531047477-19866-0/minicluster-data/master-0-root
uuid: "d4afbc820ccf49cd8356bdd8d6e58fa9"
