W20260630 12:28:58.077316 20465 instance_detector.cc:116] could not retrieve OpenStack instance metadata: Network error: curl error: HTTP response code said error: The requested URL returned error: 404
I20260630 12:28:58.077562 19923 server_base.cc:1061] running on GCE node
I20260630 12:28:58.078382 19923 hybrid_clock.cc:584] initializing the hybrid clock with 'system_unsync' time source
W20260630 12:28:58.078562 19923 system_unsync_time.cc:38] NTP support is disabled. Clock error bounds will not be accurate. This configuration is not suitable for distributed clusters.
I20260630 12:28:58.078715 19923 hybrid_clock.cc:648] HybridClock initialized: now 1782822538078700 us; error 0 us; skew 500 ppm
I20260630 12:28:58.079196 19923 server_base.cc:861] Flag tcmalloc_max_total_thread_cache_bytes is not working since tcmalloc is not enabled.
I20260630 12:28:58.081174 19923 webserver.cc:533] Webserver started at http://127.19.116.254:40047/ using document root <none> and password file <none>
I20260630 12:28:58.081581 19923 fs_manager.cc:362] Metadata directory not provided
I20260630 12:28:58.081737 19923 fs_manager.cc:368] Using write-ahead log directory (fs_wal_dir) as metadata directory
I20260630 12:28:58.081965 19923 server_base.cc:909] This appears to be a new deployment of Kudu; creating new FS layout
I20260630 12:28:58.082896 19923 fs_manager.cc:1068] Generated new instance metadata in path /tmp/dist-test-taskZ9f4yo/test-tmp/auto_rebalancer-test.0.AutoRebalancerTest.AutoRebalancingTurnOffAndOn.1782822530369758-19923-0/minicluster-data/master-0-root/instance:
uuid: "a49d65b4abd1423381d335fe0c4d5e91"
format_stamp: "Formatted at 2026-06-30 12:28:58 on dist-test-slave-7v3c"
I20260630 12:28:58.086716 19923 fs_manager.cc:696] Time spent creating directory manager: real 0.003s	user 0.005s	sys 0.000s
I20260630 12:28:58.089457 20470 log_block_manager.cc:4031] Time spent loading block containers with low live blocks: real 0.000s	user 0.000s	sys 0.000s
I20260630 12:28:58.090082 19923 fs_manager.cc:730] Time spent opening block manager: real 0.002s	user 0.001s	sys 0.000s
I20260630 12:28:58.090323 19923 fs_manager.cc:647] Opened local filesystem: /tmp/dist-test-taskZ9f4yo/test-tmp/auto_rebalancer-test.0.AutoRebalancerTest.AutoRebalancingTurnOffAndOn.1782822530369758-19923-0/minicluster-data/master-0-root
uuid: "a49d65b4abd1423381d335fe0c4d5e91"
format_stamp: "Formatted at 2026-06-30 12:28:58 on dist-test-slave-7v3c"
I20260630 12:28:58.090556 19923 fs_report.cc:389] FS layout report
--------------------
wal directory: /tmp/dist-test-taskZ9f4yo/test-tmp/auto_rebalancer-test.0.AutoRebalancerTest.AutoRebalancingTurnOffAndOn.1782822530369758-19923-0/minicluster-data/master-0-root
metadata directory: /tmp/dist-test-taskZ9f4yo/test-tmp/auto_rebalancer-test.0.AutoRebalancerTest.AutoRebalancingTurnOffAndOn.1782822530369758-19923-0/minicluster-data/master-0-root
1 data directories: /tmp/dist-test-taskZ9f4yo/test-tmp/auto_rebalancer-test.0.AutoRebalancerTest.AutoRebalancingTurnOffAndOn.1782822530369758-19923-0/minicluster-data/master-0-root/data
Total live blocks: 0
Total live bytes: 0
Total live bytes (after alignment): 0
Total number of LBM containers: 0 (0 full)
Did not check for missing blocks
Did not check for orphaned blocks
Total full LBM containers with extra space: 0 (0 repaired)
Total full LBM container extra space in bytes: 0 (0 repaired)
Total incomplete LBM containers: 0 (0 repaired)
Total LBM partial records: 0 (0 repaired)
Total corrupted LBM metadata records in RocksDB: 0 (0 repaired)
I20260630 12:28:58.105979 19923 rpc_server.cc:225] running with OpenSSL 1.1.1  11 Sep 2018
I20260630 12:28:58.106801 19923 kserver.cc:163] Server-wide thread pool size limit: 3276
I20260630 12:28:58.137203 19923 rpc_server.cc:307] RPC server started. Bound to: 127.19.116.254:43061
I20260630 12:28:58.137290 20521 acceptor_pool.cc:272] collecting diagnostics on the listening RPC socket 127.19.116.254:43061 every 8 connection(s)
I20260630 12:28:58.140659 20522 data_dirs.cc:400] Could only allocate 1 dirs of requested 3 for tablet 00000000000000000000000000000000. 1 dirs total, 0 dirs full, 0 dirs failed
I20260630 12:28:58.149255 20522 tablet_bootstrap.cc:492] T 00000000000000000000000000000000 P a49d65b4abd1423381d335fe0c4d5e91: Bootstrap starting.
I20260630 12:28:58.152987 20522 tablet_bootstrap.cc:654] T 00000000000000000000000000000000 P a49d65b4abd1423381d335fe0c4d5e91: Neither blocks nor log segments found. Creating new log.
I20260630 12:28:58.156265 20522 tablet_bootstrap.cc:492] T 00000000000000000000000000000000 P a49d65b4abd1423381d335fe0c4d5e91: No bootstrap required, opened a new log
I20260630 12:28:58.157927 20522 raft_consensus.cc:359] T 00000000000000000000000000000000 P a49d65b4abd1423381d335fe0c4d5e91 [term 0 FOLLOWER]: Replica starting. Triggering 0 pending ops. Active config: opid_index: -1 OBSOLETE_local: true peers { permanent_uuid: "a49d65b4abd1423381d335fe0c4d5e91" member_type: VOTER }
I20260630 12:28:58.158262 20522 raft_consensus.cc:385] T 00000000000000000000000000000000 P a49d65b4abd1423381d335fe0c4d5e91 [term 0 FOLLOWER]: Consensus starting up: Expiring failure detector timer to make a prompt election more likely
I20260630 12:28:58.158445 20522 raft_consensus.cc:740] T 00000000000000000000000000000000 P a49d65b4abd1423381d335fe0c4d5e91 [term 0 FOLLOWER]: Becoming Follower/Learner. State: Replica: a49d65b4abd1423381d335fe0c4d5e91, State: Initialized, Role: FOLLOWER
I20260630 12:28:58.158937 20522 consensus_queue.cc:260] T 00000000000000000000000000000000 P a49d65b4abd1423381d335fe0c4d5e91 [NON_LEADER]: Queue going to NON_LEADER mode. State: All replicated index: 0, Majority replicated index: 0, Committed index: 0, Last appended: 0.0, Last appended by leader: 0, Current term: 0, Majority size: -1, State: 0, Mode: NON_LEADER, active raft config: opid_index: -1 OBSOLETE_local: true peers { permanent_uuid: "a49d65b4abd1423381d335fe0c4d5e91" member_type: VOTER }
I20260630 12:28:58.159333 20522 raft_consensus.cc:399] T 00000000000000000000000000000000 P a49d65b4abd1423381d335fe0c4d5e91 [term 0 FOLLOWER]: Only one voter in the Raft config. Triggering election immediately
I20260630 12:28:58.159608 20522 raft_consensus.cc:493] T 00000000000000000000000000000000 P a49d65b4abd1423381d335fe0c4d5e91 [term 0 FOLLOWER]: Starting leader election (initial election of a single-replica configuration)
I20260630 12:28:58.159843 20522 raft_consensus.cc:3060] T 00000000000000000000000000000000 P a49d65b4abd1423381d335fe0c4d5e91 [term 0 FOLLOWER]: Advancing to term 1
I20260630 12:28:58.163393 20522 raft_consensus.cc:515] T 00000000000000000000000000000000 P a49d65b4abd1423381d335fe0c4d5e91 [term 1 FOLLOWER]: Starting leader election with config: opid_index: -1 OBSOLETE_local: true peers { permanent_uuid: "a49d65b4abd1423381d335fe0c4d5e91" member_type: VOTER }
I20260630 12:28:58.163818 20522 leader_election.cc:304] T 00000000000000000000000000000000 P a49d65b4abd1423381d335fe0c4d5e91 [CANDIDATE]: Term 1 election: Election decided. Result: candidate won. Election summary: received 1 responses out of 1 voters: 1 yes votes; 0 no votes. yes voters: a49d65b4abd1423381d335fe0c4d5e91; no voters: 
I20260630 12:28:58.164775 20522 leader_election.cc:290] T 00000000000000000000000000000000 P a49d65b4abd1423381d335fe0c4d5e91 [CANDIDATE]: Term 1 election: Requested vote from peers 
I20260630 12:28:58.165043 20525 raft_consensus.cc:2804] T 00000000000000000000000000000000 P a49d65b4abd1423381d335fe0c4d5e91 [term 1 FOLLOWER]: Leader election won for term 1
I20260630 12:28:58.166173 20525 raft_consensus.cc:697] T 00000000000000000000000000000000 P a49d65b4abd1423381d335fe0c4d5e91 [term 1 LEADER]: Becoming Leader. State: Replica: a49d65b4abd1423381d335fe0c4d5e91, State: Running, Role: LEADER
I20260630 12:28:58.166685 20525 consensus_queue.cc:237] T 00000000000000000000000000000000 P a49d65b4abd1423381d335fe0c4d5e91 [LEADER]: Queue going to LEADER mode. State: All replicated index: 0, Majority replicated index: 0, Committed index: 0, Last appended: 0.0, Last appended by leader: 0, Current term: 1, Majority size: 1, State: 0, Mode: LEADER, active raft config: opid_index: -1 OBSOLETE_local: true peers { permanent_uuid: "a49d65b4abd1423381d335fe0c4d5e91" member_type: VOTER }
I20260630 12:28:58.167276 20522 sys_catalog.cc:565] T 00000000000000000000000000000000 P a49d65b4abd1423381d335fe0c4d5e91 [sys.catalog]: configured and running, proceeding with master startup.
I20260630 12:28:58.170522 20526 sys_catalog.cc:455] T 00000000000000000000000000000000 P a49d65b4abd1423381d335fe0c4d5e91 [sys.catalog]: SysCatalogTable state changed. Reason: RaftConsensus started. Latest consensus state: current_term: 1 leader_uuid: "a49d65b4abd1423381d335fe0c4d5e91" committed_config { opid_index: -1 OBSOLETE_local: true peers { permanent_uuid: "a49d65b4abd1423381d335fe0c4d5e91" member_type: VOTER } }
I20260630 12:28:58.170678 20527 sys_catalog.cc:455] T 00000000000000000000000000000000 P a49d65b4abd1423381d335fe0c4d5e91 [sys.catalog]: SysCatalogTable state changed. Reason: New leader a49d65b4abd1423381d335fe0c4d5e91. Latest consensus state: current_term: 1 leader_uuid: "a49d65b4abd1423381d335fe0c4d5e91" committed_config { opid_index: -1 OBSOLETE_local: true peers { permanent_uuid: "a49d65b4abd1423381d335fe0c4d5e91" member_type: VOTER } }
I20260630 12:28:58.171065 20526 sys_catalog.cc:458] T 00000000000000000000000000000000 P a49d65b4abd1423381d335fe0c4d5e91 [sys.catalog]: This master's current role is: LEADER
I20260630 12:28:58.171190 20527 sys_catalog.cc:458] T 00000000000000000000000000000000 P a49d65b4abd1423381d335fe0c4d5e91 [sys.catalog]: This master's current role is: LEADER
I20260630 12:28:58.173080 20533 catalog_manager.cc:1511] Loading table and tablet metadata into memory...
I20260630 12:28:58.178218 20533 catalog_manager.cc:1520] Initializing Kudu cluster ID...
I20260630 12:28:58.179593 19923 internal_mini_cluster.cc:184] Waiting to initialize catalog manager on master 0
I20260630 12:28:58.185745 20533 catalog_manager.cc:1383] Generated new cluster ID: 1e49dcdb62c64924a343a2937d5fc060
I20260630 12:28:58.185956 20533 catalog_manager.cc:1531] Initializing Kudu internal certificate authority...
I20260630 12:28:58.201557 20533 catalog_manager.cc:1406] Generated new certificate authority record
I20260630 12:28:58.202559 20533 catalog_manager.cc:1540] Loading token signing keys...
I20260630 12:28:58.212740 20533 catalog_manager.cc:6070] T 00000000000000000000000000000000 P a49d65b4abd1423381d335fe0c4d5e91: Generated new TSK 0
I20260630 12:28:58.213178 20533 catalog_manager.cc:1550] Initializing in-progress tserver states...
I20260630 12:28:58.245285 19923 file_cache.cc:492] Constructed file cache file cache with capacity 419430
W20260630 12:28:58.250200 20543 instance_detector.cc:116] could not retrieve AWS instance metadata: Network error: curl error: HTTP response code said error: The requested URL returned error: 404
W20260630 12:28:58.251228 20544 instance_detector.cc:116] could not retrieve Azure instance metadata: Network error: curl error: HTTP response code said error: The requested URL returned error: 404
W20260630 12:28:58.252499 20546 instance_detector.cc:116] could not retrieve OpenStack instance metadata: Network error: curl error: HTTP response code said error: The requested URL returned error: 404
I20260630 12:28:58.252604 19923 server_base.cc:1061] running on GCE node
I20260630 12:28:58.253473 19923 hybrid_clock.cc:584] initializing the hybrid clock with 'system_unsync' time source
W20260630 12:28:58.253643 19923 system_unsync_time.cc:38] NTP support is disabled. Clock error bounds will not be accurate. This configuration is not suitable for distributed clusters.
I20260630 12:28:58.253757 19923 hybrid_clock.cc:648] HybridClock initialized: now 1782822538253747 us; error 0 us; skew 500 ppm
I20260630 12:28:58.254154 19923 server_base.cc:861] Flag tcmalloc_max_total_thread_cache_bytes is not working since tcmalloc is not enabled.
I20260630 12:28:58.256058 19923 webserver.cc:533] Webserver started at http://127.19.116.193:39065/ using document root <none> and password file <none>
I20260630 12:28:58.256505 19923 fs_manager.cc:362] Metadata directory not provided
I20260630 12:28:58.256650 19923 fs_manager.cc:368] Using write-ahead log directory (fs_wal_dir) as metadata directory
I20260630 12:28:58.256842 19923 server_base.cc:909] This appears to be a new deployment of Kudu; creating new FS layout
I20260630 12:28:58.257766 19923 fs_manager.cc:1068] Generated new instance metadata in path /tmp/dist-test-taskZ9f4yo/test-tmp/auto_rebalancer-test.0.AutoRebalancerTest.AutoRebalancingTurnOffAndOn.1782822530369758-19923-0/minicluster-data/ts-0-root/instance:
uuid: "c332c4d647604ee2b832b2ef7f5094c8"
format_stamp: "Formatted at 2026-06-30 12:28:58 on dist-test-slave-7v3c"
I20260630 12:28:58.261749 19923 fs_manager.cc:696] Time spent creating directory manager: real 0.004s	user 0.005s	sys 0.000s
I20260630 12:28:58.264474 20551 log_block_manager.cc:4031] Time spent loading block containers with low live blocks: real 0.000s	user 0.000s	sys 0.000s
I20260630 12:28:58.265097 19923 fs_manager.cc:730] Time spent opening block manager: real 0.002s	user 0.003s	sys 0.000s
I20260630 12:28:58.265349 19923 fs_manager.cc:647] Opened local filesystem: /tmp/dist-test-taskZ9f4yo/test-tmp/auto_rebalancer-test.0.AutoRebalancerTest.AutoRebalancingTurnOffAndOn.1782822530369758-19923-0/minicluster-data/ts-0-root
uuid: "c332c4d647604ee2b832b2ef7f5094c8"
format_stamp: "Formatted at 2026-06-30 12:28:58 on dist-test-slave-7v3c"
I20260630 12:28:58.265589 19923 fs_report.cc:389] FS layout report
--------------------
wal directory: /tmp/dist-test-taskZ9f4yo/test-tmp/auto_rebalancer-test.0.AutoRebalancerTest.AutoRebalancingTurnOffAndOn.1782822530369758-19923-0/minicluster-data/ts-0-root
metadata directory: /tmp/dist-test-taskZ9f4yo/test-tmp/auto_rebalancer-test.0.AutoRebalancerTest.AutoRebalancingTurnOffAndOn.1782822530369758-19923-0/minicluster-data/ts-0-root
1 data directories: /tmp/dist-test-taskZ9f4yo/test-tmp/auto_rebalancer-test.0.AutoRebalancerTest.AutoRebalancingTurnOffAndOn.1782822530369758-19923-0/minicluster-data/ts-0-root/data
Total live blocks: 0
Total live bytes: 0
Total live bytes (after alignment): 0
Total number of LBM containers: 0 (0 full)
Did not check for missing blocks
Did not check for orphaned blocks
Total full LBM containers with extra space: 0 (0 repaired)
Total full LBM container extra space in bytes: 0 (0 repaired)
Total incomplete LBM containers: 0 (0 repaired)
Total LBM partial records: 0 (0 repaired)
Total corrupted LBM metadata records in RocksDB: 0 (0 repaired)
I20260630 12:28:58.283134 19923 rpc_server.cc:225] running with OpenSSL 1.1.1  11 Sep 2018
I20260630 12:28:58.283968 19923 kserver.cc:163] Server-wide thread pool size limit: 3276
I20260630 12:28:58.285208 19923 txn_system_client.cc:432] TxnSystemClient initialization is disabled...
I20260630 12:28:58.287182 19923 ts_tablet_manager.cc:585] Loaded tablet metadata (0 total tablets, 0 live tablets)
I20260630 12:28:58.287364 19923 ts_tablet_manager.cc:531] Time spent load tablet metadata: real 0.000s	user 0.000s	sys 0.000s
I20260630 12:28:58.287575 19923 ts_tablet_manager.cc:616] Registered 0 tablets
I20260630 12:28:58.287711 19923 ts_tablet_manager.cc:595] Time spent register tablets: real 0.000s	user 0.000s	sys 0.000s
I20260630 12:28:58.320523 19923 rpc_server.cc:307] RPC server started. Bound to: 127.19.116.193:39587
I20260630 12:28:58.320608 20613 acceptor_pool.cc:272] collecting diagnostics on the listening RPC socket 127.19.116.193:39587 every 8 connection(s)
I20260630 12:28:58.324731 19923 file_cache.cc:492] Constructed file cache file cache with capacity 419430
W20260630 12:28:58.330643 20618 instance_detector.cc:116] could not retrieve AWS instance metadata: Network error: curl error: HTTP response code said error: The requested URL returned error: 404
W20260630 12:28:58.332057 20619 instance_detector.cc:116] could not retrieve Azure instance metadata: Network error: curl error: HTTP response code said error: The requested URL returned error: 404
W20260630 12:28:58.333576 20621 instance_detector.cc:116] could not retrieve OpenStack instance metadata: Network error: curl error: HTTP response code said error: The requested URL returned error: 404
I20260630 12:28:58.334390 19923 server_base.cc:1061] running on GCE node
I20260630 12:28:58.335109 19923 hybrid_clock.cc:584] initializing the hybrid clock with 'system_unsync' time source
W20260630 12:28:58.335312 19923 system_unsync_time.cc:38] NTP support is disabled. Clock error bounds will not be accurate. This configuration is not suitable for distributed clusters.
I20260630 12:28:58.335505 19923 hybrid_clock.cc:648] HybridClock initialized: now 1782822538335487 us; error 0 us; skew 500 ppm
I20260630 12:28:58.336017 19923 server_base.cc:861] Flag tcmalloc_max_total_thread_cache_bytes is not working since tcmalloc is not enabled.
I20260630 12:28:58.338450 20614 heartbeater.cc:344] Connected to a master server at 127.19.116.254:43061
I20260630 12:28:58.338505 19923 webserver.cc:533] Webserver started at http://127.19.116.194:36911/ using document root <none> and password file <none>
I20260630 12:28:58.338810 20614 heartbeater.cc:461] Registering TS with master...
I20260630 12:28:58.339028 19923 fs_manager.cc:362] Metadata directory not provided
I20260630 12:28:58.339241 19923 fs_manager.cc:368] Using write-ahead log directory (fs_wal_dir) as metadata directory
I20260630 12:28:58.339483 19923 server_base.cc:909] This appears to be a new deployment of Kudu; creating new FS layout
I20260630 12:28:58.339479 20614 heartbeater.cc:507] Master 127.19.116.254:43061 requested a full tablet report, sending...
I20260630 12:28:58.340675 19923 fs_manager.cc:1068] Generated new instance metadata in path /tmp/dist-test-taskZ9f4yo/test-tmp/auto_rebalancer-test.0.AutoRebalancerTest.AutoRebalancingTurnOffAndOn.1782822530369758-19923-0/minicluster-data/ts-1-root/instance:
uuid: "b8fe09aff2434f808439a2aa8fcdc8f2"
format_stamp: "Formatted at 2026-06-30 12:28:58 on dist-test-slave-7v3c"
I20260630 12:28:58.341467 20487 ts_manager.cc:194] Registered new tserver with Master: c332c4d647604ee2b832b2ef7f5094c8 (127.19.116.193:39587)
I20260630 12:28:58.342983 20487 master_service.cc:502] Signed X509 certificate for tserver {username='slave'} at 127.0.0.1:47800
I20260630 12:28:58.344787 19923 fs_manager.cc:696] Time spent creating directory manager: real 0.004s	user 0.004s	sys 0.000s
I20260630 12:28:58.347632 20626 log_block_manager.cc:4031] Time spent loading block containers with low live blocks: real 0.000s	user 0.000s	sys 0.000s
I20260630 12:28:58.348308 19923 fs_manager.cc:730] Time spent opening block manager: real 0.002s	user 0.003s	sys 0.000s
I20260630 12:28:58.348551 19923 fs_manager.cc:647] Opened local filesystem: /tmp/dist-test-taskZ9f4yo/test-tmp/auto_rebalancer-test.0.AutoRebalancerTest.AutoRebalancingTurnOffAndOn.1782822530369758-19923-0/minicluster-data/ts-1-root
uuid: "b8fe09aff2434f808439a2aa8fcdc8f2"
format_stamp: "Formatted at 2026-06-30 12:28:58 on dist-test-slave-7v3c"
I20260630 12:28:58.348803 19923 fs_report.cc:389] FS layout report
--------------------
wal directory: /tmp/dist-test-taskZ9f4yo/test-tmp/auto_rebalancer-test.0.AutoRebalancerTest.AutoRebalancingTurnOffAndOn.1782822530369758-19923-0/minicluster-data/ts-1-root
metadata directory: /tmp/dist-test-taskZ9f4yo/test-tmp/auto_rebalancer-test.0.AutoRebalancerTest.AutoRebalancingTurnOffAndOn.1782822530369758-19923-0/minicluster-data/ts-1-root
1 data directories: /tmp/dist-test-taskZ9f4yo/test-tmp/auto_rebalancer-test.0.AutoRebalancerTest.AutoRebalancingTurnOffAndOn.1782822530369758-19923-0/minicluster-data/ts-1-root/data
Total live blocks: 0
Total live bytes: 0
Total live bytes (after alignment): 0
Total number of LBM containers: 0 (0 full)
Did not check for missing blocks
Did not check for orphaned blocks
Total full LBM containers with extra space: 0 (0 repaired)
Total full LBM container extra space in bytes: 0 (0 repaired)
Total incomplete LBM containers: 0 (0 repaired)
Total LBM partial records: 0 (0 repaired)
Total corrupted LBM metadata records in RocksDB: 0 (0 repaired)
I20260630 12:28:58.365782 19923 rpc_server.cc:225] running with OpenSSL 1.1.1  11 Sep 2018
I20260630 12:28:58.366636 19923 kserver.cc:163] Server-wide thread pool size limit: 3276
I20260630 12:28:58.367854 19923 txn_system_client.cc:432] TxnSystemClient initialization is disabled...
I20260630 12:28:58.369874 19923 ts_tablet_manager.cc:585] Loaded tablet metadata (0 total tablets, 0 live tablets)
I20260630 12:28:58.370040 19923 ts_tablet_manager.cc:531] Time spent load tablet metadata: real 0.000s	user 0.000s	sys 0.000s
I20260630 12:28:58.370253 19923 ts_tablet_manager.cc:616] Registered 0 tablets
I20260630 12:28:58.370394 19923 ts_tablet_manager.cc:595] Time spent register tablets: real 0.000s	user 0.000s	sys 0.000s
I20260630 12:28:58.405372 19923 rpc_server.cc:307] RPC server started. Bound to: 127.19.116.194:36647
I20260630 12:28:58.405459 20688 acceptor_pool.cc:272] collecting diagnostics on the listening RPC socket 127.19.116.194:36647 every 8 connection(s)
I20260630 12:28:58.409524 19923 file_cache.cc:492] Constructed file cache file cache with capacity 419430
W20260630 12:28:58.415549 20692 instance_detector.cc:116] could not retrieve AWS instance metadata: Network error: curl error: HTTP response code said error: The requested URL returned error: 404
W20260630 12:28:58.417177 20693 instance_detector.cc:116] could not retrieve Azure instance metadata: Network error: curl error: HTTP response code said error: The requested URL returned error: 404
I20260630 12:28:58.420027 20689 heartbeater.cc:344] Connected to a master server at 127.19.116.254:43061
I20260630 12:28:58.420464 20689 heartbeater.cc:461] Registering TS with master...
W20260630 12:28:58.420706 20695 instance_detector.cc:116] could not retrieve OpenStack instance metadata: Network error: curl error: HTTP response code said error: The requested URL returned error: 404
I20260630 12:28:58.421307 20689 heartbeater.cc:507] Master 127.19.116.254:43061 requested a full tablet report, sending...
I20260630 12:28:58.421487 19923 server_base.cc:1061] running on GCE node
I20260630 12:28:58.422230 19923 hybrid_clock.cc:584] initializing the hybrid clock with 'system_unsync' time source
W20260630 12:28:58.422447 19923 system_unsync_time.cc:38] NTP support is disabled. Clock error bounds will not be accurate. This configuration is not suitable for distributed clusters.
I20260630 12:28:58.422647 19923 hybrid_clock.cc:648] HybridClock initialized: now 1782822538422629 us; error 0 us; skew 500 ppm
I20260630 12:28:58.423138 19923 server_base.cc:861] Flag tcmalloc_max_total_thread_cache_bytes is not working since tcmalloc is not enabled.
I20260630 12:28:58.423228 20487 ts_manager.cc:194] Registered new tserver with Master: b8fe09aff2434f808439a2aa8fcdc8f2 (127.19.116.194:36647)
I20260630 12:28:58.424693 20487 master_service.cc:502] Signed X509 certificate for tserver {username='slave'} at 127.0.0.1:47812
I20260630 12:28:58.425355 19923 webserver.cc:533] Webserver started at http://127.19.116.195:37643/ using document root <none> and password file <none>
I20260630 12:28:58.425879 19923 fs_manager.cc:362] Metadata directory not provided
I20260630 12:28:58.426043 19923 fs_manager.cc:368] Using write-ahead log directory (fs_wal_dir) as metadata directory
I20260630 12:28:58.426277 19923 server_base.cc:909] This appears to be a new deployment of Kudu; creating new FS layout
I20260630 12:28:58.427215 19923 fs_manager.cc:1068] Generated new instance metadata in path /tmp/dist-test-taskZ9f4yo/test-tmp/auto_rebalancer-test.0.AutoRebalancerTest.AutoRebalancingTurnOffAndOn.1782822530369758-19923-0/minicluster-data/ts-2-root/instance:
uuid: "3a744e3007ab4758a5dc5bce11958872"
format_stamp: "Formatted at 2026-06-30 12:28:58 on dist-test-slave-7v3c"
I20260630 12:28:58.430975 19923 fs_manager.cc:696] Time spent creating directory manager: real 0.003s	user 0.002s	sys 0.003s
I20260630 12:28:58.434729 20700 log_block_manager.cc:4031] Time spent loading block containers with low live blocks: real 0.000s	user 0.000s	sys 0.000s
I20260630 12:28:58.435546 19923 fs_manager.cc:730] Time spent opening block manager: real 0.002s	user 0.002s	sys 0.000s
I20260630 12:28:58.435847 19923 fs_manager.cc:647] Opened local filesystem: /tmp/dist-test-taskZ9f4yo/test-tmp/auto_rebalancer-test.0.AutoRebalancerTest.AutoRebalancingTurnOffAndOn.1782822530369758-19923-0/minicluster-data/ts-2-root
uuid: "3a744e3007ab4758a5dc5bce11958872"
format_stamp: "Formatted at 2026-06-30 12:28:58 on dist-test-slave-7v3c"
I20260630 12:28:58.436199 19923 fs_report.cc:389] FS layout report
--------------------
wal directory: /tmp/dist-test-taskZ9f4yo/test-tmp/auto_rebalancer-test.0.AutoRebalancerTest.AutoRebalancingTurnOffAndOn.1782822530369758-19923-0/minicluster-data/ts-2-root
metadata directory: /tmp/dist-test-taskZ9f4yo/test-tmp/auto_rebalancer-test.0.AutoRebalancerTest.AutoRebalancingTurnOffAndOn.1782822530369758-19923-0/minicluster-data/ts-2-root
1 data directories: /tmp/dist-test-taskZ9f4yo/test-tmp/auto_rebalancer-test.0.AutoRebalancerTest.AutoRebalancingTurnOffAndOn.1782822530369758-19923-0/minicluster-data/ts-2-root/data
Total live blocks: 0
Total live bytes: 0
Total live bytes (after alignment): 0
Total number of LBM containers: 0 (0 full)
Did not check for missing blocks
Did not check for orphaned blocks
Total full LBM containers with extra space: 0 (0 repaired)
Total full LBM container extra space in bytes: 0 (0 repaired)
Total incomplete LBM containers: 0 (0 repaired)
Total LBM partial records: 0 (0 repaired)
Total corrupted LBM metadata records in RocksDB: 0 (0 repaired)
I20260630 12:28:58.447603 19923 rpc_server.cc:225] running with OpenSSL 1.1.1  11 Sep 2018
I20260630 12:28:58.448527 19923 kserver.cc:163] Server-wide thread pool size limit: 3276
I20260630 12:28:58.449710 19923 txn_system_client.cc:432] TxnSystemClient initialization is disabled...
I20260630 12:28:58.451668 19923 ts_tablet_manager.cc:585] Loaded tablet metadata (0 total tablets, 0 live tablets)
I20260630 12:28:58.451836 19923 ts_tablet_manager.cc:531] Time spent load tablet metadata: real 0.000s	user 0.000s	sys 0.000s
I20260630 12:28:58.451999 19923 ts_tablet_manager.cc:616] Registered 0 tablets
I20260630 12:28:58.452140 19923 ts_tablet_manager.cc:595] Time spent register tablets: real 0.000s	user 0.000s	sys 0.000s
I20260630 12:28:58.485543 19923 rpc_server.cc:307] RPC server started. Bound to: 127.19.116.195:41237
I20260630 12:28:58.485630 20762 acceptor_pool.cc:272] collecting diagnostics on the listening RPC socket 127.19.116.195:41237 every 8 connection(s)
I20260630 12:28:58.497284 20763 heartbeater.cc:344] Connected to a master server at 127.19.116.254:43061
I20260630 12:28:58.497605 20763 heartbeater.cc:461] Registering TS with master...
I20260630 12:28:58.498229 20763 heartbeater.cc:507] Master 127.19.116.254:43061 requested a full tablet report, sending...
I20260630 12:28:58.499895 20487 ts_manager.cc:194] Registered new tserver with Master: 3a744e3007ab4758a5dc5bce11958872 (127.19.116.195:41237)
I20260630 12:28:58.500276 19923 internal_mini_cluster.cc:371] 3 TS(s) registered with all masters after 0.011905958s
I20260630 12:28:58.501099 20487 master_service.cc:502] Signed X509 certificate for tserver {username='slave'} at 127.0.0.1:47826
I20260630 12:28:59.345257 20614 heartbeater.cc:499] Master 127.19.116.254:43061 was elected leader, sending a full tablet report...
I20260630 12:28:59.426926 20689 heartbeater.cc:499] Master 127.19.116.254:43061 was elected leader, sending a full tablet report...
I20260630 12:28:59.503268 20763 heartbeater.cc:499] Master 127.19.116.254:43061 was elected leader, sending a full tablet report...
I20260630 12:28:59.550052 20487 catalog_manager.cc:2283] Servicing CreateTable request from {username='slave'} at 127.0.0.1:47828:
name: "test-workload"
schema {
  columns {
    name: "key"
    type: INT32
    is_key: true
    is_nullable: false
    encoding: AUTO_ENCODING
    compression: DEFAULT_COMPRESSION
    cfile_block_size: 0
    immutable: false
  }
  columns {
    name: "int_val"
    type: INT32
    is_key: false
    is_nullable: false
    encoding: AUTO_ENCODING
    compression: DEFAULT_COMPRESSION
    cfile_block_size: 0
    immutable: false
  }
  columns {
    name: "string_val"
    type: STRING
    is_key: false
    is_nullable: true
    encoding: AUTO_ENCODING
    compression: DEFAULT_COMPRESSION
    cfile_block_size: 0
    immutable: false
  }
}
num_replicas: 3
split_rows_range_bounds {
  rows: "\004\001\000\377\377\377\017\004\001\000\376\377\377\037\004\001\000\375\377\377/\004\001\000\374\377\377?\004\001\000\373\377\377O\004\001\000\372\377\377_\004\001\000\371\377\377o""\004\001\000\377\377\377\017\004\001\000\376\377\377\037\004\001\000\375\377\377/\004\001\000\374\377\377?\004\001\000\373\377\377O\004\001\000\372\377\377_\004\001\000\371\377\377o"
  indirect_data: """"
}
partition_schema {
  range_schema {
    columns {
      name: "key"
    }
  }
}
W20260630 12:28:59.552372 20487 catalog_manager.cc:7077] The number of live tablet servers is not enough to re-replicate a tablet replica of the newly created table test-workload in case of a server failure: 4 tablet servers would be needed, 3 are available. Consider bringing up more tablet servers.
I20260630 12:28:59.621147 20654 tablet_service.cc:1511] Processing CreateTablet for tablet a4c216388b5a43f2ab0a249558c59390 (DEFAULT_TABLE table=test-workload [id=26e86ac5f5844375971ca2c1500a2598]), partition=RANGE (key) PARTITION VALUES < 268435455
I20260630 12:28:59.621151 20653 tablet_service.cc:1511] Processing CreateTablet for tablet 82ff0ebb21cc4d9bb236d0fed4d30f3b (DEFAULT_TABLE table=test-workload [id=26e86ac5f5844375971ca2c1500a2598]), partition=RANGE (key) PARTITION 268435455 <= VALUES < 536870910
I20260630 12:28:59.622475 20654 data_dirs.cc:400] Could only allocate 1 dirs of requested 3 for tablet a4c216388b5a43f2ab0a249558c59390. 1 dirs total, 0 dirs full, 0 dirs failed
I20260630 12:28:59.623485 20652 tablet_service.cc:1511] Processing CreateTablet for tablet d286c8b61bb04954a1a68d5ed355b5d8 (DEFAULT_TABLE table=test-workload [id=26e86ac5f5844375971ca2c1500a2598]), partition=RANGE (key) PARTITION 536870910 <= VALUES < 805306365
I20260630 12:28:59.624729 20652 data_dirs.cc:400] Could only allocate 1 dirs of requested 3 for tablet d286c8b61bb04954a1a68d5ed355b5d8. 1 dirs total, 0 dirs full, 0 dirs failed
I20260630 12:28:59.627126 20653 data_dirs.cc:400] Could only allocate 1 dirs of requested 3 for tablet 82ff0ebb21cc4d9bb236d0fed4d30f3b. 1 dirs total, 0 dirs full, 0 dirs failed
I20260630 12:28:59.628463 20578 tablet_service.cc:1511] Processing CreateTablet for tablet 82ff0ebb21cc4d9bb236d0fed4d30f3b (DEFAULT_TABLE table=test-workload [id=26e86ac5f5844375971ca2c1500a2598]), partition=RANGE (key) PARTITION 268435455 <= VALUES < 536870910
I20260630 12:28:59.629663 20578 data_dirs.cc:400] Could only allocate 1 dirs of requested 3 for tablet 82ff0ebb21cc4d9bb236d0fed4d30f3b. 1 dirs total, 0 dirs full, 0 dirs failed
I20260630 12:28:59.630255 20577 tablet_service.cc:1511] Processing CreateTablet for tablet d286c8b61bb04954a1a68d5ed355b5d8 (DEFAULT_TABLE table=test-workload [id=26e86ac5f5844375971ca2c1500a2598]), partition=RANGE (key) PARTITION 536870910 <= VALUES < 805306365
I20260630 12:28:59.631422 20577 data_dirs.cc:400] Could only allocate 1 dirs of requested 3 for tablet d286c8b61bb04954a1a68d5ed355b5d8. 1 dirs total, 0 dirs full, 0 dirs failed
I20260630 12:28:59.631976 20579 tablet_service.cc:1511] Processing CreateTablet for tablet a4c216388b5a43f2ab0a249558c59390 (DEFAULT_TABLE table=test-workload [id=26e86ac5f5844375971ca2c1500a2598]), partition=RANGE (key) PARTITION VALUES < 268435455
I20260630 12:28:59.633143 20576 tablet_service.cc:1511] Processing CreateTablet for tablet 6ad05b5e598d4026adecdde06f0b6692 (DEFAULT_TABLE table=test-workload [id=26e86ac5f5844375971ca2c1500a2598]), partition=RANGE (key) PARTITION 805306365 <= VALUES < 1073741820
I20260630 12:28:59.633659 20651 tablet_service.cc:1511] Processing CreateTablet for tablet 6ad05b5e598d4026adecdde06f0b6692 (DEFAULT_TABLE table=test-workload [id=26e86ac5f5844375971ca2c1500a2598]), partition=RANGE (key) PARTITION 805306365 <= VALUES < 1073741820
I20260630 12:28:59.634888 20651 data_dirs.cc:400] Could only allocate 1 dirs of requested 3 for tablet 6ad05b5e598d4026adecdde06f0b6692. 1 dirs total, 0 dirs full, 0 dirs failed
I20260630 12:28:59.634763 20575 tablet_service.cc:1511] Processing CreateTablet for tablet f3bdf0c1dd1c40528c667fedf68206a8 (DEFAULT_TABLE table=test-workload [id=26e86ac5f5844375971ca2c1500a2598]), partition=RANGE (key) PARTITION 1073741820 <= VALUES < 1342177275
I20260630 12:28:59.636763 20574 tablet_service.cc:1511] Processing CreateTablet for tablet 24eb197c57e448b084162fbd039905a8 (DEFAULT_TABLE table=test-workload [id=26e86ac5f5844375971ca2c1500a2598]), partition=RANGE (key) PARTITION 1342177275 <= VALUES < 1610612730
I20260630 12:28:59.638748 20573 tablet_service.cc:1511] Processing CreateTablet for tablet 458ccd2429494a68bd8613f72d8b9057 (DEFAULT_TABLE table=test-workload [id=26e86ac5f5844375971ca2c1500a2598]), partition=RANGE (key) PARTITION 1610612730 <= VALUES < 1879048185
I20260630 12:28:59.639276 20650 tablet_service.cc:1511] Processing CreateTablet for tablet f3bdf0c1dd1c40528c667fedf68206a8 (DEFAULT_TABLE table=test-workload [id=26e86ac5f5844375971ca2c1500a2598]), partition=RANGE (key) PARTITION 1073741820 <= VALUES < 1342177275
I20260630 12:28:59.640600 20650 data_dirs.cc:400] Could only allocate 1 dirs of requested 3 for tablet f3bdf0c1dd1c40528c667fedf68206a8. 1 dirs total, 0 dirs full, 0 dirs failed
I20260630 12:28:59.640762 20572 tablet_service.cc:1511] Processing CreateTablet for tablet 6409b3fb33d34e18ba5dd6bc01542177 (DEFAULT_TABLE table=test-workload [id=26e86ac5f5844375971ca2c1500a2598]), partition=RANGE (key) PARTITION 1879048185 <= VALUES
I20260630 12:28:59.642325 20649 tablet_service.cc:1511] Processing CreateTablet for tablet 24eb197c57e448b084162fbd039905a8 (DEFAULT_TABLE table=test-workload [id=26e86ac5f5844375971ca2c1500a2598]), partition=RANGE (key) PARTITION 1342177275 <= VALUES < 1610612730
I20260630 12:28:59.650960 20649 data_dirs.cc:400] Could only allocate 1 dirs of requested 3 for tablet 24eb197c57e448b084162fbd039905a8. 1 dirs total, 0 dirs full, 0 dirs failed
I20260630 12:28:59.661631 20648 tablet_service.cc:1511] Processing CreateTablet for tablet 458ccd2429494a68bd8613f72d8b9057 (DEFAULT_TABLE table=test-workload [id=26e86ac5f5844375971ca2c1500a2598]), partition=RANGE (key) PARTITION 1610612730 <= VALUES < 1879048185
I20260630 12:28:59.663220 20648 data_dirs.cc:400] Could only allocate 1 dirs of requested 3 for tablet 458ccd2429494a68bd8613f72d8b9057. 1 dirs total, 0 dirs full, 0 dirs failed
I20260630 12:28:59.633177 20579 data_dirs.cc:400] Could only allocate 1 dirs of requested 3 for tablet a4c216388b5a43f2ab0a249558c59390. 1 dirs total, 0 dirs full, 0 dirs failed
I20260630 12:28:59.669940 20647 tablet_service.cc:1511] Processing CreateTablet for tablet 6409b3fb33d34e18ba5dd6bc01542177 (DEFAULT_TABLE table=test-workload [id=26e86ac5f5844375971ca2c1500a2598]), partition=RANGE (key) PARTITION 1879048185 <= VALUES
I20260630 12:28:59.671254 20647 data_dirs.cc:400] Could only allocate 1 dirs of requested 3 for tablet 6409b3fb33d34e18ba5dd6bc01542177. 1 dirs total, 0 dirs full, 0 dirs failed
I20260630 12:28:59.672570 20575 data_dirs.cc:400] Could only allocate 1 dirs of requested 3 for tablet f3bdf0c1dd1c40528c667fedf68206a8. 1 dirs total, 0 dirs full, 0 dirs failed
I20260630 12:28:59.682612 20573 data_dirs.cc:400] Could only allocate 1 dirs of requested 3 for tablet 458ccd2429494a68bd8613f72d8b9057. 1 dirs total, 0 dirs full, 0 dirs failed
I20260630 12:28:59.688496 20572 data_dirs.cc:400] Could only allocate 1 dirs of requested 3 for tablet 6409b3fb33d34e18ba5dd6bc01542177. 1 dirs total, 0 dirs full, 0 dirs failed
I20260630 12:28:59.692483 20576 data_dirs.cc:400] Could only allocate 1 dirs of requested 3 for tablet 6ad05b5e598d4026adecdde06f0b6692. 1 dirs total, 0 dirs full, 0 dirs failed
I20260630 12:28:59.700474 20574 data_dirs.cc:400] Could only allocate 1 dirs of requested 3 for tablet 24eb197c57e448b084162fbd039905a8. 1 dirs total, 0 dirs full, 0 dirs failed
I20260630 12:28:59.717257 20728 tablet_service.cc:1511] Processing CreateTablet for tablet a4c216388b5a43f2ab0a249558c59390 (DEFAULT_TABLE table=test-workload [id=26e86ac5f5844375971ca2c1500a2598]), partition=RANGE (key) PARTITION VALUES < 268435455
I20260630 12:28:59.718706 20728 data_dirs.cc:400] Could only allocate 1 dirs of requested 3 for tablet a4c216388b5a43f2ab0a249558c59390. 1 dirs total, 0 dirs full, 0 dirs failed
I20260630 12:28:59.722335 20727 tablet_service.cc:1511] Processing CreateTablet for tablet 82ff0ebb21cc4d9bb236d0fed4d30f3b (DEFAULT_TABLE table=test-workload [id=26e86ac5f5844375971ca2c1500a2598]), partition=RANGE (key) PARTITION 268435455 <= VALUES < 536870910
I20260630 12:28:59.722532 20726 tablet_service.cc:1511] Processing CreateTablet for tablet d286c8b61bb04954a1a68d5ed355b5d8 (DEFAULT_TABLE table=test-workload [id=26e86ac5f5844375971ca2c1500a2598]), partition=RANGE (key) PARTITION 536870910 <= VALUES < 805306365
I20260630 12:28:59.723704 20727 data_dirs.cc:400] Could only allocate 1 dirs of requested 3 for tablet 82ff0ebb21cc4d9bb236d0fed4d30f3b. 1 dirs total, 0 dirs full, 0 dirs failed
I20260630 12:28:59.725564 20725 tablet_service.cc:1511] Processing CreateTablet for tablet 6ad05b5e598d4026adecdde06f0b6692 (DEFAULT_TABLE table=test-workload [id=26e86ac5f5844375971ca2c1500a2598]), partition=RANGE (key) PARTITION 805306365 <= VALUES < 1073741820
I20260630 12:28:59.726681 20726 data_dirs.cc:400] Could only allocate 1 dirs of requested 3 for tablet d286c8b61bb04954a1a68d5ed355b5d8. 1 dirs total, 0 dirs full, 0 dirs failed
I20260630 12:28:59.729578 20721 tablet_service.cc:1511] Processing CreateTablet for tablet 6409b3fb33d34e18ba5dd6bc01542177 (DEFAULT_TABLE table=test-workload [id=26e86ac5f5844375971ca2c1500a2598]), partition=RANGE (key) PARTITION 1879048185 <= VALUES
I20260630 12:28:59.726871 20722 tablet_service.cc:1511] Processing CreateTablet for tablet 458ccd2429494a68bd8613f72d8b9057 (DEFAULT_TABLE table=test-workload [id=26e86ac5f5844375971ca2c1500a2598]), partition=RANGE (key) PARTITION 1610612730 <= VALUES < 1879048185
I20260630 12:28:59.738022 20725 data_dirs.cc:400] Could only allocate 1 dirs of requested 3 for tablet 6ad05b5e598d4026adecdde06f0b6692. 1 dirs total, 0 dirs full, 0 dirs failed
I20260630 12:28:59.740904 20722 data_dirs.cc:400] Could only allocate 1 dirs of requested 3 for tablet 458ccd2429494a68bd8613f72d8b9057. 1 dirs total, 0 dirs full, 0 dirs failed
I20260630 12:28:59.742717 20723 tablet_service.cc:1511] Processing CreateTablet for tablet 24eb197c57e448b084162fbd039905a8 (DEFAULT_TABLE table=test-workload [id=26e86ac5f5844375971ca2c1500a2598]), partition=RANGE (key) PARTITION 1342177275 <= VALUES < 1610612730
I20260630 12:28:59.743656 20724 tablet_service.cc:1511] Processing CreateTablet for tablet f3bdf0c1dd1c40528c667fedf68206a8 (DEFAULT_TABLE table=test-workload [id=26e86ac5f5844375971ca2c1500a2598]), partition=RANGE (key) PARTITION 1073741820 <= VALUES < 1342177275
I20260630 12:28:59.745141 20723 data_dirs.cc:400] Could only allocate 1 dirs of requested 3 for tablet 24eb197c57e448b084162fbd039905a8. 1 dirs total, 0 dirs full, 0 dirs failed
I20260630 12:28:59.750813 20724 data_dirs.cc:400] Could only allocate 1 dirs of requested 3 for tablet f3bdf0c1dd1c40528c667fedf68206a8. 1 dirs total, 0 dirs full, 0 dirs failed
I20260630 12:28:59.752252 20784 tablet_bootstrap.cc:492] T 82ff0ebb21cc4d9bb236d0fed4d30f3b P c332c4d647604ee2b832b2ef7f5094c8: Bootstrap starting.
I20260630 12:28:59.754007 20721 data_dirs.cc:400] Could only allocate 1 dirs of requested 3 for tablet 6409b3fb33d34e18ba5dd6bc01542177. 1 dirs total, 0 dirs full, 0 dirs failed
I20260630 12:28:59.777697 20783 tablet_bootstrap.cc:492] T a4c216388b5a43f2ab0a249558c59390 P b8fe09aff2434f808439a2aa8fcdc8f2: Bootstrap starting.
I20260630 12:28:59.797660 20784 tablet_bootstrap.cc:654] T 82ff0ebb21cc4d9bb236d0fed4d30f3b P c332c4d647604ee2b832b2ef7f5094c8: Neither blocks nor log segments found. Creating new log.
I20260630 12:28:59.803996 20785 tablet_bootstrap.cc:492] T 6409b3fb33d34e18ba5dd6bc01542177 P 3a744e3007ab4758a5dc5bce11958872: Bootstrap starting.
I20260630 12:28:59.804075 20783 tablet_bootstrap.cc:654] T a4c216388b5a43f2ab0a249558c59390 P b8fe09aff2434f808439a2aa8fcdc8f2: Neither blocks nor log segments found. Creating new log.
I20260630 12:28:59.810201 20785 tablet_bootstrap.cc:654] T 6409b3fb33d34e18ba5dd6bc01542177 P 3a744e3007ab4758a5dc5bce11958872: Neither blocks nor log segments found. Creating new log.
I20260630 12:28:59.813701 20784 tablet_bootstrap.cc:492] T 82ff0ebb21cc4d9bb236d0fed4d30f3b P c332c4d647604ee2b832b2ef7f5094c8: No bootstrap required, opened a new log
I20260630 12:28:59.814124 20784 ts_tablet_manager.cc:1403] T 82ff0ebb21cc4d9bb236d0fed4d30f3b P c332c4d647604ee2b832b2ef7f5094c8: Time spent bootstrapping tablet: real 0.062s	user 0.015s	sys 0.000s
I20260630 12:28:59.815105 20783 tablet_bootstrap.cc:492] T a4c216388b5a43f2ab0a249558c59390 P b8fe09aff2434f808439a2aa8fcdc8f2: No bootstrap required, opened a new log
I20260630 12:28:59.815220 20785 tablet_bootstrap.cc:492] T 6409b3fb33d34e18ba5dd6bc01542177 P 3a744e3007ab4758a5dc5bce11958872: No bootstrap required, opened a new log
I20260630 12:28:59.815544 20783 ts_tablet_manager.cc:1403] T a4c216388b5a43f2ab0a249558c59390 P b8fe09aff2434f808439a2aa8fcdc8f2: Time spent bootstrapping tablet: real 0.038s	user 0.008s	sys 0.009s
I20260630 12:28:59.815656 20785 ts_tablet_manager.cc:1403] T 6409b3fb33d34e18ba5dd6bc01542177 P 3a744e3007ab4758a5dc5bce11958872: Time spent bootstrapping tablet: real 0.012s	user 0.011s	sys 0.000s
I20260630 12:28:59.816529 20784 raft_consensus.cc:359] T 82ff0ebb21cc4d9bb236d0fed4d30f3b P c332c4d647604ee2b832b2ef7f5094c8 [term 0 FOLLOWER]: Replica starting. Triggering 0 pending ops. Active config: opid_index: -1 OBSOLETE_local: false peers { permanent_uuid: "c332c4d647604ee2b832b2ef7f5094c8" member_type: VOTER last_known_addr { host: "127.19.116.193" port: 39587 } } peers { permanent_uuid: "b8fe09aff2434f808439a2aa8fcdc8f2" member_type: VOTER last_known_addr { host: "127.19.116.194" port: 36647 } } peers { permanent_uuid: "3a744e3007ab4758a5dc5bce11958872" member_type: VOTER last_known_addr { host: "127.19.116.195" port: 41237 } }
I20260630 12:28:59.817221 20784 raft_consensus.cc:385] T 82ff0ebb21cc4d9bb236d0fed4d30f3b P c332c4d647604ee2b832b2ef7f5094c8 [term 0 FOLLOWER]: Consensus starting up: Expiring failure detector timer to make a prompt election more likely
I20260630 12:28:59.817514 20784 raft_consensus.cc:740] T 82ff0ebb21cc4d9bb236d0fed4d30f3b P c332c4d647604ee2b832b2ef7f5094c8 [term 0 FOLLOWER]: Becoming Follower/Learner. State: Replica: c332c4d647604ee2b832b2ef7f5094c8, State: Initialized, Role: FOLLOWER
I20260630 12:28:59.817788 20785 raft_consensus.cc:359] T 6409b3fb33d34e18ba5dd6bc01542177 P 3a744e3007ab4758a5dc5bce11958872 [term 0 FOLLOWER]: Replica starting. Triggering 0 pending ops. Active config: opid_index: -1 OBSOLETE_local: false peers { permanent_uuid: "c332c4d647604ee2b832b2ef7f5094c8" member_type: VOTER last_known_addr { host: "127.19.116.193" port: 39587 } } peers { permanent_uuid: "b8fe09aff2434f808439a2aa8fcdc8f2" member_type: VOTER last_known_addr { host: "127.19.116.194" port: 36647 } } peers { permanent_uuid: "3a744e3007ab4758a5dc5bce11958872" member_type: VOTER last_known_addr { host: "127.19.116.195" port: 41237 } }
I20260630 12:28:59.818470 20785 raft_consensus.cc:385] T 6409b3fb33d34e18ba5dd6bc01542177 P 3a744e3007ab4758a5dc5bce11958872 [term 0 FOLLOWER]: Consensus starting up: Expiring failure detector timer to make a prompt election more likely
I20260630 12:28:59.818142 20783 raft_consensus.cc:359] T a4c216388b5a43f2ab0a249558c59390 P b8fe09aff2434f808439a2aa8fcdc8f2 [term 0 FOLLOWER]: Replica starting. Triggering 0 pending ops. Active config: opid_index: -1 OBSOLETE_local: false peers { permanent_uuid: "b8fe09aff2434f808439a2aa8fcdc8f2" member_type: VOTER last_known_addr { host: "127.19.116.194" port: 36647 } } peers { permanent_uuid: "c332c4d647604ee2b832b2ef7f5094c8" member_type: VOTER last_known_addr { host: "127.19.116.193" port: 39587 } } peers { permanent_uuid: "3a744e3007ab4758a5dc5bce11958872" member_type: VOTER last_known_addr { host: "127.19.116.195" port: 41237 } }
I20260630 12:28:59.818806 20785 raft_consensus.cc:740] T 6409b3fb33d34e18ba5dd6bc01542177 P 3a744e3007ab4758a5dc5bce11958872 [term 0 FOLLOWER]: Becoming Follower/Learner. State: Replica: 3a744e3007ab4758a5dc5bce11958872, State: Initialized, Role: FOLLOWER
I20260630 12:28:59.818176 20784 consensus_queue.cc:260] T 82ff0ebb21cc4d9bb236d0fed4d30f3b P c332c4d647604ee2b832b2ef7f5094c8 [NON_LEADER]: Queue going to NON_LEADER mode. State: All replicated index: 0, Majority replicated index: 0, Committed index: 0, Last appended: 0.0, Last appended by leader: 0, Current term: 0, Majority size: -1, State: 0, Mode: NON_LEADER, active raft config: opid_index: -1 OBSOLETE_local: false peers { permanent_uuid: "c332c4d647604ee2b832b2ef7f5094c8" member_type: VOTER last_known_addr { host: "127.19.116.193" port: 39587 } } peers { permanent_uuid: "b8fe09aff2434f808439a2aa8fcdc8f2" member_type: VOTER last_known_addr { host: "127.19.116.194" port: 36647 } } peers { permanent_uuid: "3a744e3007ab4758a5dc5bce11958872" member_type: VOTER last_known_addr { host: "127.19.116.195" port: 41237 } }
I20260630 12:28:59.819061 20783 raft_consensus.cc:385] T a4c216388b5a43f2ab0a249558c59390 P b8fe09aff2434f808439a2aa8fcdc8f2 [term 0 FOLLOWER]: Consensus starting up: Expiring failure detector timer to make a prompt election more likely
I20260630 12:28:59.819423 20783 raft_consensus.cc:740] T a4c216388b5a43f2ab0a249558c59390 P b8fe09aff2434f808439a2aa8fcdc8f2 [term 0 FOLLOWER]: Becoming Follower/Learner. State: Replica: b8fe09aff2434f808439a2aa8fcdc8f2, State: Initialized, Role: FOLLOWER
I20260630 12:28:59.819494 20785 consensus_queue.cc:260] T 6409b3fb33d34e18ba5dd6bc01542177 P 3a744e3007ab4758a5dc5bce11958872 [NON_LEADER]: Queue going to NON_LEADER mode. State: All replicated index: 0, Majority replicated index: 0, Committed index: 0, Last appended: 0.0, Last appended by leader: 0, Current term: 0, Majority size: -1, State: 0, Mode: NON_LEADER, active raft config: opid_index: -1 OBSOLETE_local: false peers { permanent_uuid: "c332c4d647604ee2b832b2ef7f5094c8" member_type: VOTER last_known_addr { host: "127.19.116.193" port: 39587 } } peers { permanent_uuid: "b8fe09aff2434f808439a2aa8fcdc8f2" member_type: VOTER last_known_addr { host: "127.19.116.194" port: 36647 } } peers { permanent_uuid: "3a744e3007ab4758a5dc5bce11958872" member_type: VOTER last_known_addr { host: "127.19.116.195" port: 41237 } }
I20260630 12:28:59.820438 20783 consensus_queue.cc:260] T a4c216388b5a43f2ab0a249558c59390 P b8fe09aff2434f808439a2aa8fcdc8f2 [NON_LEADER]: Queue going to NON_LEADER mode. State: All replicated index: 0, Majority replicated index: 0, Committed index: 0, Last appended: 0.0, Last appended by leader: 0, Current term: 0, Majority size: -1, State: 0, Mode: NON_LEADER, active raft config: opid_index: -1 OBSOLETE_local: false peers { permanent_uuid: "b8fe09aff2434f808439a2aa8fcdc8f2" member_type: VOTER last_known_addr { host: "127.19.116.194" port: 36647 } } peers { permanent_uuid: "c332c4d647604ee2b832b2ef7f5094c8" member_type: VOTER last_known_addr { host: "127.19.116.193" port: 39587 } } peers { permanent_uuid: "3a744e3007ab4758a5dc5bce11958872" member_type: VOTER last_known_addr { host: "127.19.116.195" port: 41237 } }
I20260630 12:28:59.824525 20784 ts_tablet_manager.cc:1434] T 82ff0ebb21cc4d9bb236d0fed4d30f3b P c332c4d647604ee2b832b2ef7f5094c8: Time spent starting tablet: real 0.010s	user 0.004s	sys 0.005s
I20260630 12:28:59.825578 20784 tablet_bootstrap.cc:492] T 6409b3fb33d34e18ba5dd6bc01542177 P c332c4d647604ee2b832b2ef7f5094c8: Bootstrap starting.
I20260630 12:28:59.830263 20783 ts_tablet_manager.cc:1434] T a4c216388b5a43f2ab0a249558c59390 P b8fe09aff2434f808439a2aa8fcdc8f2: Time spent starting tablet: real 0.014s	user 0.004s	sys 0.009s
I20260630 12:28:59.830832 20784 tablet_bootstrap.cc:654] T 6409b3fb33d34e18ba5dd6bc01542177 P c332c4d647604ee2b832b2ef7f5094c8: Neither blocks nor log segments found. Creating new log.
I20260630 12:28:59.834765 20785 ts_tablet_manager.cc:1434] T 6409b3fb33d34e18ba5dd6bc01542177 P 3a744e3007ab4758a5dc5bce11958872: Time spent starting tablet: real 0.019s	user 0.014s	sys 0.004s
I20260630 12:28:59.835801 20785 tablet_bootstrap.cc:492] T d286c8b61bb04954a1a68d5ed355b5d8 P 3a744e3007ab4758a5dc5bce11958872: Bootstrap starting.
I20260630 12:28:59.836462 20783 tablet_bootstrap.cc:492] T 458ccd2429494a68bd8613f72d8b9057 P b8fe09aff2434f808439a2aa8fcdc8f2: Bootstrap starting.
I20260630 12:28:59.840653 20784 tablet_bootstrap.cc:492] T 6409b3fb33d34e18ba5dd6bc01542177 P c332c4d647604ee2b832b2ef7f5094c8: No bootstrap required, opened a new log
I20260630 12:28:59.841174 20785 tablet_bootstrap.cc:654] T d286c8b61bb04954a1a68d5ed355b5d8 P 3a744e3007ab4758a5dc5bce11958872: Neither blocks nor log segments found. Creating new log.
I20260630 12:28:59.841130 20784 ts_tablet_manager.cc:1403] T 6409b3fb33d34e18ba5dd6bc01542177 P c332c4d647604ee2b832b2ef7f5094c8: Time spent bootstrapping tablet: real 0.016s	user 0.010s	sys 0.002s
I20260630 12:28:59.841579 20783 tablet_bootstrap.cc:654] T 458ccd2429494a68bd8613f72d8b9057 P b8fe09aff2434f808439a2aa8fcdc8f2: Neither blocks nor log segments found. Creating new log.
