I20260630 12:30:08.630447 23021 tablet_service.cc:1917] Received RequestConsensusVote() RPC: tablet_id: "e8241ce1ac634c53b4b05bb462aa36c9" candidate_uuid: "7265aed7669b409496457247871467f4" candidate_term: 1 candidate_status { last_received { term: 0 index: 0 } } ignore_live_leader: false dest_uuid: "b25e411e3c5e477cab689770b4818c3b" is_pre_election: true
I20260630 12:30:08.630657 23146 raft_consensus.cc:697] T 25c2d1a25adf40978b11d17c4fd6e4c7 P b25e411e3c5e477cab689770b4818c3b [term 1 LEADER]: Becoming Leader. State: Replica: b25e411e3c5e477cab689770b4818c3b, State: Running, Role: LEADER
I20260630 12:30:08.630944 22947 raft_consensus.cc:2468] T 25c2d1a25adf40978b11d17c4fd6e4c7 P dfcfe5759e61411ca25fc5f45ab1ea6c [term 1 FOLLOWER]: Leader election vote request: Granting yes vote for candidate b25e411e3c5e477cab689770b4818c3b in term 1.
I20260630 12:30:08.631126 23021 raft_consensus.cc:2468] T e8241ce1ac634c53b4b05bb462aa36c9 P b25e411e3c5e477cab689770b4818c3b [term 0 FOLLOWER]: Leader pre-election vote request: Granting yes vote for candidate 7265aed7669b409496457247871467f4 in term 0.
I20260630 12:30:08.631597 23146 consensus_queue.cc:237] T 25c2d1a25adf40978b11d17c4fd6e4c7 P b25e411e3c5e477cab689770b4818c3b [LEADER]: Queue going to LEADER mode. State: All replicated index: 0, Majority replicated index: 0, Committed index: 0, Last appended: 0.0, Last appended by leader: 0, Current term: 1, Majority size: 2, State: 0, Mode: LEADER, active raft config: opid_index: -1 OBSOLETE_local: false peers { permanent_uuid: "dfcfe5759e61411ca25fc5f45ab1ea6c" member_type: VOTER last_known_addr { host: "127.19.133.193" port: 38723 } } peers { permanent_uuid: "b25e411e3c5e477cab689770b4818c3b" member_type: VOTER last_known_addr { host: "127.19.133.194" port: 41287 } } peers { permanent_uuid: "7265aed7669b409496457247871467f4" member_type: VOTER last_known_addr { host: "127.19.133.195" port: 38891 } }
I20260630 12:30:08.632381 23061 leader_election.cc:304] T e8241ce1ac634c53b4b05bb462aa36c9 P 7265aed7669b409496457247871467f4 [CANDIDATE]: Term 1 pre-election: Election decided. Result: candidate won. Election summary: received 2 responses out of 3 voters: 2 yes votes; 0 no votes. yes voters: 7265aed7669b409496457247871467f4, b25e411e3c5e477cab689770b4818c3b; no voters: 
I20260630 12:30:08.633097 23168 raft_consensus.cc:2804] T e8241ce1ac634c53b4b05bb462aa36c9 P 7265aed7669b409496457247871467f4 [term 0 FOLLOWER]: Leader pre-election won for term 1
I20260630 12:30:08.633554 23168 raft_consensus.cc:493] T e8241ce1ac634c53b4b05bb462aa36c9 P 7265aed7669b409496457247871467f4 [term 0 FOLLOWER]: Starting leader election (no leader contacted us within the election timeout)
I20260630 12:30:08.633059 22947 tablet_service.cc:1917] Received RequestConsensusVote() RPC: tablet_id: "e8241ce1ac634c53b4b05bb462aa36c9" candidate_uuid: "7265aed7669b409496457247871467f4" candidate_term: 1 candidate_status { last_received { term: 0 index: 0 } } ignore_live_leader: false dest_uuid: "dfcfe5759e61411ca25fc5f45ab1ea6c" is_pre_election: true
I20260630 12:30:08.633875 23168 raft_consensus.cc:3060] T e8241ce1ac634c53b4b05bb462aa36c9 P 7265aed7669b409496457247871467f4 [term 0 FOLLOWER]: Advancing to term 1
I20260630 12:30:08.639400 22947 raft_consensus.cc:2468] T e8241ce1ac634c53b4b05bb462aa36c9 P dfcfe5759e61411ca25fc5f45ab1ea6c [term 0 FOLLOWER]: Leader pre-election vote request: Granting yes vote for candidate 7265aed7669b409496457247871467f4 in term 0.
I20260630 12:30:08.640184 23168 raft_consensus.cc:515] T e8241ce1ac634c53b4b05bb462aa36c9 P 7265aed7669b409496457247871467f4 [term 1 FOLLOWER]: Starting leader election with config: opid_index: -1 OBSOLETE_local: false peers { permanent_uuid: "dfcfe5759e61411ca25fc5f45ab1ea6c" member_type: VOTER last_known_addr { host: "127.19.133.193" port: 38723 } } peers { permanent_uuid: "b25e411e3c5e477cab689770b4818c3b" member_type: VOTER last_known_addr { host: "127.19.133.194" port: 41287 } } peers { permanent_uuid: "7265aed7669b409496457247871467f4" member_type: VOTER last_known_addr { host: "127.19.133.195" port: 38891 } }
I20260630 12:30:08.641872 22845 catalog_manager.cc:5697] T 25c2d1a25adf40978b11d17c4fd6e4c7 P b25e411e3c5e477cab689770b4818c3b reported cstate change: term changed from 0 to 1, leader changed from <none> to b25e411e3c5e477cab689770b4818c3b (127.19.133.194). New cstate: current_term: 1 leader_uuid: "b25e411e3c5e477cab689770b4818c3b" committed_config { opid_index: -1 OBSOLETE_local: false peers { permanent_uuid: "dfcfe5759e61411ca25fc5f45ab1ea6c" member_type: VOTER last_known_addr { host: "127.19.133.193" port: 38723 } health_report { overall_health: UNKNOWN } } peers { permanent_uuid: "b25e411e3c5e477cab689770b4818c3b" member_type: VOTER last_known_addr { host: "127.19.133.194" port: 41287 } health_report { overall_health: HEALTHY } } peers { permanent_uuid: "7265aed7669b409496457247871467f4" member_type: VOTER last_known_addr { host: "127.19.133.195" port: 38891 } health_report { overall_health: UNKNOWN } } }
I20260630 12:30:08.643224 23021 tablet_service.cc:1917] Received RequestConsensusVote() RPC: tablet_id: "e8241ce1ac634c53b4b05bb462aa36c9" candidate_uuid: "7265aed7669b409496457247871467f4" candidate_term: 1 candidate_status { last_received { term: 0 index: 0 } } ignore_live_leader: false dest_uuid: "b25e411e3c5e477cab689770b4818c3b"
I20260630 12:30:08.643378 22947 tablet_service.cc:1917] Received RequestConsensusVote() RPC: tablet_id: "e8241ce1ac634c53b4b05bb462aa36c9" candidate_uuid: "7265aed7669b409496457247871467f4" candidate_term: 1 candidate_status { last_received { term: 0 index: 0 } } ignore_live_leader: false dest_uuid: "dfcfe5759e61411ca25fc5f45ab1ea6c"
I20260630 12:30:08.643781 23021 raft_consensus.cc:3060] T e8241ce1ac634c53b4b05bb462aa36c9 P b25e411e3c5e477cab689770b4818c3b [term 0 FOLLOWER]: Advancing to term 1
I20260630 12:30:08.643854 22947 raft_consensus.cc:3060] T e8241ce1ac634c53b4b05bb462aa36c9 P dfcfe5759e61411ca25fc5f45ab1ea6c [term 0 FOLLOWER]: Advancing to term 1
I20260630 12:30:08.644362 23146 raft_consensus.cc:493] T 1a6cdd25747244149309106f3cc2aaf7 P b25e411e3c5e477cab689770b4818c3b [term 0 FOLLOWER]: Starting pre-election (no leader contacted us within the election timeout)
I20260630 12:30:08.644804 23146 raft_consensus.cc:515] T 1a6cdd25747244149309106f3cc2aaf7 P b25e411e3c5e477cab689770b4818c3b [term 0 FOLLOWER]: Starting pre-election with config: opid_index: -1 OBSOLETE_local: false peers { permanent_uuid: "dfcfe5759e61411ca25fc5f45ab1ea6c" member_type: VOTER last_known_addr { host: "127.19.133.193" port: 38723 } } peers { permanent_uuid: "b25e411e3c5e477cab689770b4818c3b" member_type: VOTER last_known_addr { host: "127.19.133.194" port: 41287 } } peers { permanent_uuid: "7265aed7669b409496457247871467f4" member_type: VOTER last_known_addr { host: "127.19.133.195" port: 38891 } }
I20260630 12:30:08.646788 23146 leader_election.cc:290] T 1a6cdd25747244149309106f3cc2aaf7 P b25e411e3c5e477cab689770b4818c3b [CANDIDATE]: Term 1 pre-election: Requested pre-vote from peers dfcfe5759e61411ca25fc5f45ab1ea6c (127.19.133.193:38723), 7265aed7669b409496457247871467f4 (127.19.133.195:38891)
I20260630 12:30:08.648113 22946 tablet_service.cc:1917] Received RequestConsensusVote() RPC: tablet_id: "1a6cdd25747244149309106f3cc2aaf7" candidate_uuid: "b25e411e3c5e477cab689770b4818c3b" candidate_term: 1 candidate_status { last_received { term: 0 index: 0 } } ignore_live_leader: false dest_uuid: "dfcfe5759e61411ca25fc5f45ab1ea6c" is_pre_election: true
I20260630 12:30:08.648726 22946 raft_consensus.cc:2468] T 1a6cdd25747244149309106f3cc2aaf7 P dfcfe5759e61411ca25fc5f45ab1ea6c [term 0 FOLLOWER]: Leader pre-election vote request: Granting yes vote for candidate b25e411e3c5e477cab689770b4818c3b in term 0.
I20260630 12:30:08.649868 22985 leader_election.cc:304] T 1a6cdd25747244149309106f3cc2aaf7 P b25e411e3c5e477cab689770b4818c3b [CANDIDATE]: Term 1 pre-election: Election decided. Result: candidate won. Election summary: received 2 responses out of 3 voters: 2 yes votes; 0 no votes. yes voters: b25e411e3c5e477cab689770b4818c3b, dfcfe5759e61411ca25fc5f45ab1ea6c; no voters: 
I20260630 12:30:08.650085 22947 raft_consensus.cc:2468] T e8241ce1ac634c53b4b05bb462aa36c9 P dfcfe5759e61411ca25fc5f45ab1ea6c [term 1 FOLLOWER]: Leader election vote request: Granting yes vote for candidate 7265aed7669b409496457247871467f4 in term 1.
I20260630 12:30:08.650705 23146 raft_consensus.cc:2804] T 1a6cdd25747244149309106f3cc2aaf7 P b25e411e3c5e477cab689770b4818c3b [term 0 FOLLOWER]: Leader pre-election won for term 1
I20260630 12:30:08.651101 23146 raft_consensus.cc:493] T 1a6cdd25747244149309106f3cc2aaf7 P b25e411e3c5e477cab689770b4818c3b [term 0 FOLLOWER]: Starting leader election (no leader contacted us within the election timeout)
I20260630 12:30:08.651207 23059 leader_election.cc:304] T e8241ce1ac634c53b4b05bb462aa36c9 P 7265aed7669b409496457247871467f4 [CANDIDATE]: Term 1 election: Election decided. Result: candidate won. Election summary: received 2 responses out of 3 voters: 2 yes votes; 0 no votes. yes voters: 7265aed7669b409496457247871467f4, dfcfe5759e61411ca25fc5f45ab1ea6c; no voters: 
I20260630 12:30:08.651531 23146 raft_consensus.cc:3060] T 1a6cdd25747244149309106f3cc2aaf7 P b25e411e3c5e477cab689770b4818c3b [term 0 FOLLOWER]: Advancing to term 1
I20260630 12:30:08.651922 23095 tablet_service.cc:1917] Received RequestConsensusVote() RPC: tablet_id: "1a6cdd25747244149309106f3cc2aaf7" candidate_uuid: "b25e411e3c5e477cab689770b4818c3b" candidate_term: 1 candidate_status { last_received { term: 0 index: 0 } } ignore_live_leader: false dest_uuid: "7265aed7669b409496457247871467f4" is_pre_election: true
I20260630 12:30:08.652077 23150 raft_consensus.cc:2804] T e8241ce1ac634c53b4b05bb462aa36c9 P 7265aed7669b409496457247871467f4 [term 1 FOLLOWER]: Leader election won for term 1
I20260630 12:30:08.653263 23095 raft_consensus.cc:2468] T 1a6cdd25747244149309106f3cc2aaf7 P 7265aed7669b409496457247871467f4 [term 0 FOLLOWER]: Leader pre-election vote request: Granting yes vote for candidate b25e411e3c5e477cab689770b4818c3b in term 0.
I20260630 12:30:08.654199 23150 raft_consensus.cc:697] T e8241ce1ac634c53b4b05bb462aa36c9 P 7265aed7669b409496457247871467f4 [term 1 LEADER]: Becoming Leader. State: Replica: 7265aed7669b409496457247871467f4, State: Running, Role: LEADER
I20260630 12:30:08.654690 23168 leader_election.cc:290] T e8241ce1ac634c53b4b05bb462aa36c9 P 7265aed7669b409496457247871467f4 [CANDIDATE]: Term 1 election: Requested vote from peers dfcfe5759e61411ca25fc5f45ab1ea6c (127.19.133.193:38723), b25e411e3c5e477cab689770b4818c3b (127.19.133.194:41287)
I20260630 12:30:08.652815 23021 raft_consensus.cc:2468] T e8241ce1ac634c53b4b05bb462aa36c9 P b25e411e3c5e477cab689770b4818c3b [term 1 FOLLOWER]: Leader election vote request: Granting yes vote for candidate 7265aed7669b409496457247871467f4 in term 1.
I20260630 12:30:08.655002 23150 consensus_queue.cc:237] T e8241ce1ac634c53b4b05bb462aa36c9 P 7265aed7669b409496457247871467f4 [LEADER]: Queue going to LEADER mode. State: All replicated index: 0, Majority replicated index: 0, Committed index: 0, Last appended: 0.0, Last appended by leader: 0, Current term: 1, Majority size: 2, State: 0, Mode: LEADER, active raft config: opid_index: -1 OBSOLETE_local: false peers { permanent_uuid: "dfcfe5759e61411ca25fc5f45ab1ea6c" member_type: VOTER last_known_addr { host: "127.19.133.193" port: 38723 } } peers { permanent_uuid: "b25e411e3c5e477cab689770b4818c3b" member_type: VOTER last_known_addr { host: "127.19.133.194" port: 41287 } } peers { permanent_uuid: "7265aed7669b409496457247871467f4" member_type: VOTER last_known_addr { host: "127.19.133.195" port: 38891 } }
I20260630 12:30:08.656977 23146 raft_consensus.cc:515] T 1a6cdd25747244149309106f3cc2aaf7 P b25e411e3c5e477cab689770b4818c3b [term 1 FOLLOWER]: Starting leader election with config: opid_index: -1 OBSOLETE_local: false peers { permanent_uuid: "dfcfe5759e61411ca25fc5f45ab1ea6c" member_type: VOTER last_known_addr { host: "127.19.133.193" port: 38723 } } peers { permanent_uuid: "b25e411e3c5e477cab689770b4818c3b" member_type: VOTER last_known_addr { host: "127.19.133.194" port: 41287 } } peers { permanent_uuid: "7265aed7669b409496457247871467f4" member_type: VOTER last_known_addr { host: "127.19.133.195" port: 38891 } }
I20260630 12:30:08.658515 23146 leader_election.cc:290] T 1a6cdd25747244149309106f3cc2aaf7 P b25e411e3c5e477cab689770b4818c3b [CANDIDATE]: Term 1 election: Requested vote from peers dfcfe5759e61411ca25fc5f45ab1ea6c (127.19.133.193:38723), 7265aed7669b409496457247871467f4 (127.19.133.195:38891)
I20260630 12:30:08.659626 23095 tablet_service.cc:1917] Received RequestConsensusVote() RPC: tablet_id: "1a6cdd25747244149309106f3cc2aaf7" candidate_uuid: "b25e411e3c5e477cab689770b4818c3b" candidate_term: 1 candidate_status { last_received { term: 0 index: 0 } } ignore_live_leader: false dest_uuid: "7265aed7669b409496457247871467f4"
I20260630 12:30:08.659825 22947 tablet_service.cc:1917] Received RequestConsensusVote() RPC: tablet_id: "1a6cdd25747244149309106f3cc2aaf7" candidate_uuid: "b25e411e3c5e477cab689770b4818c3b" candidate_term: 1 candidate_status { last_received { term: 0 index: 0 } } ignore_live_leader: false dest_uuid: "dfcfe5759e61411ca25fc5f45ab1ea6c"
I20260630 12:30:08.660151 23095 raft_consensus.cc:3060] T 1a6cdd25747244149309106f3cc2aaf7 P 7265aed7669b409496457247871467f4 [term 0 FOLLOWER]: Advancing to term 1
I20260630 12:30:08.660307 22947 raft_consensus.cc:3060] T 1a6cdd25747244149309106f3cc2aaf7 P dfcfe5759e61411ca25fc5f45ab1ea6c [term 0 FOLLOWER]: Advancing to term 1
I20260630 12:30:08.663059 22845 catalog_manager.cc:5697] T e8241ce1ac634c53b4b05bb462aa36c9 P 7265aed7669b409496457247871467f4 reported cstate change: term changed from 0 to 1, leader changed from <none> to 7265aed7669b409496457247871467f4 (127.19.133.195). New cstate: current_term: 1 leader_uuid: "7265aed7669b409496457247871467f4" committed_config { opid_index: -1 OBSOLETE_local: false peers { permanent_uuid: "dfcfe5759e61411ca25fc5f45ab1ea6c" member_type: VOTER last_known_addr { host: "127.19.133.193" port: 38723 } health_report { overall_health: UNKNOWN } } peers { permanent_uuid: "b25e411e3c5e477cab689770b4818c3b" member_type: VOTER last_known_addr { host: "127.19.133.194" port: 41287 } health_report { overall_health: UNKNOWN } } peers { permanent_uuid: "7265aed7669b409496457247871467f4" member_type: VOTER last_known_addr { host: "127.19.133.195" port: 38891 } health_report { overall_health: HEALTHY } } }
I20260630 12:30:08.666656 23095 raft_consensus.cc:2468] T 1a6cdd25747244149309106f3cc2aaf7 P 7265aed7669b409496457247871467f4 [term 1 FOLLOWER]: Leader election vote request: Granting yes vote for candidate b25e411e3c5e477cab689770b4818c3b in term 1.
I20260630 12:30:08.666765 22947 raft_consensus.cc:2468] T 1a6cdd25747244149309106f3cc2aaf7 P dfcfe5759e61411ca25fc5f45ab1ea6c [term 1 FOLLOWER]: Leader election vote request: Granting yes vote for candidate b25e411e3c5e477cab689770b4818c3b in term 1.
I20260630 12:30:08.667738 22985 leader_election.cc:304] T 1a6cdd25747244149309106f3cc2aaf7 P b25e411e3c5e477cab689770b4818c3b [CANDIDATE]: Term 1 election: Election decided. Result: candidate won. Election summary: received 2 responses out of 3 voters: 2 yes votes; 0 no votes. yes voters: 7265aed7669b409496457247871467f4, b25e411e3c5e477cab689770b4818c3b; no voters: 
I20260630 12:30:08.668332 23146 raft_consensus.cc:2804] T 1a6cdd25747244149309106f3cc2aaf7 P b25e411e3c5e477cab689770b4818c3b [term 1 FOLLOWER]: Leader election won for term 1
I20260630 12:30:08.668812 23146 raft_consensus.cc:697] T 1a6cdd25747244149309106f3cc2aaf7 P b25e411e3c5e477cab689770b4818c3b [term 1 LEADER]: Becoming Leader. State: Replica: b25e411e3c5e477cab689770b4818c3b, State: Running, Role: LEADER
I20260630 12:30:08.669458 23146 consensus_queue.cc:237] T 1a6cdd25747244149309106f3cc2aaf7 P b25e411e3c5e477cab689770b4818c3b [LEADER]: Queue going to LEADER mode. State: All replicated index: 0, Majority replicated index: 0, Committed index: 0, Last appended: 0.0, Last appended by leader: 0, Current term: 1, Majority size: 2, State: 0, Mode: LEADER, active raft config: opid_index: -1 OBSOLETE_local: false peers { permanent_uuid: "dfcfe5759e61411ca25fc5f45ab1ea6c" member_type: VOTER last_known_addr { host: "127.19.133.193" port: 38723 } } peers { permanent_uuid: "b25e411e3c5e477cab689770b4818c3b" member_type: VOTER last_known_addr { host: "127.19.133.194" port: 41287 } } peers { permanent_uuid: "7265aed7669b409496457247871467f4" member_type: VOTER last_known_addr { host: "127.19.133.195" port: 38891 } }
I20260630 12:30:08.675740 22845 catalog_manager.cc:5697] T 1a6cdd25747244149309106f3cc2aaf7 P b25e411e3c5e477cab689770b4818c3b reported cstate change: term changed from 0 to 1, leader changed from <none> to b25e411e3c5e477cab689770b4818c3b (127.19.133.194). New cstate: current_term: 1 leader_uuid: "b25e411e3c5e477cab689770b4818c3b" committed_config { opid_index: -1 OBSOLETE_local: false peers { permanent_uuid: "dfcfe5759e61411ca25fc5f45ab1ea6c" member_type: VOTER last_known_addr { host: "127.19.133.193" port: 38723 } health_report { overall_health: UNKNOWN } } peers { permanent_uuid: "b25e411e3c5e477cab689770b4818c3b" member_type: VOTER last_known_addr { host: "127.19.133.194" port: 41287 } health_report { overall_health: HEALTHY } } peers { permanent_uuid: "7265aed7669b409496457247871467f4" member_type: VOTER last_known_addr { host: "127.19.133.195" port: 38891 } health_report { overall_health: UNKNOWN } } }
I20260630 12:30:08.734191 23146 raft_consensus.cc:493] T 7ea7161e728e46b0a794a29ad12d276d P b25e411e3c5e477cab689770b4818c3b [term 0 FOLLOWER]: Starting pre-election (no leader contacted us within the election timeout)
I20260630 12:30:08.734668 23146 raft_consensus.cc:515] T 7ea7161e728e46b0a794a29ad12d276d P b25e411e3c5e477cab689770b4818c3b [term 0 FOLLOWER]: Starting pre-election with config: opid_index: -1 OBSOLETE_local: false peers { permanent_uuid: "7265aed7669b409496457247871467f4" member_type: VOTER last_known_addr { host: "127.19.133.195" port: 38891 } } peers { permanent_uuid: "b25e411e3c5e477cab689770b4818c3b" member_type: VOTER last_known_addr { host: "127.19.133.194" port: 41287 } } peers { permanent_uuid: "dfcfe5759e61411ca25fc5f45ab1ea6c" member_type: VOTER last_known_addr { host: "127.19.133.193" port: 38723 } }
I20260630 12:30:08.736235 23146 leader_election.cc:290] T 7ea7161e728e46b0a794a29ad12d276d P b25e411e3c5e477cab689770b4818c3b [CANDIDATE]: Term 1 pre-election: Requested pre-vote from peers 7265aed7669b409496457247871467f4 (127.19.133.195:38891), dfcfe5759e61411ca25fc5f45ab1ea6c (127.19.133.193:38723)
I20260630 12:30:08.736987 23095 tablet_service.cc:1917] Received RequestConsensusVote() RPC: tablet_id: "7ea7161e728e46b0a794a29ad12d276d" candidate_uuid: "b25e411e3c5e477cab689770b4818c3b" candidate_term: 1 candidate_status { last_received { term: 0 index: 0 } } ignore_live_leader: false dest_uuid: "7265aed7669b409496457247871467f4" is_pre_election: true
I20260630 12:30:08.737169 22947 tablet_service.cc:1917] Received RequestConsensusVote() RPC: tablet_id: "7ea7161e728e46b0a794a29ad12d276d" candidate_uuid: "b25e411e3c5e477cab689770b4818c3b" candidate_term: 1 candidate_status { last_received { term: 0 index: 0 } } ignore_live_leader: false dest_uuid: "dfcfe5759e61411ca25fc5f45ab1ea6c" is_pre_election: true
I20260630 12:30:08.737494 23095 raft_consensus.cc:2468] T 7ea7161e728e46b0a794a29ad12d276d P 7265aed7669b409496457247871467f4 [term 0 FOLLOWER]: Leader pre-election vote request: Granting yes vote for candidate b25e411e3c5e477cab689770b4818c3b in term 0.
I20260630 12:30:08.737651 22947 raft_consensus.cc:2468] T 7ea7161e728e46b0a794a29ad12d276d P dfcfe5759e61411ca25fc5f45ab1ea6c [term 0 FOLLOWER]: Leader pre-election vote request: Granting yes vote for candidate b25e411e3c5e477cab689770b4818c3b in term 0.
I20260630 12:30:08.738363 22985 leader_election.cc:304] T 7ea7161e728e46b0a794a29ad12d276d P b25e411e3c5e477cab689770b4818c3b [CANDIDATE]: Term 1 pre-election: Election decided. Result: candidate won. Election summary: received 2 responses out of 3 voters: 2 yes votes; 0 no votes. yes voters: 7265aed7669b409496457247871467f4, b25e411e3c5e477cab689770b4818c3b; no voters: 
I20260630 12:30:08.738976 23146 raft_consensus.cc:2804] T 7ea7161e728e46b0a794a29ad12d276d P b25e411e3c5e477cab689770b4818c3b [term 0 FOLLOWER]: Leader pre-election won for term 1
I20260630 12:30:08.739264 23146 raft_consensus.cc:493] T 7ea7161e728e46b0a794a29ad12d276d P b25e411e3c5e477cab689770b4818c3b [term 0 FOLLOWER]: Starting leader election (no leader contacted us within the election timeout)
I20260630 12:30:08.739497 23146 raft_consensus.cc:3060] T 7ea7161e728e46b0a794a29ad12d276d P b25e411e3c5e477cab689770b4818c3b [term 0 FOLLOWER]: Advancing to term 1
I20260630 12:30:08.743642 23146 raft_consensus.cc:515] T 7ea7161e728e46b0a794a29ad12d276d P b25e411e3c5e477cab689770b4818c3b [term 1 FOLLOWER]: Starting leader election with config: opid_index: -1 OBSOLETE_local: false peers { permanent_uuid: "7265aed7669b409496457247871467f4" member_type: VOTER last_known_addr { host: "127.19.133.195" port: 38891 } } peers { permanent_uuid: "b25e411e3c5e477cab689770b4818c3b" member_type: VOTER last_known_addr { host: "127.19.133.194" port: 41287 } } peers { permanent_uuid: "dfcfe5759e61411ca25fc5f45ab1ea6c" member_type: VOTER last_known_addr { host: "127.19.133.193" port: 38723 } }
I20260630 12:30:08.745247 23146 leader_election.cc:290] T 7ea7161e728e46b0a794a29ad12d276d P b25e411e3c5e477cab689770b4818c3b [CANDIDATE]: Term 1 election: Requested vote from peers 7265aed7669b409496457247871467f4 (127.19.133.195:38891), dfcfe5759e61411ca25fc5f45ab1ea6c (127.19.133.193:38723)
I20260630 12:30:08.745826 23095 tablet_service.cc:1917] Received RequestConsensusVote() RPC: tablet_id: "7ea7161e728e46b0a794a29ad12d276d" candidate_uuid: "b25e411e3c5e477cab689770b4818c3b" candidate_term: 1 candidate_status { last_received { term: 0 index: 0 } } ignore_live_leader: false dest_uuid: "7265aed7669b409496457247871467f4"
I20260630 12:30:08.746407 23095 raft_consensus.cc:3060] T 7ea7161e728e46b0a794a29ad12d276d P 7265aed7669b409496457247871467f4 [term 0 FOLLOWER]: Advancing to term 1
I20260630 12:30:08.746455 22947 tablet_service.cc:1917] Received RequestConsensusVote() RPC: tablet_id: "7ea7161e728e46b0a794a29ad12d276d" candidate_uuid: "b25e411e3c5e477cab689770b4818c3b" candidate_term: 1 candidate_status { last_received { term: 0 index: 0 } } ignore_live_leader: false dest_uuid: "dfcfe5759e61411ca25fc5f45ab1ea6c"
I20260630 12:30:08.747066 22947 raft_consensus.cc:3060] T 7ea7161e728e46b0a794a29ad12d276d P dfcfe5759e61411ca25fc5f45ab1ea6c [term 0 FOLLOWER]: Advancing to term 1
I20260630 12:30:08.752274 23095 raft_consensus.cc:2468] T 7ea7161e728e46b0a794a29ad12d276d P 7265aed7669b409496457247871467f4 [term 1 FOLLOWER]: Leader election vote request: Granting yes vote for candidate b25e411e3c5e477cab689770b4818c3b in term 1.
I20260630 12:30:08.780153 22985 leader_election.cc:304] T 7ea7161e728e46b0a794a29ad12d276d P b25e411e3c5e477cab689770b4818c3b [CANDIDATE]: Term 1 election: Election decided. Result: candidate won. Election summary: received 2 responses out of 3 voters: 2 yes votes; 0 no votes. yes voters: 7265aed7669b409496457247871467f4, b25e411e3c5e477cab689770b4818c3b; no voters: 
I20260630 12:30:08.781509 23146 raft_consensus.cc:2804] T 7ea7161e728e46b0a794a29ad12d276d P b25e411e3c5e477cab689770b4818c3b [term 1 FOLLOWER]: Leader election won for term 1
I20260630 12:30:08.781911 22947 raft_consensus.cc:2468] T 7ea7161e728e46b0a794a29ad12d276d P dfcfe5759e61411ca25fc5f45ab1ea6c [term 1 FOLLOWER]: Leader election vote request: Granting yes vote for candidate b25e411e3c5e477cab689770b4818c3b in term 1.
I20260630 12:30:08.782105 23146 raft_consensus.cc:697] T 7ea7161e728e46b0a794a29ad12d276d P b25e411e3c5e477cab689770b4818c3b [term 1 LEADER]: Becoming Leader. State: Replica: b25e411e3c5e477cab689770b4818c3b, State: Running, Role: LEADER
I20260630 12:30:08.783715 23146 consensus_queue.cc:237] T 7ea7161e728e46b0a794a29ad12d276d P b25e411e3c5e477cab689770b4818c3b [LEADER]: Queue going to LEADER mode. State: All replicated index: 0, Majority replicated index: 0, Committed index: 0, Last appended: 0.0, Last appended by leader: 0, Current term: 1, Majority size: 2, State: 0, Mode: LEADER, active raft config: opid_index: -1 OBSOLETE_local: false peers { permanent_uuid: "7265aed7669b409496457247871467f4" member_type: VOTER last_known_addr { host: "127.19.133.195" port: 38891 } } peers { permanent_uuid: "b25e411e3c5e477cab689770b4818c3b" member_type: VOTER last_known_addr { host: "127.19.133.194" port: 41287 } } peers { permanent_uuid: "dfcfe5759e61411ca25fc5f45ab1ea6c" member_type: VOTER last_known_addr { host: "127.19.133.193" port: 38723 } }
I20260630 12:30:08.792925 22845 catalog_manager.cc:5697] T 7ea7161e728e46b0a794a29ad12d276d P b25e411e3c5e477cab689770b4818c3b reported cstate change: term changed from 0 to 1, leader changed from <none> to b25e411e3c5e477cab689770b4818c3b (127.19.133.194). New cstate: current_term: 1 leader_uuid: "b25e411e3c5e477cab689770b4818c3b" committed_config { opid_index: -1 OBSOLETE_local: false peers { permanent_uuid: "7265aed7669b409496457247871467f4" member_type: VOTER last_known_addr { host: "127.19.133.195" port: 38891 } health_report { overall_health: UNKNOWN } } peers { permanent_uuid: "b25e411e3c5e477cab689770b4818c3b" member_type: VOTER last_known_addr { host: "127.19.133.194" port: 41287 } health_report { overall_health: HEALTHY } } peers { permanent_uuid: "dfcfe5759e61411ca25fc5f45ab1ea6c" member_type: VOTER last_known_addr { host: "127.19.133.193" port: 38723 } health_report { overall_health: UNKNOWN } } }
I20260630 12:30:08.812569 23165 consensus_queue.cc:1048] T 770f17910863469894e84e89465344fd P dfcfe5759e61411ca25fc5f45ab1ea6c [LEADER]: Connected to new peer: Peer: permanent_uuid: "7265aed7669b409496457247871467f4" member_type: VOTER last_known_addr { host: "127.19.133.195" port: 38891 }, Status: LMP_MISMATCH, Last received: 0.0, Next index: 1, Last known committed idx: 0, Time since last communication: 0.000s
I20260630 12:30:08.827759 23021 raft_consensus.cc:3060] T 770f17910863469894e84e89465344fd P b25e411e3c5e477cab689770b4818c3b [term 0 FOLLOWER]: Advancing to term 1
I20260630 12:30:08.835390 19991 file_cache.cc:492] Constructed file cache file cache with capacity 419430
I20260630 12:30:08.836587 23165 consensus_queue.cc:1048] T 770f17910863469894e84e89465344fd P dfcfe5759e61411ca25fc5f45ab1ea6c [LEADER]: Connected to new peer: Peer: permanent_uuid: "b25e411e3c5e477cab689770b4818c3b" member_type: VOTER last_known_addr { host: "127.19.133.194" port: 41287 }, Status: LMP_MISMATCH, Last received: 0.0, Next index: 1, Last known committed idx: 0, Time since last communication: 0.000s
W20260630 12:30:08.843116 23195 instance_detector.cc:116] could not retrieve AWS instance metadata: Network error: curl error: HTTP response code said error: The requested URL returned error: 404
W20260630 12:30:08.846592 23197 instance_detector.cc:116] could not retrieve Azure instance metadata: Network error: curl error: HTTP response code said error: The requested URL returned error: 404
W20260630 12:30:08.849694 23200 instance_detector.cc:116] could not retrieve OpenStack instance metadata: Network error: curl error: HTTP response code said error: The requested URL returned error: 404
I20260630 12:30:08.849910 19991 server_base.cc:1061] running on GCE node
I20260630 12:30:08.851366 19991 hybrid_clock.cc:584] initializing the hybrid clock with 'system_unsync' time source
W20260630 12:30:08.851647 19991 system_unsync_time.cc:38] NTP support is disabled. Clock error bounds will not be accurate. This configuration is not suitable for distributed clusters.
I20260630 12:30:08.851842 19991 hybrid_clock.cc:648] HybridClock initialized: now 1782822608851825 us; error 0 us; skew 500 ppm
I20260630 12:30:08.852468 19991 server_base.cc:861] Flag tcmalloc_max_total_thread_cache_bytes is not working since tcmalloc is not enabled.
I20260630 12:30:08.855645 19991 webserver.cc:533] Webserver started at http://127.19.133.196:34639/ using document root <none> and password file <none>
I20260630 12:30:08.856237 19991 fs_manager.cc:362] Metadata directory not provided
I20260630 12:30:08.856468 19991 fs_manager.cc:368] Using write-ahead log directory (fs_wal_dir) as metadata directory
I20260630 12:30:08.856849 19991 server_base.cc:909] This appears to be a new deployment of Kudu; creating new FS layout
I20260630 12:30:08.858278 19991 fs_manager.cc:1068] Generated new instance metadata in path /tmp/dist-test-taskhyxr2j/test-tmp/auto_rebalancer-test.0.AutoRebalancerTest.RangeAwareRebalancesNewRangeReplicas.1782822528341235-19991-0/minicluster-data/ts-3-root/instance:
uuid: "8d73704acb114825b14a0905f8f1d2ff"
format_stamp: "Formatted at 2026-06-30 12:30:08 on dist-test-slave-rw3v"
I20260630 12:30:08.862922 19991 fs_manager.cc:696] Time spent creating directory manager: real 0.004s	user 0.005s	sys 0.002s
I20260630 12:30:08.866214 23205 log_block_manager.cc:4031] Time spent loading block containers with low live blocks: real 0.000s	user 0.000s	sys 0.000s
I20260630 12:30:08.867024 19991 fs_manager.cc:730] Time spent opening block manager: real 0.002s	user 0.003s	sys 0.000s
I20260630 12:30:08.867314 19991 fs_manager.cc:647] Opened local filesystem: /tmp/dist-test-taskhyxr2j/test-tmp/auto_rebalancer-test.0.AutoRebalancerTest.RangeAwareRebalancesNewRangeReplicas.1782822528341235-19991-0/minicluster-data/ts-3-root
uuid: "8d73704acb114825b14a0905f8f1d2ff"
format_stamp: "Formatted at 2026-06-30 12:30:08 on dist-test-slave-rw3v"
I20260630 12:30:08.867569 19991 fs_report.cc:389] FS layout report
--------------------
wal directory: /tmp/dist-test-taskhyxr2j/test-tmp/auto_rebalancer-test.0.AutoRebalancerTest.RangeAwareRebalancesNewRangeReplicas.1782822528341235-19991-0/minicluster-data/ts-3-root
metadata directory: /tmp/dist-test-taskhyxr2j/test-tmp/auto_rebalancer-test.0.AutoRebalancerTest.RangeAwareRebalancesNewRangeReplicas.1782822528341235-19991-0/minicluster-data/ts-3-root
1 data directories: /tmp/dist-test-taskhyxr2j/test-tmp/auto_rebalancer-test.0.AutoRebalancerTest.RangeAwareRebalancesNewRangeReplicas.1782822528341235-19991-0/minicluster-data/ts-3-root/data
Total live blocks: 0
Total live bytes: 0
Total live bytes (after alignment): 0
Total number of LBM containers: 0 (0 full)
Did not check for missing blocks
Did not check for orphaned blocks
Total full LBM containers with extra space: 0 (0 repaired)
Total full LBM container extra space in bytes: 0 (0 repaired)
Total incomplete LBM containers: 0 (0 repaired)
Total LBM partial records: 0 (0 repaired)
Total corrupted LBM metadata records in RocksDB: 0 (0 repaired)
I20260630 12:30:08.877944 19991 rpc_server.cc:225] running with OpenSSL 1.1.1  11 Sep 2018
I20260630 12:30:08.879571 19991 kserver.cc:163] Server-wide thread pool size limit: 3276
I20260630 12:30:08.879581 23165 consensus_queue.cc:1048] T ca7e89787e8140789c6fbc0697f4a8e6 P dfcfe5759e61411ca25fc5f45ab1ea6c [LEADER]: Connected to new peer: Peer: permanent_uuid: "7265aed7669b409496457247871467f4" member_type: VOTER last_known_addr { host: "127.19.133.195" port: 38891 }, Status: LMP_MISMATCH, Last received: 0.0, Next index: 1, Last known committed idx: 0, Time since last communication: 0.000s
I20260630 12:30:08.881901 23165 consensus_queue.cc:1048] T ca7e89787e8140789c6fbc0697f4a8e6 P dfcfe5759e61411ca25fc5f45ab1ea6c [LEADER]: Connected to new peer: Peer: permanent_uuid: "b25e411e3c5e477cab689770b4818c3b" member_type: VOTER last_known_addr { host: "127.19.133.194" port: 41287 }, Status: LMP_MISMATCH, Last received: 0.0, Next index: 1, Last known committed idx: 0, Time since last communication: 0.000s
I20260630 12:30:08.882767 19991 txn_system_client.cc:432] TxnSystemClient initialization is disabled...
I20260630 12:30:08.897830 19991 ts_tablet_manager.cc:585] Loaded tablet metadata (0 total tablets, 0 live tablets)
I20260630 12:30:08.898218 19991 ts_tablet_manager.cc:531] Time spent load tablet metadata: real 0.000s	user 0.001s	sys 0.000s
I20260630 12:30:08.898592 19991 ts_tablet_manager.cc:616] Registered 0 tablets
I20260630 12:30:08.898821 19991 ts_tablet_manager.cc:595] Time spent register tablets: real 0.000s	user 0.000s	sys 0.000s
I20260630 12:30:08.901933 23166 raft_consensus.cc:493] T beca0967971d4dc686cae833cae6acb9 P dfcfe5759e61411ca25fc5f45ab1ea6c [term 0 FOLLOWER]: Starting pre-election (no leader contacted us within the election timeout)
I20260630 12:30:08.902474 23166 raft_consensus.cc:515] T beca0967971d4dc686cae833cae6acb9 P dfcfe5759e61411ca25fc5f45ab1ea6c [term 0 FOLLOWER]: Starting pre-election with config: opid_index: -1 OBSOLETE_local: false peers { permanent_uuid: "b25e411e3c5e477cab689770b4818c3b" member_type: VOTER last_known_addr { host: "127.19.133.194" port: 41287 } } peers { permanent_uuid: "dfcfe5759e61411ca25fc5f45ab1ea6c" member_type: VOTER last_known_addr { host: "127.19.133.193" port: 38723 } } peers { permanent_uuid: "7265aed7669b409496457247871467f4" member_type: VOTER last_known_addr { host: "127.19.133.195" port: 38891 } }
I20260630 12:30:08.907316 23166 leader_election.cc:290] T beca0967971d4dc686cae833cae6acb9 P dfcfe5759e61411ca25fc5f45ab1ea6c [CANDIDATE]: Term 1 pre-election: Requested pre-vote from peers b25e411e3c5e477cab689770b4818c3b (127.19.133.194:41287), 7265aed7669b409496457247871467f4 (127.19.133.195:38891)
I20260630 12:30:08.907948 23021 tablet_service.cc:1917] Received RequestConsensusVote() RPC: tablet_id: "beca0967971d4dc686cae833cae6acb9" candidate_uuid: "dfcfe5759e61411ca25fc5f45ab1ea6c" candidate_term: 1 candidate_status { last_received { term: 0 index: 0 } } ignore_live_leader: false dest_uuid: "b25e411e3c5e477cab689770b4818c3b" is_pre_election: true
I20260630 12:30:08.909301 23095 tablet_service.cc:1917] Received RequestConsensusVote() RPC: tablet_id: "beca0967971d4dc686cae833cae6acb9" candidate_uuid: "dfcfe5759e61411ca25fc5f45ab1ea6c" candidate_term: 1 candidate_status { last_received { term: 0 index: 0 } } ignore_live_leader: false dest_uuid: "7265aed7669b409496457247871467f4" is_pre_election: true
I20260630 12:30:08.910733 23095 raft_consensus.cc:2393] T beca0967971d4dc686cae833cae6acb9 P 7265aed7669b409496457247871467f4 [term 1 FOLLOWER]: Leader pre-election vote request: Denying vote to candidate dfcfe5759e61411ca25fc5f45ab1ea6c in current term 1: Already voted for candidate b25e411e3c5e477cab689770b4818c3b in this term.
I20260630 12:30:08.912562 22910 leader_election.cc:304] T beca0967971d4dc686cae833cae6acb9 P dfcfe5759e61411ca25fc5f45ab1ea6c [CANDIDATE]: Term 1 pre-election: Election decided. Result: candidate lost. Election summary: received 3 responses out of 3 voters: 1 yes votes; 2 no votes. yes voters: dfcfe5759e61411ca25fc5f45ab1ea6c; no voters: 7265aed7669b409496457247871467f4, b25e411e3c5e477cab689770b4818c3b
I20260630 12:30:08.913364 23166 raft_consensus.cc:3060] T beca0967971d4dc686cae833cae6acb9 P dfcfe5759e61411ca25fc5f45ab1ea6c [term 0 FOLLOWER]: Advancing to term 1
I20260630 12:30:08.918648 23166 raft_consensus.cc:2749] T beca0967971d4dc686cae833cae6acb9 P dfcfe5759e61411ca25fc5f45ab1ea6c [term 1 FOLLOWER]: Leader pre-election lost for term 1. Reason: could not achieve majority
I20260630 12:30:08.951097 19991 rpc_server.cc:307] RPC server started. Bound to: 127.19.133.196:34875
I20260630 12:30:08.951341 23269 acceptor_pool.cc:272] collecting diagnostics on the listening RPC socket 127.19.133.196:34875 every 8 connection(s)
I20260630 12:30:08.958611 22845 catalog_manager.cc:3570] Servicing AlterTable request from {username='slave'} at 127.0.0.1:35018:
table { table_name: "range_aware_rebalance_new_range" } alter_schema_steps { type: ADD_RANGE_PARTITION add_range_partition { range_bounds { rows: "\006\001\n\000\000\000\007\001\024\000\000\000""\006\001\n\000\000\000\007\001\024\000\000\000" indirect_data: """" } } } schema { columns { name: "key" type: INT32 is_key: true is_nullable: false encoding: AUTO_ENCODING compression: DEFAULT_COMPRESSION cfile_block_size: 0 immutable: false } } modify_external_catalogs: true
I20260630 12:30:08.967684 23270 heartbeater.cc:344] Connected to a master server at 127.19.133.254:45831
I20260630 12:30:08.968043 23270 heartbeater.cc:461] Registering TS with master...
I20260630 12:30:08.968794 23270 heartbeater.cc:507] Master 127.19.133.254:45831 requested a full tablet report, sending...
I20260630 12:30:08.970800 22843 ts_manager.cc:194] Registered new tserver with Master: 8d73704acb114825b14a0905f8f1d2ff (127.19.133.196:34875)
I20260630 12:30:08.972664 22843 master_service.cc:502] Signed X509 certificate for tserver {username='slave'} at 127.0.0.1:35020
W20260630 12:30:08.980094 22845 catalog_manager.cc:5957] Failed to send alter table request: Not found: failed to reset TS proxy: No leader found: Tablet b98ea9bd0e044ae5bb0ad5a1e00b3ad1 has no consensus state
W20260630 12:30:08.981372 22845 catalog_manager.cc:5957] Failed to send alter table request: Not found: failed to reset TS proxy: No leader found: Tablet 6eef749d18c943c29dc08b289884622e has no consensus state
W20260630 12:30:08.982789 22845 catalog_manager.cc:5957] Failed to send alter table request: Not found: failed to reset TS proxy: No leader found: Tablet 3cceb72afc6e491aa21f39a6f26978dc has no consensus state
W20260630 12:30:08.984189 22845 catalog_manager.cc:5957] Failed to send alter table request: Not found: failed to reset TS proxy: No leader found: Tablet 8c8d2a3810864e9ca721967d328b7bf8 has no consensus state
W20260630 12:30:08.985450 22845 catalog_manager.cc:5957] Failed to send alter table request: Not found: failed to reset TS proxy: No leader found: Tablet cf6bb81a24604bd29e0f9aa8d1fa8727 has no consensus state
W20260630 12:30:08.988030 22845 catalog_manager.cc:5957] Failed to send alter table request: Not found: failed to reset TS proxy: No leader found: Tablet 52e828cdd3654ad59ba8ac4d45d594c3 has no consensus state
W20260630 12:30:08.989245 22845 catalog_manager.cc:5957] Failed to send alter table request: Not found: failed to reset TS proxy: No leader found: Tablet 21fa3268973044ada035203ad6a3e560 has no consensus state
I20260630 12:30:08.989118 23150 consensus_queue.cc:1048] T b5d68c7219404d8dbdf5fc745f43e4f0 P 7265aed7669b409496457247871467f4 [LEADER]: Connected to new peer: Peer: permanent_uuid: "dfcfe5759e61411ca25fc5f45ab1ea6c" member_type: VOTER last_known_addr { host: "127.19.133.193" port: 38723 }, Status: LMP_MISMATCH, Last received: 0.0, Next index: 1, Last known committed idx: 0, Time since last communication: 0.000s
W20260630 12:30:08.990545 22845 catalog_manager.cc:5957] Failed to send alter table request: Not found: failed to reset TS proxy: No leader found: Tablet a07ed4f840e048d291c58640e4a8d6f0 has no consensus state
W20260630 12:30:08.998602 22829 catalog_manager.cc:4810] Async tablet task AlterTable RPC for tablet b98ea9bd0e044ae5bb0ad5a1e00b3ad1 (table range_aware_rebalance_new_range [id=d4ebbf69650345dbaea6c1b1c79e15c3], current schema version=0) failed: Not found: failed to reset TS proxy: No leader found: Tablet b98ea9bd0e044ae5bb0ad5a1e00b3ad1 has no consensus state
I20260630 12:30:09.003657 23187 consensus_queue.cc:1048] T b5d68c7219404d8dbdf5fc745f43e4f0 P 7265aed7669b409496457247871467f4 [LEADER]: Connected to new peer: Peer: permanent_uuid: "b25e411e3c5e477cab689770b4818c3b" member_type: VOTER last_known_addr { host: "127.19.133.194" port: 41287 }, Status: LMP_MISMATCH, Last received: 0.0, Next index: 1, Last known committed idx: 0, Time since last communication: 0.001s
I20260630 12:30:09.025947 23146 consensus_queue.cc:1048] T 25c2d1a25adf40978b11d17c4fd6e4c7 P b25e411e3c5e477cab689770b4818c3b [LEADER]: Connected to new peer: Peer: permanent_uuid: "dfcfe5759e61411ca25fc5f45ab1ea6c" member_type: VOTER last_known_addr { host: "127.19.133.193" port: 38723 }, Status: LMP_MISMATCH, Last received: 0.0, Next index: 1, Last known committed idx: 0, Time since last communication: 0.000s
I20260630 12:30:09.038046 22932 tablet_service.cc:1511] Processing CreateTablet for tablet b98ea9bd0e044ae5bb0ad5a1e00b3ad1 (DEFAULT_TABLE table=range_aware_rebalance_new_range [id=d4ebbf69650345dbaea6c1b1c79e15c3]), partition=HASH (key) PARTITION 0, RANGE (key) PARTITION 10 <= VALUES < 20
I20260630 12:30:09.039801 22932 data_dirs.cc:400] Could only allocate 1 dirs of requested 3 for tablet b98ea9bd0e044ae5bb0ad5a1e00b3ad1. 1 dirs total, 0 dirs full, 0 dirs failed
I20260630 12:30:09.048851 23006 tablet_service.cc:1511] Processing CreateTablet for tablet b98ea9bd0e044ae5bb0ad5a1e00b3ad1 (DEFAULT_TABLE table=range_aware_rebalance_new_range [id=d4ebbf69650345dbaea6c1b1c79e15c3]), partition=HASH (key) PARTITION 0, RANGE (key) PARTITION 10 <= VALUES < 20
I20260630 12:30:09.050484 23006 data_dirs.cc:400] Could only allocate 1 dirs of requested 3 for tablet b98ea9bd0e044ae5bb0ad5a1e00b3ad1. 1 dirs total, 0 dirs full, 0 dirs failed
I20260630 12:30:09.052703 23079 tablet_service.cc:1511] Processing CreateTablet for tablet 6eef749d18c943c29dc08b289884622e (DEFAULT_TABLE table=range_aware_rebalance_new_range [id=d4ebbf69650345dbaea6c1b1c79e15c3]), partition=HASH (key) PARTITION 1, RANGE (key) PARTITION 10 <= VALUES < 20
I20260630 12:30:09.054261 23079 data_dirs.cc:400] Could only allocate 1 dirs of requested 3 for tablet 6eef749d18c943c29dc08b289884622e. 1 dirs total, 0 dirs full, 0 dirs failed
I20260630 12:30:09.056375 22930 tablet_service.cc:1511] Processing CreateTablet for tablet 6eef749d18c943c29dc08b289884622e (DEFAULT_TABLE table=range_aware_rebalance_new_range [id=d4ebbf69650345dbaea6c1b1c79e15c3]), partition=HASH (key) PARTITION 1, RANGE (key) PARTITION 10 <= VALUES < 20
I20260630 12:30:09.057768 22930 data_dirs.cc:400] Could only allocate 1 dirs of requested 3 for tablet 6eef749d18c943c29dc08b289884622e. 1 dirs total, 0 dirs full, 0 dirs failed
I20260630 12:30:09.058647 23235 tablet_service.cc:1511] Processing CreateTablet for tablet b98ea9bd0e044ae5bb0ad5a1e00b3ad1 (DEFAULT_TABLE table=range_aware_rebalance_new_range [id=d4ebbf69650345dbaea6c1b1c79e15c3]), partition=HASH (key) PARTITION 0, RANGE (key) PARTITION 10 <= VALUES < 20
I20260630 12:30:09.059953 23235 data_dirs.cc:400] Could only allocate 1 dirs of requested 3 for tablet b98ea9bd0e044ae5bb0ad5a1e00b3ad1. 1 dirs total, 0 dirs full, 0 dirs failed
I20260630 12:30:09.063032 23012 tablet_service.cc:1511] Processing CreateTablet for tablet 3cceb72afc6e491aa21f39a6f26978dc (DEFAULT_TABLE table=range_aware_rebalance_new_range [id=d4ebbf69650345dbaea6c1b1c79e15c3]), partition=HASH (key) PARTITION 2, RANGE (key) PARTITION 10 <= VALUES < 20
I20260630 12:30:09.064416 23012 data_dirs.cc:400] Could only allocate 1 dirs of requested 3 for tablet 3cceb72afc6e491aa21f39a6f26978dc. 1 dirs total, 0 dirs full, 0 dirs failed
I20260630 12:30:09.064206 23234 tablet_service.cc:1511] Processing CreateTablet for tablet 6eef749d18c943c29dc08b289884622e (DEFAULT_TABLE table=range_aware_rebalance_new_range [id=d4ebbf69650345dbaea6c1b1c79e15c3]), partition=HASH (key) PARTITION 1, RANGE (key) PARTITION 10 <= VALUES < 20
I20260630 12:30:09.065498 23234 data_dirs.cc:400] Could only allocate 1 dirs of requested 3 for tablet 6eef749d18c943c29dc08b289884622e. 1 dirs total, 0 dirs full, 0 dirs failed
I20260630 12:30:09.066380 22931 tablet_service.cc:1511] Processing CreateTablet for tablet 8c8d2a3810864e9ca721967d328b7bf8 (DEFAULT_TABLE table=range_aware_rebalance_new_range [id=d4ebbf69650345dbaea6c1b1c79e15c3]), partition=HASH (key) PARTITION 3, RANGE (key) PARTITION 10 <= VALUES < 20
I20260630 12:30:09.067700 22931 data_dirs.cc:400] Could only allocate 1 dirs of requested 3 for tablet 8c8d2a3810864e9ca721967d328b7bf8. 1 dirs total, 0 dirs full, 0 dirs failed
I20260630 12:30:09.072995 23084 tablet_service.cc:1511] Processing CreateTablet for tablet 3cceb72afc6e491aa21f39a6f26978dc (DEFAULT_TABLE table=range_aware_rebalance_new_range [id=d4ebbf69650345dbaea6c1b1c79e15c3]), partition=HASH (key) PARTITION 2, RANGE (key) PARTITION 10 <= VALUES < 20
I20260630 12:30:09.074302 23084 data_dirs.cc:400] Could only allocate 1 dirs of requested 3 for tablet 3cceb72afc6e491aa21f39a6f26978dc. 1 dirs total, 0 dirs full, 0 dirs failed
I20260630 12:30:09.074743 22937 tablet_service.cc:1511] Processing CreateTablet for tablet cf6bb81a24604bd29e0f9aa8d1fa8727 (DEFAULT_TABLE table=range_aware_rebalance_new_range [id=d4ebbf69650345dbaea6c1b1c79e15c3]), partition=HASH (key) PARTITION 4, RANGE (key) PARTITION 10 <= VALUES < 20
I20260630 12:30:09.076156 23083 tablet_service.cc:1511] Processing CreateTablet for tablet cf6bb81a24604bd29e0f9aa8d1fa8727 (DEFAULT_TABLE table=range_aware_rebalance_new_range [id=d4ebbf69650345dbaea6c1b1c79e15c3]), partition=HASH (key) PARTITION 4, RANGE (key) PARTITION 10 <= VALUES < 20
I20260630 12:30:09.076098 22937 data_dirs.cc:400] Could only allocate 1 dirs of requested 3 for tablet cf6bb81a24604bd29e0f9aa8d1fa8727. 1 dirs total, 0 dirs full, 0 dirs failed
I20260630 12:30:09.079483 23011 tablet_service.cc:1511] Processing CreateTablet for tablet 8c8d2a3810864e9ca721967d328b7bf8 (DEFAULT_TABLE table=range_aware_rebalance_new_range [id=d4ebbf69650345dbaea6c1b1c79e15c3]), partition=HASH (key) PARTITION 3, RANGE (key) PARTITION 10 <= VALUES < 20
I20260630 12:30:09.080761 23011 data_dirs.cc:400] Could only allocate 1 dirs of requested 3 for tablet 8c8d2a3810864e9ca721967d328b7bf8. 1 dirs total, 0 dirs full, 0 dirs failed
I20260630 12:30:09.082402 22936 tablet_service.cc:1511] Processing CreateTablet for tablet 21fa3268973044ada035203ad6a3e560 (DEFAULT_TABLE table=range_aware_rebalance_new_range [id=d4ebbf69650345dbaea6c1b1c79e15c3]), partition=HASH (key) PARTITION 6, RANGE (key) PARTITION 10 <= VALUES < 20
I20260630 12:30:09.084750 23083 data_dirs.cc:400] Could only allocate 1 dirs of requested 3 for tablet cf6bb81a24604bd29e0f9aa8d1fa8727. 1 dirs total, 0 dirs full, 0 dirs failed
I20260630 12:30:09.085295 23008 tablet_service.cc:1511] Processing CreateTablet for tablet 52e828cdd3654ad59ba8ac4d45d594c3 (DEFAULT_TABLE table=range_aware_rebalance_new_range [id=d4ebbf69650345dbaea6c1b1c79e15c3]), partition=HASH (key) PARTITION 5, RANGE (key) PARTITION 10 <= VALUES < 20
I20260630 12:30:09.086534 23008 data_dirs.cc:400] Could only allocate 1 dirs of requested 3 for tablet 52e828cdd3654ad59ba8ac4d45d594c3. 1 dirs total, 0 dirs full, 0 dirs failed
I20260630 12:30:09.087203 23175 consensus_queue.cc:1048] T 25c2d1a25adf40978b11d17c4fd6e4c7 P b25e411e3c5e477cab689770b4818c3b [LEADER]: Connected to new peer: Peer: permanent_uuid: "7265aed7669b409496457247871467f4" member_type: VOTER last_known_addr { host: "127.19.133.195" port: 38891 }, Status: LMP_MISMATCH, Last received: 0.0, Next index: 1, Last known committed idx: 0, Time since last communication: 0.001s
I20260630 12:30:09.089826 23082 tablet_service.cc:1511] Processing CreateTablet for tablet 52e828cdd3654ad59ba8ac4d45d594c3 (DEFAULT_TABLE table=range_aware_rebalance_new_range [id=d4ebbf69650345dbaea6c1b1c79e15c3]), partition=HASH (key) PARTITION 5, RANGE (key) PARTITION 10 <= VALUES < 20
I20260630 12:30:09.090538 23233 tablet_service.cc:1511] Processing CreateTablet for tablet 3cceb72afc6e491aa21f39a6f26978dc (DEFAULT_TABLE table=range_aware_rebalance_new_range [id=d4ebbf69650345dbaea6c1b1c79e15c3]), partition=HASH (key) PARTITION 2, RANGE (key) PARTITION 10 <= VALUES < 20
I20260630 12:30:09.091202 23231 tablet_service.cc:1511] Processing CreateTablet for tablet cf6bb81a24604bd29e0f9aa8d1fa8727 (DEFAULT_TABLE table=range_aware_rebalance_new_range [id=d4ebbf69650345dbaea6c1b1c79e15c3]), partition=HASH (key) PARTITION 4, RANGE (key) PARTITION 10 <= VALUES < 20
I20260630 12:30:09.091857 23233 data_dirs.cc:400] Could only allocate 1 dirs of requested 3 for tablet 3cceb72afc6e491aa21f39a6f26978dc. 1 dirs total, 0 dirs full, 0 dirs failed
I20260630 12:30:09.092478 23231 data_dirs.cc:400] Could only allocate 1 dirs of requested 3 for tablet cf6bb81a24604bd29e0f9aa8d1fa8727. 1 dirs total, 0 dirs full, 0 dirs failed
I20260630 12:30:09.093551 23175 consensus_queue.cc:1048] T 1a6cdd25747244149309106f3cc2aaf7 P b25e411e3c5e477cab689770b4818c3b [LEADER]: Connected to new peer: Peer: permanent_uuid: "7265aed7669b409496457247871467f4" member_type: VOTER last_known_addr { host: "127.19.133.195" port: 38891 }, Status: LMP_MISMATCH, Last received: 0.0, Next index: 1, Last known committed idx: 0, Time since last communication: 0.000s
I20260630 12:30:09.093678 22935 tablet_service.cc:1511] Processing CreateTablet for tablet a07ed4f840e048d291c58640e4a8d6f0 (DEFAULT_TABLE table=range_aware_rebalance_new_range [id=d4ebbf69650345dbaea6c1b1c79e15c3]), partition=HASH (key) PARTITION 7, RANGE (key) PARTITION 10 <= VALUES < 20
I20260630 12:30:09.097039 23232 tablet_service.cc:1511] Processing CreateTablet for tablet 8c8d2a3810864e9ca721967d328b7bf8 (DEFAULT_TABLE table=range_aware_rebalance_new_range [id=d4ebbf69650345dbaea6c1b1c79e15c3]), partition=HASH (key) PARTITION 3, RANGE (key) PARTITION 10 <= VALUES < 20
I20260630 12:30:09.098657 23230 tablet_service.cc:1511] Processing CreateTablet for tablet 52e828cdd3654ad59ba8ac4d45d594c3 (DEFAULT_TABLE table=range_aware_rebalance_new_range [id=d4ebbf69650345dbaea6c1b1c79e15c3]), partition=HASH (key) PARTITION 5, RANGE (key) PARTITION 10 <= VALUES < 20
I20260630 12:30:09.099596 23232 data_dirs.cc:400] Could only allocate 1 dirs of requested 3 for tablet 8c8d2a3810864e9ca721967d328b7bf8. 1 dirs total, 0 dirs full, 0 dirs failed
I20260630 12:30:09.099436 23010 tablet_service.cc:1511] Processing CreateTablet for tablet 21fa3268973044ada035203ad6a3e560 (DEFAULT_TABLE table=range_aware_rebalance_new_range [id=d4ebbf69650345dbaea6c1b1c79e15c3]), partition=HASH (key) PARTITION 6, RANGE (key) PARTITION 10 <= VALUES < 20
