I20260630 12:30:08.463721 23144 tablet_bootstrap.cc:654] T 7ea7161e728e46b0a794a29ad12d276d P 7265aed7669b409496457247871467f4: Neither blocks nor log segments found. Creating new log.
I20260630 12:30:08.463049 23165 leader_election.cc:290] T ca7e89787e8140789c6fbc0697f4a8e6 P dfcfe5759e61411ca25fc5f45ab1ea6c [CANDIDATE]: Term 1 election: Requested vote from peers b25e411e3c5e477cab689770b4818c3b (127.19.133.194:41287), 7265aed7669b409496457247871467f4 (127.19.133.195:38891)
I20260630 12:30:08.467015 22844 catalog_manager.cc:5697] T 770f17910863469894e84e89465344fd P dfcfe5759e61411ca25fc5f45ab1ea6c reported cstate change: term changed from 0 to 1, leader changed from <none> to dfcfe5759e61411ca25fc5f45ab1ea6c (127.19.133.193). New cstate: current_term: 1 leader_uuid: "dfcfe5759e61411ca25fc5f45ab1ea6c" committed_config { opid_index: -1 OBSOLETE_local: false peers { permanent_uuid: "dfcfe5759e61411ca25fc5f45ab1ea6c" member_type: VOTER last_known_addr { host: "127.19.133.193" port: 38723 } health_report { overall_health: HEALTHY } } peers { permanent_uuid: "b25e411e3c5e477cab689770b4818c3b" member_type: VOTER last_known_addr { host: "127.19.133.194" port: 41287 } health_report { overall_health: UNKNOWN } } peers { permanent_uuid: "7265aed7669b409496457247871467f4" member_type: VOTER last_known_addr { host: "127.19.133.195" port: 38891 } health_report { overall_health: UNKNOWN } } }
I20260630 12:30:08.467962 23021 raft_consensus.cc:2468] T ca7e89787e8140789c6fbc0697f4a8e6 P b25e411e3c5e477cab689770b4818c3b [term 1 FOLLOWER]: Leader election vote request: Granting yes vote for candidate dfcfe5759e61411ca25fc5f45ab1ea6c in term 1.
I20260630 12:30:08.469218 22912 leader_election.cc:304] T ca7e89787e8140789c6fbc0697f4a8e6 P dfcfe5759e61411ca25fc5f45ab1ea6c [CANDIDATE]: Term 1 election: Election decided. Result: candidate won. Election summary: received 2 responses out of 3 voters: 2 yes votes; 0 no votes. yes voters: b25e411e3c5e477cab689770b4818c3b, dfcfe5759e61411ca25fc5f45ab1ea6c; no voters: 
I20260630 12:30:08.470649 23096 tablet_service.cc:1917] Received RequestConsensusVote() RPC: tablet_id: "ca7e89787e8140789c6fbc0697f4a8e6" candidate_uuid: "dfcfe5759e61411ca25fc5f45ab1ea6c" candidate_term: 1 candidate_status { last_received { term: 0 index: 0 } } ignore_live_leader: false dest_uuid: "7265aed7669b409496457247871467f4"
I20260630 12:30:08.471222 23096 raft_consensus.cc:3060] T ca7e89787e8140789c6fbc0697f4a8e6 P 7265aed7669b409496457247871467f4 [term 0 FOLLOWER]: Advancing to term 1
I20260630 12:30:08.481360 23096 raft_consensus.cc:2468] T ca7e89787e8140789c6fbc0697f4a8e6 P 7265aed7669b409496457247871467f4 [term 1 FOLLOWER]: Leader election vote request: Granting yes vote for candidate dfcfe5759e61411ca25fc5f45ab1ea6c in term 1.
I20260630 12:30:08.482376 23165 raft_consensus.cc:2804] T ca7e89787e8140789c6fbc0697f4a8e6 P dfcfe5759e61411ca25fc5f45ab1ea6c [term 1 FOLLOWER]: Leader election won for term 1
I20260630 12:30:08.482928 23165 raft_consensus.cc:697] T ca7e89787e8140789c6fbc0697f4a8e6 P dfcfe5759e61411ca25fc5f45ab1ea6c [term 1 LEADER]: Becoming Leader. State: Replica: dfcfe5759e61411ca25fc5f45ab1ea6c, State: Running, Role: LEADER
I20260630 12:30:08.484011 23142 tablet_bootstrap.cc:654] T 7ea7161e728e46b0a794a29ad12d276d P dfcfe5759e61411ca25fc5f45ab1ea6c: Neither blocks nor log segments found. Creating new log.
I20260630 12:30:08.487993 23141 tablet_bootstrap.cc:492] T e8241ce1ac634c53b4b05bb462aa36c9 P b25e411e3c5e477cab689770b4818c3b: No bootstrap required, opened a new log
I20260630 12:30:08.483760 23165 consensus_queue.cc:237] T ca7e89787e8140789c6fbc0697f4a8e6 P dfcfe5759e61411ca25fc5f45ab1ea6c [LEADER]: Queue going to LEADER mode. State: All replicated index: 0, Majority replicated index: 0, Committed index: 0, Last appended: 0.0, Last appended by leader: 0, Current term: 1, Majority size: 2, State: 0, Mode: LEADER, active raft config: opid_index: -1 OBSOLETE_local: false peers { permanent_uuid: "dfcfe5759e61411ca25fc5f45ab1ea6c" member_type: VOTER last_known_addr { host: "127.19.133.193" port: 38723 } } peers { permanent_uuid: "b25e411e3c5e477cab689770b4818c3b" member_type: VOTER last_known_addr { host: "127.19.133.194" port: 41287 } } peers { permanent_uuid: "7265aed7669b409496457247871467f4" member_type: VOTER last_known_addr { host: "127.19.133.195" port: 38891 } }
I20260630 12:30:08.488499 23141 ts_tablet_manager.cc:1403] T e8241ce1ac634c53b4b05bb462aa36c9 P b25e411e3c5e477cab689770b4818c3b: Time spent bootstrapping tablet: real 0.062s	user 0.007s	sys 0.019s
I20260630 12:30:08.491359 23141 raft_consensus.cc:359] T e8241ce1ac634c53b4b05bb462aa36c9 P b25e411e3c5e477cab689770b4818c3b [term 0 FOLLOWER]: Replica starting. Triggering 0 pending ops. Active config: opid_index: -1 OBSOLETE_local: false peers { permanent_uuid: "dfcfe5759e61411ca25fc5f45ab1ea6c" member_type: VOTER last_known_addr { host: "127.19.133.193" port: 38723 } } peers { permanent_uuid: "b25e411e3c5e477cab689770b4818c3b" member_type: VOTER last_known_addr { host: "127.19.133.194" port: 41287 } } peers { permanent_uuid: "7265aed7669b409496457247871467f4" member_type: VOTER last_known_addr { host: "127.19.133.195" port: 38891 } }
I20260630 12:30:08.492125 23141 raft_consensus.cc:385] T e8241ce1ac634c53b4b05bb462aa36c9 P b25e411e3c5e477cab689770b4818c3b [term 0 FOLLOWER]: Consensus starting up: Expiring failure detector timer to make a prompt election more likely
I20260630 12:30:08.492462 23141 raft_consensus.cc:740] T e8241ce1ac634c53b4b05bb462aa36c9 P b25e411e3c5e477cab689770b4818c3b [term 0 FOLLOWER]: Becoming Follower/Learner. State: Replica: b25e411e3c5e477cab689770b4818c3b, State: Initialized, Role: FOLLOWER
I20260630 12:30:08.493386 23141 consensus_queue.cc:260] T e8241ce1ac634c53b4b05bb462aa36c9 P b25e411e3c5e477cab689770b4818c3b [NON_LEADER]: Queue going to NON_LEADER mode. State: All replicated index: 0, Majority replicated index: 0, Committed index: 0, Last appended: 0.0, Last appended by leader: 0, Current term: 0, Majority size: -1, State: 0, Mode: NON_LEADER, active raft config: opid_index: -1 OBSOLETE_local: false peers { permanent_uuid: "dfcfe5759e61411ca25fc5f45ab1ea6c" member_type: VOTER last_known_addr { host: "127.19.133.193" port: 38723 } } peers { permanent_uuid: "b25e411e3c5e477cab689770b4818c3b" member_type: VOTER last_known_addr { host: "127.19.133.194" port: 41287 } } peers { permanent_uuid: "7265aed7669b409496457247871467f4" member_type: VOTER last_known_addr { host: "127.19.133.195" port: 38891 } }
I20260630 12:30:08.494901 23146 raft_consensus.cc:493] T beca0967971d4dc686cae833cae6acb9 P b25e411e3c5e477cab689770b4818c3b [term 0 FOLLOWER]: Starting pre-election (no leader contacted us within the election timeout)
I20260630 12:30:08.495375 23146 raft_consensus.cc:515] T beca0967971d4dc686cae833cae6acb9 P b25e411e3c5e477cab689770b4818c3b [term 0 FOLLOWER]: Starting pre-election with config: opid_index: -1 OBSOLETE_local: false peers { permanent_uuid: "b25e411e3c5e477cab689770b4818c3b" member_type: VOTER last_known_addr { host: "127.19.133.194" port: 41287 } } peers { permanent_uuid: "dfcfe5759e61411ca25fc5f45ab1ea6c" member_type: VOTER last_known_addr { host: "127.19.133.193" port: 38723 } } peers { permanent_uuid: "7265aed7669b409496457247871467f4" member_type: VOTER last_known_addr { host: "127.19.133.195" port: 38891 } }
I20260630 12:30:08.497560 23146 leader_election.cc:290] T beca0967971d4dc686cae833cae6acb9 P b25e411e3c5e477cab689770b4818c3b [CANDIDATE]: Term 1 pre-election: Requested pre-vote from peers dfcfe5759e61411ca25fc5f45ab1ea6c (127.19.133.193:38723), 7265aed7669b409496457247871467f4 (127.19.133.195:38891)
I20260630 12:30:08.494076 22947 tablet_service.cc:1917] Received RequestConsensusVote() RPC: tablet_id: "b5d68c7219404d8dbdf5fc745f43e4f0" candidate_uuid: "7265aed7669b409496457247871467f4" candidate_term: 1 candidate_status { last_received { term: 0 index: 0 } } ignore_live_leader: false dest_uuid: "dfcfe5759e61411ca25fc5f45ab1ea6c" is_pre_election: true
I20260630 12:30:08.500026 22947 raft_consensus.cc:2468] T b5d68c7219404d8dbdf5fc745f43e4f0 P dfcfe5759e61411ca25fc5f45ab1ea6c [term 0 FOLLOWER]: Leader pre-election vote request: Granting yes vote for candidate 7265aed7669b409496457247871467f4 in term 0.
I20260630 12:30:08.500030 23142 tablet_bootstrap.cc:492] T 7ea7161e728e46b0a794a29ad12d276d P dfcfe5759e61411ca25fc5f45ab1ea6c: No bootstrap required, opened a new log
I20260630 12:30:08.501724 23021 tablet_service.cc:1917] Received RequestConsensusVote() RPC: tablet_id: "b5d68c7219404d8dbdf5fc745f43e4f0" candidate_uuid: "7265aed7669b409496457247871467f4" candidate_term: 1 candidate_status { last_received { term: 0 index: 0 } } ignore_live_leader: false dest_uuid: "b25e411e3c5e477cab689770b4818c3b" is_pre_election: true
I20260630 12:30:08.502442 23142 ts_tablet_manager.cc:1403] T 7ea7161e728e46b0a794a29ad12d276d P dfcfe5759e61411ca25fc5f45ab1ea6c: Time spent bootstrapping tablet: real 0.045s	user 0.003s	sys 0.011s
I20260630 12:30:08.502617 23021 raft_consensus.cc:2468] T b5d68c7219404d8dbdf5fc745f43e4f0 P b25e411e3c5e477cab689770b4818c3b [term 0 FOLLOWER]: Leader pre-election vote request: Granting yes vote for candidate 7265aed7669b409496457247871467f4 in term 0.
I20260630 12:30:08.501756 23144 tablet_bootstrap.cc:492] T 7ea7161e728e46b0a794a29ad12d276d P 7265aed7669b409496457247871467f4: No bootstrap required, opened a new log
I20260630 12:30:08.503860 23144 ts_tablet_manager.cc:1403] T 7ea7161e728e46b0a794a29ad12d276d P 7265aed7669b409496457247871467f4: Time spent bootstrapping tablet: real 0.047s	user 0.017s	sys 0.004s
I20260630 12:30:08.504043 23061 leader_election.cc:304] T b5d68c7219404d8dbdf5fc745f43e4f0 P 7265aed7669b409496457247871467f4 [CANDIDATE]: Term 1 pre-election: Election decided. Result: candidate won. Election summary: received 2 responses out of 3 voters: 2 yes votes; 0 no votes. yes voters: 7265aed7669b409496457247871467f4, b25e411e3c5e477cab689770b4818c3b; no voters: 
I20260630 12:30:08.504971 23168 raft_consensus.cc:2804] T b5d68c7219404d8dbdf5fc745f43e4f0 P 7265aed7669b409496457247871467f4 [term 0 FOLLOWER]: Leader pre-election won for term 1
I20260630 12:30:08.505338 23168 raft_consensus.cc:493] T b5d68c7219404d8dbdf5fc745f43e4f0 P 7265aed7669b409496457247871467f4 [term 0 FOLLOWER]: Starting leader election (no leader contacted us within the election timeout)
I20260630 12:30:08.505627 23168 raft_consensus.cc:3060] T b5d68c7219404d8dbdf5fc745f43e4f0 P 7265aed7669b409496457247871467f4 [term 0 FOLLOWER]: Advancing to term 1
I20260630 12:30:08.506531 23142 raft_consensus.cc:359] T 7ea7161e728e46b0a794a29ad12d276d P dfcfe5759e61411ca25fc5f45ab1ea6c [term 0 FOLLOWER]: Replica starting. Triggering 0 pending ops. Active config: opid_index: -1 OBSOLETE_local: false peers { permanent_uuid: "7265aed7669b409496457247871467f4" member_type: VOTER last_known_addr { host: "127.19.133.195" port: 38891 } } peers { permanent_uuid: "b25e411e3c5e477cab689770b4818c3b" member_type: VOTER last_known_addr { host: "127.19.133.194" port: 41287 } } peers { permanent_uuid: "dfcfe5759e61411ca25fc5f45ab1ea6c" member_type: VOTER last_known_addr { host: "127.19.133.193" port: 38723 } }
I20260630 12:30:08.507092 23144 raft_consensus.cc:359] T 7ea7161e728e46b0a794a29ad12d276d P 7265aed7669b409496457247871467f4 [term 0 FOLLOWER]: Replica starting. Triggering 0 pending ops. Active config: opid_index: -1 OBSOLETE_local: false peers { permanent_uuid: "7265aed7669b409496457247871467f4" member_type: VOTER last_known_addr { host: "127.19.133.195" port: 38891 } } peers { permanent_uuid: "b25e411e3c5e477cab689770b4818c3b" member_type: VOTER last_known_addr { host: "127.19.133.194" port: 41287 } } peers { permanent_uuid: "dfcfe5759e61411ca25fc5f45ab1ea6c" member_type: VOTER last_known_addr { host: "127.19.133.193" port: 38723 } }
I20260630 12:30:08.507704 23142 raft_consensus.cc:385] T 7ea7161e728e46b0a794a29ad12d276d P dfcfe5759e61411ca25fc5f45ab1ea6c [term 0 FOLLOWER]: Consensus starting up: Expiring failure detector timer to make a prompt election more likely
I20260630 12:30:08.507879 23144 raft_consensus.cc:385] T 7ea7161e728e46b0a794a29ad12d276d P 7265aed7669b409496457247871467f4 [term 0 FOLLOWER]: Consensus starting up: Expiring failure detector timer to make a prompt election more likely
I20260630 12:30:08.508070 23142 raft_consensus.cc:740] T 7ea7161e728e46b0a794a29ad12d276d P dfcfe5759e61411ca25fc5f45ab1ea6c [term 0 FOLLOWER]: Becoming Follower/Learner. State: Replica: dfcfe5759e61411ca25fc5f45ab1ea6c, State: Initialized, Role: FOLLOWER
I20260630 12:30:08.508242 23144 raft_consensus.cc:740] T 7ea7161e728e46b0a794a29ad12d276d P 7265aed7669b409496457247871467f4 [term 0 FOLLOWER]: Becoming Follower/Learner. State: Replica: 7265aed7669b409496457247871467f4, State: Initialized, Role: FOLLOWER
I20260630 12:30:08.508757 23141 ts_tablet_manager.cc:1434] T e8241ce1ac634c53b4b05bb462aa36c9 P b25e411e3c5e477cab689770b4818c3b: Time spent starting tablet: real 0.020s	user 0.010s	sys 0.006s
I20260630 12:30:08.509742 23141 tablet_bootstrap.cc:492] T 770f17910863469894e84e89465344fd P b25e411e3c5e477cab689770b4818c3b: Bootstrap starting.
I20260630 12:30:08.509114 23144 consensus_queue.cc:260] T 7ea7161e728e46b0a794a29ad12d276d P 7265aed7669b409496457247871467f4 [NON_LEADER]: Queue going to NON_LEADER mode. State: All replicated index: 0, Majority replicated index: 0, Committed index: 0, Last appended: 0.0, Last appended by leader: 0, Current term: 0, Majority size: -1, State: 0, Mode: NON_LEADER, active raft config: opid_index: -1 OBSOLETE_local: false peers { permanent_uuid: "7265aed7669b409496457247871467f4" member_type: VOTER last_known_addr { host: "127.19.133.195" port: 38891 } } peers { permanent_uuid: "b25e411e3c5e477cab689770b4818c3b" member_type: VOTER last_known_addr { host: "127.19.133.194" port: 41287 } } peers { permanent_uuid: "dfcfe5759e61411ca25fc5f45ab1ea6c" member_type: VOTER last_known_addr { host: "127.19.133.193" port: 38723 } }
I20260630 12:30:08.509114 23142 consensus_queue.cc:260] T 7ea7161e728e46b0a794a29ad12d276d P dfcfe5759e61411ca25fc5f45ab1ea6c [NON_LEADER]: Queue going to NON_LEADER mode. State: All replicated index: 0, Majority replicated index: 0, Committed index: 0, Last appended: 0.0, Last appended by leader: 0, Current term: 0, Majority size: -1, State: 0, Mode: NON_LEADER, active raft config: opid_index: -1 OBSOLETE_local: false peers { permanent_uuid: "7265aed7669b409496457247871467f4" member_type: VOTER last_known_addr { host: "127.19.133.195" port: 38891 } } peers { permanent_uuid: "b25e411e3c5e477cab689770b4818c3b" member_type: VOTER last_known_addr { host: "127.19.133.194" port: 41287 } } peers { permanent_uuid: "dfcfe5759e61411ca25fc5f45ab1ea6c" member_type: VOTER last_known_addr { host: "127.19.133.193" port: 38723 } }
I20260630 12:30:08.511528 23144 ts_tablet_manager.cc:1434] T 7ea7161e728e46b0a794a29ad12d276d P 7265aed7669b409496457247871467f4: Time spent starting tablet: real 0.007s	user 0.007s	sys 0.000s
I20260630 12:30:08.511936 23142 ts_tablet_manager.cc:1434] T 7ea7161e728e46b0a794a29ad12d276d P dfcfe5759e61411ca25fc5f45ab1ea6c: Time spent starting tablet: real 0.009s	user 0.007s	sys 0.000s
I20260630 12:30:08.512434 23144 tablet_bootstrap.cc:492] T 25c2d1a25adf40978b11d17c4fd6e4c7 P 7265aed7669b409496457247871467f4: Bootstrap starting.
I20260630 12:30:08.512882 23142 tablet_bootstrap.cc:492] T e8241ce1ac634c53b4b05bb462aa36c9 P dfcfe5759e61411ca25fc5f45ab1ea6c: Bootstrap starting.
I20260630 12:30:08.515094 23168 raft_consensus.cc:515] T b5d68c7219404d8dbdf5fc745f43e4f0 P 7265aed7669b409496457247871467f4 [term 1 FOLLOWER]: Starting leader election with config: opid_index: -1 OBSOLETE_local: false peers { permanent_uuid: "dfcfe5759e61411ca25fc5f45ab1ea6c" member_type: VOTER last_known_addr { host: "127.19.133.193" port: 38723 } } peers { permanent_uuid: "b25e411e3c5e477cab689770b4818c3b" member_type: VOTER last_known_addr { host: "127.19.133.194" port: 41287 } } peers { permanent_uuid: "7265aed7669b409496457247871467f4" member_type: VOTER last_known_addr { host: "127.19.133.195" port: 38891 } }
I20260630 12:30:08.519017 23021 tablet_service.cc:1917] Received RequestConsensusVote() RPC: tablet_id: "b5d68c7219404d8dbdf5fc745f43e4f0" candidate_uuid: "7265aed7669b409496457247871467f4" candidate_term: 1 candidate_status { last_received { term: 0 index: 0 } } ignore_live_leader: false dest_uuid: "b25e411e3c5e477cab689770b4818c3b"
I20260630 12:30:08.515847 23141 tablet_bootstrap.cc:654] T 770f17910863469894e84e89465344fd P b25e411e3c5e477cab689770b4818c3b: Neither blocks nor log segments found. Creating new log.
I20260630 12:30:08.519618 23021 raft_consensus.cc:3060] T b5d68c7219404d8dbdf5fc745f43e4f0 P b25e411e3c5e477cab689770b4818c3b [term 0 FOLLOWER]: Advancing to term 1
I20260630 12:30:08.520149 22947 tablet_service.cc:1917] Received RequestConsensusVote() RPC: tablet_id: "b5d68c7219404d8dbdf5fc745f43e4f0" candidate_uuid: "7265aed7669b409496457247871467f4" candidate_term: 1 candidate_status { last_received { term: 0 index: 0 } } ignore_live_leader: false dest_uuid: "dfcfe5759e61411ca25fc5f45ab1ea6c"
I20260630 12:30:08.520709 22947 raft_consensus.cc:3060] T b5d68c7219404d8dbdf5fc745f43e4f0 P dfcfe5759e61411ca25fc5f45ab1ea6c [term 0 FOLLOWER]: Advancing to term 1
I20260630 12:30:08.519001 23142 tablet_bootstrap.cc:654] T e8241ce1ac634c53b4b05bb462aa36c9 P dfcfe5759e61411ca25fc5f45ab1ea6c: Neither blocks nor log segments found. Creating new log.
I20260630 12:30:08.526660 23144 tablet_bootstrap.cc:654] T 25c2d1a25adf40978b11d17c4fd6e4c7 P 7265aed7669b409496457247871467f4: Neither blocks nor log segments found. Creating new log.
I20260630 12:30:08.530123 22947 raft_consensus.cc:2468] T b5d68c7219404d8dbdf5fc745f43e4f0 P dfcfe5759e61411ca25fc5f45ab1ea6c [term 1 FOLLOWER]: Leader election vote request: Granting yes vote for candidate 7265aed7669b409496457247871467f4 in term 1.
I20260630 12:30:08.530544 23141 tablet_bootstrap.cc:492] T 770f17910863469894e84e89465344fd P b25e411e3c5e477cab689770b4818c3b: No bootstrap required, opened a new log
I20260630 12:30:08.531042 23141 ts_tablet_manager.cc:1403] T 770f17910863469894e84e89465344fd P b25e411e3c5e477cab689770b4818c3b: Time spent bootstrapping tablet: real 0.021s	user 0.012s	sys 0.004s
I20260630 12:30:08.531806 23168 leader_election.cc:290] T b5d68c7219404d8dbdf5fc745f43e4f0 P 7265aed7669b409496457247871467f4 [CANDIDATE]: Term 1 election: Requested vote from peers dfcfe5759e61411ca25fc5f45ab1ea6c (127.19.133.193:38723), b25e411e3c5e477cab689770b4818c3b (127.19.133.194:41287)
I20260630 12:30:08.532460 23059 leader_election.cc:304] T b5d68c7219404d8dbdf5fc745f43e4f0 P 7265aed7669b409496457247871467f4 [CANDIDATE]: Term 1 election: Election decided. Result: candidate won. Election summary: received 2 responses out of 3 voters: 2 yes votes; 0 no votes. yes voters: 7265aed7669b409496457247871467f4, dfcfe5759e61411ca25fc5f45ab1ea6c; no voters: 
I20260630 12:30:08.526587 23021 raft_consensus.cc:2468] T b5d68c7219404d8dbdf5fc745f43e4f0 P b25e411e3c5e477cab689770b4818c3b [term 1 FOLLOWER]: Leader election vote request: Granting yes vote for candidate 7265aed7669b409496457247871467f4 in term 1.
I20260630 12:30:08.536002 23141 raft_consensus.cc:359] T 770f17910863469894e84e89465344fd P b25e411e3c5e477cab689770b4818c3b [term 0 FOLLOWER]: Replica starting. Triggering 0 pending ops. Active config: opid_index: -1 OBSOLETE_local: false peers { permanent_uuid: "dfcfe5759e61411ca25fc5f45ab1ea6c" member_type: VOTER last_known_addr { host: "127.19.133.193" port: 38723 } } peers { permanent_uuid: "b25e411e3c5e477cab689770b4818c3b" member_type: VOTER last_known_addr { host: "127.19.133.194" port: 41287 } } peers { permanent_uuid: "7265aed7669b409496457247871467f4" member_type: VOTER last_known_addr { host: "127.19.133.195" port: 38891 } }
I20260630 12:30:08.536676 23141 raft_consensus.cc:385] T 770f17910863469894e84e89465344fd P b25e411e3c5e477cab689770b4818c3b [term 0 FOLLOWER]: Consensus starting up: Expiring failure detector timer to make a prompt election more likely
I20260630 12:30:08.536170 22845 catalog_manager.cc:5697] T ca7e89787e8140789c6fbc0697f4a8e6 P dfcfe5759e61411ca25fc5f45ab1ea6c reported cstate change: term changed from 0 to 1, leader changed from <none> to dfcfe5759e61411ca25fc5f45ab1ea6c (127.19.133.193). New cstate: current_term: 1 leader_uuid: "dfcfe5759e61411ca25fc5f45ab1ea6c" committed_config { opid_index: -1 OBSOLETE_local: false peers { permanent_uuid: "dfcfe5759e61411ca25fc5f45ab1ea6c" member_type: VOTER last_known_addr { host: "127.19.133.193" port: 38723 } health_report { overall_health: HEALTHY } } peers { permanent_uuid: "b25e411e3c5e477cab689770b4818c3b" member_type: VOTER last_known_addr { host: "127.19.133.194" port: 41287 } health_report { overall_health: UNKNOWN } } peers { permanent_uuid: "7265aed7669b409496457247871467f4" member_type: VOTER last_known_addr { host: "127.19.133.195" port: 38891 } health_report { overall_health: UNKNOWN } } }
I20260630 12:30:08.536948 23141 raft_consensus.cc:740] T 770f17910863469894e84e89465344fd P b25e411e3c5e477cab689770b4818c3b [term 0 FOLLOWER]: Becoming Follower/Learner. State: Replica: b25e411e3c5e477cab689770b4818c3b, State: Initialized, Role: FOLLOWER
I20260630 12:30:08.537732 23141 consensus_queue.cc:260] T 770f17910863469894e84e89465344fd P b25e411e3c5e477cab689770b4818c3b [NON_LEADER]: Queue going to NON_LEADER mode. State: All replicated index: 0, Majority replicated index: 0, Committed index: 0, Last appended: 0.0, Last appended by leader: 0, Current term: 0, Majority size: -1, State: 0, Mode: NON_LEADER, active raft config: opid_index: -1 OBSOLETE_local: false peers { permanent_uuid: "dfcfe5759e61411ca25fc5f45ab1ea6c" member_type: VOTER last_known_addr { host: "127.19.133.193" port: 38723 } } peers { permanent_uuid: "b25e411e3c5e477cab689770b4818c3b" member_type: VOTER last_known_addr { host: "127.19.133.194" port: 41287 } } peers { permanent_uuid: "7265aed7669b409496457247871467f4" member_type: VOTER last_known_addr { host: "127.19.133.195" port: 38891 } }
I20260630 12:30:08.543020 23168 raft_consensus.cc:2804] T b5d68c7219404d8dbdf5fc745f43e4f0 P 7265aed7669b409496457247871467f4 [term 1 FOLLOWER]: Leader election won for term 1
I20260630 12:30:08.543537 23144 tablet_bootstrap.cc:492] T 25c2d1a25adf40978b11d17c4fd6e4c7 P 7265aed7669b409496457247871467f4: No bootstrap required, opened a new log
I20260630 12:30:08.543744 23168 raft_consensus.cc:697] T b5d68c7219404d8dbdf5fc745f43e4f0 P 7265aed7669b409496457247871467f4 [term 1 LEADER]: Becoming Leader. State: Replica: 7265aed7669b409496457247871467f4, State: Running, Role: LEADER
I20260630 12:30:08.544051 23144 ts_tablet_manager.cc:1403] T 25c2d1a25adf40978b11d17c4fd6e4c7 P 7265aed7669b409496457247871467f4: Time spent bootstrapping tablet: real 0.032s	user 0.011s	sys 0.000s
I20260630 12:30:08.548216 23141 ts_tablet_manager.cc:1434] T 770f17910863469894e84e89465344fd P b25e411e3c5e477cab689770b4818c3b: Time spent starting tablet: real 0.017s	user 0.003s	sys 0.002s
I20260630 12:30:08.544613 23168 consensus_queue.cc:237] T b5d68c7219404d8dbdf5fc745f43e4f0 P 7265aed7669b409496457247871467f4 [LEADER]: Queue going to LEADER mode. State: All replicated index: 0, Majority replicated index: 0, Committed index: 0, Last appended: 0.0, Last appended by leader: 0, Current term: 1, Majority size: 2, State: 0, Mode: LEADER, active raft config: opid_index: -1 OBSOLETE_local: false peers { permanent_uuid: "dfcfe5759e61411ca25fc5f45ab1ea6c" member_type: VOTER last_known_addr { host: "127.19.133.193" port: 38723 } } peers { permanent_uuid: "b25e411e3c5e477cab689770b4818c3b" member_type: VOTER last_known_addr { host: "127.19.133.194" port: 41287 } } peers { permanent_uuid: "7265aed7669b409496457247871467f4" member_type: VOTER last_known_addr { host: "127.19.133.195" port: 38891 } }
I20260630 12:30:08.556308 23144 raft_consensus.cc:359] T 25c2d1a25adf40978b11d17c4fd6e4c7 P 7265aed7669b409496457247871467f4 [term 0 FOLLOWER]: Replica starting. Triggering 0 pending ops. Active config: opid_index: -1 OBSOLETE_local: false peers { permanent_uuid: "dfcfe5759e61411ca25fc5f45ab1ea6c" member_type: VOTER last_known_addr { host: "127.19.133.193" port: 38723 } } peers { permanent_uuid: "b25e411e3c5e477cab689770b4818c3b" member_type: VOTER last_known_addr { host: "127.19.133.194" port: 41287 } } peers { permanent_uuid: "7265aed7669b409496457247871467f4" member_type: VOTER last_known_addr { host: "127.19.133.195" port: 38891 } }
I20260630 12:30:08.557031 23144 raft_consensus.cc:385] T 25c2d1a25adf40978b11d17c4fd6e4c7 P 7265aed7669b409496457247871467f4 [term 0 FOLLOWER]: Consensus starting up: Expiring failure detector timer to make a prompt election more likely
I20260630 12:30:08.557313 23144 raft_consensus.cc:740] T 25c2d1a25adf40978b11d17c4fd6e4c7 P 7265aed7669b409496457247871467f4 [term 0 FOLLOWER]: Becoming Follower/Learner. State: Replica: 7265aed7669b409496457247871467f4, State: Initialized, Role: FOLLOWER
I20260630 12:30:08.558022 23144 consensus_queue.cc:260] T 25c2d1a25adf40978b11d17c4fd6e4c7 P 7265aed7669b409496457247871467f4 [NON_LEADER]: Queue going to NON_LEADER mode. State: All replicated index: 0, Majority replicated index: 0, Committed index: 0, Last appended: 0.0, Last appended by leader: 0, Current term: 0, Majority size: -1, State: 0, Mode: NON_LEADER, active raft config: opid_index: -1 OBSOLETE_local: false peers { permanent_uuid: "dfcfe5759e61411ca25fc5f45ab1ea6c" member_type: VOTER last_known_addr { host: "127.19.133.193" port: 38723 } } peers { permanent_uuid: "b25e411e3c5e477cab689770b4818c3b" member_type: VOTER last_known_addr { host: "127.19.133.194" port: 41287 } } peers { permanent_uuid: "7265aed7669b409496457247871467f4" member_type: VOTER last_known_addr { host: "127.19.133.195" port: 38891 } }
I20260630 12:30:08.560107 23144 ts_tablet_manager.cc:1434] T 25c2d1a25adf40978b11d17c4fd6e4c7 P 7265aed7669b409496457247871467f4: Time spent starting tablet: real 0.013s	user 0.003s	sys 0.002s
I20260630 12:30:08.561065 23144 tablet_bootstrap.cc:492] T 1a6cdd25747244149309106f3cc2aaf7 P 7265aed7669b409496457247871467f4: Bootstrap starting.
I20260630 12:30:08.566418 22947 tablet_service.cc:1917] Received RequestConsensusVote() RPC: tablet_id: "beca0967971d4dc686cae833cae6acb9" candidate_uuid: "b25e411e3c5e477cab689770b4818c3b" candidate_term: 1 candidate_status { last_received { term: 0 index: 0 } } ignore_live_leader: false dest_uuid: "dfcfe5759e61411ca25fc5f45ab1ea6c" is_pre_election: true
I20260630 12:30:08.566963 23144 tablet_bootstrap.cc:654] T 1a6cdd25747244149309106f3cc2aaf7 P 7265aed7669b409496457247871467f4: Neither blocks nor log segments found. Creating new log.
I20260630 12:30:08.567118 23096 tablet_service.cc:1917] Received RequestConsensusVote() RPC: tablet_id: "beca0967971d4dc686cae833cae6acb9" candidate_uuid: "b25e411e3c5e477cab689770b4818c3b" candidate_term: 1 candidate_status { last_received { term: 0 index: 0 } } ignore_live_leader: false dest_uuid: "7265aed7669b409496457247871467f4" is_pre_election: true
I20260630 12:30:08.567727 23096 raft_consensus.cc:2468] T beca0967971d4dc686cae833cae6acb9 P 7265aed7669b409496457247871467f4 [term 0 FOLLOWER]: Leader pre-election vote request: Granting yes vote for candidate b25e411e3c5e477cab689770b4818c3b in term 0.
W20260630 12:30:08.569111 22985 leader_election.cc:343] T beca0967971d4dc686cae833cae6acb9 P b25e411e3c5e477cab689770b4818c3b [CANDIDATE]: Term 1 pre-election: Tablet error from VoteRequest() call to peer dfcfe5759e61411ca25fc5f45ab1ea6c (127.19.133.193:38723): Illegal state: must be running to vote when last-logged opid is not known
I20260630 12:30:08.569811 22985 leader_election.cc:304] T beca0967971d4dc686cae833cae6acb9 P b25e411e3c5e477cab689770b4818c3b [CANDIDATE]: Term 1 pre-election: Election decided. Result: candidate won. Election summary: received 3 responses out of 3 voters: 2 yes votes; 1 no votes. yes voters: 7265aed7669b409496457247871467f4, b25e411e3c5e477cab689770b4818c3b; no voters: dfcfe5759e61411ca25fc5f45ab1ea6c
I20260630 12:30:08.570746 23175 raft_consensus.cc:2804] T beca0967971d4dc686cae833cae6acb9 P b25e411e3c5e477cab689770b4818c3b [term 0 FOLLOWER]: Leader pre-election won for term 1
I20260630 12:30:08.571105 23175 raft_consensus.cc:493] T beca0967971d4dc686cae833cae6acb9 P b25e411e3c5e477cab689770b4818c3b [term 0 FOLLOWER]: Starting leader election (no leader contacted us within the election timeout)
I20260630 12:30:08.571467 23175 raft_consensus.cc:3060] T beca0967971d4dc686cae833cae6acb9 P b25e411e3c5e477cab689770b4818c3b [term 0 FOLLOWER]: Advancing to term 1
I20260630 12:30:08.576898 23142 tablet_bootstrap.cc:492] T e8241ce1ac634c53b4b05bb462aa36c9 P dfcfe5759e61411ca25fc5f45ab1ea6c: No bootstrap required, opened a new log
I20260630 12:30:08.577414 23142 ts_tablet_manager.cc:1403] T e8241ce1ac634c53b4b05bb462aa36c9 P dfcfe5759e61411ca25fc5f45ab1ea6c: Time spent bootstrapping tablet: real 0.065s	user 0.022s	sys 0.023s
I20260630 12:30:08.578312 23175 raft_consensus.cc:515] T beca0967971d4dc686cae833cae6acb9 P b25e411e3c5e477cab689770b4818c3b [term 1 FOLLOWER]: Starting leader election with config: opid_index: -1 OBSOLETE_local: false peers { permanent_uuid: "b25e411e3c5e477cab689770b4818c3b" member_type: VOTER last_known_addr { host: "127.19.133.194" port: 41287 } } peers { permanent_uuid: "dfcfe5759e61411ca25fc5f45ab1ea6c" member_type: VOTER last_known_addr { host: "127.19.133.193" port: 38723 } } peers { permanent_uuid: "7265aed7669b409496457247871467f4" member_type: VOTER last_known_addr { host: "127.19.133.195" port: 38891 } }
I20260630 12:30:08.579950 23142 raft_consensus.cc:359] T e8241ce1ac634c53b4b05bb462aa36c9 P dfcfe5759e61411ca25fc5f45ab1ea6c [term 0 FOLLOWER]: Replica starting. Triggering 0 pending ops. Active config: opid_index: -1 OBSOLETE_local: false peers { permanent_uuid: "dfcfe5759e61411ca25fc5f45ab1ea6c" member_type: VOTER last_known_addr { host: "127.19.133.193" port: 38723 } } peers { permanent_uuid: "b25e411e3c5e477cab689770b4818c3b" member_type: VOTER last_known_addr { host: "127.19.133.194" port: 41287 } } peers { permanent_uuid: "7265aed7669b409496457247871467f4" member_type: VOTER last_known_addr { host: "127.19.133.195" port: 38891 } }
I20260630 12:30:08.580644 23142 raft_consensus.cc:385] T e8241ce1ac634c53b4b05bb462aa36c9 P dfcfe5759e61411ca25fc5f45ab1ea6c [term 0 FOLLOWER]: Consensus starting up: Expiring failure detector timer to make a prompt election more likely
I20260630 12:30:08.580881 23146 raft_consensus.cc:493] T 25c2d1a25adf40978b11d17c4fd6e4c7 P b25e411e3c5e477cab689770b4818c3b [term 0 FOLLOWER]: Starting pre-election (no leader contacted us within the election timeout)
I20260630 12:30:08.580945 23142 raft_consensus.cc:740] T e8241ce1ac634c53b4b05bb462aa36c9 P dfcfe5759e61411ca25fc5f45ab1ea6c [term 0 FOLLOWER]: Becoming Follower/Learner. State: Replica: dfcfe5759e61411ca25fc5f45ab1ea6c, State: Initialized, Role: FOLLOWER
I20260630 12:30:08.580925 22947 tablet_service.cc:1917] Received RequestConsensusVote() RPC: tablet_id: "beca0967971d4dc686cae833cae6acb9" candidate_uuid: "b25e411e3c5e477cab689770b4818c3b" candidate_term: 1 candidate_status { last_received { term: 0 index: 0 } } ignore_live_leader: false dest_uuid: "dfcfe5759e61411ca25fc5f45ab1ea6c"
I20260630 12:30:08.581501 23146 raft_consensus.cc:515] T 25c2d1a25adf40978b11d17c4fd6e4c7 P b25e411e3c5e477cab689770b4818c3b [term 0 FOLLOWER]: Starting pre-election with config: opid_index: -1 OBSOLETE_local: false peers { permanent_uuid: "dfcfe5759e61411ca25fc5f45ab1ea6c" member_type: VOTER last_known_addr { host: "127.19.133.193" port: 38723 } } peers { permanent_uuid: "b25e411e3c5e477cab689770b4818c3b" member_type: VOTER last_known_addr { host: "127.19.133.194" port: 41287 } } peers { permanent_uuid: "7265aed7669b409496457247871467f4" member_type: VOTER last_known_addr { host: "127.19.133.195" port: 38891 } }
I20260630 12:30:08.582049 23142 consensus_queue.cc:260] T e8241ce1ac634c53b4b05bb462aa36c9 P dfcfe5759e61411ca25fc5f45ab1ea6c [NON_LEADER]: Queue going to NON_LEADER mode. State: All replicated index: 0, Majority replicated index: 0, Committed index: 0, Last appended: 0.0, Last appended by leader: 0, Current term: 0, Majority size: -1, State: 0, Mode: NON_LEADER, active raft config: opid_index: -1 OBSOLETE_local: false peers { permanent_uuid: "dfcfe5759e61411ca25fc5f45ab1ea6c" member_type: VOTER last_known_addr { host: "127.19.133.193" port: 38723 } } peers { permanent_uuid: "b25e411e3c5e477cab689770b4818c3b" member_type: VOTER last_known_addr { host: "127.19.133.194" port: 41287 } } peers { permanent_uuid: "7265aed7669b409496457247871467f4" member_type: VOTER last_known_addr { host: "127.19.133.195" port: 38891 } }
W20260630 12:30:08.582490 22985 leader_election.cc:343] T beca0967971d4dc686cae833cae6acb9 P b25e411e3c5e477cab689770b4818c3b [CANDIDATE]: Term 1 election: Tablet error from VoteRequest() call to peer dfcfe5759e61411ca25fc5f45ab1ea6c (127.19.133.193:38723): Illegal state: must be running to vote when last-logged opid is not known
I20260630 12:30:08.582628 23144 tablet_bootstrap.cc:492] T 1a6cdd25747244149309106f3cc2aaf7 P 7265aed7669b409496457247871467f4: No bootstrap required, opened a new log
I20260630 12:30:08.583659 23146 leader_election.cc:290] T 25c2d1a25adf40978b11d17c4fd6e4c7 P b25e411e3c5e477cab689770b4818c3b [CANDIDATE]: Term 1 pre-election: Requested pre-vote from peers dfcfe5759e61411ca25fc5f45ab1ea6c (127.19.133.193:38723), 7265aed7669b409496457247871467f4 (127.19.133.195:38891)
I20260630 12:30:08.587016 23095 tablet_service.cc:1917] Received RequestConsensusVote() RPC: tablet_id: "beca0967971d4dc686cae833cae6acb9" candidate_uuid: "b25e411e3c5e477cab689770b4818c3b" candidate_term: 1 candidate_status { last_received { term: 0 index: 0 } } ignore_live_leader: false dest_uuid: "7265aed7669b409496457247871467f4"
I20260630 12:30:08.587651 23095 raft_consensus.cc:3060] T beca0967971d4dc686cae833cae6acb9 P 7265aed7669b409496457247871467f4 [term 0 FOLLOWER]: Advancing to term 1
I20260630 12:30:08.589366 23175 leader_election.cc:290] T beca0967971d4dc686cae833cae6acb9 P b25e411e3c5e477cab689770b4818c3b [CANDIDATE]: Term 1 election: Requested vote from peers dfcfe5759e61411ca25fc5f45ab1ea6c (127.19.133.193:38723), 7265aed7669b409496457247871467f4 (127.19.133.195:38891)
I20260630 12:30:08.584944 22947 tablet_service.cc:1917] Received RequestConsensusVote() RPC: tablet_id: "25c2d1a25adf40978b11d17c4fd6e4c7" candidate_uuid: "b25e411e3c5e477cab689770b4818c3b" candidate_term: 1 candidate_status { last_received { term: 0 index: 0 } } ignore_live_leader: false dest_uuid: "dfcfe5759e61411ca25fc5f45ab1ea6c" is_pre_election: true
I20260630 12:30:08.585642 23096 tablet_service.cc:1917] Received RequestConsensusVote() RPC: tablet_id: "25c2d1a25adf40978b11d17c4fd6e4c7" candidate_uuid: "b25e411e3c5e477cab689770b4818c3b" candidate_term: 1 candidate_status { last_received { term: 0 index: 0 } } ignore_live_leader: false dest_uuid: "7265aed7669b409496457247871467f4" is_pre_election: true
I20260630 12:30:08.590054 23096 raft_consensus.cc:2468] T 25c2d1a25adf40978b11d17c4fd6e4c7 P 7265aed7669b409496457247871467f4 [term 0 FOLLOWER]: Leader pre-election vote request: Granting yes vote for candidate b25e411e3c5e477cab689770b4818c3b in term 0.
I20260630 12:30:08.587273 23144 ts_tablet_manager.cc:1403] T 1a6cdd25747244149309106f3cc2aaf7 P 7265aed7669b409496457247871467f4: Time spent bootstrapping tablet: real 0.026s	user 0.007s	sys 0.009s
I20260630 12:30:08.590013 22947 raft_consensus.cc:2468] T 25c2d1a25adf40978b11d17c4fd6e4c7 P dfcfe5759e61411ca25fc5f45ab1ea6c [term 0 FOLLOWER]: Leader pre-election vote request: Granting yes vote for candidate b25e411e3c5e477cab689770b4818c3b in term 0.
I20260630 12:30:08.584273 23142 ts_tablet_manager.cc:1434] T e8241ce1ac634c53b4b05bb462aa36c9 P dfcfe5759e61411ca25fc5f45ab1ea6c: Time spent starting tablet: real 0.007s	user 0.005s	sys 0.000s
I20260630 12:30:08.591717 23142 tablet_bootstrap.cc:492] T beca0967971d4dc686cae833cae6acb9 P dfcfe5759e61411ca25fc5f45ab1ea6c: Bootstrap starting.
I20260630 12:30:08.593077 23144 raft_consensus.cc:359] T 1a6cdd25747244149309106f3cc2aaf7 P 7265aed7669b409496457247871467f4 [term 0 FOLLOWER]: Replica starting. Triggering 0 pending ops. Active config: opid_index: -1 OBSOLETE_local: false peers { permanent_uuid: "dfcfe5759e61411ca25fc5f45ab1ea6c" member_type: VOTER last_known_addr { host: "127.19.133.193" port: 38723 } } peers { permanent_uuid: "b25e411e3c5e477cab689770b4818c3b" member_type: VOTER last_known_addr { host: "127.19.133.194" port: 41287 } } peers { permanent_uuid: "7265aed7669b409496457247871467f4" member_type: VOTER last_known_addr { host: "127.19.133.195" port: 38891 } }
I20260630 12:30:08.593747 23144 raft_consensus.cc:385] T 1a6cdd25747244149309106f3cc2aaf7 P 7265aed7669b409496457247871467f4 [term 0 FOLLOWER]: Consensus starting up: Expiring failure detector timer to make a prompt election more likely
I20260630 12:30:08.594053 23144 raft_consensus.cc:740] T 1a6cdd25747244149309106f3cc2aaf7 P 7265aed7669b409496457247871467f4 [term 0 FOLLOWER]: Becoming Follower/Learner. State: Replica: 7265aed7669b409496457247871467f4, State: Initialized, Role: FOLLOWER
I20260630 12:30:08.594594 23095 raft_consensus.cc:2468] T beca0967971d4dc686cae833cae6acb9 P 7265aed7669b409496457247871467f4 [term 1 FOLLOWER]: Leader election vote request: Granting yes vote for candidate b25e411e3c5e477cab689770b4818c3b in term 1.
I20260630 12:30:08.591715 22845 catalog_manager.cc:5697] T b5d68c7219404d8dbdf5fc745f43e4f0 P 7265aed7669b409496457247871467f4 reported cstate change: term changed from 0 to 1, leader changed from <none> to 7265aed7669b409496457247871467f4 (127.19.133.195). New cstate: current_term: 1 leader_uuid: "7265aed7669b409496457247871467f4" committed_config { opid_index: -1 OBSOLETE_local: false peers { permanent_uuid: "dfcfe5759e61411ca25fc5f45ab1ea6c" member_type: VOTER last_known_addr { host: "127.19.133.193" port: 38723 } health_report { overall_health: UNKNOWN } } peers { permanent_uuid: "b25e411e3c5e477cab689770b4818c3b" member_type: VOTER last_known_addr { host: "127.19.133.194" port: 41287 } health_report { overall_health: UNKNOWN } } peers { permanent_uuid: "7265aed7669b409496457247871467f4" member_type: VOTER last_known_addr { host: "127.19.133.195" port: 38891 } health_report { overall_health: HEALTHY } } }
I20260630 12:30:08.594830 23144 consensus_queue.cc:260] T 1a6cdd25747244149309106f3cc2aaf7 P 7265aed7669b409496457247871467f4 [NON_LEADER]: Queue going to NON_LEADER mode. State: All replicated index: 0, Majority replicated index: 0, Committed index: 0, Last appended: 0.0, Last appended by leader: 0, Current term: 0, Majority size: -1, State: 0, Mode: NON_LEADER, active raft config: opid_index: -1 OBSOLETE_local: false peers { permanent_uuid: "dfcfe5759e61411ca25fc5f45ab1ea6c" member_type: VOTER last_known_addr { host: "127.19.133.193" port: 38723 } } peers { permanent_uuid: "b25e411e3c5e477cab689770b4818c3b" member_type: VOTER last_known_addr { host: "127.19.133.194" port: 41287 } } peers { permanent_uuid: "7265aed7669b409496457247871467f4" member_type: VOTER last_known_addr { host: "127.19.133.195" port: 38891 } }
I20260630 12:30:08.595260 22985 leader_election.cc:304] T 25c2d1a25adf40978b11d17c4fd6e4c7 P b25e411e3c5e477cab689770b4818c3b [CANDIDATE]: Term 1 pre-election: Election decided. Result: candidate won. Election summary: received 2 responses out of 3 voters: 2 yes votes; 0 no votes. yes voters: b25e411e3c5e477cab689770b4818c3b, dfcfe5759e61411ca25fc5f45ab1ea6c; no voters: 
I20260630 12:30:08.597623 23175 raft_consensus.cc:2804] T 25c2d1a25adf40978b11d17c4fd6e4c7 P b25e411e3c5e477cab689770b4818c3b [term 0 FOLLOWER]: Leader pre-election won for term 1
I20260630 12:30:08.598155 23175 raft_consensus.cc:493] T 25c2d1a25adf40978b11d17c4fd6e4c7 P b25e411e3c5e477cab689770b4818c3b [term 0 FOLLOWER]: Starting leader election (no leader contacted us within the election timeout)
I20260630 12:30:08.598471 23175 raft_consensus.cc:3060] T 25c2d1a25adf40978b11d17c4fd6e4c7 P b25e411e3c5e477cab689770b4818c3b [term 0 FOLLOWER]: Advancing to term 1
I20260630 12:30:08.598663 23142 tablet_bootstrap.cc:654] T beca0967971d4dc686cae833cae6acb9 P dfcfe5759e61411ca25fc5f45ab1ea6c: Neither blocks nor log segments found. Creating new log.
I20260630 12:30:08.600790 23144 ts_tablet_manager.cc:1434] T 1a6cdd25747244149309106f3cc2aaf7 P 7265aed7669b409496457247871467f4: Time spent starting tablet: real 0.010s	user 0.004s	sys 0.000s
I20260630 12:30:08.605780 22985 leader_election.cc:304] T beca0967971d4dc686cae833cae6acb9 P b25e411e3c5e477cab689770b4818c3b [CANDIDATE]: Term 1 election: Election decided. Result: candidate won. Election summary: received 3 responses out of 3 voters: 2 yes votes; 1 no votes. yes voters: 7265aed7669b409496457247871467f4, b25e411e3c5e477cab689770b4818c3b; no voters: dfcfe5759e61411ca25fc5f45ab1ea6c
I20260630 12:30:08.606586 23146 raft_consensus.cc:2804] T beca0967971d4dc686cae833cae6acb9 P b25e411e3c5e477cab689770b4818c3b [term 1 FOLLOWER]: Leader election won for term 1
I20260630 12:30:08.607913 23175 raft_consensus.cc:515] T 25c2d1a25adf40978b11d17c4fd6e4c7 P b25e411e3c5e477cab689770b4818c3b [term 1 FOLLOWER]: Starting leader election with config: opid_index: -1 OBSOLETE_local: false peers { permanent_uuid: "dfcfe5759e61411ca25fc5f45ab1ea6c" member_type: VOTER last_known_addr { host: "127.19.133.193" port: 38723 } } peers { permanent_uuid: "b25e411e3c5e477cab689770b4818c3b" member_type: VOTER last_known_addr { host: "127.19.133.194" port: 41287 } } peers { permanent_uuid: "7265aed7669b409496457247871467f4" member_type: VOTER last_known_addr { host: "127.19.133.195" port: 38891 } }
I20260630 12:30:08.609926 23175 leader_election.cc:290] T 25c2d1a25adf40978b11d17c4fd6e4c7 P b25e411e3c5e477cab689770b4818c3b [CANDIDATE]: Term 1 election: Requested vote from peers dfcfe5759e61411ca25fc5f45ab1ea6c (127.19.133.193:38723), 7265aed7669b409496457247871467f4 (127.19.133.195:38891)
I20260630 12:30:08.611539 23146 raft_consensus.cc:697] T beca0967971d4dc686cae833cae6acb9 P b25e411e3c5e477cab689770b4818c3b [term 1 LEADER]: Becoming Leader. State: Replica: b25e411e3c5e477cab689770b4818c3b, State: Running, Role: LEADER
I20260630 12:30:08.612428 23146 consensus_queue.cc:237] T beca0967971d4dc686cae833cae6acb9 P b25e411e3c5e477cab689770b4818c3b [LEADER]: Queue going to LEADER mode. State: All replicated index: 0, Majority replicated index: 0, Committed index: 0, Last appended: 0.0, Last appended by leader: 0, Current term: 1, Majority size: 2, State: 0, Mode: LEADER, active raft config: opid_index: -1 OBSOLETE_local: false peers { permanent_uuid: "b25e411e3c5e477cab689770b4818c3b" member_type: VOTER last_known_addr { host: "127.19.133.194" port: 41287 } } peers { permanent_uuid: "dfcfe5759e61411ca25fc5f45ab1ea6c" member_type: VOTER last_known_addr { host: "127.19.133.193" port: 38723 } } peers { permanent_uuid: "7265aed7669b409496457247871467f4" member_type: VOTER last_known_addr { host: "127.19.133.195" port: 38891 } }
W20260630 12:30:08.613581 22893 auto_rebalancer.cc:298] Could not retrieve cluster info: Service unavailable: Tablet not running
I20260630 12:30:08.616354 22898 auto_leader_rebalancer.cc:141] leader rebalance for table range_aware_rebalance_new_range
W20260630 12:30:08.617245 22898 auto_leader_rebalancer.cc:524] the master instance isn't leader: Service unavailable: Tablet not running
I20260630 12:30:08.617494 23095 tablet_service.cc:1917] Received RequestConsensusVote() RPC: tablet_id: "25c2d1a25adf40978b11d17c4fd6e4c7" candidate_uuid: "b25e411e3c5e477cab689770b4818c3b" candidate_term: 1 candidate_status { last_received { term: 0 index: 0 } } ignore_live_leader: false dest_uuid: "7265aed7669b409496457247871467f4"
I20260630 12:30:08.618117 23095 raft_consensus.cc:3060] T 25c2d1a25adf40978b11d17c4fd6e4c7 P 7265aed7669b409496457247871467f4 [term 0 FOLLOWER]: Advancing to term 1
I20260630 12:30:08.618669 23142 tablet_bootstrap.cc:492] T beca0967971d4dc686cae833cae6acb9 P dfcfe5759e61411ca25fc5f45ab1ea6c: No bootstrap required, opened a new log
I20260630 12:30:08.619042 23142 ts_tablet_manager.cc:1403] T beca0967971d4dc686cae833cae6acb9 P dfcfe5759e61411ca25fc5f45ab1ea6c: Time spent bootstrapping tablet: real 0.028s	user 0.015s	sys 0.010s
I20260630 12:30:08.621556 23142 raft_consensus.cc:359] T beca0967971d4dc686cae833cae6acb9 P dfcfe5759e61411ca25fc5f45ab1ea6c [term 0 FOLLOWER]: Replica starting. Triggering 0 pending ops. Active config: opid_index: -1 OBSOLETE_local: false peers { permanent_uuid: "b25e411e3c5e477cab689770b4818c3b" member_type: VOTER last_known_addr { host: "127.19.133.194" port: 41287 } } peers { permanent_uuid: "dfcfe5759e61411ca25fc5f45ab1ea6c" member_type: VOTER last_known_addr { host: "127.19.133.193" port: 38723 } } peers { permanent_uuid: "7265aed7669b409496457247871467f4" member_type: VOTER last_known_addr { host: "127.19.133.195" port: 38891 } }
I20260630 12:30:08.622170 23142 raft_consensus.cc:385] T beca0967971d4dc686cae833cae6acb9 P dfcfe5759e61411ca25fc5f45ab1ea6c [term 0 FOLLOWER]: Consensus starting up: Expiring failure detector timer to make a prompt election more likely
I20260630 12:30:08.622375 23142 raft_consensus.cc:740] T beca0967971d4dc686cae833cae6acb9 P dfcfe5759e61411ca25fc5f45ab1ea6c [term 0 FOLLOWER]: Becoming Follower/Learner. State: Replica: dfcfe5759e61411ca25fc5f45ab1ea6c, State: Initialized, Role: FOLLOWER
I20260630 12:30:08.623014 22947 tablet_service.cc:1917] Received RequestConsensusVote() RPC: tablet_id: "25c2d1a25adf40978b11d17c4fd6e4c7" candidate_uuid: "b25e411e3c5e477cab689770b4818c3b" candidate_term: 1 candidate_status { last_received { term: 0 index: 0 } } ignore_live_leader: false dest_uuid: "dfcfe5759e61411ca25fc5f45ab1ea6c"
I20260630 12:30:08.623052 23142 consensus_queue.cc:260] T beca0967971d4dc686cae833cae6acb9 P dfcfe5759e61411ca25fc5f45ab1ea6c [NON_LEADER]: Queue going to NON_LEADER mode. State: All replicated index: 0, Majority replicated index: 0, Committed index: 0, Last appended: 0.0, Last appended by leader: 0, Current term: 0, Majority size: -1, State: 0, Mode: NON_LEADER, active raft config: opid_index: -1 OBSOLETE_local: false peers { permanent_uuid: "b25e411e3c5e477cab689770b4818c3b" member_type: VOTER last_known_addr { host: "127.19.133.194" port: 41287 } } peers { permanent_uuid: "dfcfe5759e61411ca25fc5f45ab1ea6c" member_type: VOTER last_known_addr { host: "127.19.133.193" port: 38723 } } peers { permanent_uuid: "7265aed7669b409496457247871467f4" member_type: VOTER last_known_addr { host: "127.19.133.195" port: 38891 } }
I20260630 12:30:08.623737 22947 raft_consensus.cc:3060] T 25c2d1a25adf40978b11d17c4fd6e4c7 P dfcfe5759e61411ca25fc5f45ab1ea6c [term 0 FOLLOWER]: Advancing to term 1
I20260630 12:30:08.625208 23142 ts_tablet_manager.cc:1434] T beca0967971d4dc686cae833cae6acb9 P dfcfe5759e61411ca25fc5f45ab1ea6c: Time spent starting tablet: real 0.006s	user 0.004s	sys 0.000s
I20260630 12:30:08.624580 22845 catalog_manager.cc:5697] T beca0967971d4dc686cae833cae6acb9 P b25e411e3c5e477cab689770b4818c3b reported cstate change: term changed from 0 to 1, leader changed from <none> to b25e411e3c5e477cab689770b4818c3b (127.19.133.194). New cstate: current_term: 1 leader_uuid: "b25e411e3c5e477cab689770b4818c3b" committed_config { opid_index: -1 OBSOLETE_local: false peers { permanent_uuid: "b25e411e3c5e477cab689770b4818c3b" member_type: VOTER last_known_addr { host: "127.19.133.194" port: 41287 } health_report { overall_health: HEALTHY } } peers { permanent_uuid: "dfcfe5759e61411ca25fc5f45ab1ea6c" member_type: VOTER last_known_addr { host: "127.19.133.193" port: 38723 } health_report { overall_health: UNKNOWN } } peers { permanent_uuid: "7265aed7669b409496457247871467f4" member_type: VOTER last_known_addr { host: "127.19.133.195" port: 38891 } health_report { overall_health: UNKNOWN } } }
I20260630 12:30:08.626432 23095 raft_consensus.cc:2468] T 25c2d1a25adf40978b11d17c4fd6e4c7 P 7265aed7669b409496457247871467f4 [term 1 FOLLOWER]: Leader election vote request: Granting yes vote for candidate b25e411e3c5e477cab689770b4818c3b in term 1.
I20260630 12:30:08.626991 23168 raft_consensus.cc:493] T e8241ce1ac634c53b4b05bb462aa36c9 P 7265aed7669b409496457247871467f4 [term 0 FOLLOWER]: Starting pre-election (no leader contacted us within the election timeout)
I20260630 12:30:08.627434 23168 raft_consensus.cc:515] T e8241ce1ac634c53b4b05bb462aa36c9 P 7265aed7669b409496457247871467f4 [term 0 FOLLOWER]: Starting pre-election with config: opid_index: -1 OBSOLETE_local: false peers { permanent_uuid: "dfcfe5759e61411ca25fc5f45ab1ea6c" member_type: VOTER last_known_addr { host: "127.19.133.193" port: 38723 } } peers { permanent_uuid: "b25e411e3c5e477cab689770b4818c3b" member_type: VOTER last_known_addr { host: "127.19.133.194" port: 41287 } } peers { permanent_uuid: "7265aed7669b409496457247871467f4" member_type: VOTER last_known_addr { host: "127.19.133.195" port: 38891 } }
I20260630 12:30:08.627667 22985 leader_election.cc:304] T 25c2d1a25adf40978b11d17c4fd6e4c7 P b25e411e3c5e477cab689770b4818c3b [CANDIDATE]: Term 1 election: Election decided. Result: candidate won. Election summary: received 2 responses out of 3 voters: 2 yes votes; 0 no votes. yes voters: 7265aed7669b409496457247871467f4, b25e411e3c5e477cab689770b4818c3b; no voters: 
I20260630 12:30:08.629382 23168 leader_election.cc:290] T e8241ce1ac634c53b4b05bb462aa36c9 P 7265aed7669b409496457247871467f4 [CANDIDATE]: Term 1 pre-election: Requested pre-vote from peers dfcfe5759e61411ca25fc5f45ab1ea6c (127.19.133.193:38723), b25e411e3c5e477cab689770b4818c3b (127.19.133.194:41287)
I20260630 12:30:08.629962 23146 raft_consensus.cc:2804] T 25c2d1a25adf40978b11d17c4fd6e4c7 P b25e411e3c5e477cab689770b4818c3b [term 1 FOLLOWER]: Leader election won for term 1
