I20260630 12:29:07.853614 21146 catalog_manager.cc:5697] T 417f164217044767929bbf610db1c873 P 7cf326b0084d41f1b920ec63d0b7ff25 reported cstate change: term changed from 0 to 1, leader changed from <none> to 7cf326b0084d41f1b920ec63d0b7ff25 (127.19.133.193). New cstate: current_term: 1 leader_uuid: "7cf326b0084d41f1b920ec63d0b7ff25" committed_config { opid_index: -1 OBSOLETE_local: true peers { permanent_uuid: "7cf326b0084d41f1b920ec63d0b7ff25" member_type: VOTER last_known_addr { host: "127.19.133.193" port: 38993 } health_report { overall_health: HEALTHY } } }
I20260630 12:29:07.856024 21573 consensus_queue.cc:237] T 03d4058c68ab45a7857a5baf033c8edd P 103b375806cd4d8ca304fcb67adfe214 [LEADER]: Queue going to LEADER mode. State: All replicated index: 0, Majority replicated index: 0, Committed index: 0, Last appended: 0.0, Last appended by leader: 0, Current term: 1, Majority size: 1, State: 0, Mode: LEADER, active raft config: opid_index: -1 OBSOLETE_local: true peers { permanent_uuid: "103b375806cd4d8ca304fcb67adfe214" member_type: VOTER last_known_addr { host: "127.19.133.194" port: 39921 } }
I20260630 12:29:07.856488 21566 ts_tablet_manager.cc:1434] T 3fe043f1e2f545a4aa0fa0db14df6b18 P 0d888bd2d2be429dba66d94ea573553d: Time spent starting tablet: real 0.029s	user 0.021s	sys 0.004s
I20260630 12:29:07.856832 21517 heartbeater.cc:499] Master 127.19.133.253:39911 was elected leader, sending a full tablet report...
I20260630 12:29:07.859740 21577 raft_consensus.cc:697] T 3fe043f1e2f545a4aa0fa0db14df6b18 P 0d888bd2d2be429dba66d94ea573553d [term 1 LEADER]: Becoming Leader. State: Replica: 0d888bd2d2be429dba66d94ea573553d, State: Running, Role: LEADER
I20260630 12:29:07.860491 21577 consensus_queue.cc:237] T 3fe043f1e2f545a4aa0fa0db14df6b18 P 0d888bd2d2be429dba66d94ea573553d [LEADER]: Queue going to LEADER mode. State: All replicated index: 0, Majority replicated index: 0, Committed index: 0, Last appended: 0.0, Last appended by leader: 0, Current term: 1, Majority size: 1, State: 0, Mode: LEADER, active raft config: opid_index: -1 OBSOLETE_local: true peers { permanent_uuid: "0d888bd2d2be429dba66d94ea573553d" member_type: VOTER last_known_addr { host: "127.19.133.195" port: 46735 } }
I20260630 12:29:07.885274 21145 catalog_manager.cc:5697] T 03d4058c68ab45a7857a5baf033c8edd P 103b375806cd4d8ca304fcb67adfe214 reported cstate change: term changed from 0 to 1, leader changed from <none> to 103b375806cd4d8ca304fcb67adfe214 (127.19.133.194). New cstate: current_term: 1 leader_uuid: "103b375806cd4d8ca304fcb67adfe214" committed_config { opid_index: -1 OBSOLETE_local: true peers { permanent_uuid: "103b375806cd4d8ca304fcb67adfe214" member_type: VOTER last_known_addr { host: "127.19.133.194" port: 39921 } health_report { overall_health: HEALTHY } } }
I20260630 12:29:07.906529 21146 catalog_manager.cc:5697] T 3fe043f1e2f545a4aa0fa0db14df6b18 P 0d888bd2d2be429dba66d94ea573553d reported cstate change: term changed from 0 to 1, leader changed from <none> to 0d888bd2d2be429dba66d94ea573553d (127.19.133.195). New cstate: current_term: 1 leader_uuid: "0d888bd2d2be429dba66d94ea573553d" committed_config { opid_index: -1 OBSOLETE_local: true peers { permanent_uuid: "0d888bd2d2be429dba66d94ea573553d" member_type: VOTER last_known_addr { host: "127.19.133.195" port: 46735 } health_report { overall_health: HEALTHY } } }
I20260630 12:29:09.595790 21287 auto_leader_rebalancer.cc:141] leader rebalance for table test-workload
I20260630 12:29:09.597899 21287 auto_leader_rebalancer.cc:515] All tables' leader rebalancing finished this round
I20260630 12:29:09.951778 19991 master.cc:562] Master@127.19.133.253:39911 shutting down...
I20260630 12:29:09.971482 19991 raft_consensus.cc:2243] T 00000000000000000000000000000000 P e934f6c64f27480794f3c57a7f1a3dac [term 1 LEADER]: Raft consensus shutting down.
I20260630 12:29:09.972388 19991 raft_consensus.cc:2272] T 00000000000000000000000000000000 P e934f6c64f27480794f3c57a7f1a3dac [term 1 FOLLOWER]: Raft consensus is shut down!
I20260630 12:29:09.972761 19991 tablet_replica.cc:333] T 00000000000000000000000000000000 P e934f6c64f27480794f3c57a7f1a3dac: stopping tablet replica
I20260630 12:29:09.993074 19991 master.cc:584] Master@127.19.133.253:39911 shutdown complete.
W20260630 12:29:10.900121 21361 heartbeater.cc:646] Failed to heartbeat to 127.19.133.253:39911 (0 consecutive failures): Network error: Failed to send heartbeat to master: Client connection negotiation failed: client connection to 127.19.133.253:39911: connect: Connection refused (error 111)
I20260630 12:29:11.097208 21591 raft_consensus.cc:493] T 00000000000000000000000000000000 P 3d50fb00365f40c388d394a4b766ea32 [term 1 FOLLOWER]: Starting pre-election (detected failure of leader e934f6c64f27480794f3c57a7f1a3dac)
I20260630 12:29:11.097736 21591 raft_consensus.cc:515] T 00000000000000000000000000000000 P 3d50fb00365f40c388d394a4b766ea32 [term 1 FOLLOWER]: Starting pre-election with config: opid_index: -1 OBSOLETE_local: false peers { permanent_uuid: "b918b7af003143208f193048cf188b57" member_type: VOTER last_known_addr { host: "127.19.133.254" port: 43673 } } peers { permanent_uuid: "e934f6c64f27480794f3c57a7f1a3dac" member_type: VOTER last_known_addr { host: "127.19.133.253" port: 39911 } } peers { permanent_uuid: "3d50fb00365f40c388d394a4b766ea32" member_type: VOTER last_known_addr { host: "127.19.133.252" port: 44193 } }
I20260630 12:29:11.099417 21591 leader_election.cc:290] T 00000000000000000000000000000000 P 3d50fb00365f40c388d394a4b766ea32 [CANDIDATE]: Term 2 pre-election: Requested pre-vote from peers b918b7af003143208f193048cf188b57 (127.19.133.254:43673), e934f6c64f27480794f3c57a7f1a3dac (127.19.133.253:39911)
I20260630 12:29:11.100323 21091 tablet_service.cc:1917] Received RequestConsensusVote() RPC: tablet_id: "00000000000000000000000000000000" candidate_uuid: "3d50fb00365f40c388d394a4b766ea32" candidate_term: 2 candidate_status { last_received { term: 1 index: 10 } } ignore_live_leader: false dest_uuid: "b918b7af003143208f193048cf188b57" is_pre_election: true
W20260630 12:29:11.102087 21195 proxy.cc:239] Call had error, refreshing address and retrying: Network error: Client connection negotiation failed: client connection to 127.19.133.253:39911: connect: Connection refused (error 111) [suppressed 5 similar messages]
W20260630 12:29:11.105165 21195 leader_election.cc:336] T 00000000000000000000000000000000 P 3d50fb00365f40c388d394a4b766ea32 [CANDIDATE]: Term 2 pre-election: RPC error from VoteRequest() call to peer e934f6c64f27480794f3c57a7f1a3dac (127.19.133.253:39911): Network error: Client connection negotiation failed: client connection to 127.19.133.253:39911: connect: Connection refused (error 111)
I20260630 12:29:11.105556 21195 leader_election.cc:304] T 00000000000000000000000000000000 P 3d50fb00365f40c388d394a4b766ea32 [CANDIDATE]: Term 2 pre-election: Election decided. Result: candidate lost. Election summary: received 3 responses out of 3 voters: 1 yes votes; 2 no votes. yes voters: 3d50fb00365f40c388d394a4b766ea32; no voters: b918b7af003143208f193048cf188b57, e934f6c64f27480794f3c57a7f1a3dac
I20260630 12:29:11.106092 21591 raft_consensus.cc:2749] T 00000000000000000000000000000000 P 3d50fb00365f40c388d394a4b766ea32 [term 1 FOLLOWER]: Leader pre-election lost for term 2. Reason: could not achieve majority
I20260630 12:29:11.154145 21594 raft_consensus.cc:493] T 00000000000000000000000000000000 P b918b7af003143208f193048cf188b57 [term 1 FOLLOWER]: Starting pre-election (detected failure of leader e934f6c64f27480794f3c57a7f1a3dac)
I20260630 12:29:11.154635 21594 raft_consensus.cc:515] T 00000000000000000000000000000000 P b918b7af003143208f193048cf188b57 [term 1 FOLLOWER]: Starting pre-election with config: opid_index: -1 OBSOLETE_local: false peers { permanent_uuid: "b918b7af003143208f193048cf188b57" member_type: VOTER last_known_addr { host: "127.19.133.254" port: 43673 } } peers { permanent_uuid: "e934f6c64f27480794f3c57a7f1a3dac" member_type: VOTER last_known_addr { host: "127.19.133.253" port: 39911 } } peers { permanent_uuid: "3d50fb00365f40c388d394a4b766ea32" member_type: VOTER last_known_addr { host: "127.19.133.252" port: 44193 } }
I20260630 12:29:11.156365 21594 leader_election.cc:290] T 00000000000000000000000000000000 P b918b7af003143208f193048cf188b57 [CANDIDATE]: Term 2 pre-election: Requested pre-vote from peers e934f6c64f27480794f3c57a7f1a3dac (127.19.133.253:39911), 3d50fb00365f40c388d394a4b766ea32 (127.19.133.252:44193)
I20260630 12:29:11.157557 21221 tablet_service.cc:1917] Received RequestConsensusVote() RPC: tablet_id: "00000000000000000000000000000000" candidate_uuid: "b918b7af003143208f193048cf188b57" candidate_term: 2 candidate_status { last_received { term: 1 index: 10 } } ignore_live_leader: false dest_uuid: "3d50fb00365f40c388d394a4b766ea32" is_pre_election: true
I20260630 12:29:11.158083 21221 raft_consensus.cc:2468] T 00000000000000000000000000000000 P 3d50fb00365f40c388d394a4b766ea32 [term 1 FOLLOWER]: Leader pre-election vote request: Granting yes vote for candidate b918b7af003143208f193048cf188b57 in term 1.
I20260630 12:29:11.159257 21066 leader_election.cc:304] T 00000000000000000000000000000000 P b918b7af003143208f193048cf188b57 [CANDIDATE]: Term 2 pre-election: Election decided. Result: candidate won. Election summary: received 2 responses out of 3 voters: 2 yes votes; 0 no votes. yes voters: 3d50fb00365f40c388d394a4b766ea32, b918b7af003143208f193048cf188b57; no voters: 
I20260630 12:29:11.159875 21594 raft_consensus.cc:2804] T 00000000000000000000000000000000 P b918b7af003143208f193048cf188b57 [term 1 FOLLOWER]: Leader pre-election won for term 2
I20260630 12:29:11.160159 21594 raft_consensus.cc:493] T 00000000000000000000000000000000 P b918b7af003143208f193048cf188b57 [term 1 FOLLOWER]: Starting leader election (detected failure of leader e934f6c64f27480794f3c57a7f1a3dac)
I20260630 12:29:11.160410 21594 raft_consensus.cc:3060] T 00000000000000000000000000000000 P b918b7af003143208f193048cf188b57 [term 1 FOLLOWER]: Advancing to term 2
W20260630 12:29:11.161949 21065 leader_election.cc:336] T 00000000000000000000000000000000 P b918b7af003143208f193048cf188b57 [CANDIDATE]: Term 2 pre-election: RPC error from VoteRequest() call to peer e934f6c64f27480794f3c57a7f1a3dac (127.19.133.253:39911): Network error: Client connection negotiation failed: client connection to 127.19.133.253:39911: connect: Connection refused (error 111)
I20260630 12:29:11.165954 21594 raft_consensus.cc:515] T 00000000000000000000000000000000 P b918b7af003143208f193048cf188b57 [term 2 FOLLOWER]: Starting leader election with config: opid_index: -1 OBSOLETE_local: false peers { permanent_uuid: "b918b7af003143208f193048cf188b57" member_type: VOTER last_known_addr { host: "127.19.133.254" port: 43673 } } peers { permanent_uuid: "e934f6c64f27480794f3c57a7f1a3dac" member_type: VOTER last_known_addr { host: "127.19.133.253" port: 39911 } } peers { permanent_uuid: "3d50fb00365f40c388d394a4b766ea32" member_type: VOTER last_known_addr { host: "127.19.133.252" port: 44193 } }
I20260630 12:29:11.167439 21594 leader_election.cc:290] T 00000000000000000000000000000000 P b918b7af003143208f193048cf188b57 [CANDIDATE]: Term 2 election: Requested vote from peers e934f6c64f27480794f3c57a7f1a3dac (127.19.133.253:39911), 3d50fb00365f40c388d394a4b766ea32 (127.19.133.252:44193)
I20260630 12:29:11.168393 21221 tablet_service.cc:1917] Received RequestConsensusVote() RPC: tablet_id: "00000000000000000000000000000000" candidate_uuid: "b918b7af003143208f193048cf188b57" candidate_term: 2 candidate_status { last_received { term: 1 index: 10 } } ignore_live_leader: false dest_uuid: "3d50fb00365f40c388d394a4b766ea32"
I20260630 12:29:11.168818 21221 raft_consensus.cc:3060] T 00000000000000000000000000000000 P 3d50fb00365f40c388d394a4b766ea32 [term 1 FOLLOWER]: Advancing to term 2
W20260630 12:29:11.170529 21065 leader_election.cc:336] T 00000000000000000000000000000000 P b918b7af003143208f193048cf188b57 [CANDIDATE]: Term 2 election: RPC error from VoteRequest() call to peer e934f6c64f27480794f3c57a7f1a3dac (127.19.133.253:39911): Network error: Client connection negotiation failed: client connection to 127.19.133.253:39911: connect: Connection refused (error 111)
I20260630 12:29:11.173389 21221 raft_consensus.cc:2468] T 00000000000000000000000000000000 P 3d50fb00365f40c388d394a4b766ea32 [term 2 FOLLOWER]: Leader election vote request: Granting yes vote for candidate b918b7af003143208f193048cf188b57 in term 2.
I20260630 12:29:11.174213 21066 leader_election.cc:304] T 00000000000000000000000000000000 P b918b7af003143208f193048cf188b57 [CANDIDATE]: Term 2 election: Election decided. Result: candidate won. Election summary: received 3 responses out of 3 voters: 2 yes votes; 1 no votes. yes voters: 3d50fb00365f40c388d394a4b766ea32, b918b7af003143208f193048cf188b57; no voters: e934f6c64f27480794f3c57a7f1a3dac
I20260630 12:29:11.174847 21594 raft_consensus.cc:2804] T 00000000000000000000000000000000 P b918b7af003143208f193048cf188b57 [term 2 FOLLOWER]: Leader election won for term 2
I20260630 12:29:11.175801 21594 raft_consensus.cc:697] T 00000000000000000000000000000000 P b918b7af003143208f193048cf188b57 [term 2 LEADER]: Becoming Leader. State: Replica: b918b7af003143208f193048cf188b57, State: Running, Role: LEADER
I20260630 12:29:11.176455 21594 consensus_queue.cc:237] T 00000000000000000000000000000000 P b918b7af003143208f193048cf188b57 [LEADER]: Queue going to LEADER mode. State: All replicated index: 0, Majority replicated index: 10, Committed index: 10, Last appended: 1.10, Last appended by leader: 10, Current term: 2, Majority size: 2, State: 0, Mode: LEADER, active raft config: opid_index: -1 OBSOLETE_local: false peers { permanent_uuid: "b918b7af003143208f193048cf188b57" member_type: VOTER last_known_addr { host: "127.19.133.254" port: 43673 } } peers { permanent_uuid: "e934f6c64f27480794f3c57a7f1a3dac" member_type: VOTER last_known_addr { host: "127.19.133.253" port: 39911 } } peers { permanent_uuid: "3d50fb00365f40c388d394a4b766ea32" member_type: VOTER last_known_addr { host: "127.19.133.252" port: 44193 } }
I20260630 12:29:11.179891 21597 sys_catalog.cc:455] T 00000000000000000000000000000000 P b918b7af003143208f193048cf188b57 [sys.catalog]: SysCatalogTable state changed. Reason: New leader b918b7af003143208f193048cf188b57. Latest consensus state: current_term: 2 leader_uuid: "b918b7af003143208f193048cf188b57" committed_config { opid_index: -1 OBSOLETE_local: false peers { permanent_uuid: "b918b7af003143208f193048cf188b57" member_type: VOTER last_known_addr { host: "127.19.133.254" port: 43673 } } peers { permanent_uuid: "e934f6c64f27480794f3c57a7f1a3dac" member_type: VOTER last_known_addr { host: "127.19.133.253" port: 39911 } } peers { permanent_uuid: "3d50fb00365f40c388d394a4b766ea32" member_type: VOTER last_known_addr { host: "127.19.133.252" port: 44193 } } }
I20260630 12:29:11.180694 21597 sys_catalog.cc:458] T 00000000000000000000000000000000 P b918b7af003143208f193048cf188b57 [sys.catalog]: This master's current role is: LEADER
I20260630 12:29:11.182168 21599 catalog_manager.cc:1511] Loading table and tablet metadata into memory...
I20260630 12:29:11.187399 21599 catalog_manager.cc:679] Loaded metadata for table test-workload [id=00977e10768742ce8bda644a552ebbd0]
I20260630 12:29:11.192931 21599 tablet_loader.cc:96] loaded metadata for tablet 03d4058c68ab45a7857a5baf033c8edd (table test-workload [id=00977e10768742ce8bda644a552ebbd0])
I20260630 12:29:11.194000 21599 tablet_loader.cc:96] loaded metadata for tablet 3fe043f1e2f545a4aa0fa0db14df6b18 (table test-workload [id=00977e10768742ce8bda644a552ebbd0])
I20260630 12:29:11.194802 21599 tablet_loader.cc:96] loaded metadata for tablet 417f164217044767929bbf610db1c873 (table test-workload [id=00977e10768742ce8bda644a552ebbd0])
I20260630 12:29:11.195729 21599 catalog_manager.cc:1520] Initializing Kudu cluster ID...
I20260630 12:29:11.198565 21599 catalog_manager.cc:1295] Loaded cluster ID: 9a47d7b8559c45a3882ddad960136aab
I20260630 12:29:11.198757 21599 catalog_manager.cc:1531] Initializing Kudu internal certificate authority...
I20260630 12:29:11.201992 21599 catalog_manager.cc:1540] Loading token signing keys...
I20260630 12:29:11.204824 21599 catalog_manager.cc:6081] T 00000000000000000000000000000000 P b918b7af003143208f193048cf188b57: Loaded TSK: 0
I20260630 12:29:11.205641 21599 catalog_manager.cc:1550] Initializing in-progress tserver states...
I20260630 12:29:11.544214 21261 auto_leader_rebalancer.cc:141] leader rebalance for table test-workload
I20260630 12:29:11.545959 21261 auto_leader_rebalancer.cc:515] All tables' leader rebalancing finished this round
I20260630 12:29:11.612294 21221 raft_consensus.cc:1275] T 00000000000000000000000000000000 P 3d50fb00365f40c388d394a4b766ea32 [term 2 FOLLOWER]: Refusing update from remote peer b918b7af003143208f193048cf188b57: Log matching property violated. Preceding OpId in replica: term: 1 index: 10. Preceding OpId from leader: term: 2 index: 11. (index mismatch)
I20260630 12:29:11.613569 21597 consensus_queue.cc:1048] T 00000000000000000000000000000000 P b918b7af003143208f193048cf188b57 [LEADER]: Connected to new peer: Peer: permanent_uuid: "3d50fb00365f40c388d394a4b766ea32" member_type: VOTER last_known_addr { host: "127.19.133.252" port: 44193 }, Status: LMP_MISMATCH, Last received: 0.0, Next index: 11, Last known committed idx: 10, Time since last communication: 0.000s
I20260630 12:29:11.618180 21600 sys_catalog.cc:455] T 00000000000000000000000000000000 P 3d50fb00365f40c388d394a4b766ea32 [sys.catalog]: SysCatalogTable state changed. Reason: New leader b918b7af003143208f193048cf188b57. Latest consensus state: current_term: 2 leader_uuid: "b918b7af003143208f193048cf188b57" committed_config { opid_index: -1 OBSOLETE_local: false peers { permanent_uuid: "b918b7af003143208f193048cf188b57" member_type: VOTER last_known_addr { host: "127.19.133.254" port: 43673 } } peers { permanent_uuid: "e934f6c64f27480794f3c57a7f1a3dac" member_type: VOTER last_known_addr { host: "127.19.133.253" port: 39911 } } peers { permanent_uuid: "3d50fb00365f40c388d394a4b766ea32" member_type: VOTER last_known_addr { host: "127.19.133.252" port: 44193 } } }
I20260630 12:29:11.618824 21600 sys_catalog.cc:458] T 00000000000000000000000000000000 P 3d50fb00365f40c388d394a4b766ea32 [sys.catalog]: This master's current role is: FOLLOWER
I20260630 12:29:11.621860 21594 sys_catalog.cc:455] T 00000000000000000000000000000000 P b918b7af003143208f193048cf188b57 [sys.catalog]: SysCatalogTable state changed. Reason: Peer health change. Latest consensus state: current_term: 2 leader_uuid: "b918b7af003143208f193048cf188b57" committed_config { opid_index: -1 OBSOLETE_local: false peers { permanent_uuid: "b918b7af003143208f193048cf188b57" member_type: VOTER last_known_addr { host: "127.19.133.254" port: 43673 } } peers { permanent_uuid: "e934f6c64f27480794f3c57a7f1a3dac" member_type: VOTER last_known_addr { host: "127.19.133.253" port: 39911 } } peers { permanent_uuid: "3d50fb00365f40c388d394a4b766ea32" member_type: VOTER last_known_addr { host: "127.19.133.252" port: 44193 } } }
I20260630 12:29:11.622618 21594 sys_catalog.cc:458] T 00000000000000000000000000000000 P b918b7af003143208f193048cf188b57 [sys.catalog]: This master's current role is: LEADER
I20260630 12:29:11.623927 21600 sys_catalog.cc:455] T 00000000000000000000000000000000 P 3d50fb00365f40c388d394a4b766ea32 [sys.catalog]: SysCatalogTable state changed. Reason: Replicated consensus-only round. Latest consensus state: current_term: 2 leader_uuid: "b918b7af003143208f193048cf188b57" committed_config { opid_index: -1 OBSOLETE_local: false peers { permanent_uuid: "b918b7af003143208f193048cf188b57" member_type: VOTER last_known_addr { host: "127.19.133.254" port: 43673 } } peers { permanent_uuid: "e934f6c64f27480794f3c57a7f1a3dac" member_type: VOTER last_known_addr { host: "127.19.133.253" port: 39911 } } peers { permanent_uuid: "3d50fb00365f40c388d394a4b766ea32" member_type: VOTER last_known_addr { host: "127.19.133.252" port: 44193 } } }
I20260630 12:29:11.624436 21600 sys_catalog.cc:458] T 00000000000000000000000000000000 P 3d50fb00365f40c388d394a4b766ea32 [sys.catalog]: This master's current role is: FOLLOWER
W20260630 12:29:11.625481 21065 consensus_peers.cc:597] T 00000000000000000000000000000000 P b918b7af003143208f193048cf188b57 -> Peer e934f6c64f27480794f3c57a7f1a3dac (127.19.133.253:39911): Couldn't send request to peer e934f6c64f27480794f3c57a7f1a3dac. Status: Network error: Client connection negotiation failed: client connection to 127.19.133.253:39911: connect: Connection refused (error 111). This is attempt 1: this message will repeat every 5th retry.
I20260630 12:29:11.735595 19991 tablet_server.cc:179] TabletServer@127.19.133.193:0 shutting down...
I20260630 12:29:11.752374 19991 ts_tablet_manager.cc:1507] Shutting down tablet manager...
I20260630 12:29:11.753068 19991 tablet_replica.cc:333] T 417f164217044767929bbf610db1c873 P 7cf326b0084d41f1b920ec63d0b7ff25: stopping tablet replica
I20260630 12:29:11.753592 19991 raft_consensus.cc:2243] T 417f164217044767929bbf610db1c873 P 7cf326b0084d41f1b920ec63d0b7ff25 [term 1 LEADER]: Raft consensus shutting down.
I20260630 12:29:11.754058 19991 raft_consensus.cc:2272] T 417f164217044767929bbf610db1c873 P 7cf326b0084d41f1b920ec63d0b7ff25 [term 1 FOLLOWER]: Raft consensus is shut down!
I20260630 12:29:11.772008 19991 tablet_server.cc:196] TabletServer@127.19.133.193:0 shutdown complete.
I20260630 12:29:11.781142 19991 tablet_server.cc:179] TabletServer@127.19.133.194:0 shutting down...
I20260630 12:29:11.798552 19991 ts_tablet_manager.cc:1507] Shutting down tablet manager...
I20260630 12:29:11.799209 19991 tablet_replica.cc:333] T 03d4058c68ab45a7857a5baf033c8edd P 103b375806cd4d8ca304fcb67adfe214: stopping tablet replica
I20260630 12:29:11.799672 19991 raft_consensus.cc:2243] T 03d4058c68ab45a7857a5baf033c8edd P 103b375806cd4d8ca304fcb67adfe214 [term 1 LEADER]: Raft consensus shutting down.
I20260630 12:29:11.800110 19991 raft_consensus.cc:2272] T 03d4058c68ab45a7857a5baf033c8edd P 103b375806cd4d8ca304fcb67adfe214 [term 1 FOLLOWER]: Raft consensus is shut down!
I20260630 12:29:11.817744 19991 tablet_server.cc:196] TabletServer@127.19.133.194:0 shutdown complete.
I20260630 12:29:11.826761 19991 tablet_server.cc:179] TabletServer@127.19.133.195:0 shutting down...
I20260630 12:29:11.845973 19991 ts_tablet_manager.cc:1507] Shutting down tablet manager...
I20260630 12:29:11.846617 19991 tablet_replica.cc:333] T 3fe043f1e2f545a4aa0fa0db14df6b18 P 0d888bd2d2be429dba66d94ea573553d: stopping tablet replica
I20260630 12:29:11.847079 19991 raft_consensus.cc:2243] T 3fe043f1e2f545a4aa0fa0db14df6b18 P 0d888bd2d2be429dba66d94ea573553d [term 1 LEADER]: Raft consensus shutting down.
I20260630 12:29:11.847601 19991 raft_consensus.cc:2272] T 3fe043f1e2f545a4aa0fa0db14df6b18 P 0d888bd2d2be429dba66d94ea573553d [term 1 FOLLOWER]: Raft consensus is shut down!
I20260630 12:29:11.865221 19991 tablet_server.cc:196] TabletServer@127.19.133.195:0 shutdown complete.
I20260630 12:29:11.873971 19991 master.cc:562] Master@127.19.133.254:43673 shutting down...
I20260630 12:29:11.888739 19991 raft_consensus.cc:2243] T 00000000000000000000000000000000 P b918b7af003143208f193048cf188b57 [term 2 LEADER]: Raft consensus shutting down.
I20260630 12:29:11.889631 19991 raft_consensus.cc:2272] T 00000000000000000000000000000000 P b918b7af003143208f193048cf188b57 [term 2 FOLLOWER]: Raft consensus is shut down!
I20260630 12:29:11.890033 19991 tablet_replica.cc:333] T 00000000000000000000000000000000 P b918b7af003143208f193048cf188b57: stopping tablet replica
I20260630 12:29:11.908767 19991 master.cc:584] Master@127.19.133.254:43673 shutdown complete.
I20260630 12:29:11.920143 19991 master.cc:562] Master@127.19.133.252:44193 shutting down...
I20260630 12:29:11.937408 19991 raft_consensus.cc:2243] T 00000000000000000000000000000000 P 3d50fb00365f40c388d394a4b766ea32 [term 2 FOLLOWER]: Raft consensus shutting down.
I20260630 12:29:11.937983 19991 raft_consensus.cc:2272] T 00000000000000000000000000000000 P 3d50fb00365f40c388d394a4b766ea32 [term 2 FOLLOWER]: Raft consensus is shut down!
I20260630 12:29:11.938282 19991 tablet_replica.cc:333] T 00000000000000000000000000000000 P 3d50fb00365f40c388d394a4b766ea32: stopping tablet replica
I20260630 12:29:11.956259 19991 master.cc:584] Master@127.19.133.252:44193 shutdown complete.
[       OK ] AutoRebalancerTest.NextLeaderResumesAutoRebalancing (6720 ms)
[ RUN      ] AutoRebalancerTest.MovesScheduledIfAddTserver
I20260630 12:29:11.984726 19991 internal_mini_cluster.cc:156] Creating distributed mini masters. Addrs: 127.19.133.254:43975
I20260630 12:29:11.985762 19991 file_cache.cc:492] Constructed file cache file cache with capacity 419430
W20260630 12:29:11.991281 21605 instance_detector.cc:116] could not retrieve Azure instance metadata: Network error: curl error: HTTP response code said error: The requested URL returned error: 404
W20260630 12:29:11.991367 21604 instance_detector.cc:116] could not retrieve AWS instance metadata: Network error: curl error: HTTP response code said error: The requested URL returned error: 404
W20260630 12:29:11.992311 21607 instance_detector.cc:116] could not retrieve OpenStack instance metadata: Network error: curl error: HTTP response code said error: The requested URL returned error: 404
I20260630 12:29:11.992331 19991 server_base.cc:1061] running on GCE node
I20260630 12:29:11.993304 19991 hybrid_clock.cc:584] initializing the hybrid clock with 'system_unsync' time source
W20260630 12:29:11.993490 19991 system_unsync_time.cc:38] NTP support is disabled. Clock error bounds will not be accurate. This configuration is not suitable for distributed clusters.
I20260630 12:29:11.993637 19991 hybrid_clock.cc:648] HybridClock initialized: now 1782822551993620 us; error 0 us; skew 500 ppm
I20260630 12:29:11.994095 19991 server_base.cc:861] Flag tcmalloc_max_total_thread_cache_bytes is not working since tcmalloc is not enabled.
I20260630 12:29:11.996318 19991 webserver.cc:533] Webserver started at http://127.19.133.254:45203/ using document root <none> and password file <none>
I20260630 12:29:11.996762 19991 fs_manager.cc:362] Metadata directory not provided
I20260630 12:29:11.996940 19991 fs_manager.cc:368] Using write-ahead log directory (fs_wal_dir) as metadata directory
I20260630 12:29:11.997195 19991 server_base.cc:909] This appears to be a new deployment of Kudu; creating new FS layout
I20260630 12:29:11.998270 19991 fs_manager.cc:1068] Generated new instance metadata in path /tmp/dist-test-taskhyxr2j/test-tmp/auto_rebalancer-test.0.AutoRebalancerTest.MovesScheduledIfAddTserver.1782822528341235-19991-0/minicluster-data/master-0-root/instance:
uuid: "0d1a58af28134ec0b636d56f0374e40b"
format_stamp: "Formatted at 2026-06-30 12:29:11 on dist-test-slave-rw3v"
I20260630 12:29:12.002321 19991 fs_manager.cc:696] Time spent creating directory manager: real 0.004s	user 0.002s	sys 0.004s
I20260630 12:29:12.005355 21612 log_block_manager.cc:4031] Time spent loading block containers with low live blocks: real 0.000s	user 0.000s	sys 0.000s
I20260630 12:29:12.006029 19991 fs_manager.cc:730] Time spent opening block manager: real 0.002s	user 0.002s	sys 0.000s
I20260630 12:29:12.006264 19991 fs_manager.cc:647] Opened local filesystem: /tmp/dist-test-taskhyxr2j/test-tmp/auto_rebalancer-test.0.AutoRebalancerTest.MovesScheduledIfAddTserver.1782822528341235-19991-0/minicluster-data/master-0-root
uuid: "0d1a58af28134ec0b636d56f0374e40b"
format_stamp: "Formatted at 2026-06-30 12:29:11 on dist-test-slave-rw3v"
I20260630 12:29:12.006546 19991 fs_report.cc:389] FS layout report
--------------------
wal directory: /tmp/dist-test-taskhyxr2j/test-tmp/auto_rebalancer-test.0.AutoRebalancerTest.MovesScheduledIfAddTserver.1782822528341235-19991-0/minicluster-data/master-0-root
metadata directory: /tmp/dist-test-taskhyxr2j/test-tmp/auto_rebalancer-test.0.AutoRebalancerTest.MovesScheduledIfAddTserver.1782822528341235-19991-0/minicluster-data/master-0-root
1 data directories: /tmp/dist-test-taskhyxr2j/test-tmp/auto_rebalancer-test.0.AutoRebalancerTest.MovesScheduledIfAddTserver.1782822528341235-19991-0/minicluster-data/master-0-root/data
Total live blocks: 0
Total live bytes: 0
Total live bytes (after alignment): 0
Total number of LBM containers: 0 (0 full)
Did not check for missing blocks
Did not check for orphaned blocks
Total full LBM containers with extra space: 0 (0 repaired)
Total full LBM container extra space in bytes: 0 (0 repaired)
Total incomplete LBM containers: 0 (0 repaired)
Total LBM partial records: 0 (0 repaired)
Total corrupted LBM metadata records in RocksDB: 0 (0 repaired)
I20260630 12:29:12.024308 19991 rpc_server.cc:225] running with OpenSSL 1.1.1  11 Sep 2018
I20260630 12:29:12.025465 19991 kserver.cc:163] Server-wide thread pool size limit: 3276
I20260630 12:29:12.060796 19991 rpc_server.cc:307] RPC server started. Bound to: 127.19.133.254:43975
I20260630 12:29:12.060894 21663 acceptor_pool.cc:272] collecting diagnostics on the listening RPC socket 127.19.133.254:43975 every 8 connection(s)
I20260630 12:29:12.064875 21664 data_dirs.cc:400] Could only allocate 1 dirs of requested 3 for tablet 00000000000000000000000000000000. 1 dirs total, 0 dirs full, 0 dirs failed
I20260630 12:29:12.074194 21664 tablet_bootstrap.cc:492] T 00000000000000000000000000000000 P 0d1a58af28134ec0b636d56f0374e40b: Bootstrap starting.
I20260630 12:29:12.078375 21664 tablet_bootstrap.cc:654] T 00000000000000000000000000000000 P 0d1a58af28134ec0b636d56f0374e40b: Neither blocks nor log segments found. Creating new log.
I20260630 12:29:12.082196 21664 tablet_bootstrap.cc:492] T 00000000000000000000000000000000 P 0d1a58af28134ec0b636d56f0374e40b: No bootstrap required, opened a new log
I20260630 12:29:12.084143 21664 raft_consensus.cc:359] T 00000000000000000000000000000000 P 0d1a58af28134ec0b636d56f0374e40b [term 0 FOLLOWER]: Replica starting. Triggering 0 pending ops. Active config: opid_index: -1 OBSOLETE_local: true peers { permanent_uuid: "0d1a58af28134ec0b636d56f0374e40b" member_type: VOTER }
I20260630 12:29:12.084496 21664 raft_consensus.cc:385] T 00000000000000000000000000000000 P 0d1a58af28134ec0b636d56f0374e40b [term 0 FOLLOWER]: Consensus starting up: Expiring failure detector timer to make a prompt election more likely
I20260630 12:29:12.084713 21664 raft_consensus.cc:740] T 00000000000000000000000000000000 P 0d1a58af28134ec0b636d56f0374e40b [term 0 FOLLOWER]: Becoming Follower/Learner. State: Replica: 0d1a58af28134ec0b636d56f0374e40b, State: Initialized, Role: FOLLOWER
I20260630 12:29:12.085250 21664 consensus_queue.cc:260] T 00000000000000000000000000000000 P 0d1a58af28134ec0b636d56f0374e40b [NON_LEADER]: Queue going to NON_LEADER mode. State: All replicated index: 0, Majority replicated index: 0, Committed index: 0, Last appended: 0.0, Last appended by leader: 0, Current term: 0, Majority size: -1, State: 0, Mode: NON_LEADER, active raft config: opid_index: -1 OBSOLETE_local: true peers { permanent_uuid: "0d1a58af28134ec0b636d56f0374e40b" member_type: VOTER }
I20260630 12:29:12.085675 21664 raft_consensus.cc:399] T 00000000000000000000000000000000 P 0d1a58af28134ec0b636d56f0374e40b [term 0 FOLLOWER]: Only one voter in the Raft config. Triggering election immediately
I20260630 12:29:12.085876 21664 raft_consensus.cc:493] T 00000000000000000000000000000000 P 0d1a58af28134ec0b636d56f0374e40b [term 0 FOLLOWER]: Starting leader election (initial election of a single-replica configuration)
I20260630 12:29:12.086104 21664 raft_consensus.cc:3060] T 00000000000000000000000000000000 P 0d1a58af28134ec0b636d56f0374e40b [term 0 FOLLOWER]: Advancing to term 1
I20260630 12:29:12.090070 21664 raft_consensus.cc:515] T 00000000000000000000000000000000 P 0d1a58af28134ec0b636d56f0374e40b [term 1 FOLLOWER]: Starting leader election with config: opid_index: -1 OBSOLETE_local: true peers { permanent_uuid: "0d1a58af28134ec0b636d56f0374e40b" member_type: VOTER }
I20260630 12:29:12.090520 21664 leader_election.cc:304] T 00000000000000000000000000000000 P 0d1a58af28134ec0b636d56f0374e40b [CANDIDATE]: Term 1 election: Election decided. Result: candidate won. Election summary: received 1 responses out of 1 voters: 1 yes votes; 0 no votes. yes voters: 0d1a58af28134ec0b636d56f0374e40b; no voters: 
I20260630 12:29:12.091563 21664 leader_election.cc:290] T 00000000000000000000000000000000 P 0d1a58af28134ec0b636d56f0374e40b [CANDIDATE]: Term 1 election: Requested vote from peers 
I20260630 12:29:12.091921 21667 raft_consensus.cc:2804] T 00000000000000000000000000000000 P 0d1a58af28134ec0b636d56f0374e40b [term 1 FOLLOWER]: Leader election won for term 1
I20260630 12:29:12.093076 21667 raft_consensus.cc:697] T 00000000000000000000000000000000 P 0d1a58af28134ec0b636d56f0374e40b [term 1 LEADER]: Becoming Leader. State: Replica: 0d1a58af28134ec0b636d56f0374e40b, State: Running, Role: LEADER
I20260630 12:29:12.093681 21667 consensus_queue.cc:237] T 00000000000000000000000000000000 P 0d1a58af28134ec0b636d56f0374e40b [LEADER]: Queue going to LEADER mode. State: All replicated index: 0, Majority replicated index: 0, Committed index: 0, Last appended: 0.0, Last appended by leader: 0, Current term: 1, Majority size: 1, State: 0, Mode: LEADER, active raft config: opid_index: -1 OBSOLETE_local: true peers { permanent_uuid: "0d1a58af28134ec0b636d56f0374e40b" member_type: VOTER }
I20260630 12:29:12.094229 21664 sys_catalog.cc:565] T 00000000000000000000000000000000 P 0d1a58af28134ec0b636d56f0374e40b [sys.catalog]: configured and running, proceeding with master startup.
I20260630 12:29:12.096539 21668 sys_catalog.cc:455] T 00000000000000000000000000000000 P 0d1a58af28134ec0b636d56f0374e40b [sys.catalog]: SysCatalogTable state changed. Reason: RaftConsensus started. Latest consensus state: current_term: 1 leader_uuid: "0d1a58af28134ec0b636d56f0374e40b" committed_config { opid_index: -1 OBSOLETE_local: true peers { permanent_uuid: "0d1a58af28134ec0b636d56f0374e40b" member_type: VOTER } }
I20260630 12:29:12.096565 21669 sys_catalog.cc:455] T 00000000000000000000000000000000 P 0d1a58af28134ec0b636d56f0374e40b [sys.catalog]: SysCatalogTable state changed. Reason: New leader 0d1a58af28134ec0b636d56f0374e40b. Latest consensus state: current_term: 1 leader_uuid: "0d1a58af28134ec0b636d56f0374e40b" committed_config { opid_index: -1 OBSOLETE_local: true peers { permanent_uuid: "0d1a58af28134ec0b636d56f0374e40b" member_type: VOTER } }
I20260630 12:29:12.097276 21668 sys_catalog.cc:458] T 00000000000000000000000000000000 P 0d1a58af28134ec0b636d56f0374e40b [sys.catalog]: This master's current role is: LEADER
I20260630 12:29:12.097318 21669 sys_catalog.cc:458] T 00000000000000000000000000000000 P 0d1a58af28134ec0b636d56f0374e40b [sys.catalog]: This master's current role is: LEADER
I20260630 12:29:12.099639 21673 catalog_manager.cc:1511] Loading table and tablet metadata into memory...
I20260630 12:29:12.104310 21673 catalog_manager.cc:1520] Initializing Kudu cluster ID...
I20260630 12:29:12.113057 19991 internal_mini_cluster.cc:184] Waiting to initialize catalog manager on master 0
I20260630 12:29:12.113281 21673 catalog_manager.cc:1383] Generated new cluster ID: 97a5806752924f81b56dffd147c64e10
I20260630 12:29:12.113567 21673 catalog_manager.cc:1531] Initializing Kudu internal certificate authority...
I20260630 12:29:12.133220 21673 catalog_manager.cc:1406] Generated new certificate authority record
I20260630 12:29:12.134444 21673 catalog_manager.cc:1540] Loading token signing keys...
I20260630 12:29:12.152222 21673 catalog_manager.cc:6070] T 00000000000000000000000000000000 P 0d1a58af28134ec0b636d56f0374e40b: Generated new TSK 0
I20260630 12:29:12.152805 21673 catalog_manager.cc:1550] Initializing in-progress tserver states...
I20260630 12:29:12.178959 19991 file_cache.cc:492] Constructed file cache file cache with capacity 419430
W20260630 12:29:12.184695 21685 instance_detector.cc:116] could not retrieve AWS instance metadata: Network error: curl error: HTTP response code said error: The requested URL returned error: 404
W20260630 12:29:12.185379 21686 instance_detector.cc:116] could not retrieve Azure instance metadata: Network error: curl error: HTTP response code said error: The requested URL returned error: 404
W20260630 12:29:12.187333 21688 instance_detector.cc:116] could not retrieve OpenStack instance metadata: Network error: curl error: HTTP response code said error: The requested URL returned error: 404
I20260630 12:29:12.187495 19991 server_base.cc:1061] running on GCE node
I20260630 12:29:12.188311 19991 hybrid_clock.cc:584] initializing the hybrid clock with 'system_unsync' time source
W20260630 12:29:12.188508 19991 system_unsync_time.cc:38] NTP support is disabled. Clock error bounds will not be accurate. This configuration is not suitable for distributed clusters.
I20260630 12:29:12.188665 19991 hybrid_clock.cc:648] HybridClock initialized: now 1782822552188649 us; error 0 us; skew 500 ppm
I20260630 12:29:12.189136 19991 server_base.cc:861] Flag tcmalloc_max_total_thread_cache_bytes is not working since tcmalloc is not enabled.
I20260630 12:29:12.191303 19991 webserver.cc:533] Webserver started at http://127.19.133.193:33783/ using document root <none> and password file <none>
I20260630 12:29:12.191758 19991 fs_manager.cc:362] Metadata directory not provided
I20260630 12:29:12.191938 19991 fs_manager.cc:368] Using write-ahead log directory (fs_wal_dir) as metadata directory
I20260630 12:29:12.192175 19991 server_base.cc:909] This appears to be a new deployment of Kudu; creating new FS layout
I20260630 12:29:12.193176 19991 fs_manager.cc:1068] Generated new instance metadata in path /tmp/dist-test-taskhyxr2j/test-tmp/auto_rebalancer-test.0.AutoRebalancerTest.MovesScheduledIfAddTserver.1782822528341235-19991-0/minicluster-data/ts-0-root/instance:
uuid: "ca793d4b2d7a4e0e868e5d4fc86f4035"
format_stamp: "Formatted at 2026-06-30 12:29:12 on dist-test-slave-rw3v"
I20260630 12:29:12.197511 19991 fs_manager.cc:696] Time spent creating directory manager: real 0.004s	user 0.002s	sys 0.004s
I20260630 12:29:12.200618 21693 log_block_manager.cc:4031] Time spent loading block containers with low live blocks: real 0.000s	user 0.000s	sys 0.000s
I20260630 12:29:12.201279 19991 fs_manager.cc:730] Time spent opening block manager: real 0.002s	user 0.001s	sys 0.000s
I20260630 12:29:12.201548 19991 fs_manager.cc:647] Opened local filesystem: /tmp/dist-test-taskhyxr2j/test-tmp/auto_rebalancer-test.0.AutoRebalancerTest.MovesScheduledIfAddTserver.1782822528341235-19991-0/minicluster-data/ts-0-root
uuid: "ca793d4b2d7a4e0e868e5d4fc86f4035"
format_stamp: "Formatted at 2026-06-30 12:29:12 on dist-test-slave-rw3v"
I20260630 12:29:12.201788 19991 fs_report.cc:389] FS layout report
--------------------
wal directory: /tmp/dist-test-taskhyxr2j/test-tmp/auto_rebalancer-test.0.AutoRebalancerTest.MovesScheduledIfAddTserver.1782822528341235-19991-0/minicluster-data/ts-0-root
metadata directory: /tmp/dist-test-taskhyxr2j/test-tmp/auto_rebalancer-test.0.AutoRebalancerTest.MovesScheduledIfAddTserver.1782822528341235-19991-0/minicluster-data/ts-0-root
1 data directories: /tmp/dist-test-taskhyxr2j/test-tmp/auto_rebalancer-test.0.AutoRebalancerTest.MovesScheduledIfAddTserver.1782822528341235-19991-0/minicluster-data/ts-0-root/data
Total live blocks: 0
Total live bytes: 0
Total live bytes (after alignment): 0
Total number of LBM containers: 0 (0 full)
Did not check for missing blocks
Did not check for orphaned blocks
Total full LBM containers with extra space: 0 (0 repaired)
Total full LBM container extra space in bytes: 0 (0 repaired)
Total incomplete LBM containers: 0 (0 repaired)
Total LBM partial records: 0 (0 repaired)
Total corrupted LBM metadata records in RocksDB: 0 (0 repaired)
I20260630 12:29:12.217473 19991 rpc_server.cc:225] running with OpenSSL 1.1.1  11 Sep 2018
I20260630 12:29:12.218585 19991 kserver.cc:163] Server-wide thread pool size limit: 3276
I20260630 12:29:12.220018 19991 txn_system_client.cc:432] TxnSystemClient initialization is disabled...
I20260630 12:29:12.222205 19991 ts_tablet_manager.cc:585] Loaded tablet metadata (0 total tablets, 0 live tablets)
I20260630 12:29:12.222388 19991 ts_tablet_manager.cc:531] Time spent load tablet metadata: real 0.000s	user 0.000s	sys 0.000s
I20260630 12:29:12.222621 19991 ts_tablet_manager.cc:616] Registered 0 tablets
I20260630 12:29:12.222771 19991 ts_tablet_manager.cc:595] Time spent register tablets: real 0.000s	user 0.000s	sys 0.000s
I20260630 12:29:12.260249 19991 rpc_server.cc:307] RPC server started. Bound to: 127.19.133.193:35483
I20260630 12:29:12.260352 21755 acceptor_pool.cc:272] collecting diagnostics on the listening RPC socket 127.19.133.193:35483 every 8 connection(s)
I20260630 12:29:12.264953 19991 file_cache.cc:492] Constructed file cache file cache with capacity 419430
W20260630 12:29:12.271972 21760 instance_detector.cc:116] could not retrieve AWS instance metadata: Network error: curl error: HTTP response code said error: The requested URL returned error: 404
W20260630 12:29:12.273290 21761 instance_detector.cc:116] could not retrieve Azure instance metadata: Network error: curl error: HTTP response code said error: The requested URL returned error: 404
W20260630 12:29:12.276722 21763 instance_detector.cc:116] could not retrieve OpenStack instance metadata: Network error: curl error: HTTP response code said error: The requested URL returned error: 404
I20260630 12:29:12.276880 19991 server_base.cc:1061] running on GCE node
I20260630 12:29:12.277776 19991 hybrid_clock.cc:584] initializing the hybrid clock with 'system_unsync' time source
W20260630 12:29:12.277963 19991 system_unsync_time.cc:38] NTP support is disabled. Clock error bounds will not be accurate. This configuration is not suitable for distributed clusters.
I20260630 12:29:12.278128 19991 hybrid_clock.cc:648] HybridClock initialized: now 1782822552278114 us; error 0 us; skew 500 ppm
I20260630 12:29:12.278620 19991 server_base.cc:861] Flag tcmalloc_max_total_thread_cache_bytes is not working since tcmalloc is not enabled.
I20260630 12:29:12.281325 19991 webserver.cc:533] Webserver started at http://127.19.133.194:40527/ using document root <none> and password file <none>
I20260630 12:29:12.281853 19991 fs_manager.cc:362] Metadata directory not provided
I20260630 12:29:12.282051 19991 fs_manager.cc:368] Using write-ahead log directory (fs_wal_dir) as metadata directory
I20260630 12:29:12.282285 19991 server_base.cc:909] This appears to be a new deployment of Kudu; creating new FS layout
I20260630 12:29:12.282534 21756 heartbeater.cc:344] Connected to a master server at 127.19.133.254:43975
I20260630 12:29:12.282855 21756 heartbeater.cc:461] Registering TS with master...
I20260630 12:29:12.283342 19991 fs_manager.cc:1068] Generated new instance metadata in path /tmp/dist-test-taskhyxr2j/test-tmp/auto_rebalancer-test.0.AutoRebalancerTest.MovesScheduledIfAddTserver.1782822528341235-19991-0/minicluster-data/ts-1-root/instance:
uuid: "f80674ef84134f7aad292a52a3129179"
format_stamp: "Formatted at 2026-06-30 12:29:12 on dist-test-slave-rw3v"
I20260630 12:29:12.283542 21756 heartbeater.cc:507] Master 127.19.133.254:43975 requested a full tablet report, sending...
I20260630 12:29:12.285565 21629 ts_manager.cc:194] Registered new tserver with Master: ca793d4b2d7a4e0e868e5d4fc86f4035 (127.19.133.193:35483)
I20260630 12:29:12.287354 21629 master_service.cc:502] Signed X509 certificate for tserver {username='slave'} at 127.0.0.1:39866
I20260630 12:29:12.288002 19991 fs_manager.cc:696] Time spent creating directory manager: real 0.004s	user 0.003s	sys 0.001s
I20260630 12:29:12.291174 21768 log_block_manager.cc:4031] Time spent loading block containers with low live blocks: real 0.000s	user 0.000s	sys 0.000s
I20260630 12:29:12.291878 19991 fs_manager.cc:730] Time spent opening block manager: real 0.002s	user 0.003s	sys 0.000s
I20260630 12:29:12.292141 19991 fs_manager.cc:647] Opened local filesystem: /tmp/dist-test-taskhyxr2j/test-tmp/auto_rebalancer-test.0.AutoRebalancerTest.MovesScheduledIfAddTserver.1782822528341235-19991-0/minicluster-data/ts-1-root
uuid: "f80674ef84134f7aad292a52a3129179"
format_stamp: "Formatted at 2026-06-30 12:29:12 on dist-test-slave-rw3v"
I20260630 12:29:12.292395 19991 fs_report.cc:389] FS layout report
--------------------
wal directory: /tmp/dist-test-taskhyxr2j/test-tmp/auto_rebalancer-test.0.AutoRebalancerTest.MovesScheduledIfAddTserver.1782822528341235-19991-0/minicluster-data/ts-1-root
metadata directory: /tmp/dist-test-taskhyxr2j/test-tmp/auto_rebalancer-test.0.AutoRebalancerTest.MovesScheduledIfAddTserver.1782822528341235-19991-0/minicluster-data/ts-1-root
1 data directories: /tmp/dist-test-taskhyxr2j/test-tmp/auto_rebalancer-test.0.AutoRebalancerTest.MovesScheduledIfAddTserver.1782822528341235-19991-0/minicluster-data/ts-1-root/data
Total live blocks: 0
Total live bytes: 0
Total live bytes (after alignment): 0
Total number of LBM containers: 0 (0 full)
Did not check for missing blocks
Did not check for orphaned blocks
Total full LBM containers with extra space: 0 (0 repaired)
Total full LBM container extra space in bytes: 0 (0 repaired)
Total incomplete LBM containers: 0 (0 repaired)
Total LBM partial records: 0 (0 repaired)
Total corrupted LBM metadata records in RocksDB: 0 (0 repaired)
I20260630 12:29:12.311120 19991 rpc_server.cc:225] running with OpenSSL 1.1.1  11 Sep 2018
I20260630 12:29:12.312222 19991 kserver.cc:163] Server-wide thread pool size limit: 3276
I20260630 12:29:12.313562 19991 txn_system_client.cc:432] TxnSystemClient initialization is disabled...
I20260630 12:29:12.315718 19991 ts_tablet_manager.cc:585] Loaded tablet metadata (0 total tablets, 0 live tablets)
I20260630 12:29:12.315902 19991 ts_tablet_manager.cc:531] Time spent load tablet metadata: real 0.000s	user 0.000s	sys 0.000s
I20260630 12:29:12.316107 19991 ts_tablet_manager.cc:616] Registered 0 tablets
I20260630 12:29:12.316250 19991 ts_tablet_manager.cc:595] Time spent register tablets: real 0.000s	user 0.000s	sys 0.000s
I20260630 12:29:12.352283 19991 rpc_server.cc:307] RPC server started. Bound to: 127.19.133.194:33733
I20260630 12:29:12.352373 21830 acceptor_pool.cc:272] collecting diagnostics on the listening RPC socket 127.19.133.194:33733 every 8 connection(s)
I20260630 12:29:12.356690 19991 file_cache.cc:492] Constructed file cache file cache with capacity 419430
W20260630 12:29:12.363257 21834 instance_detector.cc:116] could not retrieve AWS instance metadata: Network error: curl error: HTTP response code said error: The requested URL returned error: 404
W20260630 12:29:12.363927 21835 instance_detector.cc:116] could not retrieve Azure instance metadata: Network error: curl error: HTTP response code said error: The requested URL returned error: 404
I20260630 12:29:12.366644 19991 server_base.cc:1061] running on GCE node
W20260630 12:29:12.367388 21838 instance_detector.cc:116] could not retrieve OpenStack instance metadata: Network error: curl error: HTTP response code said error: The requested URL returned error: 404
I20260630 12:29:12.367993 21831 heartbeater.cc:344] Connected to a master server at 127.19.133.254:43975
I20260630 12:29:12.368266 19991 hybrid_clock.cc:584] initializing the hybrid clock with 'system_unsync' time source
I20260630 12:29:12.368322 21831 heartbeater.cc:461] Registering TS with master...
W20260630 12:29:12.368552 19991 system_unsync_time.cc:38] NTP support is disabled. Clock error bounds will not be accurate. This configuration is not suitable for distributed clusters.
I20260630 12:29:12.368738 19991 hybrid_clock.cc:648] HybridClock initialized: now 1782822552368724 us; error 0 us; skew 500 ppm
I20260630 12:29:12.369127 21831 heartbeater.cc:507] Master 127.19.133.254:43975 requested a full tablet report, sending...
I20260630 12:29:12.369234 19991 server_base.cc:861] Flag tcmalloc_max_total_thread_cache_bytes is not working since tcmalloc is not enabled.
I20260630 12:29:12.371084 21629 ts_manager.cc:194] Registered new tserver with Master: f80674ef84134f7aad292a52a3129179 (127.19.133.194:33733)
I20260630 12:29:12.371711 19991 webserver.cc:533] Webserver started at http://127.19.133.195:38909/ using document root <none> and password file <none>
I20260630 12:29:12.372162 19991 fs_manager.cc:362] Metadata directory not provided
I20260630 12:29:12.372334 19991 fs_manager.cc:368] Using write-ahead log directory (fs_wal_dir) as metadata directory
I20260630 12:29:12.372567 19991 server_base.cc:909] This appears to be a new deployment of Kudu; creating new FS layout
I20260630 12:29:12.372501 21629 master_service.cc:502] Signed X509 certificate for tserver {username='slave'} at 127.0.0.1:39868
I20260630 12:29:12.373907 19991 fs_manager.cc:1068] Generated new instance metadata in path /tmp/dist-test-taskhyxr2j/test-tmp/auto_rebalancer-test.0.AutoRebalancerTest.MovesScheduledIfAddTserver.1782822528341235-19991-0/minicluster-data/ts-2-root/instance:
uuid: "f6d9e553a85d428c9565a3bf7836f594"
format_stamp: "Formatted at 2026-06-30 12:29:12 on dist-test-slave-rw3v"
I20260630 12:29:12.377916 19991 fs_manager.cc:696] Time spent creating directory manager: real 0.004s	user 0.003s	sys 0.002s
I20260630 12:29:12.380936 21842 log_block_manager.cc:4031] Time spent loading block containers with low live blocks: real 0.000s	user 0.000s	sys 0.000s
I20260630 12:29:12.381603 19991 fs_manager.cc:730] Time spent opening block manager: real 0.002s	user 0.001s	sys 0.000s
I20260630 12:29:12.381856 19991 fs_manager.cc:647] Opened local filesystem: /tmp/dist-test-taskhyxr2j/test-tmp/auto_rebalancer-test.0.AutoRebalancerTest.MovesScheduledIfAddTserver.1782822528341235-19991-0/minicluster-data/ts-2-root
uuid: "f6d9e553a85d428c9565a3bf7836f594"
format_stamp: "Formatted at 2026-06-30 12:29:12 on dist-test-slave-rw3v"
