I20260630 12:30:52.478468   607 raft_consensus.cc:2955] T 69cf6da06aec46b4bdb78399268696a3 P c47044b3d98a49bb8b6ba3aa1bfa362d [term 1 FOLLOWER]: Committing config change with OpId 1.25: config changed from index -1 to 25, NON_VOTER 42baeae91010478dac6383990cb04ff3 (127.27.196.132) added. New config: { opid_index: 25 OBSOLETE_local: false peers { permanent_uuid: "5b9447f1346c4892b68a690ab6d3a113" member_type: VOTER last_known_addr { host: "127.27.196.129" port: 41603 } } peers { permanent_uuid: "6e8b8dc1b4a846a69187e9f6adee7d08" member_type: VOTER last_known_addr { host: "127.27.196.130" port: 38383 } attrs { replace: true } } peers { permanent_uuid: "c47044b3d98a49bb8b6ba3aa1bfa362d" member_type: VOTER last_known_addr { host: "127.27.196.131" port: 35291 } } peers { permanent_uuid: "42baeae91010478dac6383990cb04ff3" member_type: NON_VOTER last_known_addr { host: "127.27.196.132" port: 34869 } attrs { promote: true } } }
I20260630 12:30:52.478794   534 raft_consensus.cc:2955] T 69cf6da06aec46b4bdb78399268696a3 P 6e8b8dc1b4a846a69187e9f6adee7d08 [term 1 FOLLOWER]: Committing config change with OpId 1.25: config changed from index -1 to 25, NON_VOTER 42baeae91010478dac6383990cb04ff3 (127.27.196.132) added. New config: { opid_index: 25 OBSOLETE_local: false peers { permanent_uuid: "5b9447f1346c4892b68a690ab6d3a113" member_type: VOTER last_known_addr { host: "127.27.196.129" port: 41603 } } peers { permanent_uuid: "6e8b8dc1b4a846a69187e9f6adee7d08" member_type: VOTER last_known_addr { host: "127.27.196.130" port: 38383 } attrs { replace: true } } peers { permanent_uuid: "c47044b3d98a49bb8b6ba3aa1bfa362d" member_type: VOTER last_known_addr { host: "127.27.196.131" port: 35291 } } peers { permanent_uuid: "42baeae91010478dac6383990cb04ff3" member_type: NON_VOTER last_known_addr { host: "127.27.196.132" port: 34869 } attrs { promote: true } } }
I20260630 12:30:52.488659   361 catalog_manager.cc:5697] T 69cf6da06aec46b4bdb78399268696a3 P c47044b3d98a49bb8b6ba3aa1bfa362d reported cstate change: config changed from index -1 to 25, NON_VOTER 42baeae91010478dac6383990cb04ff3 (127.27.196.132) added. New cstate: current_term: 1 leader_uuid: "5b9447f1346c4892b68a690ab6d3a113" committed_config { opid_index: 25 OBSOLETE_local: false peers { permanent_uuid: "5b9447f1346c4892b68a690ab6d3a113" member_type: VOTER last_known_addr { host: "127.27.196.129" port: 41603 } } peers { permanent_uuid: "6e8b8dc1b4a846a69187e9f6adee7d08" member_type: VOTER last_known_addr { host: "127.27.196.130" port: 38383 } attrs { replace: true } } peers { permanent_uuid: "c47044b3d98a49bb8b6ba3aa1bfa362d" member_type: VOTER last_known_addr { host: "127.27.196.131" port: 35291 } } peers { permanent_uuid: "42baeae91010478dac6383990cb04ff3" member_type: NON_VOTER last_known_addr { host: "127.27.196.132" port: 34869 } attrs { promote: true } } }
I20260630 12:30:52.564908   914 heartbeater.cc:499] Master 127.27.196.190:42787 was elected leader, sending a full tablet report...
I20260630 12:30:52.678396   989 heartbeater.cc:499] Master 127.27.196.190:42787 was elected leader, sending a full tablet report...
I20260630 12:30:52.761693  1099 ts_tablet_manager.cc:933] T 9b54089ec3d2459c83346c73f251e1ef P 1cf0356309204b6d8ab15b02e11881b3: Initiating tablet copy from peer 6e8b8dc1b4a846a69187e9f6adee7d08 (127.27.196.130:38383)
I20260630 12:30:52.763502  1099 tablet_copy_client.cc:323] T 9b54089ec3d2459c83346c73f251e1ef P 1cf0356309204b6d8ab15b02e11881b3: tablet copy: Beginning tablet copy session from remote peer at address 127.27.196.130:38383
I20260630 12:30:52.773717   548 tablet_copy_service.cc:140] P 6e8b8dc1b4a846a69187e9f6adee7d08: Received BeginTabletCopySession request for tablet 9b54089ec3d2459c83346c73f251e1ef from peer 1cf0356309204b6d8ab15b02e11881b3 ({username='slave'} at 127.0.0.1:60816)
I20260630 12:30:52.774185   548 tablet_copy_service.cc:161] P 6e8b8dc1b4a846a69187e9f6adee7d08: Beginning new tablet copy session on tablet 9b54089ec3d2459c83346c73f251e1ef from peer 1cf0356309204b6d8ab15b02e11881b3 at {username='slave'} at 127.0.0.1:60816: session id = 1cf0356309204b6d8ab15b02e11881b3-9b54089ec3d2459c83346c73f251e1ef
I20260630 12:30:52.779521   548 tablet_copy_source_session.cc:215] T 9b54089ec3d2459c83346c73f251e1ef P 6e8b8dc1b4a846a69187e9f6adee7d08: Tablet Copy: opened 0 blocks and 1 log segments
I20260630 12:30:52.782116  1099 data_dirs.cc:400] Could only allocate 1 dirs of requested 3 for tablet 9b54089ec3d2459c83346c73f251e1ef. 1 dirs total, 0 dirs full, 0 dirs failed
I20260630 12:30:52.794133  1099 tablet_copy_client.cc:806] T 9b54089ec3d2459c83346c73f251e1ef P 1cf0356309204b6d8ab15b02e11881b3: tablet copy: Starting download of 0 data blocks...
I20260630 12:30:52.794754  1099 tablet_copy_client.cc:670] T 9b54089ec3d2459c83346c73f251e1ef P 1cf0356309204b6d8ab15b02e11881b3: tablet copy: Starting download of 1 WAL segments...
I20260630 12:30:52.807413  1100 tablet_copy_client.cc:1025] T 9b54089ec3d2459c83346c73f251e1ef P 1cf0356309204b6d8ab15b02e11881b3: tablet copy: Injecting latency into file download: 2000
I20260630 12:30:52.812670  1063 heartbeater.cc:499] Master 127.27.196.190:42787 was elected leader, sending a full tablet report...
I20260630 12:30:52.881223  1102 ts_tablet_manager.cc:933] T 5c3ddfe8de1c4fef9f473ca1a171faef P c07b4367a8e84abdb591bf8fb1ddc4d0: Initiating tablet copy from peer c47044b3d98a49bb8b6ba3aa1bfa362d (127.27.196.131:35291)
I20260630 12:30:52.901029  1102 tablet_copy_client.cc:323] T 5c3ddfe8de1c4fef9f473ca1a171faef P c07b4367a8e84abdb591bf8fb1ddc4d0: tablet copy: Beginning tablet copy session from remote peer at address 127.27.196.131:35291
I20260630 12:30:52.944656  1110 ts_tablet_manager.cc:933] T 0ca50078f6c24fcd803e5d2642b45384 P 1cf0356309204b6d8ab15b02e11881b3: Initiating tablet copy from peer 5b9447f1346c4892b68a690ab6d3a113 (127.27.196.129:41603)
I20260630 12:30:53.067227  1110 tablet_copy_client.cc:323] T 0ca50078f6c24fcd803e5d2642b45384 P 1cf0356309204b6d8ab15b02e11881b3: tablet copy: Beginning tablet copy session from remote peer at address 127.27.196.129:41603
I20260630 12:30:53.067210  1103 ts_tablet_manager.cc:933] T 51048722696d4de09b57608ff3c41aa0 P c07b4367a8e84abdb591bf8fb1ddc4d0: Initiating tablet copy from peer c47044b3d98a49bb8b6ba3aa1bfa362d (127.27.196.131:35291)
I20260630 12:30:53.073549  1109 ts_tablet_manager.cc:933] T 3ec8ea0ab45b48f6b222f76c8e2576cb P 42baeae91010478dac6383990cb04ff3: Initiating tablet copy from peer c47044b3d98a49bb8b6ba3aa1bfa362d (127.27.196.131:35291)
I20260630 12:30:53.076766  1108 ts_tablet_manager.cc:933] T 69cf6da06aec46b4bdb78399268696a3 P 42baeae91010478dac6383990cb04ff3: Initiating tablet copy from peer 5b9447f1346c4892b68a690ab6d3a113 (127.27.196.129:41603)
I20260630 12:30:53.165758  1108 tablet_copy_client.cc:323] T 69cf6da06aec46b4bdb78399268696a3 P 42baeae91010478dac6383990cb04ff3: tablet copy: Beginning tablet copy session from remote peer at address 127.27.196.129:41603
I20260630 12:30:53.166457  1109 tablet_copy_client.cc:323] T 3ec8ea0ab45b48f6b222f76c8e2576cb P 42baeae91010478dac6383990cb04ff3: tablet copy: Beginning tablet copy session from remote peer at address 127.27.196.131:35291
I20260630 12:30:53.177364  1103 tablet_copy_client.cc:323] T 51048722696d4de09b57608ff3c41aa0 P c07b4367a8e84abdb591bf8fb1ddc4d0: tablet copy: Beginning tablet copy session from remote peer at address 127.27.196.131:35291
I20260630 12:30:53.424264   473 tablet_copy_service.cc:140] P 5b9447f1346c4892b68a690ab6d3a113: Received BeginTabletCopySession request for tablet 0ca50078f6c24fcd803e5d2642b45384 from peer 1cf0356309204b6d8ab15b02e11881b3 ({username='slave'} at 127.0.0.1:48832)
I20260630 12:30:53.424878   473 tablet_copy_service.cc:161] P 5b9447f1346c4892b68a690ab6d3a113: Beginning new tablet copy session on tablet 0ca50078f6c24fcd803e5d2642b45384 from peer 1cf0356309204b6d8ab15b02e11881b3 at {username='slave'} at 127.0.0.1:48832: session id = 1cf0356309204b6d8ab15b02e11881b3-0ca50078f6c24fcd803e5d2642b45384
I20260630 12:30:53.433395   473 tablet_copy_source_session.cc:215] T 0ca50078f6c24fcd803e5d2642b45384 P 5b9447f1346c4892b68a690ab6d3a113: Tablet Copy: opened 0 blocks and 1 log segments
I20260630 12:30:53.528230   473 tablet_copy_service.cc:140] P 5b9447f1346c4892b68a690ab6d3a113: Received BeginTabletCopySession request for tablet 69cf6da06aec46b4bdb78399268696a3 from peer 42baeae91010478dac6383990cb04ff3 ({username='slave'} at 127.0.0.1:48842)
I20260630 12:30:53.528828   473 tablet_copy_service.cc:161] P 5b9447f1346c4892b68a690ab6d3a113: Beginning new tablet copy session on tablet 69cf6da06aec46b4bdb78399268696a3 from peer 42baeae91010478dac6383990cb04ff3 at {username='slave'} at 127.0.0.1:48842: session id = 42baeae91010478dac6383990cb04ff3-69cf6da06aec46b4bdb78399268696a3
I20260630 12:30:53.557009   473 tablet_copy_source_session.cc:215] T 69cf6da06aec46b4bdb78399268696a3 P 5b9447f1346c4892b68a690ab6d3a113: Tablet Copy: opened 0 blocks and 1 log segments
I20260630 12:30:53.560344  1108 data_dirs.cc:400] Could only allocate 1 dirs of requested 3 for tablet 69cf6da06aec46b4bdb78399268696a3. 1 dirs total, 0 dirs full, 0 dirs failed
W20260630 12:30:53.560514   578 thread.cc:641] server-negotiator [worker] (thread pool) Time spent creating pthread: real 0.657s	user 0.007s	sys 0.025s
W20260630 12:30:53.561079   578 thread.cc:608] server-negotiator [worker] (thread pool) Time spent starting thread: real 0.658s	user 0.007s	sys 0.025s
I20260630 12:30:53.560344  1110 data_dirs.cc:400] Could only allocate 1 dirs of requested 3 for tablet 0ca50078f6c24fcd803e5d2642b45384. 1 dirs total, 0 dirs full, 0 dirs failed
I20260630 12:30:53.580354  1110 tablet_copy_client.cc:806] T 0ca50078f6c24fcd803e5d2642b45384 P 1cf0356309204b6d8ab15b02e11881b3: tablet copy: Starting download of 0 data blocks...
I20260630 12:30:53.580840   622 tablet_copy_service.cc:140] P c47044b3d98a49bb8b6ba3aa1bfa362d: Received BeginTabletCopySession request for tablet 5c3ddfe8de1c4fef9f473ca1a171faef from peer c07b4367a8e84abdb591bf8fb1ddc4d0 ({username='slave'} at 127.0.0.1:48238)
I20260630 12:30:53.580932  1108 tablet_copy_client.cc:806] T 69cf6da06aec46b4bdb78399268696a3 P 42baeae91010478dac6383990cb04ff3: tablet copy: Starting download of 0 data blocks...
I20260630 12:30:53.580982  1110 tablet_copy_client.cc:670] T 0ca50078f6c24fcd803e5d2642b45384 P 1cf0356309204b6d8ab15b02e11881b3: tablet copy: Starting download of 1 WAL segments...
I20260630 12:30:53.581620   622 tablet_copy_service.cc:161] P c47044b3d98a49bb8b6ba3aa1bfa362d: Beginning new tablet copy session on tablet 5c3ddfe8de1c4fef9f473ca1a171faef from peer c07b4367a8e84abdb591bf8fb1ddc4d0 at {username='slave'} at 127.0.0.1:48238: session id = c07b4367a8e84abdb591bf8fb1ddc4d0-5c3ddfe8de1c4fef9f473ca1a171faef
I20260630 12:30:53.581713  1108 tablet_copy_client.cc:670] T 69cf6da06aec46b4bdb78399268696a3 P 42baeae91010478dac6383990cb04ff3: tablet copy: Starting download of 1 WAL segments...
I20260630 12:30:53.583230   621 tablet_copy_service.cc:140] P c47044b3d98a49bb8b6ba3aa1bfa362d: Received BeginTabletCopySession request for tablet 51048722696d4de09b57608ff3c41aa0 from peer c07b4367a8e84abdb591bf8fb1ddc4d0 ({username='slave'} at 127.0.0.1:48238)
I20260630 12:30:53.591797   621 tablet_copy_service.cc:161] P c47044b3d98a49bb8b6ba3aa1bfa362d: Beginning new tablet copy session on tablet 51048722696d4de09b57608ff3c41aa0 from peer c07b4367a8e84abdb591bf8fb1ddc4d0 at {username='slave'} at 127.0.0.1:48238: session id = c07b4367a8e84abdb591bf8fb1ddc4d0-51048722696d4de09b57608ff3c41aa0
I20260630 12:30:53.596314   622 tablet_copy_source_session.cc:215] T 5c3ddfe8de1c4fef9f473ca1a171faef P c47044b3d98a49bb8b6ba3aa1bfa362d: Tablet Copy: opened 0 blocks and 1 log segments
I20260630 12:30:53.598690  1111 tablet_copy_client.cc:1025] T 0ca50078f6c24fcd803e5d2642b45384 P 1cf0356309204b6d8ab15b02e11881b3: tablet copy: Injecting latency into file download: 2000
I20260630 12:30:53.595311  1114 tablet_copy_client.cc:1025] T 69cf6da06aec46b4bdb78399268696a3 P 42baeae91010478dac6383990cb04ff3: tablet copy: Injecting latency into file download: 2000
I20260630 12:30:53.601639  1102 data_dirs.cc:400] Could only allocate 1 dirs of requested 3 for tablet 5c3ddfe8de1c4fef9f473ca1a171faef. 1 dirs total, 0 dirs full, 0 dirs failed
I20260630 12:30:53.616607   620 tablet_copy_service.cc:140] P c47044b3d98a49bb8b6ba3aa1bfa362d: Received BeginTabletCopySession request for tablet 3ec8ea0ab45b48f6b222f76c8e2576cb from peer 42baeae91010478dac6383990cb04ff3 ({username='slave'} at 127.0.0.1:48240)
I20260630 12:30:53.617219   620 tablet_copy_service.cc:161] P c47044b3d98a49bb8b6ba3aa1bfa362d: Beginning new tablet copy session on tablet 3ec8ea0ab45b48f6b222f76c8e2576cb from peer 42baeae91010478dac6383990cb04ff3 at {username='slave'} at 127.0.0.1:48240: session id = 42baeae91010478dac6383990cb04ff3-3ec8ea0ab45b48f6b222f76c8e2576cb
I20260630 12:30:53.616562   621 tablet_copy_source_session.cc:215] T 51048722696d4de09b57608ff3c41aa0 P c47044b3d98a49bb8b6ba3aa1bfa362d: Tablet Copy: opened 0 blocks and 1 log segments
I20260630 12:30:53.627007   620 tablet_copy_source_session.cc:215] T 3ec8ea0ab45b48f6b222f76c8e2576cb P c47044b3d98a49bb8b6ba3aa1bfa362d: Tablet Copy: opened 0 blocks and 1 log segments
I20260630 12:30:53.627313  1103 data_dirs.cc:400] Could only allocate 1 dirs of requested 3 for tablet 51048722696d4de09b57608ff3c41aa0. 1 dirs total, 0 dirs full, 0 dirs failed
I20260630 12:30:53.631083  1109 data_dirs.cc:400] Could only allocate 1 dirs of requested 3 for tablet 3ec8ea0ab45b48f6b222f76c8e2576cb. 1 dirs total, 0 dirs full, 0 dirs failed
I20260630 12:30:53.644516  1103 tablet_copy_client.cc:806] T 51048722696d4de09b57608ff3c41aa0 P c07b4367a8e84abdb591bf8fb1ddc4d0: tablet copy: Starting download of 0 data blocks...
I20260630 12:30:53.646767  1102 tablet_copy_client.cc:806] T 5c3ddfe8de1c4fef9f473ca1a171faef P c07b4367a8e84abdb591bf8fb1ddc4d0: tablet copy: Starting download of 0 data blocks...
I20260630 12:30:53.647334  1102 tablet_copy_client.cc:670] T 5c3ddfe8de1c4fef9f473ca1a171faef P c07b4367a8e84abdb591bf8fb1ddc4d0: tablet copy: Starting download of 1 WAL segments...
I20260630 12:30:53.647816  1103 tablet_copy_client.cc:670] T 51048722696d4de09b57608ff3c41aa0 P c07b4367a8e84abdb591bf8fb1ddc4d0: tablet copy: Starting download of 1 WAL segments...
I20260630 12:30:53.651880  1104 tablet_copy_client.cc:1025] T 5c3ddfe8de1c4fef9f473ca1a171faef P c07b4367a8e84abdb591bf8fb1ddc4d0: tablet copy: Injecting latency into file download: 2000
I20260630 12:30:53.652190  1109 tablet_copy_client.cc:806] T 3ec8ea0ab45b48f6b222f76c8e2576cb P 42baeae91010478dac6383990cb04ff3: tablet copy: Starting download of 0 data blocks...
I20260630 12:30:53.661387  1109 tablet_copy_client.cc:670] T 3ec8ea0ab45b48f6b222f76c8e2576cb P 42baeae91010478dac6383990cb04ff3: tablet copy: Starting download of 1 WAL segments...
I20260630 12:30:53.668208  1113 tablet_copy_client.cc:1025] T 3ec8ea0ab45b48f6b222f76c8e2576cb P 42baeae91010478dac6383990cb04ff3: tablet copy: Injecting latency into file download: 2000
I20260630 12:30:53.737879  1112 tablet_copy_client.cc:1025] T 51048722696d4de09b57608ff3c41aa0 P c07b4367a8e84abdb591bf8fb1ddc4d0: tablet copy: Injecting latency into file download: 2000
W20260630 12:30:54.658536   985 debug-util.cc:398] Leaking SignalData structure 0x7b08002a6060 after lost signal to thread 28437
W20260630 12:30:54.659483   985 debug-util.cc:398] Leaking SignalData structure 0x7b08002a6740 after lost signal to thread 395
W20260630 12:30:54.661113   985 debug-util.cc:398] Leaking SignalData structure 0x7b08001b1480 after lost signal to thread 562
W20260630 12:30:54.662792   985 debug-util.cc:398] Leaking SignalData structure 0x7b08001ded20 after lost signal to thread 913
W20260630 12:30:54.663666   985 debug-util.cc:398] Leaking SignalData structure 0x7b08001b55c0 after lost signal to thread 988
W20260630 12:30:54.664458   985 debug-util.cc:398] Leaking SignalData structure 0x7b08000678a0 after lost signal to thread 1062
I20260630 12:30:54.898161  1099 tablet_copy_client.cc:538] T 9b54089ec3d2459c83346c73f251e1ef P 1cf0356309204b6d8ab15b02e11881b3: tablet copy: Tablet Copy complete. Replacing tablet superblock.
I20260630 12:30:54.907202  1099 tablet_bootstrap.cc:492] T 9b54089ec3d2459c83346c73f251e1ef P 1cf0356309204b6d8ab15b02e11881b3: Bootstrap starting.
I20260630 12:30:55.048301  1099 tablet_bootstrap.cc:492] T 9b54089ec3d2459c83346c73f251e1ef P 1cf0356309204b6d8ab15b02e11881b3: Bootstrap replayed 1/1 log segments. Stats: ops{read=25 overwritten=0 applied=25 ignored=0} inserts{seen=111 ignored=0} mutations{seen=0 ignored=0} orphaned_commits=0. Pending: 0 replicates
I20260630 12:30:55.049329  1099 tablet_bootstrap.cc:492] T 9b54089ec3d2459c83346c73f251e1ef P 1cf0356309204b6d8ab15b02e11881b3: Bootstrap complete.
I20260630 12:30:55.050057  1099 ts_tablet_manager.cc:1403] T 9b54089ec3d2459c83346c73f251e1ef P 1cf0356309204b6d8ab15b02e11881b3: Time spent bootstrapping tablet: real 0.143s	user 0.122s	sys 0.017s
I20260630 12:30:55.052955  1099 raft_consensus.cc:359] T 9b54089ec3d2459c83346c73f251e1ef P 1cf0356309204b6d8ab15b02e11881b3 [term 1 LEARNER]: Replica starting. Triggering 0 pending ops. Active config: opid_index: 25 OBSOLETE_local: false peers { permanent_uuid: "5b9447f1346c4892b68a690ab6d3a113" member_type: VOTER last_known_addr { host: "127.27.196.129" port: 41603 } } peers { permanent_uuid: "6e8b8dc1b4a846a69187e9f6adee7d08" member_type: VOTER last_known_addr { host: "127.27.196.130" port: 38383 } } peers { permanent_uuid: "c47044b3d98a49bb8b6ba3aa1bfa362d" member_type: VOTER last_known_addr { host: "127.27.196.131" port: 35291 } attrs { replace: true } } peers { permanent_uuid: "1cf0356309204b6d8ab15b02e11881b3" member_type: NON_VOTER last_known_addr { host: "127.27.196.133" port: 45679 } attrs { promote: true } }
I20260630 12:30:55.053583  1099 raft_consensus.cc:740] T 9b54089ec3d2459c83346c73f251e1ef P 1cf0356309204b6d8ab15b02e11881b3 [term 1 LEARNER]: Becoming Follower/Learner. State: Replica: 1cf0356309204b6d8ab15b02e11881b3, State: Initialized, Role: LEARNER
I20260630 12:30:55.054024  1099 consensus_queue.cc:260] T 9b54089ec3d2459c83346c73f251e1ef P 1cf0356309204b6d8ab15b02e11881b3 [NON_LEADER]: Queue going to NON_LEADER mode. State: All replicated index: 0, Majority replicated index: 0, Committed index: 25, Last appended: 1.25, Last appended by leader: 25, Current term: 0, Majority size: -1, State: 0, Mode: NON_LEADER, active raft config: opid_index: 25 OBSOLETE_local: false peers { permanent_uuid: "5b9447f1346c4892b68a690ab6d3a113" member_type: VOTER last_known_addr { host: "127.27.196.129" port: 41603 } } peers { permanent_uuid: "6e8b8dc1b4a846a69187e9f6adee7d08" member_type: VOTER last_known_addr { host: "127.27.196.130" port: 38383 } } peers { permanent_uuid: "c47044b3d98a49bb8b6ba3aa1bfa362d" member_type: VOTER last_known_addr { host: "127.27.196.131" port: 35291 } attrs { replace: true } } peers { permanent_uuid: "1cf0356309204b6d8ab15b02e11881b3" member_type: NON_VOTER last_known_addr { host: "127.27.196.133" port: 45679 } attrs { promote: true } }
I20260630 12:30:55.056123  1099 ts_tablet_manager.cc:1434] T 9b54089ec3d2459c83346c73f251e1ef P 1cf0356309204b6d8ab15b02e11881b3: Time spent starting tablet: real 0.006s	user 0.005s	sys 0.000s
I20260630 12:30:55.057977   548 tablet_copy_service.cc:342] P 6e8b8dc1b4a846a69187e9f6adee7d08: Request end of tablet copy session 1cf0356309204b6d8ab15b02e11881b3-9b54089ec3d2459c83346c73f251e1ef received from {username='slave'} at 127.0.0.1:60816
I20260630 12:30:55.058403   548 tablet_copy_service.cc:434] P 6e8b8dc1b4a846a69187e9f6adee7d08: ending tablet copy session 1cf0356309204b6d8ab15b02e11881b3-9b54089ec3d2459c83346c73f251e1ef on tablet 9b54089ec3d2459c83346c73f251e1ef with peer 1cf0356309204b6d8ab15b02e11881b3
I20260630 12:30:55.477109   964 raft_consensus.cc:1217] T 9b54089ec3d2459c83346c73f251e1ef P 1cf0356309204b6d8ab15b02e11881b3 [term 1 LEARNER]: Deduplicated request from leader. Original: 1.24->[1.25-1.25]   Dedup: 1.25->[]
I20260630 12:30:55.599967  1110 tablet_copy_client.cc:538] T 0ca50078f6c24fcd803e5d2642b45384 P 1cf0356309204b6d8ab15b02e11881b3: tablet copy: Tablet Copy complete. Replacing tablet superblock.
I20260630 12:30:55.603659  1108 tablet_copy_client.cc:538] T 69cf6da06aec46b4bdb78399268696a3 P 42baeae91010478dac6383990cb04ff3: tablet copy: Tablet Copy complete. Replacing tablet superblock.
I20260630 12:30:55.612960  1108 tablet_bootstrap.cc:492] T 69cf6da06aec46b4bdb78399268696a3 P 42baeae91010478dac6383990cb04ff3: Bootstrap starting.
I20260630 12:30:55.614001  1110 tablet_bootstrap.cc:492] T 0ca50078f6c24fcd803e5d2642b45384 P 1cf0356309204b6d8ab15b02e11881b3: Bootstrap starting.
I20260630 12:30:55.661427  1102 tablet_copy_client.cc:538] T 5c3ddfe8de1c4fef9f473ca1a171faef P c07b4367a8e84abdb591bf8fb1ddc4d0: tablet copy: Tablet Copy complete. Replacing tablet superblock.
I20260630 12:30:55.669065  1109 tablet_copy_client.cc:538] T 3ec8ea0ab45b48f6b222f76c8e2576cb P 42baeae91010478dac6383990cb04ff3: tablet copy: Tablet Copy complete. Replacing tablet superblock.
I20260630 12:30:55.676393  1102 tablet_bootstrap.cc:492] T 5c3ddfe8de1c4fef9f473ca1a171faef P c07b4367a8e84abdb591bf8fb1ddc4d0: Bootstrap starting.
I20260630 12:30:55.679979  1109 tablet_bootstrap.cc:492] T 3ec8ea0ab45b48f6b222f76c8e2576cb P 42baeae91010478dac6383990cb04ff3: Bootstrap starting.
W20260630 12:30:55.732240   576 consensus_peers.cc:597] T 51048722696d4de09b57608ff3c41aa0 P c47044b3d98a49bb8b6ba3aa1bfa362d -> Peer c07b4367a8e84abdb591bf8fb1ddc4d0 (127.27.196.134:40337): Couldn't send request to peer c07b4367a8e84abdb591bf8fb1ddc4d0. Error code: TABLET_NOT_RUNNING (12). Status: Illegal state: Tablet not RUNNING: INITIALIZED. This is attempt 6: this message will repeat every 5th retry.
I20260630 12:30:55.738859  1103 tablet_copy_client.cc:538] T 51048722696d4de09b57608ff3c41aa0 P c07b4367a8e84abdb591bf8fb1ddc4d0: tablet copy: Tablet Copy complete. Replacing tablet superblock.
I20260630 12:30:55.748386  1103 tablet_bootstrap.cc:492] T 51048722696d4de09b57608ff3c41aa0 P c07b4367a8e84abdb591bf8fb1ddc4d0: Bootstrap starting.
W20260630 12:30:55.794778   427 consensus_peers.cc:597] T 69cf6da06aec46b4bdb78399268696a3 P 5b9447f1346c4892b68a690ab6d3a113 -> Peer 42baeae91010478dac6383990cb04ff3 (127.27.196.132:34869): Couldn't send request to peer 42baeae91010478dac6383990cb04ff3. Error code: TABLET_NOT_RUNNING (12). Status: Illegal state: Tablet not RUNNING: BOOTSTRAPPING. This is attempt 6: this message will repeat every 5th retry.
W20260630 12:30:55.813782   576 consensus_peers.cc:597] T 5c3ddfe8de1c4fef9f473ca1a171faef P c47044b3d98a49bb8b6ba3aa1bfa362d -> Peer c07b4367a8e84abdb591bf8fb1ddc4d0 (127.27.196.134:40337): Couldn't send request to peer c07b4367a8e84abdb591bf8fb1ddc4d0. Error code: TABLET_NOT_RUNNING (12). Status: Illegal state: Tablet not RUNNING: BOOTSTRAPPING. This is attempt 6: this message will repeat every 5th retry.
I20260630 12:30:55.839672  1110 tablet_bootstrap.cc:492] T 0ca50078f6c24fcd803e5d2642b45384 P 1cf0356309204b6d8ab15b02e11881b3: Bootstrap replayed 1/1 log segments. Stats: ops{read=24 overwritten=0 applied=24 ignored=0} inserts{seen=91 ignored=0} mutations{seen=0 ignored=0} orphaned_commits=0. Pending: 0 replicates
I20260630 12:30:55.842332  1110 tablet_bootstrap.cc:492] T 0ca50078f6c24fcd803e5d2642b45384 P 1cf0356309204b6d8ab15b02e11881b3: Bootstrap complete.
I20260630 12:30:55.843825  1110 ts_tablet_manager.cc:1403] T 0ca50078f6c24fcd803e5d2642b45384 P 1cf0356309204b6d8ab15b02e11881b3: Time spent bootstrapping tablet: real 0.230s	user 0.127s	sys 0.015s
W20260630 12:30:55.899372   576 consensus_peers.cc:597] T 3ec8ea0ab45b48f6b222f76c8e2576cb P c47044b3d98a49bb8b6ba3aa1bfa362d -> Peer 42baeae91010478dac6383990cb04ff3 (127.27.196.132:34869): Couldn't send request to peer 42baeae91010478dac6383990cb04ff3. Error code: TABLET_NOT_RUNNING (12). Status: Illegal state: Tablet not RUNNING: BOOTSTRAPPING. This is attempt 6: this message will repeat every 5th retry.
W20260630 12:30:55.899868  1102 log.cc:927] Time spent T 5c3ddfe8de1c4fef9f473ca1a171faef P c07b4367a8e84abdb591bf8fb1ddc4d0: Append to log took a long time: real 0.057s	user 0.000s	sys 0.002s
I20260630 12:30:55.847026  1110 raft_consensus.cc:359] T 0ca50078f6c24fcd803e5d2642b45384 P 1cf0356309204b6d8ab15b02e11881b3 [term 1 LEARNER]: Replica starting. Triggering 0 pending ops. Active config: opid_index: 24 OBSOLETE_local: false peers { permanent_uuid: "5b9447f1346c4892b68a690ab6d3a113" member_type: VOTER last_known_addr { host: "127.27.196.129" port: 41603 } } peers { permanent_uuid: "6e8b8dc1b4a846a69187e9f6adee7d08" member_type: VOTER last_known_addr { host: "127.27.196.130" port: 38383 } } peers { permanent_uuid: "c47044b3d98a49bb8b6ba3aa1bfa362d" member_type: VOTER last_known_addr { host: "127.27.196.131" port: 35291 } attrs { replace: true } } peers { permanent_uuid: "1cf0356309204b6d8ab15b02e11881b3" member_type: NON_VOTER last_known_addr { host: "127.27.196.133" port: 45679 } attrs { promote: true } }
I20260630 12:30:55.932140  1110 raft_consensus.cc:740] T 0ca50078f6c24fcd803e5d2642b45384 P 1cf0356309204b6d8ab15b02e11881b3 [term 1 LEARNER]: Becoming Follower/Learner. State: Replica: 1cf0356309204b6d8ab15b02e11881b3, State: Initialized, Role: LEARNER
W20260630 12:30:55.939845   427 consensus_peers.cc:597] T 0ca50078f6c24fcd803e5d2642b45384 P 5b9447f1346c4892b68a690ab6d3a113 -> Peer 1cf0356309204b6d8ab15b02e11881b3 (127.27.196.133:45679): Couldn't send request to peer 1cf0356309204b6d8ab15b02e11881b3. Error code: TABLET_NOT_RUNNING (12). Status: Illegal state: Tablet not RUNNING: BOOTSTRAPPING. This is attempt 6: this message will repeat every 5th retry.
I20260630 12:30:55.959797  1108 tablet_bootstrap.cc:492] T 69cf6da06aec46b4bdb78399268696a3 P 42baeae91010478dac6383990cb04ff3: Bootstrap replayed 1/1 log segments. Stats: ops{read=25 overwritten=0 applied=25 ignored=0} inserts{seen=112 ignored=0} mutations{seen=0 ignored=0} orphaned_commits=0. Pending: 0 replicates
I20260630 12:30:55.961289  1108 tablet_bootstrap.cc:492] T 69cf6da06aec46b4bdb78399268696a3 P 42baeae91010478dac6383990cb04ff3: Bootstrap complete.
I20260630 12:30:55.962450  1108 ts_tablet_manager.cc:1403] T 69cf6da06aec46b4bdb78399268696a3 P 42baeae91010478dac6383990cb04ff3: Time spent bootstrapping tablet: real 0.350s	user 0.142s	sys 0.017s
I20260630 12:30:55.933799  1110 consensus_queue.cc:260] T 0ca50078f6c24fcd803e5d2642b45384 P 1cf0356309204b6d8ab15b02e11881b3 [NON_LEADER]: Queue going to NON_LEADER mode. State: All replicated index: 0, Majority replicated index: 0, Committed index: 24, Last appended: 1.24, Last appended by leader: 24, Current term: 0, Majority size: -1, State: 0, Mode: NON_LEADER, active raft config: opid_index: 24 OBSOLETE_local: false peers { permanent_uuid: "5b9447f1346c4892b68a690ab6d3a113" member_type: VOTER last_known_addr { host: "127.27.196.129" port: 41603 } } peers { permanent_uuid: "6e8b8dc1b4a846a69187e9f6adee7d08" member_type: VOTER last_known_addr { host: "127.27.196.130" port: 38383 } } peers { permanent_uuid: "c47044b3d98a49bb8b6ba3aa1bfa362d" member_type: VOTER last_known_addr { host: "127.27.196.131" port: 35291 } attrs { replace: true } } peers { permanent_uuid: "1cf0356309204b6d8ab15b02e11881b3" member_type: NON_VOTER last_known_addr { host: "127.27.196.133" port: 45679 } attrs { promote: true } }
I20260630 12:30:55.991998  1110 ts_tablet_manager.cc:1434] T 0ca50078f6c24fcd803e5d2642b45384 P 1cf0356309204b6d8ab15b02e11881b3: Time spent starting tablet: real 0.148s	user 0.009s	sys 0.000s
I20260630 12:30:56.002883  1108 raft_consensus.cc:359] T 69cf6da06aec46b4bdb78399268696a3 P 42baeae91010478dac6383990cb04ff3 [term 1 LEARNER]: Replica starting. Triggering 0 pending ops. Active config: opid_index: 25 OBSOLETE_local: false peers { permanent_uuid: "5b9447f1346c4892b68a690ab6d3a113" member_type: VOTER last_known_addr { host: "127.27.196.129" port: 41603 } } peers { permanent_uuid: "6e8b8dc1b4a846a69187e9f6adee7d08" member_type: VOTER last_known_addr { host: "127.27.196.130" port: 38383 } attrs { replace: true } } peers { permanent_uuid: "c47044b3d98a49bb8b6ba3aa1bfa362d" member_type: VOTER last_known_addr { host: "127.27.196.131" port: 35291 } } peers { permanent_uuid: "42baeae91010478dac6383990cb04ff3" member_type: NON_VOTER last_known_addr { host: "127.27.196.132" port: 34869 } attrs { promote: true } }
I20260630 12:30:56.003669   473 tablet_copy_service.cc:342] P 5b9447f1346c4892b68a690ab6d3a113: Request end of tablet copy session 1cf0356309204b6d8ab15b02e11881b3-0ca50078f6c24fcd803e5d2642b45384 received from {username='slave'} at 127.0.0.1:48832
I20260630 12:30:56.004415   473 tablet_copy_service.cc:434] P 5b9447f1346c4892b68a690ab6d3a113: ending tablet copy session 1cf0356309204b6d8ab15b02e11881b3-0ca50078f6c24fcd803e5d2642b45384 on tablet 0ca50078f6c24fcd803e5d2642b45384 with peer 1cf0356309204b6d8ab15b02e11881b3
I20260630 12:30:56.005777  1129 raft_consensus.cc:1064] T 9b54089ec3d2459c83346c73f251e1ef P 6e8b8dc1b4a846a69187e9f6adee7d08: attempting to promote NON_VOTER 1cf0356309204b6d8ab15b02e11881b3 to VOTER
I20260630 12:30:56.007131  1108 raft_consensus.cc:740] T 69cf6da06aec46b4bdb78399268696a3 P 42baeae91010478dac6383990cb04ff3 [term 1 LEARNER]: Becoming Follower/Learner. State: Replica: 42baeae91010478dac6383990cb04ff3, State: Initialized, Role: LEARNER
I20260630 12:30:56.007790  1108 consensus_queue.cc:260] T 69cf6da06aec46b4bdb78399268696a3 P 42baeae91010478dac6383990cb04ff3 [NON_LEADER]: Queue going to NON_LEADER mode. State: All replicated index: 0, Majority replicated index: 0, Committed index: 25, Last appended: 1.25, Last appended by leader: 25, Current term: 0, Majority size: -1, State: 0, Mode: NON_LEADER, active raft config: opid_index: 25 OBSOLETE_local: false peers { permanent_uuid: "5b9447f1346c4892b68a690ab6d3a113" member_type: VOTER last_known_addr { host: "127.27.196.129" port: 41603 } } peers { permanent_uuid: "6e8b8dc1b4a846a69187e9f6adee7d08" member_type: VOTER last_known_addr { host: "127.27.196.130" port: 38383 } attrs { replace: true } } peers { permanent_uuid: "c47044b3d98a49bb8b6ba3aa1bfa362d" member_type: VOTER last_known_addr { host: "127.27.196.131" port: 35291 } } peers { permanent_uuid: "42baeae91010478dac6383990cb04ff3" member_type: NON_VOTER last_known_addr { host: "127.27.196.132" port: 34869 } attrs { promote: true } }
I20260630 12:30:56.013650  1129 consensus_queue.cc:237] T 9b54089ec3d2459c83346c73f251e1ef P 6e8b8dc1b4a846a69187e9f6adee7d08 [LEADER]: Queue going to LEADER mode. State: All replicated index: 0, Majority replicated index: 25, Committed index: 25, Last appended: 1.25, Last appended by leader: 0, Current term: 1, Majority size: 3, State: 0, Mode: LEADER, active raft config: opid_index: 26 OBSOLETE_local: false peers { permanent_uuid: "5b9447f1346c4892b68a690ab6d3a113" member_type: VOTER last_known_addr { host: "127.27.196.129" port: 41603 } } peers { permanent_uuid: "6e8b8dc1b4a846a69187e9f6adee7d08" member_type: VOTER last_known_addr { host: "127.27.196.130" port: 38383 } } peers { permanent_uuid: "c47044b3d98a49bb8b6ba3aa1bfa362d" member_type: VOTER last_known_addr { host: "127.27.196.131" port: 35291 } attrs { replace: true } } peers { permanent_uuid: "1cf0356309204b6d8ab15b02e11881b3" member_type: VOTER last_known_addr { host: "127.27.196.133" port: 45679 } attrs { promote: false } }
I20260630 12:30:56.028206   964 raft_consensus.cc:1275] T 9b54089ec3d2459c83346c73f251e1ef P 1cf0356309204b6d8ab15b02e11881b3 [term 1 LEARNER]: Refusing update from remote peer 6e8b8dc1b4a846a69187e9f6adee7d08: Log matching property violated. Preceding OpId in replica: term: 1 index: 25. Preceding OpId from leader: term: 1 index: 26. (index mismatch)
I20260630 12:30:56.029767   607 raft_consensus.cc:1275] T 9b54089ec3d2459c83346c73f251e1ef P c47044b3d98a49bb8b6ba3aa1bfa362d [term 1 FOLLOWER]: Refusing update from remote peer 6e8b8dc1b4a846a69187e9f6adee7d08: Log matching property violated. Preceding OpId in replica: term: 1 index: 25. Preceding OpId from leader: term: 1 index: 26. (index mismatch)
I20260630 12:30:56.031453  1142 consensus_queue.cc:1048] T 9b54089ec3d2459c83346c73f251e1ef P 6e8b8dc1b4a846a69187e9f6adee7d08 [LEADER]: Connected to new peer: Peer: permanent_uuid: "c47044b3d98a49bb8b6ba3aa1bfa362d" member_type: VOTER last_known_addr { host: "127.27.196.131" port: 35291 } attrs { replace: true }, Status: LMP_MISMATCH, Last received: 0.0, Next index: 26, Last known committed idx: 25, Time since last communication: 0.001s
I20260630 12:30:56.035543   461 raft_consensus.cc:1275] T 9b54089ec3d2459c83346c73f251e1ef P 5b9447f1346c4892b68a690ab6d3a113 [term 1 FOLLOWER]: Refusing update from remote peer 6e8b8dc1b4a846a69187e9f6adee7d08: Log matching property violated. Preceding OpId in replica: term: 1 index: 25. Preceding OpId from leader: term: 1 index: 26. (index mismatch)
I20260630 12:30:56.037305  1138 consensus_queue.cc:1048] T 9b54089ec3d2459c83346c73f251e1ef P 6e8b8dc1b4a846a69187e9f6adee7d08 [LEADER]: Connected to new peer: Peer: permanent_uuid: "1cf0356309204b6d8ab15b02e11881b3" member_type: VOTER last_known_addr { host: "127.27.196.133" port: 45679 } attrs { promote: false }, Status: LMP_MISMATCH, Last received: 0.0, Next index: 26, Last known committed idx: 25, Time since last communication: 0.001s
I20260630 12:30:56.038200  1142 consensus_queue.cc:1048] T 9b54089ec3d2459c83346c73f251e1ef P 6e8b8dc1b4a846a69187e9f6adee7d08 [LEADER]: Connected to new peer: Peer: permanent_uuid: "5b9447f1346c4892b68a690ab6d3a113" member_type: VOTER last_known_addr { host: "127.27.196.129" port: 41603 }, Status: LMP_MISMATCH, Last received: 0.0, Next index: 26, Last known committed idx: 25, Time since last communication: 0.000s
I20260630 12:30:56.065498  1109 tablet_bootstrap.cc:492] T 3ec8ea0ab45b48f6b222f76c8e2576cb P 42baeae91010478dac6383990cb04ff3: Bootstrap replayed 1/1 log segments. Stats: ops{read=24 overwritten=0 applied=24 ignored=0} inserts{seen=96 ignored=0} mutations{seen=0 ignored=0} orphaned_commits=0. Pending: 0 replicates
I20260630 12:30:56.071902  1138 raft_consensus.cc:2955] T 9b54089ec3d2459c83346c73f251e1ef P 6e8b8dc1b4a846a69187e9f6adee7d08 [term 1 LEADER]: Committing config change with OpId 1.26: config changed from index 25 to 26, 1cf0356309204b6d8ab15b02e11881b3 (127.27.196.133) changed from NON_VOTER to VOTER. New config: { opid_index: 26 OBSOLETE_local: false peers { permanent_uuid: "5b9447f1346c4892b68a690ab6d3a113" member_type: VOTER last_known_addr { host: "127.27.196.129" port: 41603 } } peers { permanent_uuid: "6e8b8dc1b4a846a69187e9f6adee7d08" member_type: VOTER last_known_addr { host: "127.27.196.130" port: 38383 } } peers { permanent_uuid: "c47044b3d98a49bb8b6ba3aa1bfa362d" member_type: VOTER last_known_addr { host: "127.27.196.131" port: 35291 } attrs { replace: true } } peers { permanent_uuid: "1cf0356309204b6d8ab15b02e11881b3" member_type: VOTER last_known_addr { host: "127.27.196.133" port: 45679 } attrs { promote: false } } }
I20260630 12:30:56.072420   964 raft_consensus.cc:2955] T 9b54089ec3d2459c83346c73f251e1ef P 1cf0356309204b6d8ab15b02e11881b3 [term 1 FOLLOWER]: Committing config change with OpId 1.26: config changed from index 25 to 26, 1cf0356309204b6d8ab15b02e11881b3 (127.27.196.133) changed from NON_VOTER to VOTER. New config: { opid_index: 26 OBSOLETE_local: false peers { permanent_uuid: "5b9447f1346c4892b68a690ab6d3a113" member_type: VOTER last_known_addr { host: "127.27.196.129" port: 41603 } } peers { permanent_uuid: "6e8b8dc1b4a846a69187e9f6adee7d08" member_type: VOTER last_known_addr { host: "127.27.196.130" port: 38383 } } peers { permanent_uuid: "c47044b3d98a49bb8b6ba3aa1bfa362d" member_type: VOTER last_known_addr { host: "127.27.196.131" port: 35291 } attrs { replace: true } } peers { permanent_uuid: "1cf0356309204b6d8ab15b02e11881b3" member_type: VOTER last_known_addr { host: "127.27.196.133" port: 45679 } attrs { promote: false } } }
I20260630 12:30:56.090591  1108 ts_tablet_manager.cc:1434] T 69cf6da06aec46b4bdb78399268696a3 P 42baeae91010478dac6383990cb04ff3: Time spent starting tablet: real 0.128s	user 0.011s	sys 0.019s
I20260630 12:30:56.094190   608 raft_consensus.cc:2955] T 9b54089ec3d2459c83346c73f251e1ef P c47044b3d98a49bb8b6ba3aa1bfa362d [term 1 FOLLOWER]: Committing config change with OpId 1.26: config changed from index 25 to 26, 1cf0356309204b6d8ab15b02e11881b3 (127.27.196.133) changed from NON_VOTER to VOTER. New config: { opid_index: 26 OBSOLETE_local: false peers { permanent_uuid: "5b9447f1346c4892b68a690ab6d3a113" member_type: VOTER last_known_addr { host: "127.27.196.129" port: 41603 } } peers { permanent_uuid: "6e8b8dc1b4a846a69187e9f6adee7d08" member_type: VOTER last_known_addr { host: "127.27.196.130" port: 38383 } } peers { permanent_uuid: "c47044b3d98a49bb8b6ba3aa1bfa362d" member_type: VOTER last_known_addr { host: "127.27.196.131" port: 35291 } attrs { replace: true } } peers { permanent_uuid: "1cf0356309204b6d8ab15b02e11881b3" member_type: VOTER last_known_addr { host: "127.27.196.133" port: 45679 } attrs { promote: false } } }
I20260630 12:30:56.096073   473 tablet_copy_service.cc:342] P 5b9447f1346c4892b68a690ab6d3a113: Request end of tablet copy session 42baeae91010478dac6383990cb04ff3-69cf6da06aec46b4bdb78399268696a3 received from {username='slave'} at 127.0.0.1:48842
I20260630 12:30:56.096557   473 tablet_copy_service.cc:434] P 5b9447f1346c4892b68a690ab6d3a113: ending tablet copy session 42baeae91010478dac6383990cb04ff3-69cf6da06aec46b4bdb78399268696a3 on tablet 69cf6da06aec46b4bdb78399268696a3 with peer 42baeae91010478dac6383990cb04ff3
I20260630 12:30:56.100019   361 catalog_manager.cc:5697] T 9b54089ec3d2459c83346c73f251e1ef P 1cf0356309204b6d8ab15b02e11881b3 reported cstate change: config changed from index 25 to 26, 1cf0356309204b6d8ab15b02e11881b3 (127.27.196.133) changed from NON_VOTER to VOTER. New cstate: current_term: 1 leader_uuid: "6e8b8dc1b4a846a69187e9f6adee7d08" committed_config { opid_index: 26 OBSOLETE_local: false peers { permanent_uuid: "5b9447f1346c4892b68a690ab6d3a113" member_type: VOTER last_known_addr { host: "127.27.196.129" port: 41603 } } peers { permanent_uuid: "6e8b8dc1b4a846a69187e9f6adee7d08" member_type: VOTER last_known_addr { host: "127.27.196.130" port: 38383 } } peers { permanent_uuid: "c47044b3d98a49bb8b6ba3aa1bfa362d" member_type: VOTER last_known_addr { host: "127.27.196.131" port: 35291 } attrs { replace: true } } peers { permanent_uuid: "1cf0356309204b6d8ab15b02e11881b3" member_type: VOTER last_known_addr { host: "127.27.196.133" port: 45679 } attrs { promote: false } } }
I20260630 12:30:56.105396  1109 tablet_bootstrap.cc:492] T 3ec8ea0ab45b48f6b222f76c8e2576cb P 42baeae91010478dac6383990cb04ff3: Bootstrap complete.
I20260630 12:30:56.106886  1109 ts_tablet_manager.cc:1403] T 3ec8ea0ab45b48f6b222f76c8e2576cb P 42baeae91010478dac6383990cb04ff3: Time spent bootstrapping tablet: real 0.427s	user 0.124s	sys 0.045s
I20260630 12:30:56.111377  1109 raft_consensus.cc:359] T 3ec8ea0ab45b48f6b222f76c8e2576cb P 42baeae91010478dac6383990cb04ff3 [term 1 LEARNER]: Replica starting. Triggering 0 pending ops. Active config: opid_index: 24 OBSOLETE_local: false peers { permanent_uuid: "5b9447f1346c4892b68a690ab6d3a113" member_type: VOTER last_known_addr { host: "127.27.196.129" port: 41603 } } peers { permanent_uuid: "6e8b8dc1b4a846a69187e9f6adee7d08" member_type: VOTER last_known_addr { host: "127.27.196.130" port: 38383 } attrs { replace: true } } peers { permanent_uuid: "c47044b3d98a49bb8b6ba3aa1bfa362d" member_type: VOTER last_known_addr { host: "127.27.196.131" port: 35291 } } peers { permanent_uuid: "42baeae91010478dac6383990cb04ff3" member_type: NON_VOTER last_known_addr { host: "127.27.196.132" port: 34869 } attrs { promote: true } }
I20260630 12:30:56.117884  1109 raft_consensus.cc:740] T 3ec8ea0ab45b48f6b222f76c8e2576cb P 42baeae91010478dac6383990cb04ff3 [term 1 LEARNER]: Becoming Follower/Learner. State: Replica: 42baeae91010478dac6383990cb04ff3, State: Initialized, Role: LEARNER
I20260630 12:30:56.118505  1109 consensus_queue.cc:260] T 3ec8ea0ab45b48f6b222f76c8e2576cb P 42baeae91010478dac6383990cb04ff3 [NON_LEADER]: Queue going to NON_LEADER mode. State: All replicated index: 0, Majority replicated index: 0, Committed index: 24, Last appended: 1.24, Last appended by leader: 24, Current term: 0, Majority size: -1, State: 0, Mode: NON_LEADER, active raft config: opid_index: 24 OBSOLETE_local: false peers { permanent_uuid: "5b9447f1346c4892b68a690ab6d3a113" member_type: VOTER last_known_addr { host: "127.27.196.129" port: 41603 } } peers { permanent_uuid: "6e8b8dc1b4a846a69187e9f6adee7d08" member_type: VOTER last_known_addr { host: "127.27.196.130" port: 38383 } attrs { replace: true } } peers { permanent_uuid: "c47044b3d98a49bb8b6ba3aa1bfa362d" member_type: VOTER last_known_addr { host: "127.27.196.131" port: 35291 } } peers { permanent_uuid: "42baeae91010478dac6383990cb04ff3" member_type: NON_VOTER last_known_addr { host: "127.27.196.132" port: 34869 } attrs { promote: true } }
I20260630 12:30:56.124305   461 raft_consensus.cc:2955] T 9b54089ec3d2459c83346c73f251e1ef P 5b9447f1346c4892b68a690ab6d3a113 [term 1 FOLLOWER]: Committing config change with OpId 1.26: config changed from index 25 to 26, 1cf0356309204b6d8ab15b02e11881b3 (127.27.196.133) changed from NON_VOTER to VOTER. New config: { opid_index: 26 OBSOLETE_local: false peers { permanent_uuid: "5b9447f1346c4892b68a690ab6d3a113" member_type: VOTER last_known_addr { host: "127.27.196.129" port: 41603 } } peers { permanent_uuid: "6e8b8dc1b4a846a69187e9f6adee7d08" member_type: VOTER last_known_addr { host: "127.27.196.130" port: 38383 } } peers { permanent_uuid: "c47044b3d98a49bb8b6ba3aa1bfa362d" member_type: VOTER last_known_addr { host: "127.27.196.131" port: 35291 } attrs { replace: true } } peers { permanent_uuid: "1cf0356309204b6d8ab15b02e11881b3" member_type: VOTER last_known_addr { host: "127.27.196.133" port: 45679 } attrs { promote: false } } }
I20260630 12:30:56.145076  1109 ts_tablet_manager.cc:1434] T 3ec8ea0ab45b48f6b222f76c8e2576cb P 42baeae91010478dac6383990cb04ff3: Time spent starting tablet: real 0.037s	user 0.006s	sys 0.005s
I20260630 12:30:56.147375   622 tablet_copy_service.cc:342] P c47044b3d98a49bb8b6ba3aa1bfa362d: Request end of tablet copy session 42baeae91010478dac6383990cb04ff3-3ec8ea0ab45b48f6b222f76c8e2576cb received from {username='slave'} at 127.0.0.1:48240
I20260630 12:30:56.147933   622 tablet_copy_service.cc:434] P c47044b3d98a49bb8b6ba3aa1bfa362d: ending tablet copy session 42baeae91010478dac6383990cb04ff3-3ec8ea0ab45b48f6b222f76c8e2576cb on tablet 3ec8ea0ab45b48f6b222f76c8e2576cb with peer 42baeae91010478dac6383990cb04ff3
I20260630 12:30:56.168062  1103 tablet_bootstrap.cc:492] T 51048722696d4de09b57608ff3c41aa0 P c07b4367a8e84abdb591bf8fb1ddc4d0: Bootstrap replayed 1/1 log segments. Stats: ops{read=26 overwritten=0 applied=26 ignored=0} inserts{seen=99 ignored=0} mutations{seen=0 ignored=0} orphaned_commits=0. Pending: 0 replicates
I20260630 12:30:56.169234  1103 tablet_bootstrap.cc:492] T 51048722696d4de09b57608ff3c41aa0 P c07b4367a8e84abdb591bf8fb1ddc4d0: Bootstrap complete.
I20260630 12:30:56.170907  1103 ts_tablet_manager.cc:1403] T 51048722696d4de09b57608ff3c41aa0 P c07b4367a8e84abdb591bf8fb1ddc4d0: Time spent bootstrapping tablet: real 0.423s	user 0.132s	sys 0.026s
I20260630 12:30:56.174026  1103 raft_consensus.cc:359] T 51048722696d4de09b57608ff3c41aa0 P c07b4367a8e84abdb591bf8fb1ddc4d0 [term 1 LEARNER]: Replica starting. Triggering 0 pending ops. Active config: opid_index: 26 OBSOLETE_local: false peers { permanent_uuid: "5b9447f1346c4892b68a690ab6d3a113" member_type: VOTER last_known_addr { host: "127.27.196.129" port: 41603 } attrs { replace: true } } peers { permanent_uuid: "6e8b8dc1b4a846a69187e9f6adee7d08" member_type: VOTER last_known_addr { host: "127.27.196.130" port: 38383 } } peers { permanent_uuid: "c47044b3d98a49bb8b6ba3aa1bfa362d" member_type: VOTER last_known_addr { host: "127.27.196.131" port: 35291 } } peers { permanent_uuid: "c07b4367a8e84abdb591bf8fb1ddc4d0" member_type: NON_VOTER last_known_addr { host: "127.27.196.134" port: 40337 } attrs { promote: true } }
I20260630 12:30:56.174767  1103 raft_consensus.cc:740] T 51048722696d4de09b57608ff3c41aa0 P c07b4367a8e84abdb591bf8fb1ddc4d0 [term 1 LEARNER]: Becoming Follower/Learner. State: Replica: c07b4367a8e84abdb591bf8fb1ddc4d0, State: Initialized, Role: LEARNER
I20260630 12:30:56.175414  1103 consensus_queue.cc:260] T 51048722696d4de09b57608ff3c41aa0 P c07b4367a8e84abdb591bf8fb1ddc4d0 [NON_LEADER]: Queue going to NON_LEADER mode. State: All replicated index: 0, Majority replicated index: 0, Committed index: 26, Last appended: 1.26, Last appended by leader: 26, Current term: 0, Majority size: -1, State: 0, Mode: NON_LEADER, active raft config: opid_index: 26 OBSOLETE_local: false peers { permanent_uuid: "5b9447f1346c4892b68a690ab6d3a113" member_type: VOTER last_known_addr { host: "127.27.196.129" port: 41603 } attrs { replace: true } } peers { permanent_uuid: "6e8b8dc1b4a846a69187e9f6adee7d08" member_type: VOTER last_known_addr { host: "127.27.196.130" port: 38383 } } peers { permanent_uuid: "c47044b3d98a49bb8b6ba3aa1bfa362d" member_type: VOTER last_known_addr { host: "127.27.196.131" port: 35291 } } peers { permanent_uuid: "c07b4367a8e84abdb591bf8fb1ddc4d0" member_type: NON_VOTER last_known_addr { host: "127.27.196.134" port: 40337 } attrs { promote: true } }
I20260630 12:30:56.186833  1103 ts_tablet_manager.cc:1434] T 51048722696d4de09b57608ff3c41aa0 P c07b4367a8e84abdb591bf8fb1ddc4d0: Time spent starting tablet: real 0.016s	user 0.011s	sys 0.004s
I20260630 12:30:56.188833   622 tablet_copy_service.cc:342] P c47044b3d98a49bb8b6ba3aa1bfa362d: Request end of tablet copy session c07b4367a8e84abdb591bf8fb1ddc4d0-51048722696d4de09b57608ff3c41aa0 received from {username='slave'} at 127.0.0.1:48238
I20260630 12:30:56.189327   622 tablet_copy_service.cc:434] P c47044b3d98a49bb8b6ba3aa1bfa362d: ending tablet copy session c07b4367a8e84abdb591bf8fb1ddc4d0-51048722696d4de09b57608ff3c41aa0 on tablet 51048722696d4de09b57608ff3c41aa0 with peer c07b4367a8e84abdb591bf8fb1ddc4d0
I20260630 12:30:56.192760  1102 tablet_bootstrap.cc:492] T 5c3ddfe8de1c4fef9f473ca1a171faef P c07b4367a8e84abdb591bf8fb1ddc4d0: Bootstrap replayed 1/1 log segments. Stats: ops{read=26 overwritten=0 applied=26 ignored=0} inserts{seen=110 ignored=0} mutations{seen=0 ignored=0} orphaned_commits=0. Pending: 0 replicates
I20260630 12:30:56.193809  1102 tablet_bootstrap.cc:492] T 5c3ddfe8de1c4fef9f473ca1a171faef P c07b4367a8e84abdb591bf8fb1ddc4d0: Bootstrap complete.
I20260630 12:30:56.194674  1102 ts_tablet_manager.cc:1403] T 5c3ddfe8de1c4fef9f473ca1a171faef P c07b4367a8e84abdb591bf8fb1ddc4d0: Time spent bootstrapping tablet: real 0.519s	user 0.130s	sys 0.032s
I20260630 12:30:56.198249  1102 raft_consensus.cc:359] T 5c3ddfe8de1c4fef9f473ca1a171faef P c07b4367a8e84abdb591bf8fb1ddc4d0 [term 1 LEARNER]: Replica starting. Triggering 0 pending ops. Active config: opid_index: 26 OBSOLETE_local: false peers { permanent_uuid: "5b9447f1346c4892b68a690ab6d3a113" member_type: VOTER last_known_addr { host: "127.27.196.129" port: 41603 } attrs { replace: true } } peers { permanent_uuid: "6e8b8dc1b4a846a69187e9f6adee7d08" member_type: VOTER last_known_addr { host: "127.27.196.130" port: 38383 } } peers { permanent_uuid: "c47044b3d98a49bb8b6ba3aa1bfa362d" member_type: VOTER last_known_addr { host: "127.27.196.131" port: 35291 } } peers { permanent_uuid: "c07b4367a8e84abdb591bf8fb1ddc4d0" member_type: NON_VOTER last_known_addr { host: "127.27.196.134" port: 40337 } attrs { promote: true } }
I20260630 12:30:56.199102  1102 raft_consensus.cc:740] T 5c3ddfe8de1c4fef9f473ca1a171faef P c07b4367a8e84abdb591bf8fb1ddc4d0 [term 1 LEARNER]: Becoming Follower/Learner. State: Replica: c07b4367a8e84abdb591bf8fb1ddc4d0, State: Initialized, Role: LEARNER
I20260630 12:30:56.199709  1102 consensus_queue.cc:260] T 5c3ddfe8de1c4fef9f473ca1a171faef P c07b4367a8e84abdb591bf8fb1ddc4d0 [NON_LEADER]: Queue going to NON_LEADER mode. State: All replicated index: 0, Majority replicated index: 0, Committed index: 26, Last appended: 1.26, Last appended by leader: 26, Current term: 0, Majority size: -1, State: 0, Mode: NON_LEADER, active raft config: opid_index: 26 OBSOLETE_local: false peers { permanent_uuid: "5b9447f1346c4892b68a690ab6d3a113" member_type: VOTER last_known_addr { host: "127.27.196.129" port: 41603 } attrs { replace: true } } peers { permanent_uuid: "6e8b8dc1b4a846a69187e9f6adee7d08" member_type: VOTER last_known_addr { host: "127.27.196.130" port: 38383 } } peers { permanent_uuid: "c47044b3d98a49bb8b6ba3aa1bfa362d" member_type: VOTER last_known_addr { host: "127.27.196.131" port: 35291 } } peers { permanent_uuid: "c07b4367a8e84abdb591bf8fb1ddc4d0" member_type: NON_VOTER last_known_addr { host: "127.27.196.134" port: 40337 } attrs { promote: true } }
I20260630 12:30:56.201625  1102 ts_tablet_manager.cc:1434] T 5c3ddfe8de1c4fef9f473ca1a171faef P c07b4367a8e84abdb591bf8fb1ddc4d0: Time spent starting tablet: real 0.007s	user 0.002s	sys 0.004s
I20260630 12:30:56.203581   622 tablet_copy_service.cc:342] P c47044b3d98a49bb8b6ba3aa1bfa362d: Request end of tablet copy session c07b4367a8e84abdb591bf8fb1ddc4d0-5c3ddfe8de1c4fef9f473ca1a171faef received from {username='slave'} at 127.0.0.1:48238
I20260630 12:30:56.204011   622 tablet_copy_service.cc:434] P c47044b3d98a49bb8b6ba3aa1bfa362d: ending tablet copy session c07b4367a8e84abdb591bf8fb1ddc4d0-5c3ddfe8de1c4fef9f473ca1a171faef on tablet 5c3ddfe8de1c4fef9f473ca1a171faef with peer c07b4367a8e84abdb591bf8fb1ddc4d0
