I20260630 12:29:55.837435 28295 consensus_queue.cc:1048] T 746a2a84bed2463cb3d992e5a7433b10 P f7ecb7a06b4240fbaa903ed71109d711 [LEADER]: Connected to new peer: Peer: permanent_uuid: "6ee022b63fcc414f86518ee544cbe1ec" member_type: VOTER last_known_addr { host: "127.24.127.67" port: 36141 }, Status: LMP_MISMATCH, Last received: 0.0, Next index: 1, Last known committed idx: 0, Time since last communication: 0.000s
I20260630 12:29:55.841156 28264 consensus_queue.cc:1048] T ef11818339ed4ec2bff210f42a3f9a42 P f7ecb7a06b4240fbaa903ed71109d711 [LEADER]: Connected to new peer: Peer: permanent_uuid: "340aa8400e0441d498ac373d377b7bfc" member_type: VOTER last_known_addr { host: "127.24.127.65" port: 44447 }, Status: LMP_MISMATCH, Last received: 0.0, Next index: 1, Last known committed idx: 0, Time since last communication: 0.000s
I20260630 12:29:55.853826 28295 consensus_queue.cc:1048] T 746a2a84bed2463cb3d992e5a7433b10 P f7ecb7a06b4240fbaa903ed71109d711 [LEADER]: Connected to new peer: Peer: permanent_uuid: "340aa8400e0441d498ac373d377b7bfc" member_type: VOTER last_known_addr { host: "127.24.127.65" port: 44447 }, Status: LMP_MISMATCH, Last received: 0.0, Next index: 1, Last known committed idx: 0, Time since last communication: 0.000s
I20260630 12:29:55.858148 28261 consensus_queue.cc:1048] T 58e6cdff48a64590ae315b1c03f2ff23 P 6ee022b63fcc414f86518ee544cbe1ec [LEADER]: Connected to new peer: Peer: permanent_uuid: "f7ecb7a06b4240fbaa903ed71109d711" member_type: VOTER last_known_addr { host: "127.24.127.66" port: 43765 }, Status: LMP_MISMATCH, Last received: 0.0, Next index: 1, Last known committed idx: 0, Time since last communication: 0.000s
I20260630 12:29:55.873607 28261 consensus_queue.cc:1048] T 58e6cdff48a64590ae315b1c03f2ff23 P 6ee022b63fcc414f86518ee544cbe1ec [LEADER]: Connected to new peer: Peer: permanent_uuid: "340aa8400e0441d498ac373d377b7bfc" member_type: VOTER last_known_addr { host: "127.24.127.65" port: 44447 }, Status: LMP_MISMATCH, Last received: 0.0, Next index: 1, Last known committed idx: 0, Time since last communication: 0.000s
I20260630 12:29:56.001442 28265 consensus_queue.cc:1048] T 8711cd3ebe084a9fa860dc38dae67651 P 340aa8400e0441d498ac373d377b7bfc [LEADER]: Connected to new peer: Peer: permanent_uuid: "f7ecb7a06b4240fbaa903ed71109d711" member_type: VOTER last_known_addr { host: "127.24.127.66" port: 43765 }, Status: LMP_MISMATCH, Last received: 0.0, Next index: 1, Last known committed idx: 0, Time since last communication: 0.000s
I20260630 12:29:56.011348 28305 consensus_queue.cc:1048] T 8711cd3ebe084a9fa860dc38dae67651 P 340aa8400e0441d498ac373d377b7bfc [LEADER]: Connected to new peer: Peer: permanent_uuid: "6ee022b63fcc414f86518ee544cbe1ec" member_type: VOTER last_known_addr { host: "127.24.127.67" port: 36141 }, Status: LMP_MISMATCH, Last received: 0.0, Next index: 1, Last known committed idx: 0, Time since last communication: 0.000s
I20260630 12:29:56.031075 28305 consensus_queue.cc:1048] T 5b5ef54e6d494309a9cc83f748bb96b5 P 340aa8400e0441d498ac373d377b7bfc [LEADER]: Connected to new peer: Peer: permanent_uuid: "f7ecb7a06b4240fbaa903ed71109d711" member_type: VOTER last_known_addr { host: "127.24.127.66" port: 43765 }, Status: LMP_MISMATCH, Last received: 0.0, Next index: 1, Last known committed idx: 0, Time since last communication: 0.000s
I20260630 12:29:56.041406 28307 consensus_queue.cc:1048] T 5b5ef54e6d494309a9cc83f748bb96b5 P 340aa8400e0441d498ac373d377b7bfc [LEADER]: Connected to new peer: Peer: permanent_uuid: "6ee022b63fcc414f86518ee544cbe1ec" member_type: VOTER last_known_addr { host: "127.24.127.67" port: 36141 }, Status: LMP_MISMATCH, Last received: 0.0, Next index: 1, Last known committed idx: 0, Time since last communication: 0.000s
I20260630 12:29:56.201685 28261 consensus_queue.cc:1048] T 5c1fd2641f844735add508ba8406ff7e P 6ee022b63fcc414f86518ee544cbe1ec [LEADER]: Connected to new peer: Peer: permanent_uuid: "340aa8400e0441d498ac373d377b7bfc" member_type: VOTER last_known_addr { host: "127.24.127.65" port: 44447 }, Status: LMP_MISMATCH, Last received: 0.0, Next index: 1, Last known committed idx: 0, Time since last communication: 0.000s
I20260630 12:29:56.211983 28261 consensus_queue.cc:1048] T 5c1fd2641f844735add508ba8406ff7e P 6ee022b63fcc414f86518ee544cbe1ec [LEADER]: Connected to new peer: Peer: permanent_uuid: "f7ecb7a06b4240fbaa903ed71109d711" member_type: VOTER last_known_addr { host: "127.24.127.66" port: 43765 }, Status: LMP_MISMATCH, Last received: 0.0, Next index: 1, Last known committed idx: 0, Time since last communication: 0.000s
W20260630 12:29:56.389518 28010 auto_rebalancer.cc:298] Could not retrieve cluster info: Service unavailable: Tablet not running
W20260630 12:29:56.644546 28160 debug-util.cc:398] Leaking SignalData structure 0x7b080009b6a0 after lost signal to thread 25088
W20260630 12:29:56.645514 28160 debug-util.cc:398] Leaking SignalData structure 0x7b080014d200 after lost signal to thread 27996
W20260630 12:29:56.646459 28160 debug-util.cc:398] Leaking SignalData structure 0x7b08000e68e0 after lost signal to thread 28088
W20260630 12:29:56.647470 28160 debug-util.cc:398] Leaking SignalData structure 0x7b0800048140 after lost signal to thread 28163
W20260630 12:29:56.648489 28160 debug-util.cc:398] Leaking SignalData structure 0x7b08000490e0 after lost signal to thread 28237
W20260630 12:29:57.391129 28010 auto_rebalancer.cc:298] Could not retrieve cluster info: Service unavailable: Tablet not running
I20260630 12:29:57.399833 28015 auto_leader_rebalancer.cc:141] leader rebalance for table range_aware_rebalance_new_range
W20260630 12:29:57.400697 28015 auto_leader_rebalancer.cc:524] the master instance isn't leader: Service unavailable: Tablet not running
I20260630 12:29:57.420251 28261 raft_consensus.cc:493] T d1210d3db6774e26963b6c1671a12319 P 6ee022b63fcc414f86518ee544cbe1ec [term 1 FOLLOWER]: Starting pre-election (no leader contacted us within the election timeout)
I20260630 12:29:57.420902 28261 raft_consensus.cc:515] T d1210d3db6774e26963b6c1671a12319 P 6ee022b63fcc414f86518ee544cbe1ec [term 1 FOLLOWER]: Starting pre-election with config: opid_index: -1 OBSOLETE_local: false peers { permanent_uuid: "6ee022b63fcc414f86518ee544cbe1ec" member_type: VOTER last_known_addr { host: "127.24.127.67" port: 36141 } } peers { permanent_uuid: "340aa8400e0441d498ac373d377b7bfc" member_type: VOTER last_known_addr { host: "127.24.127.65" port: 44447 } } peers { permanent_uuid: "f7ecb7a06b4240fbaa903ed71109d711" member_type: VOTER last_known_addr { host: "127.24.127.66" port: 43765 } }
I20260630 12:29:57.423082 28261 leader_election.cc:290] T d1210d3db6774e26963b6c1671a12319 P 6ee022b63fcc414f86518ee544cbe1ec [CANDIDATE]: Term 2 pre-election: Requested pre-vote from peers 340aa8400e0441d498ac373d377b7bfc (127.24.127.65:44447), f7ecb7a06b4240fbaa903ed71109d711 (127.24.127.66:43765)
I20260630 12:29:57.423965 28063 tablet_service.cc:1917] Received RequestConsensusVote() RPC: tablet_id: "d1210d3db6774e26963b6c1671a12319" candidate_uuid: "6ee022b63fcc414f86518ee544cbe1ec" candidate_term: 2 candidate_status { last_received { term: 0 index: 0 } } ignore_live_leader: false dest_uuid: "340aa8400e0441d498ac373d377b7bfc" is_pre_election: true
I20260630 12:29:57.424093 28138 tablet_service.cc:1917] Received RequestConsensusVote() RPC: tablet_id: "d1210d3db6774e26963b6c1671a12319" candidate_uuid: "6ee022b63fcc414f86518ee544cbe1ec" candidate_term: 2 candidate_status { last_received { term: 0 index: 0 } } ignore_live_leader: false dest_uuid: "f7ecb7a06b4240fbaa903ed71109d711" is_pre_election: true
I20260630 12:29:57.424784 28138 raft_consensus.cc:2468] T d1210d3db6774e26963b6c1671a12319 P f7ecb7a06b4240fbaa903ed71109d711 [term 1 FOLLOWER]: Leader pre-election vote request: Granting yes vote for candidate 6ee022b63fcc414f86518ee544cbe1ec in term 1.
I20260630 12:29:57.424702 28063 raft_consensus.cc:2468] T d1210d3db6774e26963b6c1671a12319 P 340aa8400e0441d498ac373d377b7bfc [term 1 FOLLOWER]: Leader pre-election vote request: Granting yes vote for candidate 6ee022b63fcc414f86518ee544cbe1ec in term 1.
I20260630 12:29:57.425968 28178 leader_election.cc:304] T d1210d3db6774e26963b6c1671a12319 P 6ee022b63fcc414f86518ee544cbe1ec [CANDIDATE]: Term 2 pre-election: Election decided. Result: candidate won. Election summary: received 2 responses out of 3 voters: 2 yes votes; 0 no votes. yes voters: 6ee022b63fcc414f86518ee544cbe1ec, f7ecb7a06b4240fbaa903ed71109d711; no voters: 
I20260630 12:29:57.426797 28261 raft_consensus.cc:2804] T d1210d3db6774e26963b6c1671a12319 P 6ee022b63fcc414f86518ee544cbe1ec [term 1 FOLLOWER]: Leader pre-election won for term 2
I20260630 12:29:57.427109 28261 raft_consensus.cc:493] T d1210d3db6774e26963b6c1671a12319 P 6ee022b63fcc414f86518ee544cbe1ec [term 1 FOLLOWER]: Starting leader election (no leader contacted us within the election timeout)
I20260630 12:29:57.427381 28261 raft_consensus.cc:3060] T d1210d3db6774e26963b6c1671a12319 P 6ee022b63fcc414f86518ee544cbe1ec [term 1 FOLLOWER]: Advancing to term 2
I20260630 12:29:57.432062 28261 raft_consensus.cc:515] T d1210d3db6774e26963b6c1671a12319 P 6ee022b63fcc414f86518ee544cbe1ec [term 2 FOLLOWER]: Starting leader election with config: opid_index: -1 OBSOLETE_local: false peers { permanent_uuid: "6ee022b63fcc414f86518ee544cbe1ec" member_type: VOTER last_known_addr { host: "127.24.127.67" port: 36141 } } peers { permanent_uuid: "340aa8400e0441d498ac373d377b7bfc" member_type: VOTER last_known_addr { host: "127.24.127.65" port: 44447 } } peers { permanent_uuid: "f7ecb7a06b4240fbaa903ed71109d711" member_type: VOTER last_known_addr { host: "127.24.127.66" port: 43765 } }
I20260630 12:29:57.433605 28261 leader_election.cc:290] T d1210d3db6774e26963b6c1671a12319 P 6ee022b63fcc414f86518ee544cbe1ec [CANDIDATE]: Term 2 election: Requested vote from peers 340aa8400e0441d498ac373d377b7bfc (127.24.127.65:44447), f7ecb7a06b4240fbaa903ed71109d711 (127.24.127.66:43765)
I20260630 12:29:57.434746 28138 tablet_service.cc:1917] Received RequestConsensusVote() RPC: tablet_id: "d1210d3db6774e26963b6c1671a12319" candidate_uuid: "6ee022b63fcc414f86518ee544cbe1ec" candidate_term: 2 candidate_status { last_received { term: 0 index: 0 } } ignore_live_leader: false dest_uuid: "f7ecb7a06b4240fbaa903ed71109d711"
I20260630 12:29:57.434690 28063 tablet_service.cc:1917] Received RequestConsensusVote() RPC: tablet_id: "d1210d3db6774e26963b6c1671a12319" candidate_uuid: "6ee022b63fcc414f86518ee544cbe1ec" candidate_term: 2 candidate_status { last_received { term: 0 index: 0 } } ignore_live_leader: false dest_uuid: "340aa8400e0441d498ac373d377b7bfc"
I20260630 12:29:57.435395 28138 raft_consensus.cc:3060] T d1210d3db6774e26963b6c1671a12319 P f7ecb7a06b4240fbaa903ed71109d711 [term 1 FOLLOWER]: Advancing to term 2
I20260630 12:29:57.435499 28063 raft_consensus.cc:3060] T d1210d3db6774e26963b6c1671a12319 P 340aa8400e0441d498ac373d377b7bfc [term 1 FOLLOWER]: Advancing to term 2
I20260630 12:29:57.440037 28138 raft_consensus.cc:2468] T d1210d3db6774e26963b6c1671a12319 P f7ecb7a06b4240fbaa903ed71109d711 [term 2 FOLLOWER]: Leader election vote request: Granting yes vote for candidate 6ee022b63fcc414f86518ee544cbe1ec in term 2.
I20260630 12:29:57.441094 28178 leader_election.cc:304] T d1210d3db6774e26963b6c1671a12319 P 6ee022b63fcc414f86518ee544cbe1ec [CANDIDATE]: Term 2 election: Election decided. Result: candidate won. Election summary: received 2 responses out of 3 voters: 2 yes votes; 0 no votes. yes voters: 6ee022b63fcc414f86518ee544cbe1ec, f7ecb7a06b4240fbaa903ed71109d711; no voters: 
I20260630 12:29:57.441738 28261 raft_consensus.cc:2804] T d1210d3db6774e26963b6c1671a12319 P 6ee022b63fcc414f86518ee544cbe1ec [term 2 FOLLOWER]: Leader election won for term 2
I20260630 12:29:57.442790 28063 raft_consensus.cc:2468] T d1210d3db6774e26963b6c1671a12319 P 340aa8400e0441d498ac373d377b7bfc [term 2 FOLLOWER]: Leader election vote request: Granting yes vote for candidate 6ee022b63fcc414f86518ee544cbe1ec in term 2.
I20260630 12:29:57.442749 28261 raft_consensus.cc:697] T d1210d3db6774e26963b6c1671a12319 P 6ee022b63fcc414f86518ee544cbe1ec [term 2 LEADER]: Becoming Leader. State: Replica: 6ee022b63fcc414f86518ee544cbe1ec, State: Running, Role: LEADER
I20260630 12:29:57.444150 28261 consensus_queue.cc:237] T d1210d3db6774e26963b6c1671a12319 P 6ee022b63fcc414f86518ee544cbe1ec [LEADER]: Queue going to LEADER mode. State: All replicated index: 0, Majority replicated index: 0, Committed index: 0, Last appended: 0.0, Last appended by leader: 0, Current term: 2, Majority size: 2, State: 0, Mode: LEADER, active raft config: opid_index: -1 OBSOLETE_local: false peers { permanent_uuid: "6ee022b63fcc414f86518ee544cbe1ec" member_type: VOTER last_known_addr { host: "127.24.127.67" port: 36141 } } peers { permanent_uuid: "340aa8400e0441d498ac373d377b7bfc" member_type: VOTER last_known_addr { host: "127.24.127.65" port: 44447 } } peers { permanent_uuid: "f7ecb7a06b4240fbaa903ed71109d711" member_type: VOTER last_known_addr { host: "127.24.127.66" port: 43765 } }
I20260630 12:29:57.451768 27959 catalog_manager.cc:5697] T d1210d3db6774e26963b6c1671a12319 P 6ee022b63fcc414f86518ee544cbe1ec reported cstate change: term changed from 0 to 2, leader changed from <none> to 6ee022b63fcc414f86518ee544cbe1ec (127.24.127.67). New cstate: current_term: 2 leader_uuid: "6ee022b63fcc414f86518ee544cbe1ec" committed_config { opid_index: -1 OBSOLETE_local: false peers { permanent_uuid: "6ee022b63fcc414f86518ee544cbe1ec" member_type: VOTER last_known_addr { host: "127.24.127.67" port: 36141 } health_report { overall_health: HEALTHY } } peers { permanent_uuid: "340aa8400e0441d498ac373d377b7bfc" member_type: VOTER last_known_addr { host: "127.24.127.65" port: 44447 } health_report { overall_health: UNKNOWN } } peers { permanent_uuid: "f7ecb7a06b4240fbaa903ed71109d711" member_type: VOTER last_known_addr { host: "127.24.127.66" port: 43765 } health_report { overall_health: UNKNOWN } } }
I20260630 12:29:57.698136 25085 file_cache.cc:492] Constructed file cache file cache with capacity 419430
W20260630 12:29:57.705157 28337 instance_detector.cc:116] could not retrieve AWS instance metadata: Network error: curl error: HTTP response code said error: The requested URL returned error: 404
W20260630 12:29:57.706638 28338 instance_detector.cc:116] could not retrieve Azure instance metadata: Network error: curl error: HTTP response code said error: The requested URL returned error: 404
W20260630 12:29:57.709558 28340 instance_detector.cc:116] could not retrieve OpenStack instance metadata: Network error: curl error: HTTP response code said error: The requested URL returned error: 404
I20260630 12:29:57.711144 25085 server_base.cc:1061] running on GCE node
I20260630 12:29:57.712208 25085 hybrid_clock.cc:584] initializing the hybrid clock with 'system_unsync' time source
W20260630 12:29:57.712435 25085 system_unsync_time.cc:38] NTP support is disabled. Clock error bounds will not be accurate. This configuration is not suitable for distributed clusters.
I20260630 12:29:57.712679 25085 hybrid_clock.cc:648] HybridClock initialized: now 1782822597712659 us; error 0 us; skew 500 ppm
I20260630 12:29:57.713280 25085 server_base.cc:861] Flag tcmalloc_max_total_thread_cache_bytes is not working since tcmalloc is not enabled.
I20260630 12:29:57.716310 25085 webserver.cc:533] Webserver started at http://127.24.127.68:45507/ using document root <none> and password file <none>
I20260630 12:29:57.716845 25085 fs_manager.cc:362] Metadata directory not provided
I20260630 12:29:57.717039 25085 fs_manager.cc:368] Using write-ahead log directory (fs_wal_dir) as metadata directory
I20260630 12:29:57.717308 25085 server_base.cc:909] This appears to be a new deployment of Kudu; creating new FS layout
I20260630 12:29:57.718374 25085 fs_manager.cc:1068] Generated new instance metadata in path /tmp/dist-test-taskF5RUh5/test-tmp/auto_rebalancer-test.0.AutoRebalancerTest.RangeAwareRebalancesNewRangeReplicas.1782822511109140-25085-0/minicluster-data/ts-3-root/instance:
uuid: "8f4a5e7f295942f186e0b88dc190edf6"
format_stamp: "Formatted at 2026-06-30 12:29:57 on dist-test-slave-xr1r"
I20260630 12:29:57.722843 25085 fs_manager.cc:696] Time spent creating directory manager: real 0.004s	user 0.006s	sys 0.000s
I20260630 12:29:57.726215 28345 log_block_manager.cc:4031] Time spent loading block containers with low live blocks: real 0.000s	user 0.000s	sys 0.000s
I20260630 12:29:57.727068 25085 fs_manager.cc:730] Time spent opening block manager: real 0.002s	user 0.001s	sys 0.000s
I20260630 12:29:57.727348 25085 fs_manager.cc:647] Opened local filesystem: /tmp/dist-test-taskF5RUh5/test-tmp/auto_rebalancer-test.0.AutoRebalancerTest.RangeAwareRebalancesNewRangeReplicas.1782822511109140-25085-0/minicluster-data/ts-3-root
uuid: "8f4a5e7f295942f186e0b88dc190edf6"
format_stamp: "Formatted at 2026-06-30 12:29:57 on dist-test-slave-xr1r"
I20260630 12:29:57.727605 25085 fs_report.cc:389] FS layout report
--------------------
wal directory: /tmp/dist-test-taskF5RUh5/test-tmp/auto_rebalancer-test.0.AutoRebalancerTest.RangeAwareRebalancesNewRangeReplicas.1782822511109140-25085-0/minicluster-data/ts-3-root
metadata directory: /tmp/dist-test-taskF5RUh5/test-tmp/auto_rebalancer-test.0.AutoRebalancerTest.RangeAwareRebalancesNewRangeReplicas.1782822511109140-25085-0/minicluster-data/ts-3-root
1 data directories: /tmp/dist-test-taskF5RUh5/test-tmp/auto_rebalancer-test.0.AutoRebalancerTest.RangeAwareRebalancesNewRangeReplicas.1782822511109140-25085-0/minicluster-data/ts-3-root/data
Total live blocks: 0
Total live bytes: 0
Total live bytes (after alignment): 0
Total number of LBM containers: 0 (0 full)
Did not check for missing blocks
Did not check for orphaned blocks
Total full LBM containers with extra space: 0 (0 repaired)
Total full LBM container extra space in bytes: 0 (0 repaired)
Total incomplete LBM containers: 0 (0 repaired)
Total LBM partial records: 0 (0 repaired)
Total corrupted LBM metadata records in RocksDB: 0 (0 repaired)
I20260630 12:29:57.756786 25085 rpc_server.cc:225] running with OpenSSL 1.1.1  11 Sep 2018
I20260630 12:29:57.758338 25085 kserver.cc:163] Server-wide thread pool size limit: 3276
I20260630 12:29:57.760093 25085 txn_system_client.cc:432] TxnSystemClient initialization is disabled...
I20260630 12:29:57.762842 25085 ts_tablet_manager.cc:585] Loaded tablet metadata (0 total tablets, 0 live tablets)
I20260630 12:29:57.763077 25085 ts_tablet_manager.cc:531] Time spent load tablet metadata: real 0.000s	user 0.000s	sys 0.000s
I20260630 12:29:57.763332 25085 ts_tablet_manager.cc:616] Registered 0 tablets
I20260630 12:29:57.763489 25085 ts_tablet_manager.cc:595] Time spent register tablets: real 0.000s	user 0.000s	sys 0.000s
I20260630 12:29:57.823475 25085 rpc_server.cc:307] RPC server started. Bound to: 127.24.127.68:38179
I20260630 12:29:57.823550 28407 acceptor_pool.cc:272] collecting diagnostics on the listening RPC socket 127.24.127.68:38179 every 8 connection(s)
I20260630 12:29:57.831282 27959 catalog_manager.cc:3570] Servicing AlterTable request from {username='slave'} at 127.0.0.1:45928:
table { table_name: "range_aware_rebalance_new_range" } alter_schema_steps { type: ADD_RANGE_PARTITION add_range_partition { range_bounds { rows: "\006\001\n\000\000\000\007\001\024\000\000\000""\006\001\n\000\000\000\007\001\024\000\000\000" indirect_data: """" } } } schema { columns { name: "key" type: INT32 is_key: true is_nullable: false encoding: AUTO_ENCODING compression: DEFAULT_COMPRESSION cfile_block_size: 0 immutable: false } } modify_external_catalogs: true
I20260630 12:29:57.851516 28408 heartbeater.cc:344] Connected to a master server at 127.24.127.126:33643
I20260630 12:29:57.851998 28408 heartbeater.cc:461] Registering TS with master...
I20260630 12:29:57.852965 28408 heartbeater.cc:507] Master 127.24.127.126:33643 requested a full tablet report, sending...
W20260630 12:29:57.853521 27959 catalog_manager.cc:5957] Failed to send alter table request: Not found: failed to reset TS proxy: No leader found: Tablet cdd32345667643c59f41e3d9d7d3944a has no consensus state
I20260630 12:29:57.855392 27960 ts_manager.cc:194] Registered new tserver with Master: 8f4a5e7f295942f186e0b88dc190edf6 (127.24.127.68:38179)
W20260630 12:29:57.855520 27959 catalog_manager.cc:5957] Failed to send alter table request: Not found: failed to reset TS proxy: No leader found: Tablet df918d7e529644c59922673aab7aab46 has no consensus state
W20260630 12:29:57.857118 27959 catalog_manager.cc:5957] Failed to send alter table request: Not found: failed to reset TS proxy: No leader found: Tablet 164e4465d57540088f013a444f601125 has no consensus state
I20260630 12:29:57.857362 27960 master_service.cc:502] Signed X509 certificate for tserver {username='slave'} at 127.0.0.1:47734
W20260630 12:29:57.858605 27959 catalog_manager.cc:5957] Failed to send alter table request: Not found: failed to reset TS proxy: No leader found: Tablet 90ffbe67b0a9419bac703f46be916eb5 has no consensus state
W20260630 12:29:57.859987 27959 catalog_manager.cc:5957] Failed to send alter table request: Not found: failed to reset TS proxy: No leader found: Tablet 62b079931706452b8cb024303fc740b5 has no consensus state
W20260630 12:29:57.861515 27959 catalog_manager.cc:5957] Failed to send alter table request: Not found: failed to reset TS proxy: No leader found: Tablet b5382842fd1d407d9f7ddb9dff1e5dd3 has no consensus state
W20260630 12:29:57.864043 27959 catalog_manager.cc:5957] Failed to send alter table request: Not found: failed to reset TS proxy: No leader found: Tablet f128749c006342dba68b5c9b41c89e41 has no consensus state
W20260630 12:29:57.865432 27959 catalog_manager.cc:5957] Failed to send alter table request: Not found: failed to reset TS proxy: No leader found: Tablet 9e13d190efe04695be1cfd746732eaff has no consensus state
W20260630 12:29:57.889935 27948 catalog_manager.cc:4810] Async tablet task AlterTable RPC for tablet f128749c006342dba68b5c9b41c89e41 (table range_aware_rebalance_new_range [id=2388174c8c5b49c891cc62a0a9a8a527], current schema version=0) failed: Not found: failed to reset TS proxy: No leader found: Tablet f128749c006342dba68b5c9b41c89e41 has no consensus state
I20260630 12:29:57.893810 28125 tablet_service.cc:1511] Processing CreateTablet for tablet cdd32345667643c59f41e3d9d7d3944a (DEFAULT_TABLE table=range_aware_rebalance_new_range [id=2388174c8c5b49c891cc62a0a9a8a527]), partition=HASH (key) PARTITION 0, RANGE (key) PARTITION 10 <= VALUES < 20
I20260630 12:29:57.895248 28125 data_dirs.cc:400] Could only allocate 1 dirs of requested 3 for tablet cdd32345667643c59f41e3d9d7d3944a. 1 dirs total, 0 dirs full, 0 dirs failed
I20260630 12:29:57.896785 28049 tablet_service.cc:1511] Processing CreateTablet for tablet cdd32345667643c59f41e3d9d7d3944a (DEFAULT_TABLE table=range_aware_rebalance_new_range [id=2388174c8c5b49c891cc62a0a9a8a527]), partition=HASH (key) PARTITION 0, RANGE (key) PARTITION 10 <= VALUES < 20
I20260630 12:29:57.898097 28049 data_dirs.cc:400] Could only allocate 1 dirs of requested 3 for tablet cdd32345667643c59f41e3d9d7d3944a. 1 dirs total, 0 dirs full, 0 dirs failed
I20260630 12:29:57.899256 28054 tablet_service.cc:1511] Processing CreateTablet for tablet df918d7e529644c59922673aab7aab46 (DEFAULT_TABLE table=range_aware_rebalance_new_range [id=2388174c8c5b49c891cc62a0a9a8a527]), partition=HASH (key) PARTITION 1, RANGE (key) PARTITION 10 <= VALUES < 20
I20260630 12:29:57.900549 28054 data_dirs.cc:400] Could only allocate 1 dirs of requested 3 for tablet df918d7e529644c59922673aab7aab46. 1 dirs total, 0 dirs full, 0 dirs failed
I20260630 12:29:57.902382 28201 tablet_service.cc:1511] Processing CreateTablet for tablet df918d7e529644c59922673aab7aab46 (DEFAULT_TABLE table=range_aware_rebalance_new_range [id=2388174c8c5b49c891cc62a0a9a8a527]), partition=HASH (key) PARTITION 1, RANGE (key) PARTITION 10 <= VALUES < 20
I20260630 12:29:57.903630 28201 data_dirs.cc:400] Could only allocate 1 dirs of requested 3 for tablet df918d7e529644c59922673aab7aab46. 1 dirs total, 0 dirs full, 0 dirs failed
I20260630 12:29:57.917481 28414 tablet_bootstrap.cc:492] T cdd32345667643c59f41e3d9d7d3944a P f7ecb7a06b4240fbaa903ed71109d711: Bootstrap starting.
I20260630 12:29:57.919656 28124 tablet_service.cc:1511] Processing CreateTablet for tablet 164e4465d57540088f013a444f601125 (DEFAULT_TABLE table=range_aware_rebalance_new_range [id=2388174c8c5b49c891cc62a0a9a8a527]), partition=HASH (key) PARTITION 2, RANGE (key) PARTITION 10 <= VALUES < 20
I20260630 12:29:57.921015 28124 data_dirs.cc:400] Could only allocate 1 dirs of requested 3 for tablet 164e4465d57540088f013a444f601125. 1 dirs total, 0 dirs full, 0 dirs failed
I20260630 12:29:57.924053 28200 tablet_service.cc:1511] Processing CreateTablet for tablet 164e4465d57540088f013a444f601125 (DEFAULT_TABLE table=range_aware_rebalance_new_range [id=2388174c8c5b49c891cc62a0a9a8a527]), partition=HASH (key) PARTITION 2, RANGE (key) PARTITION 10 <= VALUES < 20
I20260630 12:29:57.925371 28200 data_dirs.cc:400] Could only allocate 1 dirs of requested 3 for tablet 164e4465d57540088f013a444f601125. 1 dirs total, 0 dirs full, 0 dirs failed
I20260630 12:29:57.930878 28047 tablet_service.cc:1511] Processing CreateTablet for tablet 90ffbe67b0a9419bac703f46be916eb5 (DEFAULT_TABLE table=range_aware_rebalance_new_range [id=2388174c8c5b49c891cc62a0a9a8a527]), partition=HASH (key) PARTITION 3, RANGE (key) PARTITION 10 <= VALUES < 20
I20260630 12:29:57.932269 28047 data_dirs.cc:400] Could only allocate 1 dirs of requested 3 for tablet 90ffbe67b0a9419bac703f46be916eb5. 1 dirs total, 0 dirs full, 0 dirs failed
I20260630 12:29:57.935972 28203 tablet_service.cc:1511] Processing CreateTablet for tablet 62b079931706452b8cb024303fc740b5 (DEFAULT_TABLE table=range_aware_rebalance_new_range [id=2388174c8c5b49c891cc62a0a9a8a527]), partition=HASH (key) PARTITION 4, RANGE (key) PARTITION 10 <= VALUES < 20
I20260630 12:29:57.936615 28415 tablet_bootstrap.cc:492] T df918d7e529644c59922673aab7aab46 P 340aa8400e0441d498ac373d377b7bfc: Bootstrap starting.
I20260630 12:29:57.937359 28203 data_dirs.cc:400] Could only allocate 1 dirs of requested 3 for tablet 62b079931706452b8cb024303fc740b5. 1 dirs total, 0 dirs full, 0 dirs failed
I20260630 12:29:57.942374 28050 tablet_service.cc:1511] Processing CreateTablet for tablet 62b079931706452b8cb024303fc740b5 (DEFAULT_TABLE table=range_aware_rebalance_new_range [id=2388174c8c5b49c891cc62a0a9a8a527]), partition=HASH (key) PARTITION 4, RANGE (key) PARTITION 10 <= VALUES < 20
I20260630 12:29:57.944615 28050 data_dirs.cc:400] Could only allocate 1 dirs of requested 3 for tablet 62b079931706452b8cb024303fc740b5. 1 dirs total, 0 dirs full, 0 dirs failed
I20260630 12:29:57.952239 28414 tablet_bootstrap.cc:654] T cdd32345667643c59f41e3d9d7d3944a P f7ecb7a06b4240fbaa903ed71109d711: Neither blocks nor log segments found. Creating new log.
I20260630 12:29:57.953464 28373 tablet_service.cc:1511] Processing CreateTablet for tablet cdd32345667643c59f41e3d9d7d3944a (DEFAULT_TABLE table=range_aware_rebalance_new_range [id=2388174c8c5b49c891cc62a0a9a8a527]), partition=HASH (key) PARTITION 0, RANGE (key) PARTITION 10 <= VALUES < 20
I20260630 12:29:57.955703 28373 data_dirs.cc:400] Could only allocate 1 dirs of requested 3 for tablet cdd32345667643c59f41e3d9d7d3944a. 1 dirs total, 0 dirs full, 0 dirs failed
I20260630 12:29:57.955914 28372 tablet_service.cc:1511] Processing CreateTablet for tablet df918d7e529644c59922673aab7aab46 (DEFAULT_TABLE table=range_aware_rebalance_new_range [id=2388174c8c5b49c891cc62a0a9a8a527]), partition=HASH (key) PARTITION 1, RANGE (key) PARTITION 10 <= VALUES < 20
I20260630 12:29:57.956215 28125 tablet_service.cc:1511] Processing CreateTablet for tablet 90ffbe67b0a9419bac703f46be916eb5 (DEFAULT_TABLE table=range_aware_rebalance_new_range [id=2388174c8c5b49c891cc62a0a9a8a527]), partition=HASH (key) PARTITION 3, RANGE (key) PARTITION 10 <= VALUES < 20
I20260630 12:29:57.957334 28372 data_dirs.cc:400] Could only allocate 1 dirs of requested 3 for tablet df918d7e529644c59922673aab7aab46. 1 dirs total, 0 dirs full, 0 dirs failed
I20260630 12:29:57.957403 28125 data_dirs.cc:400] Could only allocate 1 dirs of requested 3 for tablet 90ffbe67b0a9419bac703f46be916eb5. 1 dirs total, 0 dirs full, 0 dirs failed
I20260630 12:29:57.962658 28369 tablet_service.cc:1511] Processing CreateTablet for tablet 62b079931706452b8cb024303fc740b5 (DEFAULT_TABLE table=range_aware_rebalance_new_range [id=2388174c8c5b49c891cc62a0a9a8a527]), partition=HASH (key) PARTITION 4, RANGE (key) PARTITION 10 <= VALUES < 20
I20260630 12:29:57.963102 28371 tablet_service.cc:1511] Processing CreateTablet for tablet 164e4465d57540088f013a444f601125 (DEFAULT_TABLE table=range_aware_rebalance_new_range [id=2388174c8c5b49c891cc62a0a9a8a527]), partition=HASH (key) PARTITION 2, RANGE (key) PARTITION 10 <= VALUES < 20
I20260630 12:29:57.964799 28369 data_dirs.cc:400] Could only allocate 1 dirs of requested 3 for tablet 62b079931706452b8cb024303fc740b5. 1 dirs total, 0 dirs full, 0 dirs failed
I20260630 12:29:57.971676 28370 tablet_service.cc:1511] Processing CreateTablet for tablet 90ffbe67b0a9419bac703f46be916eb5 (DEFAULT_TABLE table=range_aware_rebalance_new_range [id=2388174c8c5b49c891cc62a0a9a8a527]), partition=HASH (key) PARTITION 3, RANGE (key) PARTITION 10 <= VALUES < 20
I20260630 12:29:57.973731 28371 data_dirs.cc:400] Could only allocate 1 dirs of requested 3 for tablet 164e4465d57540088f013a444f601125. 1 dirs total, 0 dirs full, 0 dirs failed
I20260630 12:29:57.979362 28370 data_dirs.cc:400] Could only allocate 1 dirs of requested 3 for tablet 90ffbe67b0a9419bac703f46be916eb5. 1 dirs total, 0 dirs full, 0 dirs failed
I20260630 12:29:57.993173 28368 tablet_service.cc:1511] Processing CreateTablet for tablet b5382842fd1d407d9f7ddb9dff1e5dd3 (DEFAULT_TABLE table=range_aware_rebalance_new_range [id=2388174c8c5b49c891cc62a0a9a8a527]), partition=HASH (key) PARTITION 5, RANGE (key) PARTITION 10 <= VALUES < 20
I20260630 12:29:57.993970 28201 tablet_service.cc:1511] Processing CreateTablet for tablet b5382842fd1d407d9f7ddb9dff1e5dd3 (DEFAULT_TABLE table=range_aware_rebalance_new_range [id=2388174c8c5b49c891cc62a0a9a8a527]), partition=HASH (key) PARTITION 5, RANGE (key) PARTITION 10 <= VALUES < 20
I20260630 12:29:57.994632 28368 data_dirs.cc:400] Could only allocate 1 dirs of requested 3 for tablet b5382842fd1d407d9f7ddb9dff1e5dd3. 1 dirs total, 0 dirs full, 0 dirs failed
I20260630 12:29:58.000159 28367 tablet_service.cc:1511] Processing CreateTablet for tablet f128749c006342dba68b5c9b41c89e41 (DEFAULT_TABLE table=range_aware_rebalance_new_range [id=2388174c8c5b49c891cc62a0a9a8a527]), partition=HASH (key) PARTITION 6, RANGE (key) PARTITION 10 <= VALUES < 20
I20260630 12:29:58.002048 28367 data_dirs.cc:400] Could only allocate 1 dirs of requested 3 for tablet f128749c006342dba68b5c9b41c89e41. 1 dirs total, 0 dirs full, 0 dirs failed
I20260630 12:29:58.006068 28124 tablet_service.cc:1511] Processing CreateTablet for tablet b5382842fd1d407d9f7ddb9dff1e5dd3 (DEFAULT_TABLE table=range_aware_rebalance_new_range [id=2388174c8c5b49c891cc62a0a9a8a527]), partition=HASH (key) PARTITION 5, RANGE (key) PARTITION 10 <= VALUES < 20
I20260630 12:29:58.007372 28063 raft_consensus.cc:1275] T d1210d3db6774e26963b6c1671a12319 P 340aa8400e0441d498ac373d377b7bfc [term 2 FOLLOWER]: Refusing update from remote peer 6ee022b63fcc414f86518ee544cbe1ec: Log matching property violated. Preceding OpId in replica: term: 0 index: 0. Preceding OpId from leader: term: 2 index: 1. (index mismatch)
I20260630 12:29:58.007411 28124 data_dirs.cc:400] Could only allocate 1 dirs of requested 3 for tablet b5382842fd1d407d9f7ddb9dff1e5dd3. 1 dirs total, 0 dirs full, 0 dirs failed
I20260630 12:29:58.008942 28261 consensus_queue.cc:1048] T d1210d3db6774e26963b6c1671a12319 P 6ee022b63fcc414f86518ee544cbe1ec [LEADER]: Connected to new peer: Peer: permanent_uuid: "340aa8400e0441d498ac373d377b7bfc" member_type: VOTER last_known_addr { host: "127.24.127.65" port: 44447 }, Status: LMP_MISMATCH, Last received: 0.0, Next index: 1, Last known committed idx: 0, Time since last communication: 0.000s
I20260630 12:29:58.003057 28201 data_dirs.cc:400] Could only allocate 1 dirs of requested 3 for tablet b5382842fd1d407d9f7ddb9dff1e5dd3. 1 dirs total, 0 dirs full, 0 dirs failed
I20260630 12:29:58.018472 28122 tablet_service.cc:1511] Processing CreateTablet for tablet f128749c006342dba68b5c9b41c89e41 (DEFAULT_TABLE table=range_aware_rebalance_new_range [id=2388174c8c5b49c891cc62a0a9a8a527]), partition=HASH (key) PARTITION 6, RANGE (key) PARTITION 10 <= VALUES < 20
I20260630 12:29:58.033464 28122 data_dirs.cc:400] Could only allocate 1 dirs of requested 3 for tablet f128749c006342dba68b5c9b41c89e41. 1 dirs total, 0 dirs full, 0 dirs failed
I20260630 12:29:58.033845 28415 tablet_bootstrap.cc:654] T df918d7e529644c59922673aab7aab46 P 340aa8400e0441d498ac373d377b7bfc: Neither blocks nor log segments found. Creating new log.
I20260630 12:29:58.025767 28054 tablet_service.cc:1511] Processing CreateTablet for tablet 9e13d190efe04695be1cfd746732eaff (DEFAULT_TABLE table=range_aware_rebalance_new_range [id=2388174c8c5b49c891cc62a0a9a8a527]), partition=HASH (key) PARTITION 7, RANGE (key) PARTITION 10 <= VALUES < 20
I20260630 12:29:58.025763 28047 tablet_service.cc:1511] Processing CreateTablet for tablet f128749c006342dba68b5c9b41c89e41 (DEFAULT_TABLE table=range_aware_rebalance_new_range [id=2388174c8c5b49c891cc62a0a9a8a527]), partition=HASH (key) PARTITION 6, RANGE (key) PARTITION 10 <= VALUES < 20
I20260630 12:29:58.029883 28203 tablet_service.cc:1511] Processing CreateTablet for tablet 9e13d190efe04695be1cfd746732eaff (DEFAULT_TABLE table=range_aware_rebalance_new_range [id=2388174c8c5b49c891cc62a0a9a8a527]), partition=HASH (key) PARTITION 7, RANGE (key) PARTITION 10 <= VALUES < 20
I20260630 12:29:58.039557 28054 data_dirs.cc:400] Could only allocate 1 dirs of requested 3 for tablet 9e13d190efe04695be1cfd746732eaff. 1 dirs total, 0 dirs full, 0 dirs failed
I20260630 12:29:58.042009 28047 data_dirs.cc:400] Could only allocate 1 dirs of requested 3 for tablet f128749c006342dba68b5c9b41c89e41. 1 dirs total, 0 dirs full, 0 dirs failed
I20260630 12:29:58.045560 28203 data_dirs.cc:400] Could only allocate 1 dirs of requested 3 for tablet 9e13d190efe04695be1cfd746732eaff. 1 dirs total, 0 dirs full, 0 dirs failed
I20260630 12:29:58.061510 28416 tablet_bootstrap.cc:492] T df918d7e529644c59922673aab7aab46 P 6ee022b63fcc414f86518ee544cbe1ec: Bootstrap starting.
I20260630 12:29:58.071046 28138 raft_consensus.cc:1275] T d1210d3db6774e26963b6c1671a12319 P f7ecb7a06b4240fbaa903ed71109d711 [term 2 FOLLOWER]: Refusing update from remote peer 6ee022b63fcc414f86518ee544cbe1ec: Log matching property violated. Preceding OpId in replica: term: 0 index: 0. Preceding OpId from leader: term: 2 index: 1. (index mismatch)
I20260630 12:29:58.072762 28261 consensus_queue.cc:1048] T d1210d3db6774e26963b6c1671a12319 P 6ee022b63fcc414f86518ee544cbe1ec [LEADER]: Connected to new peer: Peer: permanent_uuid: "f7ecb7a06b4240fbaa903ed71109d711" member_type: VOTER last_known_addr { host: "127.24.127.66" port: 43765 }, Status: LMP_MISMATCH, Last received: 0.0, Next index: 1, Last known committed idx: 0, Time since last communication: 0.000s
I20260630 12:29:58.116725 28418 tablet_bootstrap.cc:492] T 90ffbe67b0a9419bac703f46be916eb5 P 8f4a5e7f295942f186e0b88dc190edf6: Bootstrap starting.
I20260630 12:29:58.117276 28368 tablet_service.cc:1511] Processing CreateTablet for tablet 9e13d190efe04695be1cfd746732eaff (DEFAULT_TABLE table=range_aware_rebalance_new_range [id=2388174c8c5b49c891cc62a0a9a8a527]), partition=HASH (key) PARTITION 7, RANGE (key) PARTITION 10 <= VALUES < 20
I20260630 12:29:58.122961 28368 data_dirs.cc:400] Could only allocate 1 dirs of requested 3 for tablet 9e13d190efe04695be1cfd746732eaff. 1 dirs total, 0 dirs full, 0 dirs failed
I20260630 12:29:58.138289 28416 tablet_bootstrap.cc:654] T df918d7e529644c59922673aab7aab46 P 6ee022b63fcc414f86518ee544cbe1ec: Neither blocks nor log segments found. Creating new log.
I20260630 12:29:58.140568 28414 tablet_bootstrap.cc:492] T cdd32345667643c59f41e3d9d7d3944a P f7ecb7a06b4240fbaa903ed71109d711: No bootstrap required, opened a new log
I20260630 12:29:58.141453 28414 ts_tablet_manager.cc:1403] T cdd32345667643c59f41e3d9d7d3944a P f7ecb7a06b4240fbaa903ed71109d711: Time spent bootstrapping tablet: real 0.224s	user 0.013s	sys 0.007s
I20260630 12:29:58.147761 28414 raft_consensus.cc:359] T cdd32345667643c59f41e3d9d7d3944a P f7ecb7a06b4240fbaa903ed71109d711 [term 0 FOLLOWER]: Replica starting. Triggering 0 pending ops. Active config: opid_index: -1 OBSOLETE_local: false peers { permanent_uuid: "f7ecb7a06b4240fbaa903ed71109d711" member_type: VOTER last_known_addr { host: "127.24.127.66" port: 43765 } } peers { permanent_uuid: "8f4a5e7f295942f186e0b88dc190edf6" member_type: VOTER last_known_addr { host: "127.24.127.68" port: 38179 } } peers { permanent_uuid: "340aa8400e0441d498ac373d377b7bfc" member_type: VOTER last_known_addr { host: "127.24.127.65" port: 44447 } }
I20260630 12:29:58.148381 28414 raft_consensus.cc:385] T cdd32345667643c59f41e3d9d7d3944a P f7ecb7a06b4240fbaa903ed71109d711 [term 0 FOLLOWER]: Consensus starting up: Expiring failure detector timer to make a prompt election more likely
I20260630 12:29:58.149050 28414 raft_consensus.cc:740] T cdd32345667643c59f41e3d9d7d3944a P f7ecb7a06b4240fbaa903ed71109d711 [term 0 FOLLOWER]: Becoming Follower/Learner. State: Replica: f7ecb7a06b4240fbaa903ed71109d711, State: Initialized, Role: FOLLOWER
I20260630 12:29:58.149878 28414 consensus_queue.cc:260] T cdd32345667643c59f41e3d9d7d3944a P f7ecb7a06b4240fbaa903ed71109d711 [NON_LEADER]: Queue going to NON_LEADER mode. State: All replicated index: 0, Majority replicated index: 0, Committed index: 0, Last appended: 0.0, Last appended by leader: 0, Current term: 0, Majority size: -1, State: 0, Mode: NON_LEADER, active raft config: opid_index: -1 OBSOLETE_local: false peers { permanent_uuid: "f7ecb7a06b4240fbaa903ed71109d711" member_type: VOTER last_known_addr { host: "127.24.127.66" port: 43765 } } peers { permanent_uuid: "8f4a5e7f295942f186e0b88dc190edf6" member_type: VOTER last_known_addr { host: "127.24.127.68" port: 38179 } } peers { permanent_uuid: "340aa8400e0441d498ac373d377b7bfc" member_type: VOTER last_known_addr { host: "127.24.127.65" port: 44447 } }
I20260630 12:29:58.150717 28415 tablet_bootstrap.cc:492] T df918d7e529644c59922673aab7aab46 P 340aa8400e0441d498ac373d377b7bfc: No bootstrap required, opened a new log
I20260630 12:29:58.151366 28415 ts_tablet_manager.cc:1403] T df918d7e529644c59922673aab7aab46 P 340aa8400e0441d498ac373d377b7bfc: Time spent bootstrapping tablet: real 0.215s	user 0.010s	sys 0.010s
I20260630 12:29:58.154156 28414 ts_tablet_manager.cc:1434] T cdd32345667643c59f41e3d9d7d3944a P f7ecb7a06b4240fbaa903ed71109d711: Time spent starting tablet: real 0.012s	user 0.005s	sys 0.000s
I20260630 12:29:58.155174 28415 raft_consensus.cc:359] T df918d7e529644c59922673aab7aab46 P 340aa8400e0441d498ac373d377b7bfc [term 0 FOLLOWER]: Replica starting. Triggering 0 pending ops. Active config: opid_index: -1 OBSOLETE_local: false peers { permanent_uuid: "340aa8400e0441d498ac373d377b7bfc" member_type: VOTER last_known_addr { host: "127.24.127.65" port: 44447 } } peers { permanent_uuid: "8f4a5e7f295942f186e0b88dc190edf6" member_type: VOTER last_known_addr { host: "127.24.127.68" port: 38179 } } peers { permanent_uuid: "6ee022b63fcc414f86518ee544cbe1ec" member_type: VOTER last_known_addr { host: "127.24.127.67" port: 36141 } }
I20260630 12:29:58.156805 28415 raft_consensus.cc:385] T df918d7e529644c59922673aab7aab46 P 340aa8400e0441d498ac373d377b7bfc [term 0 FOLLOWER]: Consensus starting up: Expiring failure detector timer to make a prompt election more likely
I20260630 12:29:58.157663 28415 raft_consensus.cc:740] T df918d7e529644c59922673aab7aab46 P 340aa8400e0441d498ac373d377b7bfc [term 0 FOLLOWER]: Becoming Follower/Learner. State: Replica: 340aa8400e0441d498ac373d377b7bfc, State: Initialized, Role: FOLLOWER
I20260630 12:29:58.159322 28415 consensus_queue.cc:260] T df918d7e529644c59922673aab7aab46 P 340aa8400e0441d498ac373d377b7bfc [NON_LEADER]: Queue going to NON_LEADER mode. State: All replicated index: 0, Majority replicated index: 0, Committed index: 0, Last appended: 0.0, Last appended by leader: 0, Current term: 0, Majority size: -1, State: 0, Mode: NON_LEADER, active raft config: opid_index: -1 OBSOLETE_local: false peers { permanent_uuid: "340aa8400e0441d498ac373d377b7bfc" member_type: VOTER last_known_addr { host: "127.24.127.65" port: 44447 } } peers { permanent_uuid: "8f4a5e7f295942f186e0b88dc190edf6" member_type: VOTER last_known_addr { host: "127.24.127.68" port: 38179 } } peers { permanent_uuid: "6ee022b63fcc414f86518ee544cbe1ec" member_type: VOTER last_known_addr { host: "127.24.127.67" port: 36141 } }
I20260630 12:29:58.161792 28415 ts_tablet_manager.cc:1434] T df918d7e529644c59922673aab7aab46 P 340aa8400e0441d498ac373d377b7bfc: Time spent starting tablet: real 0.010s	user 0.008s	sys 0.001s
I20260630 12:29:58.162840 28415 tablet_bootstrap.cc:492] T cdd32345667643c59f41e3d9d7d3944a P 340aa8400e0441d498ac373d377b7bfc: Bootstrap starting.
I20260630 12:29:58.171705 28418 tablet_bootstrap.cc:654] T 90ffbe67b0a9419bac703f46be916eb5 P 8f4a5e7f295942f186e0b88dc190edf6: Neither blocks nor log segments found. Creating new log.
I20260630 12:29:58.177130 28414 tablet_bootstrap.cc:492] T 164e4465d57540088f013a444f601125 P f7ecb7a06b4240fbaa903ed71109d711: Bootstrap starting.
W20260630 12:29:58.186617 28178 outbound_call.cc:321] RPC callback for RPC call kudu.consensus.ConsensusService.UpdateConsensus -> {remote=127.24.127.66:43765, user_credentials={real_user=slave}} blocked reactor thread for 45237.2us
I20260630 12:29:58.210701 28415 tablet_bootstrap.cc:654] T cdd32345667643c59f41e3d9d7d3944a P 340aa8400e0441d498ac373d377b7bfc: Neither blocks nor log segments found. Creating new log.
I20260630 12:29:58.246744 28414 tablet_bootstrap.cc:654] T 164e4465d57540088f013a444f601125 P f7ecb7a06b4240fbaa903ed71109d711: Neither blocks nor log segments found. Creating new log.
I20260630 12:29:58.257937 28416 tablet_bootstrap.cc:492] T df918d7e529644c59922673aab7aab46 P 6ee022b63fcc414f86518ee544cbe1ec: No bootstrap required, opened a new log
I20260630 12:29:58.258473 28416 ts_tablet_manager.cc:1403] T df918d7e529644c59922673aab7aab46 P 6ee022b63fcc414f86518ee544cbe1ec: Time spent bootstrapping tablet: real 0.218s	user 0.019s	sys 0.018s
I20260630 12:29:58.262019 28416 raft_consensus.cc:359] T df918d7e529644c59922673aab7aab46 P 6ee022b63fcc414f86518ee544cbe1ec [term 0 FOLLOWER]: Replica starting. Triggering 0 pending ops. Active config: opid_index: -1 OBSOLETE_local: false peers { permanent_uuid: "340aa8400e0441d498ac373d377b7bfc" member_type: VOTER last_known_addr { host: "127.24.127.65" port: 44447 } } peers { permanent_uuid: "8f4a5e7f295942f186e0b88dc190edf6" member_type: VOTER last_known_addr { host: "127.24.127.68" port: 38179 } } peers { permanent_uuid: "6ee022b63fcc414f86518ee544cbe1ec" member_type: VOTER last_known_addr { host: "127.24.127.67" port: 36141 } }
I20260630 12:29:58.263382 28416 raft_consensus.cc:385] T df918d7e529644c59922673aab7aab46 P 6ee022b63fcc414f86518ee544cbe1ec [term 0 FOLLOWER]: Consensus starting up: Expiring failure detector timer to make a prompt election more likely
I20260630 12:29:58.263581 28416 raft_consensus.cc:740] T df918d7e529644c59922673aab7aab46 P 6ee022b63fcc414f86518ee544cbe1ec [term 0 FOLLOWER]: Becoming Follower/Learner. State: Replica: 6ee022b63fcc414f86518ee544cbe1ec, State: Initialized, Role: FOLLOWER
I20260630 12:29:58.264333 28416 consensus_queue.cc:260] T df918d7e529644c59922673aab7aab46 P 6ee022b63fcc414f86518ee544cbe1ec [NON_LEADER]: Queue going to NON_LEADER mode. State: All replicated index: 0, Majority replicated index: 0, Committed index: 0, Last appended: 0.0, Last appended by leader: 0, Current term: 0, Majority size: -1, State: 0, Mode: NON_LEADER, active raft config: opid_index: -1 OBSOLETE_local: false peers { permanent_uuid: "340aa8400e0441d498ac373d377b7bfc" member_type: VOTER last_known_addr { host: "127.24.127.65" port: 44447 } } peers { permanent_uuid: "8f4a5e7f295942f186e0b88dc190edf6" member_type: VOTER last_known_addr { host: "127.24.127.68" port: 38179 } } peers { permanent_uuid: "6ee022b63fcc414f86518ee544cbe1ec" member_type: VOTER last_known_addr { host: "127.24.127.67" port: 36141 } }
I20260630 12:29:58.264906 28418 tablet_bootstrap.cc:492] T 90ffbe67b0a9419bac703f46be916eb5 P 8f4a5e7f295942f186e0b88dc190edf6: No bootstrap required, opened a new log
I20260630 12:29:58.265594 28418 ts_tablet_manager.cc:1403] T 90ffbe67b0a9419bac703f46be916eb5 P 8f4a5e7f295942f186e0b88dc190edf6: Time spent bootstrapping tablet: real 0.176s	user 0.020s	sys 0.016s
I20260630 12:29:58.266578 28416 ts_tablet_manager.cc:1434] T df918d7e529644c59922673aab7aab46 P 6ee022b63fcc414f86518ee544cbe1ec: Time spent starting tablet: real 0.008s	user 0.005s	sys 0.000s
I20260630 12:29:58.268077 28416 tablet_bootstrap.cc:492] T 62b079931706452b8cb024303fc740b5 P 6ee022b63fcc414f86518ee544cbe1ec: Bootstrap starting.
I20260630 12:29:58.273478 28418 raft_consensus.cc:359] T 90ffbe67b0a9419bac703f46be916eb5 P 8f4a5e7f295942f186e0b88dc190edf6 [term 0 FOLLOWER]: Replica starting. Triggering 0 pending ops. Active config: opid_index: -1 OBSOLETE_local: false peers { permanent_uuid: "340aa8400e0441d498ac373d377b7bfc" member_type: VOTER last_known_addr { host: "127.24.127.65" port: 44447 } } peers { permanent_uuid: "8f4a5e7f295942f186e0b88dc190edf6" member_type: VOTER last_known_addr { host: "127.24.127.68" port: 38179 } } peers { permanent_uuid: "f7ecb7a06b4240fbaa903ed71109d711" member_type: VOTER last_known_addr { host: "127.24.127.66" port: 43765 } }
I20260630 12:29:58.274220 28418 raft_consensus.cc:385] T 90ffbe67b0a9419bac703f46be916eb5 P 8f4a5e7f295942f186e0b88dc190edf6 [term 0 FOLLOWER]: Consensus starting up: Expiring failure detector timer to make a prompt election more likely
I20260630 12:29:58.274938 28418 raft_consensus.cc:740] T 90ffbe67b0a9419bac703f46be916eb5 P 8f4a5e7f295942f186e0b88dc190edf6 [term 0 FOLLOWER]: Becoming Follower/Learner. State: Replica: 8f4a5e7f295942f186e0b88dc190edf6, State: Initialized, Role: FOLLOWER
I20260630 12:29:58.278091 28416 tablet_bootstrap.cc:654] T 62b079931706452b8cb024303fc740b5 P 6ee022b63fcc414f86518ee544cbe1ec: Neither blocks nor log segments found. Creating new log.
I20260630 12:29:58.278831 28418 consensus_queue.cc:260] T 90ffbe67b0a9419bac703f46be916eb5 P 8f4a5e7f295942f186e0b88dc190edf6 [NON_LEADER]: Queue going to NON_LEADER mode. State: All replicated index: 0, Majority replicated index: 0, Committed index: 0, Last appended: 0.0, Last appended by leader: 0, Current term: 0, Majority size: -1, State: 0, Mode: NON_LEADER, active raft config: opid_index: -1 OBSOLETE_local: false peers { permanent_uuid: "340aa8400e0441d498ac373d377b7bfc" member_type: VOTER last_known_addr { host: "127.24.127.65" port: 44447 } } peers { permanent_uuid: "8f4a5e7f295942f186e0b88dc190edf6" member_type: VOTER last_known_addr { host: "127.24.127.68" port: 38179 } } peers { permanent_uuid: "f7ecb7a06b4240fbaa903ed71109d711" member_type: VOTER last_known_addr { host: "127.24.127.66" port: 43765 } }
I20260630 12:29:58.280256 28415 tablet_bootstrap.cc:492] T cdd32345667643c59f41e3d9d7d3944a P 340aa8400e0441d498ac373d377b7bfc: No bootstrap required, opened a new log
I20260630 12:29:58.280959 28415 ts_tablet_manager.cc:1403] T cdd32345667643c59f41e3d9d7d3944a P 340aa8400e0441d498ac373d377b7bfc: Time spent bootstrapping tablet: real 0.118s	user 0.003s	sys 0.011s
I20260630 12:29:58.283795 28415 raft_consensus.cc:359] T cdd32345667643c59f41e3d9d7d3944a P 340aa8400e0441d498ac373d377b7bfc [term 0 FOLLOWER]: Replica starting. Triggering 0 pending ops. Active config: opid_index: -1 OBSOLETE_local: false peers { permanent_uuid: "f7ecb7a06b4240fbaa903ed71109d711" member_type: VOTER last_known_addr { host: "127.24.127.66" port: 43765 } } peers { permanent_uuid: "8f4a5e7f295942f186e0b88dc190edf6" member_type: VOTER last_known_addr { host: "127.24.127.68" port: 38179 } } peers { permanent_uuid: "340aa8400e0441d498ac373d377b7bfc" member_type: VOTER last_known_addr { host: "127.24.127.65" port: 44447 } }
I20260630 12:29:58.284530 28415 raft_consensus.cc:385] T cdd32345667643c59f41e3d9d7d3944a P 340aa8400e0441d498ac373d377b7bfc [term 0 FOLLOWER]: Consensus starting up: Expiring failure detector timer to make a prompt election more likely
I20260630 12:29:58.284838 28415 raft_consensus.cc:740] T cdd32345667643c59f41e3d9d7d3944a P 340aa8400e0441d498ac373d377b7bfc [term 0 FOLLOWER]: Becoming Follower/Learner. State: Replica: 340aa8400e0441d498ac373d377b7bfc, State: Initialized, Role: FOLLOWER
I20260630 12:29:58.288681 28408 heartbeater.cc:499] Master 127.24.127.126:33643 was elected leader, sending a full tablet report...
I20260630 12:29:58.288928 28418 ts_tablet_manager.cc:1434] T 90ffbe67b0a9419bac703f46be916eb5 P 8f4a5e7f295942f186e0b88dc190edf6: Time spent starting tablet: real 0.023s	user 0.005s	sys 0.004s
I20260630 12:29:58.290021 28418 tablet_bootstrap.cc:492] T df918d7e529644c59922673aab7aab46 P 8f4a5e7f295942f186e0b88dc190edf6: Bootstrap starting.
I20260630 12:29:58.296794 28418 tablet_bootstrap.cc:654] T df918d7e529644c59922673aab7aab46 P 8f4a5e7f295942f186e0b88dc190edf6: Neither blocks nor log segments found. Creating new log.
