format_stamp: "Formatted at 2026-06-30 12:28:32 on dist-test-slave-3k53"
I20260630 12:28:32.726876 26790 fs_report.cc:389] FS layout report
--------------------
wal directory: /tmp/dist-test-taskQT6FRL/test-tmp/auto_rebalancer-test.0.AutoRebalancerTest.OnlyLeaderDoesAutoRebalancing.1782822510667181-26790-0/minicluster-data/ts-0-root
metadata directory: /tmp/dist-test-taskQT6FRL/test-tmp/auto_rebalancer-test.0.AutoRebalancerTest.OnlyLeaderDoesAutoRebalancing.1782822510667181-26790-0/minicluster-data/ts-0-root
1 data directories: /tmp/dist-test-taskQT6FRL/test-tmp/auto_rebalancer-test.0.AutoRebalancerTest.OnlyLeaderDoesAutoRebalancing.1782822510667181-26790-0/minicluster-data/ts-0-root/data
Total live blocks: 0
Total live bytes: 0
Total live bytes (after alignment): 0
Total number of LBM containers: 0 (0 full)
Did not check for missing blocks
Did not check for orphaned blocks
Total full LBM containers with extra space: 0 (0 repaired)
Total full LBM container extra space in bytes: 0 (0 repaired)
Total incomplete LBM containers: 0 (0 repaired)
Total LBM partial records: 0 (0 repaired)
Total corrupted LBM metadata records in RocksDB: 0 (0 repaired)
I20260630 12:28:32.727196 27022 catalog_manager.cc:6070] T 00000000000000000000000000000000 P 7614d99c6be64ded984ee38bfaab579d: Generated new TSK 0
I20260630 12:28:32.728572 27022 catalog_manager.cc:1550] Initializing in-progress tserver states...
I20260630 12:28:32.753118 26790 rpc_server.cc:225] running with OpenSSL 1.1.1  11 Sep 2018
I20260630 12:28:32.754422 26790 kserver.cc:163] Server-wide thread pool size limit: 3276
I20260630 12:28:32.756631 26790 txn_system_client.cc:432] TxnSystemClient initialization is disabled...
I20260630 12:28:32.760509 26790 ts_tablet_manager.cc:585] Loaded tablet metadata (0 total tablets, 0 live tablets)
I20260630 12:28:32.760737 26790 ts_tablet_manager.cc:531] Time spent load tablet metadata: real 0.000s	user 0.000s	sys 0.000s
I20260630 12:28:32.760957 26790 ts_tablet_manager.cc:616] Registered 0 tablets
I20260630 12:28:32.761113 26790 ts_tablet_manager.cc:595] Time spent register tablets: real 0.000s	user 0.000s	sys 0.000s
I20260630 12:28:32.846882 26790 rpc_server.cc:307] RPC server started. Bound to: 127.26.41.129:37257
I20260630 12:28:32.847362 27114 acceptor_pool.cc:272] collecting diagnostics on the listening RPC socket 127.26.41.129:37257 every 8 connection(s)
I20260630 12:28:32.873241 27116 heartbeater.cc:344] Connected to a master server at 127.26.41.189:34219
I20260630 12:28:32.873805 27116 heartbeater.cc:461] Registering TS with master...
I20260630 12:28:32.875029 27116 heartbeater.cc:507] Master 127.26.41.189:34219 requested a full tablet report, sending...
I20260630 12:28:32.878903 26790 file_cache.cc:492] Constructed file cache file cache with capacity 419430
I20260630 12:28:32.879858 26887 ts_manager.cc:194] Registered new tserver with Master: d40b1f7bdc65477192f7db23b68861ca (127.26.41.129:37257)
I20260630 12:28:32.880930 27115 heartbeater.cc:344] Connected to a master server at 127.26.41.188:32957
I20260630 12:28:32.881312 27115 heartbeater.cc:461] Registering TS with master...
I20260630 12:28:32.883080 27115 heartbeater.cc:507] Master 127.26.41.188:32957 requested a full tablet report, sending...
I20260630 12:28:32.885470 27118 heartbeater.cc:344] Connected to a master server at 127.26.41.190:41511
I20260630 12:28:32.885596 26952 ts_manager.cc:194] Registered new tserver with Master: d40b1f7bdc65477192f7db23b68861ca (127.26.41.129:37257)
I20260630 12:28:32.885941 27118 heartbeater.cc:461] Registering TS with master...
I20260630 12:28:32.887020 27118 heartbeater.cc:507] Master 127.26.41.190:41511 requested a full tablet report, sending...
I20260630 12:28:32.888633 26952 master_service.cc:502] Signed X509 certificate for tserver {username='slave'} at 127.0.0.1:43184
I20260630 12:28:32.890383 26822 ts_manager.cc:194] Registered new tserver with Master: d40b1f7bdc65477192f7db23b68861ca (127.26.41.129:37257)
W20260630 12:28:32.895797 27122 instance_detector.cc:116] could not retrieve AWS instance metadata: Network error: curl error: HTTP response code said error: The requested URL returned error: 404
W20260630 12:28:32.896046 27123 instance_detector.cc:116] could not retrieve Azure instance metadata: Network error: curl error: HTTP response code said error: The requested URL returned error: 404
W20260630 12:28:32.899547 27125 instance_detector.cc:116] could not retrieve OpenStack instance metadata: Network error: curl error: HTTP response code said error: The requested URL returned error: 404
I20260630 12:28:32.899669 26790 server_base.cc:1061] running on GCE node
I20260630 12:28:32.900589 26790 hybrid_clock.cc:584] initializing the hybrid clock with 'system_unsync' time source
W20260630 12:28:32.900767 26790 system_unsync_time.cc:38] NTP support is disabled. Clock error bounds will not be accurate. This configuration is not suitable for distributed clusters.
I20260630 12:28:32.900941 26790 hybrid_clock.cc:648] HybridClock initialized: now 1782822512900924 us; error 0 us; skew 500 ppm
I20260630 12:28:32.901413 26790 server_base.cc:861] Flag tcmalloc_max_total_thread_cache_bytes is not working since tcmalloc is not enabled.
I20260630 12:28:32.903975 26790 webserver.cc:533] Webserver started at http://127.26.41.130:34269/ using document root <none> and password file <none>
I20260630 12:28:32.904417 26790 fs_manager.cc:362] Metadata directory not provided
I20260630 12:28:32.904595 26790 fs_manager.cc:368] Using write-ahead log directory (fs_wal_dir) as metadata directory
I20260630 12:28:32.904850 26790 server_base.cc:909] This appears to be a new deployment of Kudu; creating new FS layout
I20260630 12:28:32.905815 26790 fs_manager.cc:1068] Generated new instance metadata in path /tmp/dist-test-taskQT6FRL/test-tmp/auto_rebalancer-test.0.AutoRebalancerTest.OnlyLeaderDoesAutoRebalancing.1782822510667181-26790-0/minicluster-data/ts-1-root/instance:
uuid: "9a21b2f1d9b9453a985ff4f693583b83"
format_stamp: "Formatted at 2026-06-30 12:28:32 on dist-test-slave-3k53"
I20260630 12:28:32.910055 26790 fs_manager.cc:696] Time spent creating directory manager: real 0.004s	user 0.006s	sys 0.000s
I20260630 12:28:32.913277 27130 log_block_manager.cc:4031] Time spent loading block containers with low live blocks: real 0.000s	user 0.000s	sys 0.000s
I20260630 12:28:32.914004 26790 fs_manager.cc:730] Time spent opening block manager: real 0.002s	user 0.002s	sys 0.000s
I20260630 12:28:32.914249 26790 fs_manager.cc:647] Opened local filesystem: /tmp/dist-test-taskQT6FRL/test-tmp/auto_rebalancer-test.0.AutoRebalancerTest.OnlyLeaderDoesAutoRebalancing.1782822510667181-26790-0/minicluster-data/ts-1-root
uuid: "9a21b2f1d9b9453a985ff4f693583b83"
format_stamp: "Formatted at 2026-06-30 12:28:32 on dist-test-slave-3k53"
I20260630 12:28:32.914479 26790 fs_report.cc:389] FS layout report
--------------------
wal directory: /tmp/dist-test-taskQT6FRL/test-tmp/auto_rebalancer-test.0.AutoRebalancerTest.OnlyLeaderDoesAutoRebalancing.1782822510667181-26790-0/minicluster-data/ts-1-root
metadata directory: /tmp/dist-test-taskQT6FRL/test-tmp/auto_rebalancer-test.0.AutoRebalancerTest.OnlyLeaderDoesAutoRebalancing.1782822510667181-26790-0/minicluster-data/ts-1-root
1 data directories: /tmp/dist-test-taskQT6FRL/test-tmp/auto_rebalancer-test.0.AutoRebalancerTest.OnlyLeaderDoesAutoRebalancing.1782822510667181-26790-0/minicluster-data/ts-1-root/data
Total live blocks: 0
Total live bytes: 0
Total live bytes (after alignment): 0
Total number of LBM containers: 0 (0 full)
Did not check for missing blocks
Did not check for orphaned blocks
Total full LBM containers with extra space: 0 (0 repaired)
Total full LBM container extra space in bytes: 0 (0 repaired)
Total incomplete LBM containers: 0 (0 repaired)
Total LBM partial records: 0 (0 repaired)
Total corrupted LBM metadata records in RocksDB: 0 (0 repaired)
I20260630 12:28:32.927472 26790 rpc_server.cc:225] running with OpenSSL 1.1.1  11 Sep 2018
I20260630 12:28:32.928718 26790 kserver.cc:163] Server-wide thread pool size limit: 3276
I20260630 12:28:32.930315 26790 txn_system_client.cc:432] TxnSystemClient initialization is disabled...
I20260630 12:28:32.933467 26790 ts_tablet_manager.cc:585] Loaded tablet metadata (0 total tablets, 0 live tablets)
I20260630 12:28:32.933667 26790 ts_tablet_manager.cc:531] Time spent load tablet metadata: real 0.000s	user 0.000s	sys 0.000s
I20260630 12:28:32.933871 26790 ts_tablet_manager.cc:616] Registered 0 tablets
I20260630 12:28:32.934041 26790 ts_tablet_manager.cc:595] Time spent register tablets: real 0.000s	user 0.000s	sys 0.000s
I20260630 12:28:33.025362 26790 rpc_server.cc:307] RPC server started. Bound to: 127.26.41.130:32961
I20260630 12:28:33.025441 27192 acceptor_pool.cc:272] collecting diagnostics on the listening RPC socket 127.26.41.130:32961 every 8 connection(s)
I20260630 12:28:33.048632 27194 heartbeater.cc:344] Connected to a master server at 127.26.41.189:34219
I20260630 12:28:33.049122 27194 heartbeater.cc:461] Registering TS with master...
I20260630 12:28:33.050096 27194 heartbeater.cc:507] Master 127.26.41.189:34219 requested a full tablet report, sending...
I20260630 12:28:33.053128 26887 ts_manager.cc:194] Registered new tserver with Master: 9a21b2f1d9b9453a985ff4f693583b83 (127.26.41.130:32961)
I20260630 12:28:33.056825 27193 heartbeater.cc:344] Connected to a master server at 127.26.41.188:32957
I20260630 12:28:33.057186 27193 heartbeater.cc:461] Registering TS with master...
I20260630 12:28:33.057382 26790 file_cache.cc:492] Constructed file cache file cache with capacity 419430
I20260630 12:28:33.057987 27193 heartbeater.cc:507] Master 127.26.41.188:32957 requested a full tablet report, sending...
I20260630 12:28:33.060563 26952 ts_manager.cc:194] Registered new tserver with Master: 9a21b2f1d9b9453a985ff4f693583b83 (127.26.41.130:32961)
I20260630 12:28:33.062290 26952 master_service.cc:502] Signed X509 certificate for tserver {username='slave'} at 127.0.0.1:43200
W20260630 12:28:33.067916 27200 instance_detector.cc:116] could not retrieve AWS instance metadata: Network error: curl error: HTTP response code said error: The requested URL returned error: 404
I20260630 12:28:33.070369 27195 heartbeater.cc:344] Connected to a master server at 127.26.41.190:41511
I20260630 12:28:33.070825 27195 heartbeater.cc:461] Registering TS with master...
I20260630 12:28:33.071599 27195 heartbeater.cc:507] Master 127.26.41.190:41511 requested a full tablet report, sending...
I20260630 12:28:33.075176 26822 ts_manager.cc:194] Registered new tserver with Master: 9a21b2f1d9b9453a985ff4f693583b83 (127.26.41.130:32961)
W20260630 12:28:33.079295 27201 instance_detector.cc:116] could not retrieve Azure instance metadata: Network error: curl error: HTTP response code said error: The requested URL returned error: 404
I20260630 12:28:33.081549 26790 server_base.cc:1061] running on GCE node
W20260630 12:28:33.082261 27203 instance_detector.cc:116] could not retrieve OpenStack instance metadata: Network error: curl error: HTTP response code said error: The requested URL returned error: 404
I20260630 12:28:33.083271 26790 hybrid_clock.cc:584] initializing the hybrid clock with 'system_unsync' time source
W20260630 12:28:33.083564 26790 system_unsync_time.cc:38] NTP support is disabled. Clock error bounds will not be accurate. This configuration is not suitable for distributed clusters.
I20260630 12:28:33.083774 26790 hybrid_clock.cc:648] HybridClock initialized: now 1782822513083758 us; error 0 us; skew 500 ppm
I20260630 12:28:33.084451 26790 server_base.cc:861] Flag tcmalloc_max_total_thread_cache_bytes is not working since tcmalloc is not enabled.
I20260630 12:28:33.087062 26790 webserver.cc:533] Webserver started at http://127.26.41.131:38771/ using document root <none> and password file <none>
I20260630 12:28:33.087687 26790 fs_manager.cc:362] Metadata directory not provided
I20260630 12:28:33.087947 26790 fs_manager.cc:368] Using write-ahead log directory (fs_wal_dir) as metadata directory
I20260630 12:28:33.088271 26790 server_base.cc:909] This appears to be a new deployment of Kudu; creating new FS layout
I20260630 12:28:33.089612 26790 fs_manager.cc:1068] Generated new instance metadata in path /tmp/dist-test-taskQT6FRL/test-tmp/auto_rebalancer-test.0.AutoRebalancerTest.OnlyLeaderDoesAutoRebalancing.1782822510667181-26790-0/minicluster-data/ts-2-root/instance:
uuid: "69f0cf3b6fc44bc697f72313cc48d285"
format_stamp: "Formatted at 2026-06-30 12:28:33 on dist-test-slave-3k53"
I20260630 12:28:33.095016 26790 fs_manager.cc:696] Time spent creating directory manager: real 0.005s	user 0.006s	sys 0.001s
I20260630 12:28:33.098897 27208 log_block_manager.cc:4031] Time spent loading block containers with low live blocks: real 0.000s	user 0.000s	sys 0.000s
I20260630 12:28:33.099691 26790 fs_manager.cc:730] Time spent opening block manager: real 0.002s	user 0.003s	sys 0.000s
I20260630 12:28:33.100111 26790 fs_manager.cc:647] Opened local filesystem: /tmp/dist-test-taskQT6FRL/test-tmp/auto_rebalancer-test.0.AutoRebalancerTest.OnlyLeaderDoesAutoRebalancing.1782822510667181-26790-0/minicluster-data/ts-2-root
uuid: "69f0cf3b6fc44bc697f72313cc48d285"
format_stamp: "Formatted at 2026-06-30 12:28:33 on dist-test-slave-3k53"
I20260630 12:28:33.100479 26790 fs_report.cc:389] FS layout report
--------------------
wal directory: /tmp/dist-test-taskQT6FRL/test-tmp/auto_rebalancer-test.0.AutoRebalancerTest.OnlyLeaderDoesAutoRebalancing.1782822510667181-26790-0/minicluster-data/ts-2-root
metadata directory: /tmp/dist-test-taskQT6FRL/test-tmp/auto_rebalancer-test.0.AutoRebalancerTest.OnlyLeaderDoesAutoRebalancing.1782822510667181-26790-0/minicluster-data/ts-2-root
1 data directories: /tmp/dist-test-taskQT6FRL/test-tmp/auto_rebalancer-test.0.AutoRebalancerTest.OnlyLeaderDoesAutoRebalancing.1782822510667181-26790-0/minicluster-data/ts-2-root/data
Total live blocks: 0
Total live bytes: 0
Total live bytes (after alignment): 0
Total number of LBM containers: 0 (0 full)
Did not check for missing blocks
Did not check for orphaned blocks
Total full LBM containers with extra space: 0 (0 repaired)
Total full LBM container extra space in bytes: 0 (0 repaired)
Total incomplete LBM containers: 0 (0 repaired)
Total LBM partial records: 0 (0 repaired)
Total corrupted LBM metadata records in RocksDB: 0 (0 repaired)
I20260630 12:28:33.116240 26790 rpc_server.cc:225] running with OpenSSL 1.1.1  11 Sep 2018
I20260630 12:28:33.117487 26790 kserver.cc:163] Server-wide thread pool size limit: 3276
I20260630 12:28:33.119493 26790 txn_system_client.cc:432] TxnSystemClient initialization is disabled...
I20260630 12:28:33.122187 26790 ts_tablet_manager.cc:585] Loaded tablet metadata (0 total tablets, 0 live tablets)
I20260630 12:28:33.122387 26790 ts_tablet_manager.cc:531] Time spent load tablet metadata: real 0.000s	user 0.000s	sys 0.000s
I20260630 12:28:33.122596 26790 ts_tablet_manager.cc:616] Registered 0 tablets
I20260630 12:28:33.122746 26790 ts_tablet_manager.cc:595] Time spent register tablets: real 0.000s	user 0.000s	sys 0.000s
I20260630 12:28:33.205165 26790 rpc_server.cc:307] RPC server started. Bound to: 127.26.41.131:38435
I20260630 12:28:33.205390 27270 acceptor_pool.cc:272] collecting diagnostics on the listening RPC socket 127.26.41.131:38435 every 8 connection(s)
I20260630 12:28:33.231949 27271 heartbeater.cc:344] Connected to a master server at 127.26.41.188:32957
I20260630 12:28:33.232695 27271 heartbeater.cc:461] Registering TS with master...
I20260630 12:28:33.233879 27271 heartbeater.cc:507] Master 127.26.41.188:32957 requested a full tablet report, sending...
I20260630 12:28:33.235353 27272 heartbeater.cc:344] Connected to a master server at 127.26.41.189:34219
I20260630 12:28:33.235729 27272 heartbeater.cc:461] Registering TS with master...
I20260630 12:28:33.236238 26952 ts_manager.cc:194] Registered new tserver with Master: 69f0cf3b6fc44bc697f72313cc48d285 (127.26.41.131:38435)
I20260630 12:28:33.236474 27272 heartbeater.cc:507] Master 127.26.41.189:34219 requested a full tablet report, sending...
I20260630 12:28:33.237918 26952 master_service.cc:502] Signed X509 certificate for tserver {username='slave'} at 127.0.0.1:43208
I20260630 12:28:33.239821 26887 ts_manager.cc:194] Registered new tserver with Master: 69f0cf3b6fc44bc697f72313cc48d285 (127.26.41.131:38435)
I20260630 12:28:33.240712 27273 heartbeater.cc:344] Connected to a master server at 127.26.41.190:41511
I20260630 12:28:33.241080 27273 heartbeater.cc:461] Registering TS with master...
I20260630 12:28:33.241580 27273 heartbeater.cc:507] Master 127.26.41.190:41511 requested a full tablet report, sending...
I20260630 12:28:33.243970 26822 ts_manager.cc:194] Registered new tserver with Master: 69f0cf3b6fc44bc697f72313cc48d285 (127.26.41.131:38435)
I20260630 12:28:33.244093 26790 internal_mini_cluster.cc:371] 3 TS(s) registered with all masters after 0.0213948s
I20260630 12:28:33.558331 27021 catalog_manager.cc:1295] Loaded cluster ID: ba91469ced414511a637e0cd52ce3cf3
I20260630 12:28:33.558686 27021 catalog_manager.cc:1588] T 00000000000000000000000000000000 P 0b32e7dba67d46fe9d30e47dbacad496: loading cluster ID for follower catalog manager: success
I20260630 12:28:33.565088 27021 catalog_manager.cc:1610] T 00000000000000000000000000000000 P 0b32e7dba67d46fe9d30e47dbacad496: acquiring CA information for follower catalog manager: success
I20260630 12:28:33.568696 27021 catalog_manager.cc:1638] T 00000000000000000000000000000000 P 0b32e7dba67d46fe9d30e47dbacad496: importing token verification keys for follower catalog manager: success; most recent TSK sequence number 0
I20260630 12:28:33.579608 27032 catalog_manager.cc:1295] Loaded cluster ID: ba91469ced414511a637e0cd52ce3cf3
I20260630 12:28:33.579865 27032 catalog_manager.cc:1588] T 00000000000000000000000000000000 P 4a9eb5aca6bc41cdb48ddd8bbbc1fe4c: loading cluster ID for follower catalog manager: success
I20260630 12:28:33.584692 27032 catalog_manager.cc:1610] T 00000000000000000000000000000000 P 4a9eb5aca6bc41cdb48ddd8bbbc1fe4c: acquiring CA information for follower catalog manager: success
I20260630 12:28:33.588469 27032 catalog_manager.cc:1638] T 00000000000000000000000000000000 P 4a9eb5aca6bc41cdb48ddd8bbbc1fe4c: importing token verification keys for follower catalog manager: success; most recent TSK sequence number 0
I20260630 12:28:33.892181 27115 heartbeater.cc:499] Master 127.26.41.188:32957 was elected leader, sending a full tablet report...
I20260630 12:28:34.065097 27193 heartbeater.cc:499] Master 127.26.41.188:32957 was elected leader, sending a full tablet report...
I20260630 12:28:34.241384 27271 heartbeater.cc:499] Master 127.26.41.188:32957 was elected leader, sending a full tablet report...
I20260630 12:28:34.579280 27034 auto_leader_rebalancer.cc:515] All tables' leader rebalancing finished this round
I20260630 12:28:34.859751 26952 catalog_manager.cc:2283] Servicing CreateTable request from {username='slave'} at 127.0.0.1:43216:
name: "test-workload"
schema {
  columns {
    name: "key"
    type: INT32
    is_key: true
    is_nullable: false
    encoding: AUTO_ENCODING
    compression: DEFAULT_COMPRESSION
    cfile_block_size: 0
    immutable: false
  }
  columns {
    name: "int_val"
    type: INT32
    is_key: false
    is_nullable: false
    encoding: AUTO_ENCODING
    compression: DEFAULT_COMPRESSION
    cfile_block_size: 0
    immutable: false
  }
  columns {
    name: "string_val"
    type: STRING
    is_key: false
    is_nullable: true
    encoding: AUTO_ENCODING
    compression: DEFAULT_COMPRESSION
    cfile_block_size: 0
    immutable: false
  }
}
num_replicas: 1
split_rows_range_bounds {
  rows: "\004\001\000\377\377\377\037\004\001\000\376\377\377?\004\001\000\375\377\377_""\004\001\000\377\377\377\037\004\001\000\376\377\377?\004\001\000\375\377\377_"
  indirect_data: """"
}
partition_schema {
  range_schema {
    columns {
      name: "key"
    }
  }
}
I20260630 12:28:34.933754 27079 tablet_service.cc:1511] Processing CreateTablet for tablet 83fbacb8f7eb436c8598a5697bbd92b8 (DEFAULT_TABLE table=test-workload [id=5ad00381e87a4e78941c4e94e3856528]), partition=RANGE (key) PARTITION 1610612733 <= VALUES
I20260630 12:28:34.933933 27080 tablet_service.cc:1511] Processing CreateTablet for tablet afafd00fcf874cf5bf4992f51d14f160 (DEFAULT_TABLE table=test-workload [id=5ad00381e87a4e78941c4e94e3856528]), partition=RANGE (key) PARTITION VALUES < 536870911
I20260630 12:28:34.934580 27158 tablet_service.cc:1511] Processing CreateTablet for tablet 2a65568d350b4d7894456ccada85594a (DEFAULT_TABLE table=test-workload [id=5ad00381e87a4e78941c4e94e3856528]), partition=RANGE (key) PARTITION 536870911 <= VALUES < 1073741822
I20260630 12:28:34.935649 27079 data_dirs.cc:400] Could only allocate 1 dirs of requested 3 for tablet 83fbacb8f7eb436c8598a5697bbd92b8. 1 dirs total, 0 dirs full, 0 dirs failed
I20260630 12:28:34.936139 27158 data_dirs.cc:400] Could only allocate 1 dirs of requested 3 for tablet 2a65568d350b4d7894456ccada85594a. 1 dirs total, 0 dirs full, 0 dirs failed
I20260630 12:28:34.936244 27080 data_dirs.cc:400] Could only allocate 1 dirs of requested 3 for tablet afafd00fcf874cf5bf4992f51d14f160. 1 dirs total, 0 dirs full, 0 dirs failed
I20260630 12:28:34.945966 27236 tablet_service.cc:1511] Processing CreateTablet for tablet 706262d1742047e884b40643b9b89df7 (DEFAULT_TABLE table=test-workload [id=5ad00381e87a4e78941c4e94e3856528]), partition=RANGE (key) PARTITION 1073741822 <= VALUES < 1610612733
I20260630 12:28:34.947156 27236 data_dirs.cc:400] Could only allocate 1 dirs of requested 3 for tablet 706262d1742047e884b40643b9b89df7. 1 dirs total, 0 dirs full, 0 dirs failed
I20260630 12:28:34.965246 27306 tablet_bootstrap.cc:492] T 706262d1742047e884b40643b9b89df7 P 69f0cf3b6fc44bc697f72313cc48d285: Bootstrap starting.
I20260630 12:28:34.967453 27308 tablet_bootstrap.cc:492] T afafd00fcf874cf5bf4992f51d14f160 P d40b1f7bdc65477192f7db23b68861ca: Bootstrap starting.
I20260630 12:28:34.967954 27307 tablet_bootstrap.cc:492] T 2a65568d350b4d7894456ccada85594a P 9a21b2f1d9b9453a985ff4f693583b83: Bootstrap starting.
I20260630 12:28:34.972915 27306 tablet_bootstrap.cc:654] T 706262d1742047e884b40643b9b89df7 P 69f0cf3b6fc44bc697f72313cc48d285: Neither blocks nor log segments found. Creating new log.
I20260630 12:28:34.973935 27307 tablet_bootstrap.cc:654] T 2a65568d350b4d7894456ccada85594a P 9a21b2f1d9b9453a985ff4f693583b83: Neither blocks nor log segments found. Creating new log.
I20260630 12:28:34.974439 27308 tablet_bootstrap.cc:654] T afafd00fcf874cf5bf4992f51d14f160 P d40b1f7bdc65477192f7db23b68861ca: Neither blocks nor log segments found. Creating new log.
I20260630 12:28:34.980549 27307 tablet_bootstrap.cc:492] T 2a65568d350b4d7894456ccada85594a P 9a21b2f1d9b9453a985ff4f693583b83: No bootstrap required, opened a new log
I20260630 12:28:34.980613 27306 tablet_bootstrap.cc:492] T 706262d1742047e884b40643b9b89df7 P 69f0cf3b6fc44bc697f72313cc48d285: No bootstrap required, opened a new log
I20260630 12:28:34.981158 27306 ts_tablet_manager.cc:1403] T 706262d1742047e884b40643b9b89df7 P 69f0cf3b6fc44bc697f72313cc48d285: Time spent bootstrapping tablet: real 0.016s	user 0.014s	sys 0.000s
I20260630 12:28:34.981141 27307 ts_tablet_manager.cc:1403] T 2a65568d350b4d7894456ccada85594a P 9a21b2f1d9b9453a985ff4f693583b83: Time spent bootstrapping tablet: real 0.014s	user 0.004s	sys 0.008s
I20260630 12:28:34.981663 27308 tablet_bootstrap.cc:492] T afafd00fcf874cf5bf4992f51d14f160 P d40b1f7bdc65477192f7db23b68861ca: No bootstrap required, opened a new log
I20260630 12:28:34.982045 27308 ts_tablet_manager.cc:1403] T afafd00fcf874cf5bf4992f51d14f160 P d40b1f7bdc65477192f7db23b68861ca: Time spent bootstrapping tablet: real 0.015s	user 0.007s	sys 0.004s
I20260630 12:28:34.984642 27308 raft_consensus.cc:359] T afafd00fcf874cf5bf4992f51d14f160 P d40b1f7bdc65477192f7db23b68861ca [term 0 FOLLOWER]: Replica starting. Triggering 0 pending ops. Active config: opid_index: -1 OBSOLETE_local: true peers { permanent_uuid: "d40b1f7bdc65477192f7db23b68861ca" member_type: VOTER last_known_addr { host: "127.26.41.129" port: 37257 } }
I20260630 12:28:34.984654 27307 raft_consensus.cc:359] T 2a65568d350b4d7894456ccada85594a P 9a21b2f1d9b9453a985ff4f693583b83 [term 0 FOLLOWER]: Replica starting. Triggering 0 pending ops. Active config: opid_index: -1 OBSOLETE_local: true peers { permanent_uuid: "9a21b2f1d9b9453a985ff4f693583b83" member_type: VOTER last_known_addr { host: "127.26.41.130" port: 32961 } }
I20260630 12:28:34.984781 27306 raft_consensus.cc:359] T 706262d1742047e884b40643b9b89df7 P 69f0cf3b6fc44bc697f72313cc48d285 [term 0 FOLLOWER]: Replica starting. Triggering 0 pending ops. Active config: opid_index: -1 OBSOLETE_local: true peers { permanent_uuid: "69f0cf3b6fc44bc697f72313cc48d285" member_type: VOTER last_known_addr { host: "127.26.41.131" port: 38435 } }
I20260630 12:28:34.985415 27308 raft_consensus.cc:385] T afafd00fcf874cf5bf4992f51d14f160 P d40b1f7bdc65477192f7db23b68861ca [term 0 FOLLOWER]: Consensus starting up: Expiring failure detector timer to make a prompt election more likely
I20260630 12:28:34.985522 27307 raft_consensus.cc:385] T 2a65568d350b4d7894456ccada85594a P 9a21b2f1d9b9453a985ff4f693583b83 [term 0 FOLLOWER]: Consensus starting up: Expiring failure detector timer to make a prompt election more likely
I20260630 12:28:34.985603 27306 raft_consensus.cc:385] T 706262d1742047e884b40643b9b89df7 P 69f0cf3b6fc44bc697f72313cc48d285 [term 0 FOLLOWER]: Consensus starting up: Expiring failure detector timer to make a prompt election more likely
I20260630 12:28:34.985832 27308 raft_consensus.cc:740] T afafd00fcf874cf5bf4992f51d14f160 P d40b1f7bdc65477192f7db23b68861ca [term 0 FOLLOWER]: Becoming Follower/Learner. State: Replica: d40b1f7bdc65477192f7db23b68861ca, State: Initialized, Role: FOLLOWER
I20260630 12:28:34.985980 27307 raft_consensus.cc:740] T 2a65568d350b4d7894456ccada85594a P 9a21b2f1d9b9453a985ff4f693583b83 [term 0 FOLLOWER]: Becoming Follower/Learner. State: Replica: 9a21b2f1d9b9453a985ff4f693583b83, State: Initialized, Role: FOLLOWER
I20260630 12:28:34.986048 27306 raft_consensus.cc:740] T 706262d1742047e884b40643b9b89df7 P 69f0cf3b6fc44bc697f72313cc48d285 [term 0 FOLLOWER]: Becoming Follower/Learner. State: Replica: 69f0cf3b6fc44bc697f72313cc48d285, State: Initialized, Role: FOLLOWER
I20260630 12:28:34.986697 27308 consensus_queue.cc:260] T afafd00fcf874cf5bf4992f51d14f160 P d40b1f7bdc65477192f7db23b68861ca [NON_LEADER]: Queue going to NON_LEADER mode. State: All replicated index: 0, Majority replicated index: 0, Committed index: 0, Last appended: 0.0, Last appended by leader: 0, Current term: 0, Majority size: -1, State: 0, Mode: NON_LEADER, active raft config: opid_index: -1 OBSOLETE_local: true peers { permanent_uuid: "d40b1f7bdc65477192f7db23b68861ca" member_type: VOTER last_known_addr { host: "127.26.41.129" port: 37257 } }
I20260630 12:28:34.986851 27307 consensus_queue.cc:260] T 2a65568d350b4d7894456ccada85594a P 9a21b2f1d9b9453a985ff4f693583b83 [NON_LEADER]: Queue going to NON_LEADER mode. State: All replicated index: 0, Majority replicated index: 0, Committed index: 0, Last appended: 0.0, Last appended by leader: 0, Current term: 0, Majority size: -1, State: 0, Mode: NON_LEADER, active raft config: opid_index: -1 OBSOLETE_local: true peers { permanent_uuid: "9a21b2f1d9b9453a985ff4f693583b83" member_type: VOTER last_known_addr { host: "127.26.41.130" port: 32961 } }
I20260630 12:28:34.987018 27306 consensus_queue.cc:260] T 706262d1742047e884b40643b9b89df7 P 69f0cf3b6fc44bc697f72313cc48d285 [NON_LEADER]: Queue going to NON_LEADER mode. State: All replicated index: 0, Majority replicated index: 0, Committed index: 0, Last appended: 0.0, Last appended by leader: 0, Current term: 0, Majority size: -1, State: 0, Mode: NON_LEADER, active raft config: opid_index: -1 OBSOLETE_local: true peers { permanent_uuid: "69f0cf3b6fc44bc697f72313cc48d285" member_type: VOTER last_known_addr { host: "127.26.41.131" port: 38435 } }
I20260630 12:28:34.987406 27308 raft_consensus.cc:399] T afafd00fcf874cf5bf4992f51d14f160 P d40b1f7bdc65477192f7db23b68861ca [term 0 FOLLOWER]: Only one voter in the Raft config. Triggering election immediately
I20260630 12:28:34.987586 27307 raft_consensus.cc:399] T 2a65568d350b4d7894456ccada85594a P 9a21b2f1d9b9453a985ff4f693583b83 [term 0 FOLLOWER]: Only one voter in the Raft config. Triggering election immediately
I20260630 12:28:34.987669 27306 raft_consensus.cc:399] T 706262d1742047e884b40643b9b89df7 P 69f0cf3b6fc44bc697f72313cc48d285 [term 0 FOLLOWER]: Only one voter in the Raft config. Triggering election immediately
I20260630 12:28:34.987800 27308 raft_consensus.cc:493] T afafd00fcf874cf5bf4992f51d14f160 P d40b1f7bdc65477192f7db23b68861ca [term 0 FOLLOWER]: Starting leader election (initial election of a single-replica configuration)
I20260630 12:28:34.988061 27307 raft_consensus.cc:493] T 2a65568d350b4d7894456ccada85594a P 9a21b2f1d9b9453a985ff4f693583b83 [term 0 FOLLOWER]: Starting leader election (initial election of a single-replica configuration)
I20260630 12:28:34.988158 27306 raft_consensus.cc:493] T 706262d1742047e884b40643b9b89df7 P 69f0cf3b6fc44bc697f72313cc48d285 [term 0 FOLLOWER]: Starting leader election (initial election of a single-replica configuration)
I20260630 12:28:34.988265 27308 raft_consensus.cc:3060] T afafd00fcf874cf5bf4992f51d14f160 P d40b1f7bdc65477192f7db23b68861ca [term 0 FOLLOWER]: Advancing to term 1
I20260630 12:28:34.988516 27307 raft_consensus.cc:3060] T 2a65568d350b4d7894456ccada85594a P 9a21b2f1d9b9453a985ff4f693583b83 [term 0 FOLLOWER]: Advancing to term 1
I20260630 12:28:34.988631 27306 raft_consensus.cc:3060] T 706262d1742047e884b40643b9b89df7 P 69f0cf3b6fc44bc697f72313cc48d285 [term 0 FOLLOWER]: Advancing to term 1
I20260630 12:28:34.992853 27308 raft_consensus.cc:515] T afafd00fcf874cf5bf4992f51d14f160 P d40b1f7bdc65477192f7db23b68861ca [term 1 FOLLOWER]: Starting leader election with config: opid_index: -1 OBSOLETE_local: true peers { permanent_uuid: "d40b1f7bdc65477192f7db23b68861ca" member_type: VOTER last_known_addr { host: "127.26.41.129" port: 37257 } }
I20260630 12:28:34.993471 27308 leader_election.cc:304] T afafd00fcf874cf5bf4992f51d14f160 P d40b1f7bdc65477192f7db23b68861ca [CANDIDATE]: Term 1 election: Election decided. Result: candidate won. Election summary: received 1 responses out of 1 voters: 1 yes votes; 0 no votes. yes voters: d40b1f7bdc65477192f7db23b68861ca; no voters: 
I20260630 12:28:34.994992 27307 raft_consensus.cc:515] T 2a65568d350b4d7894456ccada85594a P 9a21b2f1d9b9453a985ff4f693583b83 [term 1 FOLLOWER]: Starting leader election with config: opid_index: -1 OBSOLETE_local: true peers { permanent_uuid: "9a21b2f1d9b9453a985ff4f693583b83" member_type: VOTER last_known_addr { host: "127.26.41.130" port: 32961 } }
I20260630 12:28:34.994992 27306 raft_consensus.cc:515] T 706262d1742047e884b40643b9b89df7 P 69f0cf3b6fc44bc697f72313cc48d285 [term 1 FOLLOWER]: Starting leader election with config: opid_index: -1 OBSOLETE_local: true peers { permanent_uuid: "69f0cf3b6fc44bc697f72313cc48d285" member_type: VOTER last_known_addr { host: "127.26.41.131" port: 38435 } }
I20260630 12:28:34.995532 27308 leader_election.cc:290] T afafd00fcf874cf5bf4992f51d14f160 P d40b1f7bdc65477192f7db23b68861ca [CANDIDATE]: Term 1 election: Requested vote from peers 
I20260630 12:28:34.995891 27307 leader_election.cc:304] T 2a65568d350b4d7894456ccada85594a P 9a21b2f1d9b9453a985ff4f693583b83 [CANDIDATE]: Term 1 election: Election decided. Result: candidate won. Election summary: received 1 responses out of 1 voters: 1 yes votes; 0 no votes. yes voters: 9a21b2f1d9b9453a985ff4f693583b83; no voters: 
I20260630 12:28:34.995975 27306 leader_election.cc:304] T 706262d1742047e884b40643b9b89df7 P 69f0cf3b6fc44bc697f72313cc48d285 [CANDIDATE]: Term 1 election: Election decided. Result: candidate won. Election summary: received 1 responses out of 1 voters: 1 yes votes; 0 no votes. yes voters: 69f0cf3b6fc44bc697f72313cc48d285; no voters: 
I20260630 12:28:34.995960 27312 raft_consensus.cc:2804] T afafd00fcf874cf5bf4992f51d14f160 P d40b1f7bdc65477192f7db23b68861ca [term 1 FOLLOWER]: Leader election won for term 1
I20260630 12:28:34.999605 27312 raft_consensus.cc:697] T afafd00fcf874cf5bf4992f51d14f160 P d40b1f7bdc65477192f7db23b68861ca [term 1 LEADER]: Becoming Leader. State: Replica: d40b1f7bdc65477192f7db23b68861ca, State: Running, Role: LEADER
I20260630 12:28:35.000384 27312 consensus_queue.cc:237] T afafd00fcf874cf5bf4992f51d14f160 P d40b1f7bdc65477192f7db23b68861ca [LEADER]: Queue going to LEADER mode. State: All replicated index: 0, Majority replicated index: 0, Committed index: 0, Last appended: 0.0, Last appended by leader: 0, Current term: 1, Majority size: 1, State: 0, Mode: LEADER, active raft config: opid_index: -1 OBSOLETE_local: true peers { permanent_uuid: "d40b1f7bdc65477192f7db23b68861ca" member_type: VOTER last_known_addr { host: "127.26.41.129" port: 37257 } }
I20260630 12:28:35.009882 27307 leader_election.cc:290] T 2a65568d350b4d7894456ccada85594a P 9a21b2f1d9b9453a985ff4f693583b83 [CANDIDATE]: Term 1 election: Requested vote from peers 
I20260630 12:28:35.010123 27306 leader_election.cc:290] T 706262d1742047e884b40643b9b89df7 P 69f0cf3b6fc44bc697f72313cc48d285 [CANDIDATE]: Term 1 election: Requested vote from peers 
I20260630 12:28:35.011413 27308 ts_tablet_manager.cc:1434] T afafd00fcf874cf5bf4992f51d14f160 P d40b1f7bdc65477192f7db23b68861ca: Time spent starting tablet: real 0.029s	user 0.019s	sys 0.009s
I20260630 12:28:35.012705 27314 raft_consensus.cc:2804] T 2a65568d350b4d7894456ccada85594a P 9a21b2f1d9b9453a985ff4f693583b83 [term 1 FOLLOWER]: Leader election won for term 1
I20260630 12:28:35.013536 27315 raft_consensus.cc:2804] T 706262d1742047e884b40643b9b89df7 P 69f0cf3b6fc44bc697f72313cc48d285 [term 1 FOLLOWER]: Leader election won for term 1
I20260630 12:28:35.017482 27308 tablet_bootstrap.cc:492] T 83fbacb8f7eb436c8598a5697bbd92b8 P d40b1f7bdc65477192f7db23b68861ca: Bootstrap starting.
I20260630 12:28:35.033850 27314 raft_consensus.cc:697] T 2a65568d350b4d7894456ccada85594a P 9a21b2f1d9b9453a985ff4f693583b83 [term 1 LEADER]: Becoming Leader. State: Replica: 9a21b2f1d9b9453a985ff4f693583b83, State: Running, Role: LEADER
I20260630 12:28:35.034745 27314 consensus_queue.cc:237] T 2a65568d350b4d7894456ccada85594a P 9a21b2f1d9b9453a985ff4f693583b83 [LEADER]: Queue going to LEADER mode. State: All replicated index: 0, Majority replicated index: 0, Committed index: 0, Last appended: 0.0, Last appended by leader: 0, Current term: 1, Majority size: 1, State: 0, Mode: LEADER, active raft config: opid_index: -1 OBSOLETE_local: true peers { permanent_uuid: "9a21b2f1d9b9453a985ff4f693583b83" member_type: VOTER last_known_addr { host: "127.26.41.130" port: 32961 } }
I20260630 12:28:35.040125 27308 tablet_bootstrap.cc:654] T 83fbacb8f7eb436c8598a5697bbd92b8 P d40b1f7bdc65477192f7db23b68861ca: Neither blocks nor log segments found. Creating new log.
I20260630 12:28:35.035012 26952 catalog_manager.cc:5697] T afafd00fcf874cf5bf4992f51d14f160 P d40b1f7bdc65477192f7db23b68861ca reported cstate change: term changed from 0 to 1, leader changed from <none> to d40b1f7bdc65477192f7db23b68861ca (127.26.41.129). New cstate: current_term: 1 leader_uuid: "d40b1f7bdc65477192f7db23b68861ca" committed_config { opid_index: -1 OBSOLETE_local: true peers { permanent_uuid: "d40b1f7bdc65477192f7db23b68861ca" member_type: VOTER last_known_addr { host: "127.26.41.129" port: 37257 } health_report { overall_health: HEALTHY } } }
I20260630 12:28:35.084012 27315 raft_consensus.cc:697] T 706262d1742047e884b40643b9b89df7 P 69f0cf3b6fc44bc697f72313cc48d285 [term 1 LEADER]: Becoming Leader. State: Replica: 69f0cf3b6fc44bc697f72313cc48d285, State: Running, Role: LEADER
I20260630 12:28:35.085011 27315 consensus_queue.cc:237] T 706262d1742047e884b40643b9b89df7 P 69f0cf3b6fc44bc697f72313cc48d285 [LEADER]: Queue going to LEADER mode. State: All replicated index: 0, Majority replicated index: 0, Committed index: 0, Last appended: 0.0, Last appended by leader: 0, Current term: 1, Majority size: 1, State: 0, Mode: LEADER, active raft config: opid_index: -1 OBSOLETE_local: true peers { permanent_uuid: "69f0cf3b6fc44bc697f72313cc48d285" member_type: VOTER last_known_addr { host: "127.26.41.131" port: 38435 } }
I20260630 12:28:35.157676 27307 ts_tablet_manager.cc:1434] T 2a65568d350b4d7894456ccada85594a P 9a21b2f1d9b9453a985ff4f693583b83: Time spent starting tablet: real 0.176s	user 0.071s	sys 0.088s
I20260630 12:28:35.196935 27306 ts_tablet_manager.cc:1434] T 706262d1742047e884b40643b9b89df7 P 69f0cf3b6fc44bc697f72313cc48d285: Time spent starting tablet: real 0.215s	user 0.082s	sys 0.083s
W20260630 12:28:36.052134 27327 log.cc:927] Time spent T 706262d1742047e884b40643b9b89df7 P 69f0cf3b6fc44bc697f72313cc48d285: Append to log took a long time: real 0.535s	user 0.000s	sys 0.000s
I20260630 12:28:36.167268 26831 rpcz_store.cc:275] Call kudu.consensus.ConsensusService.UpdateConsensus from 127.0.0.1:35202 (request call id 18) took 1102 ms. Trace:
I20260630 12:28:36.167835 26831 rpcz_store.cc:276] 0630 12:28:36.153021 (+     0us) service_pool.cc:167] Inserting onto call queue
0630 12:28:36.153178 (+   157us) service_pool.cc:224] Handling call
0630 12:28:36.153642 (+   464us) raft_consensus.cc:1471] Updating replica for 1 ops
0630 12:28:36.153951 (+   309us) raft_consensus.cc:1534] Early marking committed up to index 0
0630 12:28:36.153981 (+    30us) raft_consensus.cc:1539] Triggering prepare for 1 ops
0630 12:28:36.154360 (+   379us) write_op.cc:270] Start()
0630 12:28:36.154469 (+   109us) write_op.cc:276] Timestamp: P: 1782822515043860 usec, L: 0
0630 12:28:36.164788 (+ 10319us) log.cc:844] Serialized 413 byte log entry
0630 12:28:36.165555 (+   767us) raft_consensus.cc:1645] Marking committed up to 7
0630 12:28:36.166582 (+  1027us) raft_consensus.cc:1697] Filling consensus response to leader.
0630 12:28:36.166963 (+   381us) raft_consensus.cc:1668] Waiting on the replicates to finish logging
0630 12:28:36.167014 (+    51us) raft_consensus.cc:1685] finished
0630 12:28:36.167027 (+    13us) raft_consensus.cc:1691] UpdateReplicas() finished
0630 12:28:36.167203 (+   176us) inbound_call.cc:177] Queueing success response
Related trace 'op':
0630 12:28:36.163811 (+     0us) write_op.cc:183] PREPARE: starting on tablet 00000000000000000000000000000000
0630 12:28:36.164246 (+   435us) write_op.cc:432] Acquiring schema lock in shared mode
0630 12:28:36.164267 (+    21us) write_op.cc:435] Acquired schema lock
0630 12:28:36.164278 (+    11us) tablet.cc:662] Decoding operations
0630 12:28:36.164560 (+   282us) write_op.cc:620] Acquiring the partition lock for write op
0630 12:28:36.164622 (+    62us) write_op.cc:641] Partition lock acquired for write op
0630 12:28:36.164639 (+    17us) tablet.cc:685] Acquiring locks for 1 operations
0630 12:28:36.164772 (+   133us) tablet.cc:701] Row locks acquired
0630 12:28:36.164782 (+    10us) write_op.cc:260] PREPARE: finished
0630 12:28:36.165728 (+   946us) op_driver.cc:464] REPLICATION: finished
0630 12:28:36.166804 (+  1076us) write_op.cc:301] APPLY: starting
0630 12:28:36.166876 (+    72us) tablet.cc:1367] starting BulkCheckPresence
0630 12:28:36.167006 (+   130us) tablet.cc:1370] finished BulkCheckPresence
0630 12:28:36.167022 (+    16us) tablet.cc:1372] starting ApplyRowOperation cycle
0630 12:28:36.167168 (+   146us) tablet.cc:1383] finished ApplyRowOperation cycle
0630 12:28:36.167266 (+    98us) tablet_metrics.cc:581] ProbeStats: bloom_lookups=0,key_file_lookups=0,delta_file_lookups=0,mrs_lookups=1
0630 12:28:36.167386 (+   120us) write_op.cc:312] APPLY: finished
0630 12:28:36.167573 (+   187us) log.cc:844] Serialized 22 byte log entry
0630 12:28:36.167722 (+   149us) write_op.cc:489] Releasing partition, row and schema locks
0630 12:28:36.167793 (+    71us) write_op.cc:454] Released schema lock
0630 12:28:36.167825 (+    32us) write_op.cc:341] FINISH: Updating metrics
0630 12:28:36.168067 (+   242us) write_op.cc:489] Releasing partition, row and schema locks
0630 12:28:36.168093 (+    26us) write_op.cc:454] Released schema lock
Metrics: {"spinlock_wait_cycles":559488,"thread_start_us":453,"threads_started":1,"wal-append.queue_time_us":713,"child_traces":[["op",{"apply.queue_time_us":888,"apply.run_cpu_time_us":1249,"apply.run_wall_time_us":1249,"num_ops":1,"partition_lock_wait_us":32,"prepare.queue_time_us":8935,"prepare.run_cpu_time_us":1125,"prepare.run_wall_time_us":1125,"replication_time_us":11282,"thread_start_us":9828,"threads_started":2}]]}
I20260630 12:28:36.345700 26952 catalog_manager.cc:5697] T 2a65568d350b4d7894456ccada85594a P 9a21b2f1d9b9453a985ff4f693583b83 reported cstate change: term changed from 0 to 1, leader changed from <none> to 9a21b2f1d9b9453a985ff4f693583b83 (127.26.41.130). New cstate: current_term: 1 leader_uuid: "9a21b2f1d9b9453a985ff4f693583b83" committed_config { opid_index: -1 OBSOLETE_local: true peers { permanent_uuid: "9a21b2f1d9b9453a985ff4f693583b83" member_type: VOTER last_known_addr { host: "127.26.41.130" port: 32961 } health_report { overall_health: HEALTHY } } }
I20260630 12:28:36.354193 26951 rpcz_store.cc:275] Call kudu.master.MasterService.IsCreateTableDone from 127.0.0.1:43216 (request call id 17) took 1298 ms. Trace:
I20260630 12:28:36.354609 26951 rpcz_store.cc:276] 0630 12:28:35.055985 (+     0us) service_pool.cc:167] Inserting onto call queue
0630 12:28:35.056155 (+   170us) service_pool.cc:224] Handling call
0630 12:28:36.353667 (+1297512us) spinlock_profiling.cc:243] Waited 1.27 s on lock 0x7b54000e0454. stack: 00007f7f17b40983 00007f7f17b40880 00007f7f174d01d4 000000000042d824 000000000042d7b9 00007f7f1abc8090 00007f7f1ac66f3a 00007f7f20a1bfdc 00007f7f20b1b7c6 00007f7f1efe58a4 00007f7f1efe5832 00007f7f1efe5761 00007f7f1efe56dc 00007f7f1efe4992 00007f7f18f9b41c 00007f7f18f9a856
0630 12:28:36.353783 (+   116us) catalog_manager.cc:2419] Looking up, locking, and authorizing table
0630 12:28:36.353971 (+   188us) catalog_manager.cc:2317] Verify if the table creation is in progress for test-workload [id=5ad00381e87a4e78941c4e94e3856528]
0630 12:28:36.354117 (+   146us) inbound_call.cc:177] Queueing success response
Metrics: {"spinlock_wait_cycles":2931710336}
W20260630 12:28:36.408908 27308 thread.cc:641] log-alloc [worker] (thread pool) Time spent creating pthread: real 1.248s	user 0.100s	sys 0.141s
W20260630 12:28:36.409415 27308 thread.cc:608] log-alloc [worker] (thread pool) Time spent starting thread: real 1.249s	user 0.101s	sys 0.142s
I20260630 12:28:36.411757 27308 tablet_bootstrap.cc:492] T 83fbacb8f7eb436c8598a5697bbd92b8 P d40b1f7bdc65477192f7db23b68861ca: No bootstrap required, opened a new log
I20260630 12:28:36.412367 27308 ts_tablet_manager.cc:1403] T 83fbacb8f7eb436c8598a5697bbd92b8 P d40b1f7bdc65477192f7db23b68861ca: Time spent bootstrapping tablet: real 1.395s	user 0.111s	sys 0.144s
I20260630 12:28:36.415972 26951 catalog_manager.cc:5697] T 706262d1742047e884b40643b9b89df7 P 69f0cf3b6fc44bc697f72313cc48d285 reported cstate change: term changed from 0 to 1, leader changed from <none> to 69f0cf3b6fc44bc697f72313cc48d285 (127.26.41.131). New cstate: current_term: 1 leader_uuid: "69f0cf3b6fc44bc697f72313cc48d285" committed_config { opid_index: -1 OBSOLETE_local: true peers { permanent_uuid: "69f0cf3b6fc44bc697f72313cc48d285" member_type: VOTER last_known_addr { host: "127.26.41.131" port: 38435 } health_report { overall_health: HEALTHY } } }
W20260630 12:28:36.416738 27023 auto_rebalancer.cc:298] Could not retrieve cluster info: Service unavailable: Tablet not running
I20260630 12:28:36.418315 27308 raft_consensus.cc:359] T 83fbacb8f7eb436c8598a5697bbd92b8 P d40b1f7bdc65477192f7db23b68861ca [term 0 FOLLOWER]: Replica starting. Triggering 0 pending ops. Active config: opid_index: -1 OBSOLETE_local: true peers { permanent_uuid: "d40b1f7bdc65477192f7db23b68861ca" member_type: VOTER last_known_addr { host: "127.26.41.129" port: 37257 } }
I20260630 12:28:36.419409 27308 raft_consensus.cc:385] T 83fbacb8f7eb436c8598a5697bbd92b8 P d40b1f7bdc65477192f7db23b68861ca [term 0 FOLLOWER]: Consensus starting up: Expiring failure detector timer to make a prompt election more likely
I20260630 12:28:36.419785 27308 raft_consensus.cc:740] T 83fbacb8f7eb436c8598a5697bbd92b8 P d40b1f7bdc65477192f7db23b68861ca [term 0 FOLLOWER]: Becoming Follower/Learner. State: Replica: d40b1f7bdc65477192f7db23b68861ca, State: Initialized, Role: FOLLOWER
I20260630 12:28:36.420516 27308 consensus_queue.cc:260] T 83fbacb8f7eb436c8598a5697bbd92b8 P d40b1f7bdc65477192f7db23b68861ca [NON_LEADER]: Queue going to NON_LEADER mode. State: All replicated index: 0, Majority replicated index: 0, Committed index: 0, Last appended: 0.0, Last appended by leader: 0, Current term: 0, Majority size: -1, State: 0, Mode: NON_LEADER, active raft config: opid_index: -1 OBSOLETE_local: true peers { permanent_uuid: "d40b1f7bdc65477192f7db23b68861ca" member_type: VOTER last_known_addr { host: "127.26.41.129" port: 37257 } }
I20260630 12:28:36.421154 27308 raft_consensus.cc:399] T 83fbacb8f7eb436c8598a5697bbd92b8 P d40b1f7bdc65477192f7db23b68861ca [term 0 FOLLOWER]: Only one voter in the Raft config. Triggering election immediately
I20260630 12:28:36.421521 27308 raft_consensus.cc:493] T 83fbacb8f7eb436c8598a5697bbd92b8 P d40b1f7bdc65477192f7db23b68861ca [term 0 FOLLOWER]: Starting leader election (initial election of a single-replica configuration)
I20260630 12:28:36.421594 26952 rpcz_store.cc:275] Call kudu.master.MasterService.TSHeartbeat from 127.0.0.1:43200 (request call id 3) took 1329 ms. Trace:
I20260630 12:28:36.422035 27308 raft_consensus.cc:3060] T 83fbacb8f7eb436c8598a5697bbd92b8 P d40b1f7bdc65477192f7db23b68861ca [term 0 FOLLOWER]: Advancing to term 1
I20260630 12:28:36.422046 26952 rpcz_store.cc:276] 0630 12:28:35.091787 (+     0us) service_pool.cc:167] Inserting onto call queue
0630 12:28:35.091956 (+   169us) service_pool.cc:224] Handling call
0630 12:28:36.343856 (+1251900us) spinlock_profiling.cc:243] Waited 1.24 s on lock 0x7b54000e0454. stack: 00007f7f17b40983 00007f7f17b40880 00007f7f174d01d4 000000000042d824 000000000042d7b9 00007f7f1abc8090 00007f7f1ac66f3a 00007f7f20a1bfdc 00007f7f20b1a10e 00007f7f1efdc2a4 00007f7f1efdc232 00007f7f1efdc161 00007f7f1efdc0dc 00007f7f1efdb392 00007f7f18f9b41c 00007f7f18f9a856
0630 12:28:36.421533 (+ 77677us) inbound_call.cc:177] Queueing success response
Related trace 'op':
0630 12:28:36.349964 (+     0us) write_op.cc:183] PREPARE: starting on tablet 00000000000000000000000000000000
0630 12:28:36.350905 (+   941us) write_op.cc:432] Acquiring schema lock in shared mode
0630 12:28:36.350936 (+    31us) write_op.cc:435] Acquired schema lock
0630 12:28:36.350954 (+    18us) tablet.cc:662] Decoding operations
0630 12:28:36.351256 (+   302us) write_op.cc:620] Acquiring the partition lock for write op
0630 12:28:36.351348 (+    92us) write_op.cc:641] Partition lock acquired for write op
0630 12:28:36.351374 (+    26us) tablet.cc:685] Acquiring locks for 1 operations
0630 12:28:36.351556 (+   182us) tablet.cc:701] Row locks acquired
0630 12:28:36.351573 (+    17us) write_op.cc:260] PREPARE: finished
0630 12:28:36.351704 (+   131us) write_op.cc:270] Start()
0630 12:28:36.351806 (+   102us) write_op.cc:276] Timestamp: P: 1782822516351662 usec, L: 0
0630 12:28:36.351825 (+    19us) op_driver.cc:348] REPLICATION: starting
0630 12:28:36.352425 (+   600us) log.cc:844] Serialized 417 byte log entry
0630 12:28:36.364516 (+ 12091us) op_driver.cc:464] REPLICATION: finished
0630 12:28:36.367612 (+  3096us) write_op.cc:301] APPLY: starting
0630 12:28:36.367687 (+    75us) tablet.cc:1367] starting BulkCheckPresence
0630 12:28:36.367769 (+    82us) tablet.cc:1370] finished BulkCheckPresence
0630 12:28:36.367886 (+   117us) tablet.cc:1372] starting ApplyRowOperation cycle
0630 12:28:36.368061 (+   175us) tablet.cc:1383] finished ApplyRowOperation cycle
0630 12:28:36.368195 (+   134us) tablet_metrics.cc:581] ProbeStats: bloom_lookups=0,key_file_lookups=0,delta_file_lookups=0,mrs_lookups=1
0630 12:28:36.368235 (+    40us) write_op.cc:312] APPLY: finished
0630 12:28:36.368408 (+   173us) log.cc:844] Serialized 22 byte log entry
0630 12:28:36.368553 (+   145us) write_op.cc:489] Releasing partition, row and schema locks
0630 12:28:36.368621 (+    68us) write_op.cc:454] Released schema lock
0630 12:28:36.368656 (+    35us) write_op.cc:341] FINISH: Updating metrics
Metrics: {"mutex_wait_us":5732,"reported_tablets":1,"spinlock_wait_cycles":2841966336,"child_traces":[["op",{"apply.queue_time_us":951,"apply.run_cpu_time_us":1290,"apply.run_wall_time_us":1294,"num_ops":1,"prepare.queue_time_us":1951,"prepare.run_cpu_time_us":3762,"prepare.run_wall_time_us":3752,"raft.queue_time_us":398,"raft.run_cpu_time_us":913,"raft.run_wall_time_us":916,"replication_time_us":12588,"thread_start_us":14994,"threads_started":3,"wal-append.queue_time_us":1219}]]}
I20260630 12:28:36.438266 27308 raft_consensus.cc:515] T 83fbacb8f7eb436c8598a5697bbd92b8 P d40b1f7bdc65477192f7db23b68861ca [term 1 FOLLOWER]: Starting leader election with config: opid_index: -1 OBSOLETE_local: true peers { permanent_uuid: "d40b1f7bdc65477192f7db23b68861ca" member_type: VOTER last_known_addr { host: "127.26.41.129" port: 37257 } }
I20260630 12:28:36.442667 27308 leader_election.cc:304] T 83fbacb8f7eb436c8598a5697bbd92b8 P d40b1f7bdc65477192f7db23b68861ca [CANDIDATE]: Term 1 election: Election decided. Result: candidate won. Election summary: received 1 responses out of 1 voters: 1 yes votes; 0 no votes. yes voters: d40b1f7bdc65477192f7db23b68861ca; no voters: 
I20260630 12:28:36.455777 27308 leader_election.cc:290] T 83fbacb8f7eb436c8598a5697bbd92b8 P d40b1f7bdc65477192f7db23b68861ca [CANDIDATE]: Term 1 election: Requested vote from peers 
