I20260630 12:30:17.384640 26099 raft_consensus.cc:359] T 12bfb8ff37004de281917897ea4d9723 P 6da83469c7864954bdb775b2170828fd [term 0 FOLLOWER]: Replica starting. Triggering 0 pending ops. Active config: opid_index: -1 OBSOLETE_local: false peers { permanent_uuid: "d89119ea2e014d61a91c34fb6c7fe35e" member_type: VOTER last_known_addr { host: "127.20.217.129" port: 45449 } } peers { permanent_uuid: "98a0570610794251adae975a3fbe8910" member_type: VOTER last_known_addr { host: "127.20.217.130" port: 38085 } } peers { permanent_uuid: "6da83469c7864954bdb775b2170828fd" member_type: VOTER last_known_addr { host: "127.20.217.131" port: 41717 } }
I20260630 12:30:17.387641 26099 raft_consensus.cc:385] T 12bfb8ff37004de281917897ea4d9723 P 6da83469c7864954bdb775b2170828fd [term 0 FOLLOWER]: Consensus starting up: Expiring failure detector timer to make a prompt election more likely
I20260630 12:30:17.388715 26130 raft_consensus.cc:2804] T a5ee6126b4294db19c51090e4bcc15d6 P d89119ea2e014d61a91c34fb6c7fe35e [term 0 FOLLOWER]: Leader pre-election won for term 1
I20260630 12:30:17.388962 26097 tablet_bootstrap.cc:492] T 356c1ea2d2f345029a610c2dc4b88381 P d89119ea2e014d61a91c34fb6c7fe35e: No bootstrap required, opened a new log
I20260630 12:30:17.385207 26098 tablet_bootstrap.cc:654] T 9151c5ca8fd24e47877e0f52a3e29bbe P 98a0570610794251adae975a3fbe8910: Neither blocks nor log segments found. Creating new log.
I20260630 12:30:17.389030 26099 raft_consensus.cc:740] T 12bfb8ff37004de281917897ea4d9723 P 6da83469c7864954bdb775b2170828fd [term 0 FOLLOWER]: Becoming Follower/Learner. State: Replica: 6da83469c7864954bdb775b2170828fd, State: Initialized, Role: FOLLOWER
I20260630 12:30:17.386538 26101 raft_consensus.cc:515] T 79288e8c5d354084bd6b0f1c08e60cbc P d89119ea2e014d61a91c34fb6c7fe35e [term 1 FOLLOWER]: Starting leader election with config: opid_index: -1 OBSOLETE_local: false peers { permanent_uuid: "d89119ea2e014d61a91c34fb6c7fe35e" member_type: VOTER last_known_addr { host: "127.20.217.129" port: 45449 } } peers { permanent_uuid: "98a0570610794251adae975a3fbe8910" member_type: VOTER last_known_addr { host: "127.20.217.130" port: 38085 } } peers { permanent_uuid: "6da83469c7864954bdb775b2170828fd" member_type: VOTER last_known_addr { host: "127.20.217.131" port: 41717 } }
I20260630 12:30:17.390133 26112 raft_consensus.cc:515] T 9151c5ca8fd24e47877e0f52a3e29bbe P d89119ea2e014d61a91c34fb6c7fe35e [term 1 FOLLOWER]: Starting leader election with config: opid_index: -1 OBSOLETE_local: false peers { permanent_uuid: "d89119ea2e014d61a91c34fb6c7fe35e" member_type: VOTER last_known_addr { host: "127.20.217.129" port: 45449 } } peers { permanent_uuid: "98a0570610794251adae975a3fbe8910" member_type: VOTER last_known_addr { host: "127.20.217.130" port: 38085 } } peers { permanent_uuid: "6da83469c7864954bdb775b2170828fd" member_type: VOTER last_known_addr { host: "127.20.217.131" port: 41717 } }
I20260630 12:30:17.390259 26097 ts_tablet_manager.cc:1403] T 356c1ea2d2f345029a610c2dc4b88381 P d89119ea2e014d61a91c34fb6c7fe35e: Time spent bootstrapping tablet: real 0.168s	user 0.034s	sys 0.091s
I20260630 12:30:17.391135 26101 leader_election.cc:290] T 79288e8c5d354084bd6b0f1c08e60cbc P d89119ea2e014d61a91c34fb6c7fe35e [CANDIDATE]: Term 1 election: Requested vote from peers 98a0570610794251adae975a3fbe8910 (127.20.217.130:38085), 6da83469c7864954bdb775b2170828fd (127.20.217.131:41717)
I20260630 12:30:17.391458 25903 raft_consensus.cc:2393] T 9151c5ca8fd24e47877e0f52a3e29bbe P d89119ea2e014d61a91c34fb6c7fe35e [term 1 FOLLOWER]: Leader pre-election vote request: Denying vote to candidate 6da83469c7864954bdb775b2170828fd in current term 1: Already voted for candidate d89119ea2e014d61a91c34fb6c7fe35e in this term.
W20260630 12:30:17.388594 25869 leader_election.cc:343] T a5ee6126b4294db19c51090e4bcc15d6 P d89119ea2e014d61a91c34fb6c7fe35e [CANDIDATE]: Term 1 pre-election: Tablet error from VoteRequest() call to peer 98a0570610794251adae975a3fbe8910 (127.20.217.130:38085): Illegal state: must be running to vote when last-logged opid is not known
I20260630 12:30:17.390064 26099 consensus_queue.cc:260] T 12bfb8ff37004de281917897ea4d9723 P 6da83469c7864954bdb775b2170828fd [NON_LEADER]: Queue going to NON_LEADER mode. State: All replicated index: 0, Majority replicated index: 0, Committed index: 0, Last appended: 0.0, Last appended by leader: 0, Current term: 0, Majority size: -1, State: 0, Mode: NON_LEADER, active raft config: opid_index: -1 OBSOLETE_local: false peers { permanent_uuid: "d89119ea2e014d61a91c34fb6c7fe35e" member_type: VOTER last_known_addr { host: "127.20.217.129" port: 45449 } } peers { permanent_uuid: "98a0570610794251adae975a3fbe8910" member_type: VOTER last_known_addr { host: "127.20.217.130" port: 38085 } } peers { permanent_uuid: "6da83469c7864954bdb775b2170828fd" member_type: VOTER last_known_addr { host: "127.20.217.131" port: 41717 } }
I20260630 12:30:17.389194 26130 raft_consensus.cc:493] T a5ee6126b4294db19c51090e4bcc15d6 P d89119ea2e014d61a91c34fb6c7fe35e [term 0 FOLLOWER]: Starting leader election (no leader contacted us within the election timeout)
I20260630 12:30:17.393219 26130 raft_consensus.cc:3060] T a5ee6126b4294db19c51090e4bcc15d6 P d89119ea2e014d61a91c34fb6c7fe35e [term 0 FOLLOWER]: Advancing to term 1
I20260630 12:30:17.394419 25978 tablet_service.cc:1917] Received RequestConsensusVote() RPC: tablet_id: "79288e8c5d354084bd6b0f1c08e60cbc" candidate_uuid: "d89119ea2e014d61a91c34fb6c7fe35e" candidate_term: 1 candidate_status { last_received { term: 0 index: 0 } } ignore_live_leader: false dest_uuid: "98a0570610794251adae975a3fbe8910"
I20260630 12:30:17.395968 25978 raft_consensus.cc:3060] T 79288e8c5d354084bd6b0f1c08e60cbc P 98a0570610794251adae975a3fbe8910 [term 0 FOLLOWER]: Advancing to term 1
I20260630 12:30:17.396503 26048 tablet_service.cc:1917] Received RequestConsensusVote() RPC: tablet_id: "79288e8c5d354084bd6b0f1c08e60cbc" candidate_uuid: "d89119ea2e014d61a91c34fb6c7fe35e" candidate_term: 1 candidate_status { last_received { term: 0 index: 0 } } ignore_live_leader: false dest_uuid: "6da83469c7864954bdb775b2170828fd"
I20260630 12:30:17.386168 26106 raft_consensus.cc:515] T f6319586e20b4d38ab7d96ec5d402f56 P 98a0570610794251adae975a3fbe8910 [term 1 FOLLOWER]: Starting leader election with config: opid_index: -1 OBSOLETE_local: false peers { permanent_uuid: "d89119ea2e014d61a91c34fb6c7fe35e" member_type: VOTER last_known_addr { host: "127.20.217.129" port: 45449 } } peers { permanent_uuid: "98a0570610794251adae975a3fbe8910" member_type: VOTER last_known_addr { host: "127.20.217.130" port: 38085 } } peers { permanent_uuid: "6da83469c7864954bdb775b2170828fd" member_type: VOTER last_known_addr { host: "127.20.217.131" port: 41717 } }
I20260630 12:30:17.398310 25976 raft_consensus.cc:2393] T f6319586e20b4d38ab7d96ec5d402f56 P 98a0570610794251adae975a3fbe8910 [term 1 FOLLOWER]: Leader pre-election vote request: Denying vote to candidate d89119ea2e014d61a91c34fb6c7fe35e in current term 1: Already voted for candidate 98a0570610794251adae975a3fbe8910 in this term.
I20260630 12:30:17.399166 26106 leader_election.cc:290] T f6319586e20b4d38ab7d96ec5d402f56 P 98a0570610794251adae975a3fbe8910 [CANDIDATE]: Term 1 election: Requested vote from peers d89119ea2e014d61a91c34fb6c7fe35e (127.20.217.129:45449), 6da83469c7864954bdb775b2170828fd (127.20.217.131:41717)
W20260630 12:30:17.399871 25869 leader_election.cc:343] T 79288e8c5d354084bd6b0f1c08e60cbc P d89119ea2e014d61a91c34fb6c7fe35e [CANDIDATE]: Term 1 election: Tablet error from VoteRequest() call to peer 6da83469c7864954bdb775b2170828fd (127.20.217.131:41717): Illegal state: must be running to vote when last-logged opid is not known
I20260630 12:30:17.400197 26048 tablet_service.cc:1917] Received RequestConsensusVote() RPC: tablet_id: "f6319586e20b4d38ab7d96ec5d402f56" candidate_uuid: "98a0570610794251adae975a3fbe8910" candidate_term: 1 candidate_status { last_received { term: 0 index: 0 } } ignore_live_leader: false dest_uuid: "6da83469c7864954bdb775b2170828fd"
I20260630 12:30:17.400143 25902 tablet_service.cc:1917] Received RequestConsensusVote() RPC: tablet_id: "f6319586e20b4d38ab7d96ec5d402f56" candidate_uuid: "98a0570610794251adae975a3fbe8910" candidate_term: 1 candidate_status { last_received { term: 0 index: 0 } } ignore_live_leader: false dest_uuid: "d89119ea2e014d61a91c34fb6c7fe35e"
W20260630 12:30:17.401638 25944 leader_election.cc:343] T f6319586e20b4d38ab7d96ec5d402f56 P 98a0570610794251adae975a3fbe8910 [CANDIDATE]: Term 1 election: Tablet error from VoteRequest() call to peer 6da83469c7864954bdb775b2170828fd (127.20.217.131:41717): Illegal state: must be running to vote when last-logged opid is not known
I20260630 12:30:17.401754 25902 raft_consensus.cc:3060] T f6319586e20b4d38ab7d96ec5d402f56 P d89119ea2e014d61a91c34fb6c7fe35e [term 0 FOLLOWER]: Advancing to term 1
I20260630 12:30:17.403290 25978 raft_consensus.cc:2468] T 79288e8c5d354084bd6b0f1c08e60cbc P 98a0570610794251adae975a3fbe8910 [term 1 FOLLOWER]: Leader election vote request: Granting yes vote for candidate d89119ea2e014d61a91c34fb6c7fe35e in term 1.
I20260630 12:30:17.403985 25869 leader_election.cc:304] T f6319586e20b4d38ab7d96ec5d402f56 P d89119ea2e014d61a91c34fb6c7fe35e [CANDIDATE]: Term 1 pre-election: Election decided. Result: candidate lost. Election summary: received 3 responses out of 3 voters: 1 yes votes; 2 no votes. yes voters: d89119ea2e014d61a91c34fb6c7fe35e; no voters: 6da83469c7864954bdb775b2170828fd, 98a0570610794251adae975a3fbe8910
I20260630 12:30:17.405932 25869 leader_election.cc:304] T 79288e8c5d354084bd6b0f1c08e60cbc P d89119ea2e014d61a91c34fb6c7fe35e [CANDIDATE]: Term 1 election: Election decided. Result: candidate won. Election summary: received 3 responses out of 3 voters: 2 yes votes; 1 no votes. yes voters: 98a0570610794251adae975a3fbe8910, d89119ea2e014d61a91c34fb6c7fe35e; no voters: 6da83469c7864954bdb775b2170828fd
I20260630 12:30:17.403571 26099 ts_tablet_manager.cc:1434] T 12bfb8ff37004de281917897ea4d9723 P 6da83469c7864954bdb775b2170828fd: Time spent starting tablet: real 0.023s	user 0.007s	sys 0.000s
I20260630 12:30:17.408042 26132 raft_consensus.cc:2804] T 79288e8c5d354084bd6b0f1c08e60cbc P d89119ea2e014d61a91c34fb6c7fe35e [term 1 FOLLOWER]: Leader election won for term 1
I20260630 12:30:17.408668 25902 raft_consensus.cc:2468] T f6319586e20b4d38ab7d96ec5d402f56 P d89119ea2e014d61a91c34fb6c7fe35e [term 1 FOLLOWER]: Leader election vote request: Granting yes vote for candidate 98a0570610794251adae975a3fbe8910 in term 1.
I20260630 12:30:17.408844 26015 leader_election.cc:304] T 9151c5ca8fd24e47877e0f52a3e29bbe P 6da83469c7864954bdb775b2170828fd [CANDIDATE]: Term 1 pre-election: Election decided. Result: candidate lost. Election summary: received 3 responses out of 3 voters: 1 yes votes; 2 no votes. yes voters: 6da83469c7864954bdb775b2170828fd; no voters: 98a0570610794251adae975a3fbe8910, d89119ea2e014d61a91c34fb6c7fe35e
I20260630 12:30:17.409878 25941 leader_election.cc:304] T f6319586e20b4d38ab7d96ec5d402f56 P 98a0570610794251adae975a3fbe8910 [CANDIDATE]: Term 1 election: Election decided. Result: candidate won. Election summary: received 3 responses out of 3 voters: 2 yes votes; 1 no votes. yes voters: 98a0570610794251adae975a3fbe8910, d89119ea2e014d61a91c34fb6c7fe35e; no voters: 6da83469c7864954bdb775b2170828fd
I20260630 12:30:17.410219 26105 raft_consensus.cc:3060] T 9151c5ca8fd24e47877e0f52a3e29bbe P 6da83469c7864954bdb775b2170828fd [term 0 FOLLOWER]: Advancing to term 1
I20260630 12:30:17.410972 26106 raft_consensus.cc:2804] T f6319586e20b4d38ab7d96ec5d402f56 P 98a0570610794251adae975a3fbe8910 [term 1 FOLLOWER]: Leader election won for term 1
I20260630 12:30:17.412189 26112 leader_election.cc:290] T 9151c5ca8fd24e47877e0f52a3e29bbe P d89119ea2e014d61a91c34fb6c7fe35e [CANDIDATE]: Term 1 election: Requested vote from peers 98a0570610794251adae975a3fbe8910 (127.20.217.130:38085), 6da83469c7864954bdb775b2170828fd (127.20.217.131:41717)
I20260630 12:30:17.412504 26099 tablet_bootstrap.cc:492] T 42a230169f2943fe97eeef388e1b1a84 P 6da83469c7864954bdb775b2170828fd: Bootstrap starting.
I20260630 12:30:17.394914 26097 raft_consensus.cc:359] T 356c1ea2d2f345029a610c2dc4b88381 P d89119ea2e014d61a91c34fb6c7fe35e [term 0 FOLLOWER]: Replica starting. Triggering 0 pending ops. Active config: opid_index: -1 OBSOLETE_local: false peers { permanent_uuid: "d89119ea2e014d61a91c34fb6c7fe35e" member_type: VOTER last_known_addr { host: "127.20.217.129" port: 45449 } } peers { permanent_uuid: "98a0570610794251adae975a3fbe8910" member_type: VOTER last_known_addr { host: "127.20.217.130" port: 38085 } } peers { permanent_uuid: "6da83469c7864954bdb775b2170828fd" member_type: VOTER last_known_addr { host: "127.20.217.131" port: 41717 } }
I20260630 12:30:17.415866 26097 raft_consensus.cc:385] T 356c1ea2d2f345029a610c2dc4b88381 P d89119ea2e014d61a91c34fb6c7fe35e [term 0 FOLLOWER]: Consensus starting up: Expiring failure detector timer to make a prompt election more likely
I20260630 12:30:17.416168 26097 raft_consensus.cc:740] T 356c1ea2d2f345029a610c2dc4b88381 P d89119ea2e014d61a91c34fb6c7fe35e [term 0 FOLLOWER]: Becoming Follower/Learner. State: Replica: d89119ea2e014d61a91c34fb6c7fe35e, State: Initialized, Role: FOLLOWER
I20260630 12:30:17.416872 26101 raft_consensus.cc:2749] T f6319586e20b4d38ab7d96ec5d402f56 P d89119ea2e014d61a91c34fb6c7fe35e [term 1 FOLLOWER]: Leader pre-election lost for term 1. Reason: could not achieve majority
I20260630 12:30:17.419503 26105 raft_consensus.cc:2749] T 9151c5ca8fd24e47877e0f52a3e29bbe P 6da83469c7864954bdb775b2170828fd [term 1 FOLLOWER]: Leader pre-election lost for term 1. Reason: could not achieve majority
I20260630 12:30:17.421434 25978 tablet_service.cc:1917] Received RequestConsensusVote() RPC: tablet_id: "9151c5ca8fd24e47877e0f52a3e29bbe" candidate_uuid: "d89119ea2e014d61a91c34fb6c7fe35e" candidate_term: 1 candidate_status { last_received { term: 0 index: 0 } } ignore_live_leader: false dest_uuid: "98a0570610794251adae975a3fbe8910"
I20260630 12:30:17.422828 26098 tablet_bootstrap.cc:492] T 9151c5ca8fd24e47877e0f52a3e29bbe P 98a0570610794251adae975a3fbe8910: No bootstrap required, opened a new log
W20260630 12:30:17.423126 25869 leader_election.cc:343] T 9151c5ca8fd24e47877e0f52a3e29bbe P d89119ea2e014d61a91c34fb6c7fe35e [CANDIDATE]: Term 1 election: Tablet error from VoteRequest() call to peer 98a0570610794251adae975a3fbe8910 (127.20.217.130:38085): Illegal state: must be running to vote when last-logged opid is not known
I20260630 12:30:17.423359 26098 ts_tablet_manager.cc:1403] T 9151c5ca8fd24e47877e0f52a3e29bbe P 98a0570610794251adae975a3fbe8910: Time spent bootstrapping tablet: real 0.063s	user 0.013s	sys 0.010s
I20260630 12:30:17.423494 26048 tablet_service.cc:1917] Received RequestConsensusVote() RPC: tablet_id: "9151c5ca8fd24e47877e0f52a3e29bbe" candidate_uuid: "d89119ea2e014d61a91c34fb6c7fe35e" candidate_term: 1 candidate_status { last_received { term: 0 index: 0 } } ignore_live_leader: false dest_uuid: "6da83469c7864954bdb775b2170828fd"
I20260630 12:30:17.423971 26106 raft_consensus.cc:697] T f6319586e20b4d38ab7d96ec5d402f56 P 98a0570610794251adae975a3fbe8910 [term 1 LEADER]: Becoming Leader. State: Replica: 98a0570610794251adae975a3fbe8910, State: Running, Role: LEADER
I20260630 12:30:17.416873 26097 consensus_queue.cc:260] T 356c1ea2d2f345029a610c2dc4b88381 P d89119ea2e014d61a91c34fb6c7fe35e [NON_LEADER]: Queue going to NON_LEADER mode. State: All replicated index: 0, Majority replicated index: 0, Committed index: 0, Last appended: 0.0, Last appended by leader: 0, Current term: 0, Majority size: -1, State: 0, Mode: NON_LEADER, active raft config: opid_index: -1 OBSOLETE_local: false peers { permanent_uuid: "d89119ea2e014d61a91c34fb6c7fe35e" member_type: VOTER last_known_addr { host: "127.20.217.129" port: 45449 } } peers { permanent_uuid: "98a0570610794251adae975a3fbe8910" member_type: VOTER last_known_addr { host: "127.20.217.130" port: 38085 } } peers { permanent_uuid: "6da83469c7864954bdb775b2170828fd" member_type: VOTER last_known_addr { host: "127.20.217.131" port: 41717 } }
I20260630 12:30:17.424847 26106 consensus_queue.cc:237] T f6319586e20b4d38ab7d96ec5d402f56 P 98a0570610794251adae975a3fbe8910 [LEADER]: Queue going to LEADER mode. State: All replicated index: 0, Majority replicated index: 0, Committed index: 0, Last appended: 0.0, Last appended by leader: 0, Current term: 1, Majority size: 2, State: 0, Mode: LEADER, active raft config: opid_index: -1 OBSOLETE_local: false peers { permanent_uuid: "d89119ea2e014d61a91c34fb6c7fe35e" member_type: VOTER last_known_addr { host: "127.20.217.129" port: 45449 } } peers { permanent_uuid: "98a0570610794251adae975a3fbe8910" member_type: VOTER last_known_addr { host: "127.20.217.130" port: 38085 } } peers { permanent_uuid: "6da83469c7864954bdb775b2170828fd" member_type: VOTER last_known_addr { host: "127.20.217.131" port: 41717 } }
I20260630 12:30:17.425988 26097 ts_tablet_manager.cc:1434] T 356c1ea2d2f345029a610c2dc4b88381 P d89119ea2e014d61a91c34fb6c7fe35e: Time spent starting tablet: real 0.035s	user 0.000s	sys 0.004s
I20260630 12:30:17.426936 26097 tablet_bootstrap.cc:492] T cc1578b40a424bd1bbd5689c0cacda17 P d89119ea2e014d61a91c34fb6c7fe35e: Bootstrap starting.
I20260630 12:30:17.426780 26098 raft_consensus.cc:359] T 9151c5ca8fd24e47877e0f52a3e29bbe P 98a0570610794251adae975a3fbe8910 [term 0 FOLLOWER]: Replica starting. Triggering 0 pending ops. Active config: opid_index: -1 OBSOLETE_local: false peers { permanent_uuid: "d89119ea2e014d61a91c34fb6c7fe35e" member_type: VOTER last_known_addr { host: "127.20.217.129" port: 45449 } } peers { permanent_uuid: "98a0570610794251adae975a3fbe8910" member_type: VOTER last_known_addr { host: "127.20.217.130" port: 38085 } } peers { permanent_uuid: "6da83469c7864954bdb775b2170828fd" member_type: VOTER last_known_addr { host: "127.20.217.131" port: 41717 } }
I20260630 12:30:17.427511 26098 raft_consensus.cc:385] T 9151c5ca8fd24e47877e0f52a3e29bbe P 98a0570610794251adae975a3fbe8910 [term 0 FOLLOWER]: Consensus starting up: Expiring failure detector timer to make a prompt election more likely
I20260630 12:30:17.427834 26098 raft_consensus.cc:740] T 9151c5ca8fd24e47877e0f52a3e29bbe P 98a0570610794251adae975a3fbe8910 [term 0 FOLLOWER]: Becoming Follower/Learner. State: Replica: 98a0570610794251adae975a3fbe8910, State: Initialized, Role: FOLLOWER
I20260630 12:30:17.428650 26098 consensus_queue.cc:260] T 9151c5ca8fd24e47877e0f52a3e29bbe P 98a0570610794251adae975a3fbe8910 [NON_LEADER]: Queue going to NON_LEADER mode. State: All replicated index: 0, Majority replicated index: 0, Committed index: 0, Last appended: 0.0, Last appended by leader: 0, Current term: 0, Majority size: -1, State: 0, Mode: NON_LEADER, active raft config: opid_index: -1 OBSOLETE_local: false peers { permanent_uuid: "d89119ea2e014d61a91c34fb6c7fe35e" member_type: VOTER last_known_addr { host: "127.20.217.129" port: 45449 } } peers { permanent_uuid: "98a0570610794251adae975a3fbe8910" member_type: VOTER last_known_addr { host: "127.20.217.130" port: 38085 } } peers { permanent_uuid: "6da83469c7864954bdb775b2170828fd" member_type: VOTER last_known_addr { host: "127.20.217.131" port: 41717 } }
I20260630 12:30:17.427855 26130 raft_consensus.cc:515] T a5ee6126b4294db19c51090e4bcc15d6 P d89119ea2e014d61a91c34fb6c7fe35e [term 1 FOLLOWER]: Starting leader election with config: opid_index: -1 OBSOLETE_local: false peers { permanent_uuid: "d89119ea2e014d61a91c34fb6c7fe35e" member_type: VOTER last_known_addr { host: "127.20.217.129" port: 45449 } } peers { permanent_uuid: "98a0570610794251adae975a3fbe8910" member_type: VOTER last_known_addr { host: "127.20.217.130" port: 38085 } } peers { permanent_uuid: "6da83469c7864954bdb775b2170828fd" member_type: VOTER last_known_addr { host: "127.20.217.131" port: 41717 } }
I20260630 12:30:17.430833 26098 ts_tablet_manager.cc:1434] T 9151c5ca8fd24e47877e0f52a3e29bbe P 98a0570610794251adae975a3fbe8910: Time spent starting tablet: real 0.007s	user 0.003s	sys 0.003s
I20260630 12:30:17.430696 26048 raft_consensus.cc:2468] T 9151c5ca8fd24e47877e0f52a3e29bbe P 6da83469c7864954bdb775b2170828fd [term 1 FOLLOWER]: Leader election vote request: Granting yes vote for candidate d89119ea2e014d61a91c34fb6c7fe35e in term 1.
I20260630 12:30:17.431953 25978 tablet_service.cc:1917] Received RequestConsensusVote() RPC: tablet_id: "a5ee6126b4294db19c51090e4bcc15d6" candidate_uuid: "d89119ea2e014d61a91c34fb6c7fe35e" candidate_term: 1 candidate_status { last_received { term: 0 index: 0 } } ignore_live_leader: false dest_uuid: "98a0570610794251adae975a3fbe8910"
I20260630 12:30:17.432155 26098 tablet_bootstrap.cc:492] T a5ee6126b4294db19c51090e4bcc15d6 P 98a0570610794251adae975a3fbe8910: Bootstrap starting.
I20260630 12:30:17.432317 25869 leader_election.cc:304] T 9151c5ca8fd24e47877e0f52a3e29bbe P d89119ea2e014d61a91c34fb6c7fe35e [CANDIDATE]: Term 1 election: Election decided. Result: candidate won. Election summary: received 3 responses out of 3 voters: 2 yes votes; 1 no votes. yes voters: 6da83469c7864954bdb775b2170828fd, d89119ea2e014d61a91c34fb6c7fe35e; no voters: 98a0570610794251adae975a3fbe8910
I20260630 12:30:17.432698 26052 tablet_service.cc:1917] Received RequestConsensusVote() RPC: tablet_id: "a5ee6126b4294db19c51090e4bcc15d6" candidate_uuid: "d89119ea2e014d61a91c34fb6c7fe35e" candidate_term: 1 candidate_status { last_received { term: 0 index: 0 } } ignore_live_leader: false dest_uuid: "6da83469c7864954bdb775b2170828fd"
I20260630 12:30:17.433105 26101 raft_consensus.cc:2804] T 9151c5ca8fd24e47877e0f52a3e29bbe P d89119ea2e014d61a91c34fb6c7fe35e [term 1 FOLLOWER]: Leader election won for term 1
I20260630 12:30:17.433255 26052 raft_consensus.cc:3060] T a5ee6126b4294db19c51090e4bcc15d6 P 6da83469c7864954bdb775b2170828fd [term 0 FOLLOWER]: Advancing to term 1
W20260630 12:30:17.433461 25869 leader_election.cc:343] T a5ee6126b4294db19c51090e4bcc15d6 P d89119ea2e014d61a91c34fb6c7fe35e [CANDIDATE]: Term 1 election: Tablet error from VoteRequest() call to peer 98a0570610794251adae975a3fbe8910 (127.20.217.130:38085): Illegal state: must be running to vote when last-logged opid is not known
I20260630 12:30:17.433554 26101 raft_consensus.cc:697] T 9151c5ca8fd24e47877e0f52a3e29bbe P d89119ea2e014d61a91c34fb6c7fe35e [term 1 LEADER]: Becoming Leader. State: Replica: d89119ea2e014d61a91c34fb6c7fe35e, State: Running, Role: LEADER
I20260630 12:30:17.434410 26099 tablet_bootstrap.cc:654] T 42a230169f2943fe97eeef388e1b1a84 P 6da83469c7864954bdb775b2170828fd: Neither blocks nor log segments found. Creating new log.
I20260630 12:30:17.434716 26130 leader_election.cc:290] T a5ee6126b4294db19c51090e4bcc15d6 P d89119ea2e014d61a91c34fb6c7fe35e [CANDIDATE]: Term 1 election: Requested vote from peers 98a0570610794251adae975a3fbe8910 (127.20.217.130:38085), 6da83469c7864954bdb775b2170828fd (127.20.217.131:41717)
I20260630 12:30:17.434911 26097 tablet_bootstrap.cc:654] T cc1578b40a424bd1bbd5689c0cacda17 P d89119ea2e014d61a91c34fb6c7fe35e: Neither blocks nor log segments found. Creating new log.
I20260630 12:30:17.434542 26101 consensus_queue.cc:237] T 9151c5ca8fd24e47877e0f52a3e29bbe P d89119ea2e014d61a91c34fb6c7fe35e [LEADER]: Queue going to LEADER mode. State: All replicated index: 0, Majority replicated index: 0, Committed index: 0, Last appended: 0.0, Last appended by leader: 0, Current term: 1, Majority size: 2, State: 0, Mode: LEADER, active raft config: opid_index: -1 OBSOLETE_local: false peers { permanent_uuid: "d89119ea2e014d61a91c34fb6c7fe35e" member_type: VOTER last_known_addr { host: "127.20.217.129" port: 45449 } } peers { permanent_uuid: "98a0570610794251adae975a3fbe8910" member_type: VOTER last_known_addr { host: "127.20.217.130" port: 38085 } } peers { permanent_uuid: "6da83469c7864954bdb775b2170828fd" member_type: VOTER last_known_addr { host: "127.20.217.131" port: 41717 } }
I20260630 12:30:17.439601 26132 raft_consensus.cc:697] T 79288e8c5d354084bd6b0f1c08e60cbc P d89119ea2e014d61a91c34fb6c7fe35e [term 1 LEADER]: Becoming Leader. State: Replica: d89119ea2e014d61a91c34fb6c7fe35e, State: Running, Role: LEADER
I20260630 12:30:17.440235 26130 raft_consensus.cc:493] T 42a230169f2943fe97eeef388e1b1a84 P d89119ea2e014d61a91c34fb6c7fe35e [term 0 FOLLOWER]: Starting pre-election (no leader contacted us within the election timeout)
I20260630 12:30:17.443125 26130 raft_consensus.cc:515] T 42a230169f2943fe97eeef388e1b1a84 P d89119ea2e014d61a91c34fb6c7fe35e [term 0 FOLLOWER]: Starting pre-election with config: opid_index: -1 OBSOLETE_local: false peers { permanent_uuid: "d89119ea2e014d61a91c34fb6c7fe35e" member_type: VOTER last_known_addr { host: "127.20.217.129" port: 45449 } } peers { permanent_uuid: "98a0570610794251adae975a3fbe8910" member_type: VOTER last_known_addr { host: "127.20.217.130" port: 38085 } } peers { permanent_uuid: "6da83469c7864954bdb775b2170828fd" member_type: VOTER last_known_addr { host: "127.20.217.131" port: 41717 } }
I20260630 12:30:17.446105 25978 tablet_service.cc:1917] Received RequestConsensusVote() RPC: tablet_id: "42a230169f2943fe97eeef388e1b1a84" candidate_uuid: "d89119ea2e014d61a91c34fb6c7fe35e" candidate_term: 1 candidate_status { last_received { term: 0 index: 0 } } ignore_live_leader: false dest_uuid: "98a0570610794251adae975a3fbe8910" is_pre_election: true
I20260630 12:30:17.446786 25978 raft_consensus.cc:2468] T 42a230169f2943fe97eeef388e1b1a84 P 98a0570610794251adae975a3fbe8910 [term 0 FOLLOWER]: Leader pre-election vote request: Granting yes vote for candidate d89119ea2e014d61a91c34fb6c7fe35e in term 0.
I20260630 12:30:17.447885 26098 tablet_bootstrap.cc:654] T a5ee6126b4294db19c51090e4bcc15d6 P 98a0570610794251adae975a3fbe8910: Neither blocks nor log segments found. Creating new log.
I20260630 12:30:17.448056 25869 leader_election.cc:304] T 42a230169f2943fe97eeef388e1b1a84 P d89119ea2e014d61a91c34fb6c7fe35e [CANDIDATE]: Term 1 pre-election: Election decided. Result: candidate won. Election summary: received 2 responses out of 3 voters: 2 yes votes; 0 no votes. yes voters: 98a0570610794251adae975a3fbe8910, d89119ea2e014d61a91c34fb6c7fe35e; no voters: 
I20260630 12:30:17.449343 26133 raft_consensus.cc:2804] T 42a230169f2943fe97eeef388e1b1a84 P d89119ea2e014d61a91c34fb6c7fe35e [term 0 FOLLOWER]: Leader pre-election won for term 1
I20260630 12:30:17.449739 26133 raft_consensus.cc:493] T 42a230169f2943fe97eeef388e1b1a84 P d89119ea2e014d61a91c34fb6c7fe35e [term 0 FOLLOWER]: Starting leader election (no leader contacted us within the election timeout)
I20260630 12:30:17.448076 25798 catalog_manager.cc:5697] T f6319586e20b4d38ab7d96ec5d402f56 P 98a0570610794251adae975a3fbe8910 reported cstate change: term changed from 0 to 1, leader changed from <none> to 98a0570610794251adae975a3fbe8910 (127.20.217.130). New cstate: current_term: 1 leader_uuid: "98a0570610794251adae975a3fbe8910" committed_config { opid_index: -1 OBSOLETE_local: false peers { permanent_uuid: "d89119ea2e014d61a91c34fb6c7fe35e" member_type: VOTER last_known_addr { host: "127.20.217.129" port: 45449 } health_report { overall_health: UNKNOWN } } peers { permanent_uuid: "98a0570610794251adae975a3fbe8910" member_type: VOTER last_known_addr { host: "127.20.217.130" port: 38085 } health_report { overall_health: HEALTHY } } peers { permanent_uuid: "6da83469c7864954bdb775b2170828fd" member_type: VOTER last_known_addr { host: "127.20.217.131" port: 41717 } health_report { overall_health: UNKNOWN } } }
I20260630 12:30:17.450071 26133 raft_consensus.cc:3060] T 42a230169f2943fe97eeef388e1b1a84 P d89119ea2e014d61a91c34fb6c7fe35e [term 0 FOLLOWER]: Advancing to term 1
I20260630 12:30:17.451004 26052 raft_consensus.cc:2468] T a5ee6126b4294db19c51090e4bcc15d6 P 6da83469c7864954bdb775b2170828fd [term 1 FOLLOWER]: Leader election vote request: Granting yes vote for candidate d89119ea2e014d61a91c34fb6c7fe35e in term 1.
I20260630 12:30:17.452073 25869 leader_election.cc:304] T a5ee6126b4294db19c51090e4bcc15d6 P d89119ea2e014d61a91c34fb6c7fe35e [CANDIDATE]: Term 1 election: Election decided. Result: candidate won. Election summary: received 3 responses out of 3 voters: 2 yes votes; 1 no votes. yes voters: 6da83469c7864954bdb775b2170828fd, d89119ea2e014d61a91c34fb6c7fe35e; no voters: 98a0570610794251adae975a3fbe8910
I20260630 12:30:17.453126 26112 raft_consensus.cc:2804] T a5ee6126b4294db19c51090e4bcc15d6 P d89119ea2e014d61a91c34fb6c7fe35e [term 1 FOLLOWER]: Leader election won for term 1
I20260630 12:30:17.457341 26132 consensus_queue.cc:237] T 79288e8c5d354084bd6b0f1c08e60cbc P d89119ea2e014d61a91c34fb6c7fe35e [LEADER]: Queue going to LEADER mode. State: All replicated index: 0, Majority replicated index: 0, Committed index: 0, Last appended: 0.0, Last appended by leader: 0, Current term: 1, Majority size: 2, State: 0, Mode: LEADER, active raft config: opid_index: -1 OBSOLETE_local: false peers { permanent_uuid: "d89119ea2e014d61a91c34fb6c7fe35e" member_type: VOTER last_known_addr { host: "127.20.217.129" port: 45449 } } peers { permanent_uuid: "98a0570610794251adae975a3fbe8910" member_type: VOTER last_known_addr { host: "127.20.217.130" port: 38085 } } peers { permanent_uuid: "6da83469c7864954bdb775b2170828fd" member_type: VOTER last_known_addr { host: "127.20.217.131" port: 41717 } }
I20260630 12:30:17.467803 26097 tablet_bootstrap.cc:492] T cc1578b40a424bd1bbd5689c0cacda17 P d89119ea2e014d61a91c34fb6c7fe35e: No bootstrap required, opened a new log
I20260630 12:30:17.468232 26097 ts_tablet_manager.cc:1403] T cc1578b40a424bd1bbd5689c0cacda17 P d89119ea2e014d61a91c34fb6c7fe35e: Time spent bootstrapping tablet: real 0.041s	user 0.003s	sys 0.009s
I20260630 12:30:17.465363 26112 raft_consensus.cc:697] T a5ee6126b4294db19c51090e4bcc15d6 P d89119ea2e014d61a91c34fb6c7fe35e [term 1 LEADER]: Becoming Leader. State: Replica: d89119ea2e014d61a91c34fb6c7fe35e, State: Running, Role: LEADER
I20260630 12:30:17.470008 26099 tablet_bootstrap.cc:492] T 42a230169f2943fe97eeef388e1b1a84 P 6da83469c7864954bdb775b2170828fd: No bootstrap required, opened a new log
I20260630 12:30:17.470433 26099 ts_tablet_manager.cc:1403] T 42a230169f2943fe97eeef388e1b1a84 P 6da83469c7864954bdb775b2170828fd: Time spent bootstrapping tablet: real 0.058s	user 0.018s	sys 0.008s
I20260630 12:30:17.470844 26097 raft_consensus.cc:359] T cc1578b40a424bd1bbd5689c0cacda17 P d89119ea2e014d61a91c34fb6c7fe35e [term 0 FOLLOWER]: Replica starting. Triggering 0 pending ops. Active config: opid_index: -1 OBSOLETE_local: false peers { permanent_uuid: "d89119ea2e014d61a91c34fb6c7fe35e" member_type: VOTER last_known_addr { host: "127.20.217.129" port: 45449 } } peers { permanent_uuid: "98a0570610794251adae975a3fbe8910" member_type: VOTER last_known_addr { host: "127.20.217.130" port: 38085 } } peers { permanent_uuid: "6da83469c7864954bdb775b2170828fd" member_type: VOTER last_known_addr { host: "127.20.217.131" port: 41717 } }
I20260630 12:30:17.470330 26112 consensus_queue.cc:237] T a5ee6126b4294db19c51090e4bcc15d6 P d89119ea2e014d61a91c34fb6c7fe35e [LEADER]: Queue going to LEADER mode. State: All replicated index: 0, Majority replicated index: 0, Committed index: 0, Last appended: 0.0, Last appended by leader: 0, Current term: 1, Majority size: 2, State: 0, Mode: LEADER, active raft config: opid_index: -1 OBSOLETE_local: false peers { permanent_uuid: "d89119ea2e014d61a91c34fb6c7fe35e" member_type: VOTER last_known_addr { host: "127.20.217.129" port: 45449 } } peers { permanent_uuid: "98a0570610794251adae975a3fbe8910" member_type: VOTER last_known_addr { host: "127.20.217.130" port: 38085 } } peers { permanent_uuid: "6da83469c7864954bdb775b2170828fd" member_type: VOTER last_known_addr { host: "127.20.217.131" port: 41717 } }
I20260630 12:30:17.472472 26099 raft_consensus.cc:359] T 42a230169f2943fe97eeef388e1b1a84 P 6da83469c7864954bdb775b2170828fd [term 0 FOLLOWER]: Replica starting. Triggering 0 pending ops. Active config: opid_index: -1 OBSOLETE_local: false peers { permanent_uuid: "d89119ea2e014d61a91c34fb6c7fe35e" member_type: VOTER last_known_addr { host: "127.20.217.129" port: 45449 } } peers { permanent_uuid: "98a0570610794251adae975a3fbe8910" member_type: VOTER last_known_addr { host: "127.20.217.130" port: 38085 } } peers { permanent_uuid: "6da83469c7864954bdb775b2170828fd" member_type: VOTER last_known_addr { host: "127.20.217.131" port: 41717 } }
I20260630 12:30:17.471506 26097 raft_consensus.cc:385] T cc1578b40a424bd1bbd5689c0cacda17 P d89119ea2e014d61a91c34fb6c7fe35e [term 0 FOLLOWER]: Consensus starting up: Expiring failure detector timer to make a prompt election more likely
I20260630 12:30:17.473275 26097 raft_consensus.cc:740] T cc1578b40a424bd1bbd5689c0cacda17 P d89119ea2e014d61a91c34fb6c7fe35e [term 0 FOLLOWER]: Becoming Follower/Learner. State: Replica: d89119ea2e014d61a91c34fb6c7fe35e, State: Initialized, Role: FOLLOWER
I20260630 12:30:17.473017 26099 raft_consensus.cc:385] T 42a230169f2943fe97eeef388e1b1a84 P 6da83469c7864954bdb775b2170828fd [term 0 FOLLOWER]: Consensus starting up: Expiring failure detector timer to make a prompt election more likely
I20260630 12:30:17.474045 26099 raft_consensus.cc:740] T 42a230169f2943fe97eeef388e1b1a84 P 6da83469c7864954bdb775b2170828fd [term 0 FOLLOWER]: Becoming Follower/Learner. State: Replica: 6da83469c7864954bdb775b2170828fd, State: Initialized, Role: FOLLOWER
I20260630 12:30:17.474401 26097 consensus_queue.cc:260] T cc1578b40a424bd1bbd5689c0cacda17 P d89119ea2e014d61a91c34fb6c7fe35e [NON_LEADER]: Queue going to NON_LEADER mode. State: All replicated index: 0, Majority replicated index: 0, Committed index: 0, Last appended: 0.0, Last appended by leader: 0, Current term: 0, Majority size: -1, State: 0, Mode: NON_LEADER, active raft config: opid_index: -1 OBSOLETE_local: false peers { permanent_uuid: "d89119ea2e014d61a91c34fb6c7fe35e" member_type: VOTER last_known_addr { host: "127.20.217.129" port: 45449 } } peers { permanent_uuid: "98a0570610794251adae975a3fbe8910" member_type: VOTER last_known_addr { host: "127.20.217.130" port: 38085 } } peers { permanent_uuid: "6da83469c7864954bdb775b2170828fd" member_type: VOTER last_known_addr { host: "127.20.217.131" port: 41717 } }
I20260630 12:30:17.474747 26099 consensus_queue.cc:260] T 42a230169f2943fe97eeef388e1b1a84 P 6da83469c7864954bdb775b2170828fd [NON_LEADER]: Queue going to NON_LEADER mode. State: All replicated index: 0, Majority replicated index: 0, Committed index: 0, Last appended: 0.0, Last appended by leader: 0, Current term: 0, Majority size: -1, State: 0, Mode: NON_LEADER, active raft config: opid_index: -1 OBSOLETE_local: false peers { permanent_uuid: "d89119ea2e014d61a91c34fb6c7fe35e" member_type: VOTER last_known_addr { host: "127.20.217.129" port: 45449 } } peers { permanent_uuid: "98a0570610794251adae975a3fbe8910" member_type: VOTER last_known_addr { host: "127.20.217.130" port: 38085 } } peers { permanent_uuid: "6da83469c7864954bdb775b2170828fd" member_type: VOTER last_known_addr { host: "127.20.217.131" port: 41717 } }
I20260630 12:30:17.476967 26099 ts_tablet_manager.cc:1434] T 42a230169f2943fe97eeef388e1b1a84 P 6da83469c7864954bdb775b2170828fd: Time spent starting tablet: real 0.006s	user 0.005s	sys 0.000s
I20260630 12:30:17.477082 26097 ts_tablet_manager.cc:1434] T cc1578b40a424bd1bbd5689c0cacda17 P d89119ea2e014d61a91c34fb6c7fe35e: Time spent starting tablet: real 0.009s	user 0.006s	sys 0.000s
I20260630 12:30:17.477958 26099 tablet_bootstrap.cc:492] T 7d124beddb264ffe821d6c43628f05ad P 6da83469c7864954bdb775b2170828fd: Bootstrap starting.
I20260630 12:30:17.478283 26097 tablet_bootstrap.cc:492] T 7d124beddb264ffe821d6c43628f05ad P d89119ea2e014d61a91c34fb6c7fe35e: Bootstrap starting.
I20260630 12:30:17.483180 26139 raft_consensus.cc:493] T 0b449b8214d04167a2539822d60483f8 P d89119ea2e014d61a91c34fb6c7fe35e [term 0 FOLLOWER]: Starting pre-election (no leader contacted us within the election timeout)
I20260630 12:30:17.483639 26139 raft_consensus.cc:515] T 0b449b8214d04167a2539822d60483f8 P d89119ea2e014d61a91c34fb6c7fe35e [term 0 FOLLOWER]: Starting pre-election with config: opid_index: -1 OBSOLETE_local: false peers { permanent_uuid: "98a0570610794251adae975a3fbe8910" member_type: VOTER last_known_addr { host: "127.20.217.130" port: 38085 } } peers { permanent_uuid: "d89119ea2e014d61a91c34fb6c7fe35e" member_type: VOTER last_known_addr { host: "127.20.217.129" port: 45449 } } peers { permanent_uuid: "6da83469c7864954bdb775b2170828fd" member_type: VOTER last_known_addr { host: "127.20.217.131" port: 41717 } }
I20260630 12:30:17.484354 26097 tablet_bootstrap.cc:654] T 7d124beddb264ffe821d6c43628f05ad P d89119ea2e014d61a91c34fb6c7fe35e: Neither blocks nor log segments found. Creating new log.
I20260630 12:30:17.485731 26139 leader_election.cc:290] T 0b449b8214d04167a2539822d60483f8 P d89119ea2e014d61a91c34fb6c7fe35e [CANDIDATE]: Term 1 pre-election: Requested pre-vote from peers 98a0570610794251adae975a3fbe8910 (127.20.217.130:38085), 6da83469c7864954bdb775b2170828fd (127.20.217.131:41717)
I20260630 12:30:17.487504 25978 tablet_service.cc:1917] Received RequestConsensusVote() RPC: tablet_id: "0b449b8214d04167a2539822d60483f8" candidate_uuid: "d89119ea2e014d61a91c34fb6c7fe35e" candidate_term: 1 candidate_status { last_received { term: 0 index: 0 } } ignore_live_leader: false dest_uuid: "98a0570610794251adae975a3fbe8910" is_pre_election: true
I20260630 12:30:17.487728 26052 tablet_service.cc:1917] Received RequestConsensusVote() RPC: tablet_id: "0b449b8214d04167a2539822d60483f8" candidate_uuid: "d89119ea2e014d61a91c34fb6c7fe35e" candidate_term: 1 candidate_status { last_received { term: 0 index: 0 } } ignore_live_leader: false dest_uuid: "6da83469c7864954bdb775b2170828fd" is_pre_election: true
I20260630 12:30:17.488278 26052 raft_consensus.cc:2468] T 0b449b8214d04167a2539822d60483f8 P 6da83469c7864954bdb775b2170828fd [term 0 FOLLOWER]: Leader pre-election vote request: Granting yes vote for candidate d89119ea2e014d61a91c34fb6c7fe35e in term 0.
I20260630 12:30:17.489560 25869 leader_election.cc:304] T 0b449b8214d04167a2539822d60483f8 P d89119ea2e014d61a91c34fb6c7fe35e [CANDIDATE]: Term 1 pre-election: Election decided. Result: candidate won. Election summary: received 2 responses out of 3 voters: 2 yes votes; 0 no votes. yes voters: 6da83469c7864954bdb775b2170828fd, d89119ea2e014d61a91c34fb6c7fe35e; no voters: 
I20260630 12:30:17.490307 26139 raft_consensus.cc:2804] T 0b449b8214d04167a2539822d60483f8 P d89119ea2e014d61a91c34fb6c7fe35e [term 0 FOLLOWER]: Leader pre-election won for term 1
W20260630 12:30:17.490454 25869 leader_election.cc:343] T 0b449b8214d04167a2539822d60483f8 P d89119ea2e014d61a91c34fb6c7fe35e [CANDIDATE]: Term 1 pre-election: Tablet error from VoteRequest() call to peer 98a0570610794251adae975a3fbe8910 (127.20.217.130:38085): Illegal state: must be running to vote when last-logged opid is not known
I20260630 12:30:17.490665 26139 raft_consensus.cc:493] T 0b449b8214d04167a2539822d60483f8 P d89119ea2e014d61a91c34fb6c7fe35e [term 0 FOLLOWER]: Starting leader election (no leader contacted us within the election timeout)
I20260630 12:30:17.491010 26139 raft_consensus.cc:3060] T 0b449b8214d04167a2539822d60483f8 P d89119ea2e014d61a91c34fb6c7fe35e [term 0 FOLLOWER]: Advancing to term 1
I20260630 12:30:17.493641 26052 tablet_service.cc:1917] Received RequestConsensusVote() RPC: tablet_id: "42a230169f2943fe97eeef388e1b1a84" candidate_uuid: "d89119ea2e014d61a91c34fb6c7fe35e" candidate_term: 1 candidate_status { last_received { term: 0 index: 0 } } ignore_live_leader: false dest_uuid: "6da83469c7864954bdb775b2170828fd" is_pre_election: true
I20260630 12:30:17.493917 26099 tablet_bootstrap.cc:654] T 7d124beddb264ffe821d6c43628f05ad P 6da83469c7864954bdb775b2170828fd: Neither blocks nor log segments found. Creating new log.
I20260630 12:30:17.494298 26052 raft_consensus.cc:2468] T 42a230169f2943fe97eeef388e1b1a84 P 6da83469c7864954bdb775b2170828fd [term 0 FOLLOWER]: Leader pre-election vote request: Granting yes vote for candidate d89119ea2e014d61a91c34fb6c7fe35e in term 0.
I20260630 12:30:17.494673 26130 leader_election.cc:290] T 42a230169f2943fe97eeef388e1b1a84 P d89119ea2e014d61a91c34fb6c7fe35e [CANDIDATE]: Term 1 pre-election: Requested pre-vote from peers 98a0570610794251adae975a3fbe8910 (127.20.217.130:38085), 6da83469c7864954bdb775b2170828fd (127.20.217.131:41717)
I20260630 12:30:17.498931 26098 tablet_bootstrap.cc:492] T a5ee6126b4294db19c51090e4bcc15d6 P 98a0570610794251adae975a3fbe8910: No bootstrap required, opened a new log
I20260630 12:30:17.499445 26098 ts_tablet_manager.cc:1403] T a5ee6126b4294db19c51090e4bcc15d6 P 98a0570610794251adae975a3fbe8910: Time spent bootstrapping tablet: real 0.068s	user 0.003s	sys 0.009s
I20260630 12:30:17.503258 26098 raft_consensus.cc:359] T a5ee6126b4294db19c51090e4bcc15d6 P 98a0570610794251adae975a3fbe8910 [term 0 FOLLOWER]: Replica starting. Triggering 0 pending ops. Active config: opid_index: -1 OBSOLETE_local: false peers { permanent_uuid: "d89119ea2e014d61a91c34fb6c7fe35e" member_type: VOTER last_known_addr { host: "127.20.217.129" port: 45449 } } peers { permanent_uuid: "98a0570610794251adae975a3fbe8910" member_type: VOTER last_known_addr { host: "127.20.217.130" port: 38085 } } peers { permanent_uuid: "6da83469c7864954bdb775b2170828fd" member_type: VOTER last_known_addr { host: "127.20.217.131" port: 41717 } }
I20260630 12:30:17.504207 26098 raft_consensus.cc:385] T a5ee6126b4294db19c51090e4bcc15d6 P 98a0570610794251adae975a3fbe8910 [term 0 FOLLOWER]: Consensus starting up: Expiring failure detector timer to make a prompt election more likely
I20260630 12:30:17.504575 26098 raft_consensus.cc:740] T a5ee6126b4294db19c51090e4bcc15d6 P 98a0570610794251adae975a3fbe8910 [term 0 FOLLOWER]: Becoming Follower/Learner. State: Replica: 98a0570610794251adae975a3fbe8910, State: Initialized, Role: FOLLOWER
I20260630 12:30:17.505502 26098 consensus_queue.cc:260] T a5ee6126b4294db19c51090e4bcc15d6 P 98a0570610794251adae975a3fbe8910 [NON_LEADER]: Queue going to NON_LEADER mode. State: All replicated index: 0, Majority replicated index: 0, Committed index: 0, Last appended: 0.0, Last appended by leader: 0, Current term: 0, Majority size: -1, State: 0, Mode: NON_LEADER, active raft config: opid_index: -1 OBSOLETE_local: false peers { permanent_uuid: "d89119ea2e014d61a91c34fb6c7fe35e" member_type: VOTER last_known_addr { host: "127.20.217.129" port: 45449 } } peers { permanent_uuid: "98a0570610794251adae975a3fbe8910" member_type: VOTER last_known_addr { host: "127.20.217.130" port: 38085 } } peers { permanent_uuid: "6da83469c7864954bdb775b2170828fd" member_type: VOTER last_known_addr { host: "127.20.217.131" port: 41717 } }
I20260630 12:30:17.503476 25797 catalog_manager.cc:5697] T 79288e8c5d354084bd6b0f1c08e60cbc P d89119ea2e014d61a91c34fb6c7fe35e reported cstate change: term changed from 0 to 1, leader changed from <none> to d89119ea2e014d61a91c34fb6c7fe35e (127.20.217.129). New cstate: current_term: 1 leader_uuid: "d89119ea2e014d61a91c34fb6c7fe35e" committed_config { opid_index: -1 OBSOLETE_local: false peers { permanent_uuid: "d89119ea2e014d61a91c34fb6c7fe35e" member_type: VOTER last_known_addr { host: "127.20.217.129" port: 45449 } health_report { overall_health: HEALTHY } } peers { permanent_uuid: "98a0570610794251adae975a3fbe8910" member_type: VOTER last_known_addr { host: "127.20.217.130" port: 38085 } health_report { overall_health: UNKNOWN } } peers { permanent_uuid: "6da83469c7864954bdb775b2170828fd" member_type: VOTER last_known_addr { host: "127.20.217.131" port: 41717 } health_report { overall_health: UNKNOWN } } }
I20260630 12:30:17.508348 26098 ts_tablet_manager.cc:1434] T a5ee6126b4294db19c51090e4bcc15d6 P 98a0570610794251adae975a3fbe8910: Time spent starting tablet: real 0.009s	user 0.007s	sys 0.000s
I20260630 12:30:17.495014 26133 raft_consensus.cc:515] T 42a230169f2943fe97eeef388e1b1a84 P d89119ea2e014d61a91c34fb6c7fe35e [term 1 FOLLOWER]: Starting leader election with config: opid_index: -1 OBSOLETE_local: false peers { permanent_uuid: "d89119ea2e014d61a91c34fb6c7fe35e" member_type: VOTER last_known_addr { host: "127.20.217.129" port: 45449 } } peers { permanent_uuid: "98a0570610794251adae975a3fbe8910" member_type: VOTER last_known_addr { host: "127.20.217.130" port: 38085 } } peers { permanent_uuid: "6da83469c7864954bdb775b2170828fd" member_type: VOTER last_known_addr { host: "127.20.217.131" port: 41717 } }
I20260630 12:30:17.512730 26139 raft_consensus.cc:515] T 0b449b8214d04167a2539822d60483f8 P d89119ea2e014d61a91c34fb6c7fe35e [term 1 FOLLOWER]: Starting leader election with config: opid_index: -1 OBSOLETE_local: false peers { permanent_uuid: "98a0570610794251adae975a3fbe8910" member_type: VOTER last_known_addr { host: "127.20.217.130" port: 38085 } } peers { permanent_uuid: "d89119ea2e014d61a91c34fb6c7fe35e" member_type: VOTER last_known_addr { host: "127.20.217.129" port: 45449 } } peers { permanent_uuid: "6da83469c7864954bdb775b2170828fd" member_type: VOTER last_known_addr { host: "127.20.217.131" port: 41717 } }
I20260630 12:30:17.515197 26139 leader_election.cc:290] T 0b449b8214d04167a2539822d60483f8 P d89119ea2e014d61a91c34fb6c7fe35e [CANDIDATE]: Term 1 election: Requested vote from peers 98a0570610794251adae975a3fbe8910 (127.20.217.130:38085), 6da83469c7864954bdb775b2170828fd (127.20.217.131:41717)
I20260630 12:30:17.516510 26052 tablet_service.cc:1917] Received RequestConsensusVote() RPC: tablet_id: "0b449b8214d04167a2539822d60483f8" candidate_uuid: "d89119ea2e014d61a91c34fb6c7fe35e" candidate_term: 1 candidate_status { last_received { term: 0 index: 0 } } ignore_live_leader: false dest_uuid: "6da83469c7864954bdb775b2170828fd"
I20260630 12:30:17.516860 26098 tablet_bootstrap.cc:492] T 12bfb8ff37004de281917897ea4d9723 P 98a0570610794251adae975a3fbe8910: Bootstrap starting.
I20260630 12:30:17.517076 26052 raft_consensus.cc:3060] T 0b449b8214d04167a2539822d60483f8 P 6da83469c7864954bdb775b2170828fd [term 0 FOLLOWER]: Advancing to term 1
I20260630 12:30:17.516510 25978 tablet_service.cc:1917] Received RequestConsensusVote() RPC: tablet_id: "0b449b8214d04167a2539822d60483f8" candidate_uuid: "d89119ea2e014d61a91c34fb6c7fe35e" candidate_term: 1 candidate_status { last_received { term: 0 index: 0 } } ignore_live_leader: false dest_uuid: "98a0570610794251adae975a3fbe8910"
W20260630 12:30:17.521095 25869 leader_election.cc:343] T 0b449b8214d04167a2539822d60483f8 P d89119ea2e014d61a91c34fb6c7fe35e [CANDIDATE]: Term 1 election: Tablet error from VoteRequest() call to peer 98a0570610794251adae975a3fbe8910 (127.20.217.130:38085): Illegal state: must be running to vote when last-logged opid is not known
I20260630 12:30:17.523267 25978 tablet_service.cc:1917] Received RequestConsensusVote() RPC: tablet_id: "42a230169f2943fe97eeef388e1b1a84" candidate_uuid: "d89119ea2e014d61a91c34fb6c7fe35e" candidate_term: 1 candidate_status { last_received { term: 0 index: 0 } } ignore_live_leader: false dest_uuid: "98a0570610794251adae975a3fbe8910"
I20260630 12:30:17.523797 25978 raft_consensus.cc:3060] T 42a230169f2943fe97eeef388e1b1a84 P 98a0570610794251adae975a3fbe8910 [term 0 FOLLOWER]: Advancing to term 1
I20260630 12:30:17.528530 26105 raft_consensus.cc:493] T 12bfb8ff37004de281917897ea4d9723 P 6da83469c7864954bdb775b2170828fd [term 0 FOLLOWER]: Starting pre-election (no leader contacted us within the election timeout)
I20260630 12:30:17.528993 26105 raft_consensus.cc:515] T 12bfb8ff37004de281917897ea4d9723 P 6da83469c7864954bdb775b2170828fd [term 0 FOLLOWER]: Starting pre-election with config: opid_index: -1 OBSOLETE_local: false peers { permanent_uuid: "d89119ea2e014d61a91c34fb6c7fe35e" member_type: VOTER last_known_addr { host: "127.20.217.129" port: 45449 } } peers { permanent_uuid: "98a0570610794251adae975a3fbe8910" member_type: VOTER last_known_addr { host: "127.20.217.130" port: 38085 } } peers { permanent_uuid: "6da83469c7864954bdb775b2170828fd" member_type: VOTER last_known_addr { host: "127.20.217.131" port: 41717 } }
I20260630 12:30:17.529357 26052 raft_consensus.cc:2468] T 0b449b8214d04167a2539822d60483f8 P 6da83469c7864954bdb775b2170828fd [term 1 FOLLOWER]: Leader election vote request: Granting yes vote for candidate d89119ea2e014d61a91c34fb6c7fe35e in term 1.
I20260630 12:30:17.530222 25978 raft_consensus.cc:2468] T 42a230169f2943fe97eeef388e1b1a84 P 98a0570610794251adae975a3fbe8910 [term 1 FOLLOWER]: Leader election vote request: Granting yes vote for candidate d89119ea2e014d61a91c34fb6c7fe35e in term 1.
I20260630 12:30:17.531028 26105 leader_election.cc:290] T 12bfb8ff37004de281917897ea4d9723 P 6da83469c7864954bdb775b2170828fd [CANDIDATE]: Term 1 pre-election: Requested pre-vote from peers d89119ea2e014d61a91c34fb6c7fe35e (127.20.217.129:45449), 98a0570610794251adae975a3fbe8910 (127.20.217.130:38085)
I20260630 12:30:17.532924 25869 leader_election.cc:304] T 0b449b8214d04167a2539822d60483f8 P d89119ea2e014d61a91c34fb6c7fe35e [CANDIDATE]: Term 1 election: Election decided. Result: candidate won. Election summary: received 3 responses out of 3 voters: 2 yes votes; 1 no votes. yes voters: 6da83469c7864954bdb775b2170828fd, d89119ea2e014d61a91c34fb6c7fe35e; no voters: 98a0570610794251adae975a3fbe8910
I20260630 12:30:17.533753 26099 tablet_bootstrap.cc:492] T 7d124beddb264ffe821d6c43628f05ad P 6da83469c7864954bdb775b2170828fd: No bootstrap required, opened a new log
I20260630 12:30:17.534222 26099 ts_tablet_manager.cc:1403] T 7d124beddb264ffe821d6c43628f05ad P 6da83469c7864954bdb775b2170828fd: Time spent bootstrapping tablet: real 0.056s	user 0.011s	sys 0.002s
