I20260630 12:28:16.186820 20630 leader_election.cc:304] T 00000000000000000000000000000000 P 542c2e6c13624f56b6541b90edbb80db [CANDIDATE]: Term 2 pre-election: Election decided. Result: candidate lost. Election summary: received 3 responses out of 3 voters: 1 yes votes; 2 no votes. yes voters: 542c2e6c13624f56b6541b90edbb80db; no voters: 3191816756c7466f85c986c9d33e5ffd, 9f3499c0ec404de6a1c15d2003240442
I20260630 12:28:16.188274 21087 raft_consensus.cc:2749] T 00000000000000000000000000000000 P 542c2e6c13624f56b6541b90edbb80db [term 1 FOLLOWER]: Leader pre-election lost for term 2. Reason: could not achieve majority
W20260630 12:28:16.221470 20964 thread.cc:641] client-negotiator [worker] (thread pool) Time spent creating pthread: real 0.758s	user 0.006s	sys 0.006s
W20260630 12:28:16.221900 20964 thread.cc:608] client-negotiator [worker] (thread pool) Time spent starting thread: real 0.759s	user 0.007s	sys 0.007s
I20260630 12:28:16.236961 21091 raft_consensus.cc:493] T 00000000000000000000000000000000 P 9f3499c0ec404de6a1c15d2003240442 [term 1 FOLLOWER]: Starting pre-election (detected failure of leader 3191816756c7466f85c986c9d33e5ffd)
I20260630 12:28:16.237702 21091 raft_consensus.cc:515] T 00000000000000000000000000000000 P 9f3499c0ec404de6a1c15d2003240442 [term 1 FOLLOWER]: Starting pre-election with config: opid_index: -1 OBSOLETE_local: false peers { permanent_uuid: "3191816756c7466f85c986c9d33e5ffd" member_type: VOTER last_known_addr { host: "127.19.3.254" port: 35733 } } peers { permanent_uuid: "542c2e6c13624f56b6541b90edbb80db" member_type: VOTER last_known_addr { host: "127.19.3.253" port: 35967 } } peers { permanent_uuid: "9f3499c0ec404de6a1c15d2003240442" member_type: VOTER last_known_addr { host: "127.19.3.252" port: 33161 } }
I20260630 12:28:16.246268 20653 tablet_service.cc:1917] Received RequestConsensusVote() RPC: tablet_id: "00000000000000000000000000000000" candidate_uuid: "9f3499c0ec404de6a1c15d2003240442" candidate_term: 2 candidate_status { last_received { term: 1 index: 10 } } ignore_live_leader: false dest_uuid: "542c2e6c13624f56b6541b90edbb80db" is_pre_election: true
I20260630 12:28:16.246985 20653 raft_consensus.cc:2468] T 00000000000000000000000000000000 P 542c2e6c13624f56b6541b90edbb80db [term 1 FOLLOWER]: Leader pre-election vote request: Granting yes vote for candidate 9f3499c0ec404de6a1c15d2003240442 in term 1.
I20260630 12:28:16.248983 20695 leader_election.cc:304] T 00000000000000000000000000000000 P 9f3499c0ec404de6a1c15d2003240442 [CANDIDATE]: Term 2 pre-election: Election decided. Result: candidate won. Election summary: received 2 responses out of 3 voters: 2 yes votes; 0 no votes. yes voters: 542c2e6c13624f56b6541b90edbb80db, 9f3499c0ec404de6a1c15d2003240442; no voters: 
I20260630 12:28:16.254088 21091 leader_election.cc:290] T 00000000000000000000000000000000 P 9f3499c0ec404de6a1c15d2003240442 [CANDIDATE]: Term 2 pre-election: Requested pre-vote from peers 3191816756c7466f85c986c9d33e5ffd (127.19.3.254:35733), 542c2e6c13624f56b6541b90edbb80db (127.19.3.253:35967)
I20260630 12:28:16.255254 21091 raft_consensus.cc:2804] T 00000000000000000000000000000000 P 9f3499c0ec404de6a1c15d2003240442 [term 1 FOLLOWER]: Leader pre-election won for term 2
I20260630 12:28:16.256263 21091 raft_consensus.cc:493] T 00000000000000000000000000000000 P 9f3499c0ec404de6a1c15d2003240442 [term 1 FOLLOWER]: Starting leader election (detected failure of leader 3191816756c7466f85c986c9d33e5ffd)
I20260630 12:28:16.257076 21091 raft_consensus.cc:3060] T 00000000000000000000000000000000 P 9f3499c0ec404de6a1c15d2003240442 [term 1 FOLLOWER]: Advancing to term 2
I20260630 12:28:16.268909 21091 raft_consensus.cc:515] T 00000000000000000000000000000000 P 9f3499c0ec404de6a1c15d2003240442 [term 2 FOLLOWER]: Starting leader election with config: opid_index: -1 OBSOLETE_local: false peers { permanent_uuid: "3191816756c7466f85c986c9d33e5ffd" member_type: VOTER last_known_addr { host: "127.19.3.254" port: 35733 } } peers { permanent_uuid: "542c2e6c13624f56b6541b90edbb80db" member_type: VOTER last_known_addr { host: "127.19.3.253" port: 35967 } } peers { permanent_uuid: "9f3499c0ec404de6a1c15d2003240442" member_type: VOTER last_known_addr { host: "127.19.3.252" port: 33161 } }
I20260630 12:28:16.277801 20653 tablet_service.cc:1917] Received RequestConsensusVote() RPC: tablet_id: "00000000000000000000000000000000" candidate_uuid: "9f3499c0ec404de6a1c15d2003240442" candidate_term: 2 candidate_status { last_received { term: 1 index: 10 } } ignore_live_leader: false dest_uuid: "542c2e6c13624f56b6541b90edbb80db"
I20260630 12:28:16.278458 20653 raft_consensus.cc:3060] T 00000000000000000000000000000000 P 542c2e6c13624f56b6541b90edbb80db [term 1 FOLLOWER]: Advancing to term 2
I20260630 12:28:16.286455 20653 raft_consensus.cc:2468] T 00000000000000000000000000000000 P 542c2e6c13624f56b6541b90edbb80db [term 2 FOLLOWER]: Leader election vote request: Granting yes vote for candidate 9f3499c0ec404de6a1c15d2003240442 in term 2.
I20260630 12:28:16.288432 20695 leader_election.cc:304] T 00000000000000000000000000000000 P 9f3499c0ec404de6a1c15d2003240442 [CANDIDATE]: Term 2 election: Election decided. Result: candidate won. Election summary: received 2 responses out of 3 voters: 2 yes votes; 0 no votes. yes voters: 542c2e6c13624f56b6541b90edbb80db, 9f3499c0ec404de6a1c15d2003240442; no voters: 
I20260630 12:28:16.289585 21093 raft_consensus.cc:2804] T 00000000000000000000000000000000 P 9f3499c0ec404de6a1c15d2003240442 [term 2 FOLLOWER]: Leader election won for term 2
I20260630 12:28:16.286942 21091 leader_election.cc:290] T 00000000000000000000000000000000 P 9f3499c0ec404de6a1c15d2003240442 [CANDIDATE]: Term 2 election: Requested vote from peers 3191816756c7466f85c986c9d33e5ffd (127.19.3.254:35733), 542c2e6c13624f56b6541b90edbb80db (127.19.3.253:35967)
I20260630 12:28:16.300199 21093 raft_consensus.cc:697] T 00000000000000000000000000000000 P 9f3499c0ec404de6a1c15d2003240442 [term 2 LEADER]: Becoming Leader. State: Replica: 9f3499c0ec404de6a1c15d2003240442, State: Running, Role: LEADER
W20260630 12:28:16.302605 20692 leader_election.cc:336] T 00000000000000000000000000000000 P 9f3499c0ec404de6a1c15d2003240442 [CANDIDATE]: Term 2 pre-election: RPC error from VoteRequest() call to peer 3191816756c7466f85c986c9d33e5ffd (127.19.3.254:35733): Network error: Client connection negotiation failed: client connection to 127.19.3.254:35733: connect: Connection refused (error 111)
I20260630 12:28:16.302652 21093 consensus_queue.cc:237] T 00000000000000000000000000000000 P 9f3499c0ec404de6a1c15d2003240442 [LEADER]: Queue going to LEADER mode. State: All replicated index: 0, Majority replicated index: 10, Committed index: 10, Last appended: 1.10, Last appended by leader: 10, Current term: 2, Majority size: 2, State: 0, Mode: LEADER, active raft config: opid_index: -1 OBSOLETE_local: false peers { permanent_uuid: "3191816756c7466f85c986c9d33e5ffd" member_type: VOTER last_known_addr { host: "127.19.3.254" port: 35733 } } peers { permanent_uuid: "542c2e6c13624f56b6541b90edbb80db" member_type: VOTER last_known_addr { host: "127.19.3.253" port: 35967 } } peers { permanent_uuid: "9f3499c0ec404de6a1c15d2003240442" member_type: VOTER last_known_addr { host: "127.19.3.252" port: 33161 } }
W20260630 12:28:16.306285 20692 leader_election.cc:336] T 00000000000000000000000000000000 P 9f3499c0ec404de6a1c15d2003240442 [CANDIDATE]: Term 2 election: RPC error from VoteRequest() call to peer 3191816756c7466f85c986c9d33e5ffd (127.19.3.254:35733): Network error: Client connection negotiation failed: client connection to 127.19.3.254:35733: connect: Connection refused (error 111)
I20260630 12:28:16.311614 21091 sys_catalog.cc:455] T 00000000000000000000000000000000 P 9f3499c0ec404de6a1c15d2003240442 [sys.catalog]: SysCatalogTable state changed. Reason: New leader 9f3499c0ec404de6a1c15d2003240442. Latest consensus state: current_term: 2 leader_uuid: "9f3499c0ec404de6a1c15d2003240442" committed_config { opid_index: -1 OBSOLETE_local: false peers { permanent_uuid: "3191816756c7466f85c986c9d33e5ffd" member_type: VOTER last_known_addr { host: "127.19.3.254" port: 35733 } } peers { permanent_uuid: "542c2e6c13624f56b6541b90edbb80db" member_type: VOTER last_known_addr { host: "127.19.3.253" port: 35967 } } peers { permanent_uuid: "9f3499c0ec404de6a1c15d2003240442" member_type: VOTER last_known_addr { host: "127.19.3.252" port: 33161 } } }
I20260630 12:28:16.312554 21091 sys_catalog.cc:458] T 00000000000000000000000000000000 P 9f3499c0ec404de6a1c15d2003240442 [sys.catalog]: This master's current role is: LEADER
I20260630 12:28:16.332417 21097 catalog_manager.cc:1511] Loading table and tablet metadata into memory...
I20260630 12:28:16.341531 21097 catalog_manager.cc:679] Loaded metadata for table test-workload [id=b2513428a25145a0a103b76c1b6f7c56]
I20260630 12:28:16.348893 21097 tablet_loader.cc:96] loaded metadata for tablet 102c76b416f0481b974d15b49d0747b9 (table test-workload [id=b2513428a25145a0a103b76c1b6f7c56])
I20260630 12:28:16.350337 21097 tablet_loader.cc:96] loaded metadata for tablet 716457e2b90945b3941ae945dfa4caf5 (table test-workload [id=b2513428a25145a0a103b76c1b6f7c56])
I20260630 12:28:16.351732 21097 tablet_loader.cc:96] loaded metadata for tablet cef1cb98549a4bad8a4f2e0b1fa5c529 (table test-workload [id=b2513428a25145a0a103b76c1b6f7c56])
I20260630 12:28:16.353374 21097 catalog_manager.cc:1520] Initializing Kudu cluster ID...
I20260630 12:28:16.358260 21097 catalog_manager.cc:1295] Loaded cluster ID: a5f9eeaba61a4b7bbc5c68fe810663c4
I20260630 12:28:16.358590 21097 catalog_manager.cc:1531] Initializing Kudu internal certificate authority...
I20260630 12:28:16.364030 21097 catalog_manager.cc:1540] Loading token signing keys...
I20260630 12:28:16.368747 21097 catalog_manager.cc:6081] T 00000000000000000000000000000000 P 9f3499c0ec404de6a1c15d2003240442: Loaded TSK: 0
I20260630 12:28:16.370148 21097 catalog_manager.cc:1550] Initializing in-progress tserver states...
I20260630 12:28:16.695569 20769 auto_leader_rebalancer.cc:141] leader rebalance for table test-workload
I20260630 12:28:16.698400 20769 auto_leader_rebalancer.cc:515] All tables' leader rebalancing finished this round
I20260630 12:28:16.766804 20653 raft_consensus.cc:1275] T 00000000000000000000000000000000 P 542c2e6c13624f56b6541b90edbb80db [term 2 FOLLOWER]: Refusing update from remote peer 9f3499c0ec404de6a1c15d2003240442: Log matching property violated. Preceding OpId in replica: term: 1 index: 10. Preceding OpId from leader: term: 2 index: 11. (index mismatch)
I20260630 12:28:16.768633 21091 consensus_queue.cc:1048] T 00000000000000000000000000000000 P 9f3499c0ec404de6a1c15d2003240442 [LEADER]: Connected to new peer: Peer: permanent_uuid: "542c2e6c13624f56b6541b90edbb80db" member_type: VOTER last_known_addr { host: "127.19.3.253" port: 35967 }, Status: LMP_MISMATCH, Last received: 0.0, Next index: 11, Last known committed idx: 10, Time since last communication: 0.000s
I20260630 12:28:16.775987 21099 sys_catalog.cc:455] T 00000000000000000000000000000000 P 542c2e6c13624f56b6541b90edbb80db [sys.catalog]: SysCatalogTable state changed. Reason: New leader 9f3499c0ec404de6a1c15d2003240442. Latest consensus state: current_term: 2 leader_uuid: "9f3499c0ec404de6a1c15d2003240442" committed_config { opid_index: -1 OBSOLETE_local: false peers { permanent_uuid: "3191816756c7466f85c986c9d33e5ffd" member_type: VOTER last_known_addr { host: "127.19.3.254" port: 35733 } } peers { permanent_uuid: "542c2e6c13624f56b6541b90edbb80db" member_type: VOTER last_known_addr { host: "127.19.3.253" port: 35967 } } peers { permanent_uuid: "9f3499c0ec404de6a1c15d2003240442" member_type: VOTER last_known_addr { host: "127.19.3.252" port: 33161 } } }
I20260630 12:28:16.776831 21099 sys_catalog.cc:458] T 00000000000000000000000000000000 P 542c2e6c13624f56b6541b90edbb80db [sys.catalog]: This master's current role is: FOLLOWER
I20260630 12:28:16.779665 21091 sys_catalog.cc:455] T 00000000000000000000000000000000 P 9f3499c0ec404de6a1c15d2003240442 [sys.catalog]: SysCatalogTable state changed. Reason: Peer health change. Latest consensus state: current_term: 2 leader_uuid: "9f3499c0ec404de6a1c15d2003240442" committed_config { opid_index: -1 OBSOLETE_local: false peers { permanent_uuid: "3191816756c7466f85c986c9d33e5ffd" member_type: VOTER last_known_addr { host: "127.19.3.254" port: 35733 } } peers { permanent_uuid: "542c2e6c13624f56b6541b90edbb80db" member_type: VOTER last_known_addr { host: "127.19.3.253" port: 35967 } } peers { permanent_uuid: "9f3499c0ec404de6a1c15d2003240442" member_type: VOTER last_known_addr { host: "127.19.3.252" port: 33161 } } }
I20260630 12:28:16.780375 21091 sys_catalog.cc:458] T 00000000000000000000000000000000 P 9f3499c0ec404de6a1c15d2003240442 [sys.catalog]: This master's current role is: LEADER
W20260630 12:28:16.785499 20692 consensus_peers.cc:597] T 00000000000000000000000000000000 P 9f3499c0ec404de6a1c15d2003240442 -> Peer 3191816756c7466f85c986c9d33e5ffd (127.19.3.254:35733): Couldn't send request to peer 3191816756c7466f85c986c9d33e5ffd. Status: Network error: Client connection negotiation failed: client connection to 127.19.3.254:35733: connect: Connection refused (error 111). This is attempt 1: this message will repeat every 5th retry.
I20260630 12:28:16.787746 21099 sys_catalog.cc:455] T 00000000000000000000000000000000 P 542c2e6c13624f56b6541b90edbb80db [sys.catalog]: SysCatalogTable state changed. Reason: Replicated consensus-only round. Latest consensus state: current_term: 2 leader_uuid: "9f3499c0ec404de6a1c15d2003240442" committed_config { opid_index: -1 OBSOLETE_local: false peers { permanent_uuid: "3191816756c7466f85c986c9d33e5ffd" member_type: VOTER last_known_addr { host: "127.19.3.254" port: 35733 } } peers { permanent_uuid: "542c2e6c13624f56b6541b90edbb80db" member_type: VOTER last_known_addr { host: "127.19.3.253" port: 35967 } } peers { permanent_uuid: "9f3499c0ec404de6a1c15d2003240442" member_type: VOTER last_known_addr { host: "127.19.3.252" port: 33161 } } }
I20260630 12:28:16.788439 21099 sys_catalog.cc:458] T 00000000000000000000000000000000 P 542c2e6c13624f56b6541b90edbb80db [sys.catalog]: This master's current role is: FOLLOWER
W20260630 12:28:17.234338 21022 debug-util.cc:398] Leaking SignalData structure 0x7b08000958e0 after lost signal to thread 19474
W20260630 12:28:17.235579 21022 debug-util.cc:398] Leaking SignalData structure 0x7b0800095fc0 after lost signal to thread 20677
W20260630 12:28:17.236670 21022 debug-util.cc:398] Leaking SignalData structure 0x7b0800092680 after lost signal to thread 20743
W20260630 12:28:17.238178 21022 debug-util.cc:398] Leaking SignalData structure 0x7b08000e8240 after lost signal to thread 20857
W20260630 12:28:17.239460 21022 debug-util.cc:398] Leaking SignalData structure 0x7b080021c7c0 after lost signal to thread 20947
W20260630 12:28:17.240685 21022 debug-util.cc:398] Leaking SignalData structure 0x7b08001ea460 after lost signal to thread 21025
I20260630 12:28:17.465129 19471 tablet_server.cc:179] TabletServer@127.19.3.193:0 shutting down...
I20260630 12:28:17.541456 19471 ts_tablet_manager.cc:1507] Shutting down tablet manager...
I20260630 12:28:17.543012 19471 tablet_replica.cc:333] T cef1cb98549a4bad8a4f2e0b1fa5c529 P f261ede18dfe4788ab2a8d2ce6dd99c7: stopping tablet replica
I20260630 12:28:17.543875 19471 raft_consensus.cc:2243] T cef1cb98549a4bad8a4f2e0b1fa5c529 P f261ede18dfe4788ab2a8d2ce6dd99c7 [term 1 LEADER]: Raft consensus shutting down.
I20260630 12:28:17.544668 19471 raft_consensus.cc:2272] T cef1cb98549a4bad8a4f2e0b1fa5c529 P f261ede18dfe4788ab2a8d2ce6dd99c7 [term 1 FOLLOWER]: Raft consensus is shut down!
I20260630 12:28:18.219964 20948 heartbeater.cc:499] Master 127.19.3.252:33161 was elected leader, sending a full tablet report...
I20260630 12:28:18.306376 21026 heartbeater.cc:499] Master 127.19.3.252:33161 was elected leader, sending a full tablet report...
W20260630 12:28:18.556188 19471 thread.cc:527] Waited for 1000ms trying to join with diag-logger (tid 20854)
I20260630 12:28:18.699831 20769 auto_leader_rebalancer.cc:141] leader rebalance for table test-workload
I20260630 12:28:18.703154 20769 auto_leader_rebalancer.cc:515] All tables' leader rebalancing finished this round
I20260630 12:28:19.515239 19471 tablet_server.cc:196] TabletServer@127.19.3.193:0 shutdown complete.
I20260630 12:28:19.528159 19471 tablet_server.cc:179] TabletServer@127.19.3.194:0 shutting down...
I20260630 12:28:19.564922 19471 ts_tablet_manager.cc:1507] Shutting down tablet manager...
I20260630 12:28:19.565827 19471 tablet_replica.cc:333] T 716457e2b90945b3941ae945dfa4caf5 P 130fbf38a30f42b1a9e48d2e4b22b2dd: stopping tablet replica
I20260630 12:28:19.566576 19471 raft_consensus.cc:2243] T 716457e2b90945b3941ae945dfa4caf5 P 130fbf38a30f42b1a9e48d2e4b22b2dd [term 1 LEADER]: Raft consensus shutting down.
I20260630 12:28:19.567284 19471 raft_consensus.cc:2272] T 716457e2b90945b3941ae945dfa4caf5 P 130fbf38a30f42b1a9e48d2e4b22b2dd [term 1 FOLLOWER]: Raft consensus is shut down!
W20260630 12:28:19.574747 20692 consensus_peers.cc:597] T 00000000000000000000000000000000 P 9f3499c0ec404de6a1c15d2003240442 -> Peer 3191816756c7466f85c986c9d33e5ffd (127.19.3.254:35733): Couldn't send request to peer 3191816756c7466f85c986c9d33e5ffd. Status: Network error: Client connection negotiation failed: client connection to 127.19.3.254:35733: connect: Connection refused (error 111). This is attempt 6: this message will repeat every 5th retry.
I20260630 12:28:19.589730 19471 tablet_server.cc:196] TabletServer@127.19.3.194:0 shutdown complete.
I20260630 12:28:19.601330 19471 tablet_server.cc:179] TabletServer@127.19.3.195:0 shutting down...
I20260630 12:28:19.629699 19471 ts_tablet_manager.cc:1507] Shutting down tablet manager...
I20260630 12:28:19.630465 19471 tablet_replica.cc:333] T 102c76b416f0481b974d15b49d0747b9 P 818b3c54ee424500bd08aeba4bf3532b: stopping tablet replica
I20260630 12:28:19.631191 19471 raft_consensus.cc:2243] T 102c76b416f0481b974d15b49d0747b9 P 818b3c54ee424500bd08aeba4bf3532b [term 1 LEADER]: Raft consensus shutting down.
I20260630 12:28:19.631738 19471 raft_consensus.cc:2272] T 102c76b416f0481b974d15b49d0747b9 P 818b3c54ee424500bd08aeba4bf3532b [term 1 FOLLOWER]: Raft consensus is shut down!
W20260630 12:28:20.649585 19471 thread.cc:527] Waited for 1000ms trying to join with diag-logger (tid 21022)
I20260630 12:28:20.704406 20769 auto_leader_rebalancer.cc:141] leader rebalance for table test-workload
I20260630 12:28:20.706580 20769 auto_leader_rebalancer.cc:515] All tables' leader rebalancing finished this round
I20260630 12:28:20.982920 19471 tablet_server.cc:196] TabletServer@127.19.3.195:0 shutdown complete.
I20260630 12:28:20.994518 19471 master.cc:562] Master@127.19.3.253:35967 shutting down...
I20260630 12:28:21.014195 19471 raft_consensus.cc:2243] T 00000000000000000000000000000000 P 542c2e6c13624f56b6541b90edbb80db [term 2 FOLLOWER]: Raft consensus shutting down.
I20260630 12:28:21.015020 19471 raft_consensus.cc:2272] T 00000000000000000000000000000000 P 542c2e6c13624f56b6541b90edbb80db [term 2 FOLLOWER]: Raft consensus is shut down!
I20260630 12:28:21.015479 19471 tablet_replica.cc:333] T 00000000000000000000000000000000 P 542c2e6c13624f56b6541b90edbb80db: stopping tablet replica
I20260630 12:28:21.034646 19471 master.cc:584] Master@127.19.3.253:35967 shutdown complete.
I20260630 12:28:21.047580 19471 master.cc:562] Master@127.19.3.252:33161 shutting down...
I20260630 12:28:21.064586 19471 raft_consensus.cc:2243] T 00000000000000000000000000000000 P 9f3499c0ec404de6a1c15d2003240442 [term 2 LEADER]: Raft consensus shutting down.
I20260630 12:28:21.065550 19471 raft_consensus.cc:2272] T 00000000000000000000000000000000 P 9f3499c0ec404de6a1c15d2003240442 [term 2 FOLLOWER]: Raft consensus is shut down!
I20260630 12:28:21.065851 19471 tablet_replica.cc:333] T 00000000000000000000000000000000 P 9f3499c0ec404de6a1c15d2003240442: stopping tablet replica
I20260630 12:28:21.103010 19471 master.cc:584] Master@127.19.3.252:33161 shutdown complete.
[       OK ] AutoRebalancerTest.NextLeaderResumesAutoRebalancing (11540 ms)
[ RUN      ] AutoRebalancerTest.MovesScheduledIfAddTserver
I20260630 12:28:21.138324 19471 internal_mini_cluster.cc:156] Creating distributed mini masters. Addrs: 127.19.3.254:36525
I20260630 12:28:21.139508 19471 file_cache.cc:492] Constructed file cache file cache with capacity 419430
W20260630 12:28:21.145227 21123 instance_detector.cc:116] could not retrieve Azure instance metadata: Network error: curl error: HTTP response code said error: The requested URL returned error: 404
W20260630 12:28:21.145263 21122 instance_detector.cc:116] could not retrieve AWS instance metadata: Network error: curl error: HTTP response code said error: The requested URL returned error: 404
W20260630 12:28:21.146275 21125 instance_detector.cc:116] could not retrieve OpenStack instance metadata: Network error: curl error: HTTP response code said error: The requested URL returned error: 404
I20260630 12:28:21.146482 19471 server_base.cc:1061] running on GCE node
I20260630 12:28:21.147430 19471 hybrid_clock.cc:584] initializing the hybrid clock with 'system_unsync' time source
W20260630 12:28:21.147634 19471 system_unsync_time.cc:38] NTP support is disabled. Clock error bounds will not be accurate. This configuration is not suitable for distributed clusters.
I20260630 12:28:21.147755 19471 hybrid_clock.cc:648] HybridClock initialized: now 1782822501147742 us; error 0 us; skew 500 ppm
I20260630 12:28:21.148185 19471 server_base.cc:861] Flag tcmalloc_max_total_thread_cache_bytes is not working since tcmalloc is not enabled.
I20260630 12:28:21.150496 19471 webserver.cc:533] Webserver started at http://127.19.3.254:42879/ using document root <none> and password file <none>
I20260630 12:28:21.150936 19471 fs_manager.cc:362] Metadata directory not provided
I20260630 12:28:21.151130 19471 fs_manager.cc:368] Using write-ahead log directory (fs_wal_dir) as metadata directory
I20260630 12:28:21.151386 19471 server_base.cc:909] This appears to be a new deployment of Kudu; creating new FS layout
I20260630 12:28:21.152547 19471 fs_manager.cc:1068] Generated new instance metadata in path /tmp/dist-test-taskAs784p/test-tmp/auto_rebalancer-test.0.AutoRebalancerTest.MovesScheduledIfAddTserver.1782822472293676-19471-0/minicluster-data/master-0-root/instance:
uuid: "a7b25ca336004a4589ad737c72f1c92c"
format_stamp: "Formatted at 2026-06-30 12:28:21 on dist-test-slave-zxq3"
I20260630 12:28:21.157310 19471 fs_manager.cc:696] Time spent creating directory manager: real 0.004s	user 0.004s	sys 0.002s
I20260630 12:28:21.160594 21130 log_block_manager.cc:4031] Time spent loading block containers with low live blocks: real 0.000s	user 0.000s	sys 0.000s
I20260630 12:28:21.161278 19471 fs_manager.cc:730] Time spent opening block manager: real 0.002s	user 0.001s	sys 0.000s
I20260630 12:28:21.161547 19471 fs_manager.cc:647] Opened local filesystem: /tmp/dist-test-taskAs784p/test-tmp/auto_rebalancer-test.0.AutoRebalancerTest.MovesScheduledIfAddTserver.1782822472293676-19471-0/minicluster-data/master-0-root
uuid: "a7b25ca336004a4589ad737c72f1c92c"
format_stamp: "Formatted at 2026-06-30 12:28:21 on dist-test-slave-zxq3"
I20260630 12:28:21.161805 19471 fs_report.cc:389] FS layout report
--------------------
wal directory: /tmp/dist-test-taskAs784p/test-tmp/auto_rebalancer-test.0.AutoRebalancerTest.MovesScheduledIfAddTserver.1782822472293676-19471-0/minicluster-data/master-0-root
metadata directory: /tmp/dist-test-taskAs784p/test-tmp/auto_rebalancer-test.0.AutoRebalancerTest.MovesScheduledIfAddTserver.1782822472293676-19471-0/minicluster-data/master-0-root
1 data directories: /tmp/dist-test-taskAs784p/test-tmp/auto_rebalancer-test.0.AutoRebalancerTest.MovesScheduledIfAddTserver.1782822472293676-19471-0/minicluster-data/master-0-root/data
Total live blocks: 0
Total live bytes: 0
Total live bytes (after alignment): 0
Total number of LBM containers: 0 (0 full)
Did not check for missing blocks
Did not check for orphaned blocks
Total full LBM containers with extra space: 0 (0 repaired)
Total full LBM container extra space in bytes: 0 (0 repaired)
Total incomplete LBM containers: 0 (0 repaired)
Total LBM partial records: 0 (0 repaired)
Total corrupted LBM metadata records in RocksDB: 0 (0 repaired)
I20260630 12:28:21.174010 19471 rpc_server.cc:225] running with OpenSSL 1.1.1  11 Sep 2018
I20260630 12:28:21.175287 19471 kserver.cc:163] Server-wide thread pool size limit: 3276
I20260630 12:28:21.217072 19471 rpc_server.cc:307] RPC server started. Bound to: 127.19.3.254:36525
I20260630 12:28:21.217170 21181 acceptor_pool.cc:272] collecting diagnostics on the listening RPC socket 127.19.3.254:36525 every 8 connection(s)
I20260630 12:28:21.221171 21182 data_dirs.cc:400] Could only allocate 1 dirs of requested 3 for tablet 00000000000000000000000000000000. 1 dirs total, 0 dirs full, 0 dirs failed
I20260630 12:28:21.232208 21182 tablet_bootstrap.cc:492] T 00000000000000000000000000000000 P a7b25ca336004a4589ad737c72f1c92c: Bootstrap starting.
I20260630 12:28:21.237403 21182 tablet_bootstrap.cc:654] T 00000000000000000000000000000000 P a7b25ca336004a4589ad737c72f1c92c: Neither blocks nor log segments found. Creating new log.
I20260630 12:28:21.241703 21182 tablet_bootstrap.cc:492] T 00000000000000000000000000000000 P a7b25ca336004a4589ad737c72f1c92c: No bootstrap required, opened a new log
I20260630 12:28:21.243898 21182 raft_consensus.cc:359] T 00000000000000000000000000000000 P a7b25ca336004a4589ad737c72f1c92c [term 0 FOLLOWER]: Replica starting. Triggering 0 pending ops. Active config: opid_index: -1 OBSOLETE_local: true peers { permanent_uuid: "a7b25ca336004a4589ad737c72f1c92c" member_type: VOTER }
I20260630 12:28:21.244285 21182 raft_consensus.cc:385] T 00000000000000000000000000000000 P a7b25ca336004a4589ad737c72f1c92c [term 0 FOLLOWER]: Consensus starting up: Expiring failure detector timer to make a prompt election more likely
I20260630 12:28:21.244506 21182 raft_consensus.cc:740] T 00000000000000000000000000000000 P a7b25ca336004a4589ad737c72f1c92c [term 0 FOLLOWER]: Becoming Follower/Learner. State: Replica: a7b25ca336004a4589ad737c72f1c92c, State: Initialized, Role: FOLLOWER
I20260630 12:28:21.245100 21182 consensus_queue.cc:260] T 00000000000000000000000000000000 P a7b25ca336004a4589ad737c72f1c92c [NON_LEADER]: Queue going to NON_LEADER mode. State: All replicated index: 0, Majority replicated index: 0, Committed index: 0, Last appended: 0.0, Last appended by leader: 0, Current term: 0, Majority size: -1, State: 0, Mode: NON_LEADER, active raft config: opid_index: -1 OBSOLETE_local: true peers { permanent_uuid: "a7b25ca336004a4589ad737c72f1c92c" member_type: VOTER }
I20260630 12:28:21.245558 21182 raft_consensus.cc:399] T 00000000000000000000000000000000 P a7b25ca336004a4589ad737c72f1c92c [term 0 FOLLOWER]: Only one voter in the Raft config. Triggering election immediately
I20260630 12:28:21.245767 21182 raft_consensus.cc:493] T 00000000000000000000000000000000 P a7b25ca336004a4589ad737c72f1c92c [term 0 FOLLOWER]: Starting leader election (initial election of a single-replica configuration)
I20260630 12:28:21.246034 21182 raft_consensus.cc:3060] T 00000000000000000000000000000000 P a7b25ca336004a4589ad737c72f1c92c [term 0 FOLLOWER]: Advancing to term 1
I20260630 12:28:21.250679 21182 raft_consensus.cc:515] T 00000000000000000000000000000000 P a7b25ca336004a4589ad737c72f1c92c [term 1 FOLLOWER]: Starting leader election with config: opid_index: -1 OBSOLETE_local: true peers { permanent_uuid: "a7b25ca336004a4589ad737c72f1c92c" member_type: VOTER }
I20260630 12:28:21.251214 21182 leader_election.cc:304] T 00000000000000000000000000000000 P a7b25ca336004a4589ad737c72f1c92c [CANDIDATE]: Term 1 election: Election decided. Result: candidate won. Election summary: received 1 responses out of 1 voters: 1 yes votes; 0 no votes. yes voters: a7b25ca336004a4589ad737c72f1c92c; no voters: 
I20260630 12:28:21.252391 21182 leader_election.cc:290] T 00000000000000000000000000000000 P a7b25ca336004a4589ad737c72f1c92c [CANDIDATE]: Term 1 election: Requested vote from peers 
I20260630 12:28:21.252697 21185 raft_consensus.cc:2804] T 00000000000000000000000000000000 P a7b25ca336004a4589ad737c72f1c92c [term 1 FOLLOWER]: Leader election won for term 1
I20260630 12:28:21.254033 21185 raft_consensus.cc:697] T 00000000000000000000000000000000 P a7b25ca336004a4589ad737c72f1c92c [term 1 LEADER]: Becoming Leader. State: Replica: a7b25ca336004a4589ad737c72f1c92c, State: Running, Role: LEADER
I20260630 12:28:21.254689 21185 consensus_queue.cc:237] T 00000000000000000000000000000000 P a7b25ca336004a4589ad737c72f1c92c [LEADER]: Queue going to LEADER mode. State: All replicated index: 0, Majority replicated index: 0, Committed index: 0, Last appended: 0.0, Last appended by leader: 0, Current term: 1, Majority size: 1, State: 0, Mode: LEADER, active raft config: opid_index: -1 OBSOLETE_local: true peers { permanent_uuid: "a7b25ca336004a4589ad737c72f1c92c" member_type: VOTER }
I20260630 12:28:21.255419 21182 sys_catalog.cc:565] T 00000000000000000000000000000000 P a7b25ca336004a4589ad737c72f1c92c [sys.catalog]: configured and running, proceeding with master startup.
I20260630 12:28:21.257767 21187 sys_catalog.cc:455] T 00000000000000000000000000000000 P a7b25ca336004a4589ad737c72f1c92c [sys.catalog]: SysCatalogTable state changed. Reason: New leader a7b25ca336004a4589ad737c72f1c92c. Latest consensus state: current_term: 1 leader_uuid: "a7b25ca336004a4589ad737c72f1c92c" committed_config { opid_index: -1 OBSOLETE_local: true peers { permanent_uuid: "a7b25ca336004a4589ad737c72f1c92c" member_type: VOTER } }
I20260630 12:28:21.257812 21186 sys_catalog.cc:455] T 00000000000000000000000000000000 P a7b25ca336004a4589ad737c72f1c92c [sys.catalog]: SysCatalogTable state changed. Reason: RaftConsensus started. Latest consensus state: current_term: 1 leader_uuid: "a7b25ca336004a4589ad737c72f1c92c" committed_config { opid_index: -1 OBSOLETE_local: true peers { permanent_uuid: "a7b25ca336004a4589ad737c72f1c92c" member_type: VOTER } }
I20260630 12:28:21.258503 21186 sys_catalog.cc:458] T 00000000000000000000000000000000 P a7b25ca336004a4589ad737c72f1c92c [sys.catalog]: This master's current role is: LEADER
I20260630 12:28:21.258435 21187 sys_catalog.cc:458] T 00000000000000000000000000000000 P a7b25ca336004a4589ad737c72f1c92c [sys.catalog]: This master's current role is: LEADER
I20260630 12:28:21.265100 21191 catalog_manager.cc:1511] Loading table and tablet metadata into memory...
I20260630 12:28:21.273195 21191 catalog_manager.cc:1520] Initializing Kudu cluster ID...
I20260630 12:28:21.274319 19471 internal_mini_cluster.cc:184] Waiting to initialize catalog manager on master 0
I20260630 12:28:21.283275 21191 catalog_manager.cc:1383] Generated new cluster ID: 2b6e0ea8065249e1b467708860aa793f
I20260630 12:28:21.283550 21191 catalog_manager.cc:1531] Initializing Kudu internal certificate authority...
I20260630 12:28:21.316511 21191 catalog_manager.cc:1406] Generated new certificate authority record
I20260630 12:28:21.317847 21191 catalog_manager.cc:1540] Loading token signing keys...
I20260630 12:28:21.331504 21191 catalog_manager.cc:6070] T 00000000000000000000000000000000 P a7b25ca336004a4589ad737c72f1c92c: Generated new TSK 0
I20260630 12:28:21.332056 21191 catalog_manager.cc:1550] Initializing in-progress tserver states...
I20260630 12:28:21.340782 19471 file_cache.cc:492] Constructed file cache file cache with capacity 419430
W20260630 12:28:21.347255 21203 instance_detector.cc:116] could not retrieve AWS instance metadata: Network error: curl error: HTTP response code said error: The requested URL returned error: 404
W20260630 12:28:21.348181 21204 instance_detector.cc:116] could not retrieve Azure instance metadata: Network error: curl error: HTTP response code said error: The requested URL returned error: 404
W20260630 12:28:21.349921 21206 instance_detector.cc:116] could not retrieve OpenStack instance metadata: Network error: curl error: HTTP response code said error: The requested URL returned error: 404
I20260630 12:28:21.350134 19471 server_base.cc:1061] running on GCE node
I20260630 12:28:21.351248 19471 hybrid_clock.cc:584] initializing the hybrid clock with 'system_unsync' time source
W20260630 12:28:21.351445 19471 system_unsync_time.cc:38] NTP support is disabled. Clock error bounds will not be accurate. This configuration is not suitable for distributed clusters.
I20260630 12:28:21.351596 19471 hybrid_clock.cc:648] HybridClock initialized: now 1782822501351578 us; error 0 us; skew 500 ppm
I20260630 12:28:21.352094 19471 server_base.cc:861] Flag tcmalloc_max_total_thread_cache_bytes is not working since tcmalloc is not enabled.
I20260630 12:28:21.354324 19471 webserver.cc:533] Webserver started at http://127.19.3.193:44735/ using document root <none> and password file <none>
I20260630 12:28:21.354807 19471 fs_manager.cc:362] Metadata directory not provided
I20260630 12:28:21.355029 19471 fs_manager.cc:368] Using write-ahead log directory (fs_wal_dir) as metadata directory
I20260630 12:28:21.355352 19471 server_base.cc:909] This appears to be a new deployment of Kudu; creating new FS layout
I20260630 12:28:21.356511 19471 fs_manager.cc:1068] Generated new instance metadata in path /tmp/dist-test-taskAs784p/test-tmp/auto_rebalancer-test.0.AutoRebalancerTest.MovesScheduledIfAddTserver.1782822472293676-19471-0/minicluster-data/ts-0-root/instance:
uuid: "49ed8e8693c14577b379fe5341cb6aae"
format_stamp: "Formatted at 2026-06-30 12:28:21 on dist-test-slave-zxq3"
I20260630 12:28:21.361129 19471 fs_manager.cc:696] Time spent creating directory manager: real 0.004s	user 0.005s	sys 0.000s
I20260630 12:28:21.364324 21211 log_block_manager.cc:4031] Time spent loading block containers with low live blocks: real 0.000s	user 0.000s	sys 0.000s
I20260630 12:28:21.365027 19471 fs_manager.cc:730] Time spent opening block manager: real 0.002s	user 0.002s	sys 0.002s
I20260630 12:28:21.365288 19471 fs_manager.cc:647] Opened local filesystem: /tmp/dist-test-taskAs784p/test-tmp/auto_rebalancer-test.0.AutoRebalancerTest.MovesScheduledIfAddTserver.1782822472293676-19471-0/minicluster-data/ts-0-root
uuid: "49ed8e8693c14577b379fe5341cb6aae"
format_stamp: "Formatted at 2026-06-30 12:28:21 on dist-test-slave-zxq3"
I20260630 12:28:21.365558 19471 fs_report.cc:389] FS layout report
--------------------
wal directory: /tmp/dist-test-taskAs784p/test-tmp/auto_rebalancer-test.0.AutoRebalancerTest.MovesScheduledIfAddTserver.1782822472293676-19471-0/minicluster-data/ts-0-root
metadata directory: /tmp/dist-test-taskAs784p/test-tmp/auto_rebalancer-test.0.AutoRebalancerTest.MovesScheduledIfAddTserver.1782822472293676-19471-0/minicluster-data/ts-0-root
1 data directories: /tmp/dist-test-taskAs784p/test-tmp/auto_rebalancer-test.0.AutoRebalancerTest.MovesScheduledIfAddTserver.1782822472293676-19471-0/minicluster-data/ts-0-root/data
Total live blocks: 0
Total live bytes: 0
Total live bytes (after alignment): 0
Total number of LBM containers: 0 (0 full)
Did not check for missing blocks
Did not check for orphaned blocks
Total full LBM containers with extra space: 0 (0 repaired)
Total full LBM container extra space in bytes: 0 (0 repaired)
Total incomplete LBM containers: 0 (0 repaired)
Total LBM partial records: 0 (0 repaired)
Total corrupted LBM metadata records in RocksDB: 0 (0 repaired)
I20260630 12:28:21.387725 19471 rpc_server.cc:225] running with OpenSSL 1.1.1  11 Sep 2018
I20260630 12:28:21.388877 19471 kserver.cc:163] Server-wide thread pool size limit: 3276
I20260630 12:28:21.390357 19471 txn_system_client.cc:432] TxnSystemClient initialization is disabled...
I20260630 12:28:21.392699 19471 ts_tablet_manager.cc:585] Loaded tablet metadata (0 total tablets, 0 live tablets)
I20260630 12:28:21.392885 19471 ts_tablet_manager.cc:531] Time spent load tablet metadata: real 0.000s	user 0.000s	sys 0.000s
I20260630 12:28:21.393110 19471 ts_tablet_manager.cc:616] Registered 0 tablets
I20260630 12:28:21.393283 19471 ts_tablet_manager.cc:595] Time spent register tablets: real 0.000s	user 0.000s	sys 0.000s
I20260630 12:28:21.437042 19471 rpc_server.cc:307] RPC server started. Bound to: 127.19.3.193:44953
I20260630 12:28:21.437140 21273 acceptor_pool.cc:272] collecting diagnostics on the listening RPC socket 127.19.3.193:44953 every 8 connection(s)
I20260630 12:28:21.442198 19471 file_cache.cc:492] Constructed file cache file cache with capacity 419430
W20260630 12:28:21.449571 21278 instance_detector.cc:116] could not retrieve AWS instance metadata: Network error: curl error: HTTP response code said error: The requested URL returned error: 404
W20260630 12:28:21.450834 21279 instance_detector.cc:116] could not retrieve Azure instance metadata: Network error: curl error: HTTP response code said error: The requested URL returned error: 404
I20260630 12:28:21.453922 19471 server_base.cc:1061] running on GCE node
W20260630 12:28:21.454666 21281 instance_detector.cc:116] could not retrieve OpenStack instance metadata: Network error: curl error: HTTP response code said error: The requested URL returned error: 404
I20260630 12:28:21.455564 19471 hybrid_clock.cc:584] initializing the hybrid clock with 'system_unsync' time source
W20260630 12:28:21.455776 19471 system_unsync_time.cc:38] NTP support is disabled. Clock error bounds will not be accurate. This configuration is not suitable for distributed clusters.
I20260630 12:28:21.455942 19471 hybrid_clock.cc:648] HybridClock initialized: now 1782822501455923 us; error 0 us; skew 500 ppm
I20260630 12:28:21.456452 19471 server_base.cc:861] Flag tcmalloc_max_total_thread_cache_bytes is not working since tcmalloc is not enabled.
I20260630 12:28:21.458702 19471 webserver.cc:533] Webserver started at http://127.19.3.194:37783/ using document root <none> and password file <none>
I20260630 12:28:21.459245 19471 fs_manager.cc:362] Metadata directory not provided
I20260630 12:28:21.459501 19471 fs_manager.cc:368] Using write-ahead log directory (fs_wal_dir) as metadata directory
I20260630 12:28:21.459779 19471 server_base.cc:909] This appears to be a new deployment of Kudu; creating new FS layout
I20260630 12:28:21.460966 19471 fs_manager.cc:1068] Generated new instance metadata in path /tmp/dist-test-taskAs784p/test-tmp/auto_rebalancer-test.0.AutoRebalancerTest.MovesScheduledIfAddTserver.1782822472293676-19471-0/minicluster-data/ts-1-root/instance:
uuid: "720092dbe08b4823a3b093d602a55389"
format_stamp: "Formatted at 2026-06-30 12:28:21 on dist-test-slave-zxq3"
I20260630 12:28:21.462926 21274 heartbeater.cc:344] Connected to a master server at 127.19.3.254:36525
I20260630 12:28:21.463330 21274 heartbeater.cc:461] Registering TS with master...
I20260630 12:28:21.464121 21274 heartbeater.cc:507] Master 127.19.3.254:36525 requested a full tablet report, sending...
I20260630 12:28:21.466300 19471 fs_manager.cc:696] Time spent creating directory manager: real 0.005s	user 0.004s	sys 0.002s
I20260630 12:28:21.466437 21147 ts_manager.cc:194] Registered new tserver with Master: 49ed8e8693c14577b379fe5341cb6aae (127.19.3.193:44953)
I20260630 12:28:21.468377 21147 master_service.cc:502] Signed X509 certificate for tserver {username='slave'} at 127.0.0.1:48866
I20260630 12:28:21.471014 21286 log_block_manager.cc:4031] Time spent loading block containers with low live blocks: real 0.000s	user 0.000s	sys 0.000s
I20260630 12:28:21.471773 19471 fs_manager.cc:730] Time spent opening block manager: real 0.003s	user 0.003s	sys 0.000s
I20260630 12:28:21.472054 19471 fs_manager.cc:647] Opened local filesystem: /tmp/dist-test-taskAs784p/test-tmp/auto_rebalancer-test.0.AutoRebalancerTest.MovesScheduledIfAddTserver.1782822472293676-19471-0/minicluster-data/ts-1-root
uuid: "720092dbe08b4823a3b093d602a55389"
format_stamp: "Formatted at 2026-06-30 12:28:21 on dist-test-slave-zxq3"
I20260630 12:28:21.472316 19471 fs_report.cc:389] FS layout report
--------------------
wal directory: /tmp/dist-test-taskAs784p/test-tmp/auto_rebalancer-test.0.AutoRebalancerTest.MovesScheduledIfAddTserver.1782822472293676-19471-0/minicluster-data/ts-1-root
metadata directory: /tmp/dist-test-taskAs784p/test-tmp/auto_rebalancer-test.0.AutoRebalancerTest.MovesScheduledIfAddTserver.1782822472293676-19471-0/minicluster-data/ts-1-root
1 data directories: /tmp/dist-test-taskAs784p/test-tmp/auto_rebalancer-test.0.AutoRebalancerTest.MovesScheduledIfAddTserver.1782822472293676-19471-0/minicluster-data/ts-1-root/data
Total live blocks: 0
Total live bytes: 0
Total live bytes (after alignment): 0
Total number of LBM containers: 0 (0 full)
Did not check for missing blocks
Did not check for orphaned blocks
Total full LBM containers with extra space: 0 (0 repaired)
Total full LBM container extra space in bytes: 0 (0 repaired)
Total incomplete LBM containers: 0 (0 repaired)
Total LBM partial records: 0 (0 repaired)
Total corrupted LBM metadata records in RocksDB: 0 (0 repaired)
I20260630 12:28:21.491006 19471 rpc_server.cc:225] running with OpenSSL 1.1.1  11 Sep 2018
I20260630 12:28:21.492167 19471 kserver.cc:163] Server-wide thread pool size limit: 3276
I20260630 12:28:21.493754 19471 txn_system_client.cc:432] TxnSystemClient initialization is disabled...
I20260630 12:28:21.497067 19471 ts_tablet_manager.cc:585] Loaded tablet metadata (0 total tablets, 0 live tablets)
I20260630 12:28:21.497325 19471 ts_tablet_manager.cc:531] Time spent load tablet metadata: real 0.000s	user 0.000s	sys 0.000s
I20260630 12:28:21.497706 19471 ts_tablet_manager.cc:616] Registered 0 tablets
I20260630 12:28:21.497931 19471 ts_tablet_manager.cc:595] Time spent register tablets: real 0.000s	user 0.000s	sys 0.000s
I20260630 12:28:21.542047 19471 rpc_server.cc:307] RPC server started. Bound to: 127.19.3.194:44703
I20260630 12:28:21.542161 21348 acceptor_pool.cc:272] collecting diagnostics on the listening RPC socket 127.19.3.194:44703 every 8 connection(s)
I20260630 12:28:21.547015 19471 file_cache.cc:492] Constructed file cache file cache with capacity 419430
W20260630 12:28:21.553655 21352 instance_detector.cc:116] could not retrieve AWS instance metadata: Network error: curl error: HTTP response code said error: The requested URL returned error: 404
W20260630 12:28:21.554641 21353 instance_detector.cc:116] could not retrieve Azure instance metadata: Network error: curl error: HTTP response code said error: The requested URL returned error: 404
W20260630 12:28:21.556346 21355 instance_detector.cc:116] could not retrieve OpenStack instance metadata: Network error: curl error: HTTP response code said error: The requested URL returned error: 404
I20260630 12:28:21.558066 19471 server_base.cc:1061] running on GCE node
I20260630 12:28:21.558943 19471 hybrid_clock.cc:584] initializing the hybrid clock with 'system_unsync' time source
W20260630 12:28:21.559191 19471 system_unsync_time.cc:38] NTP support is disabled. Clock error bounds will not be accurate. This configuration is not suitable for distributed clusters.
I20260630 12:28:21.559360 19471 hybrid_clock.cc:648] HybridClock initialized: now 1782822501559339 us; error 0 us; skew 500 ppm
I20260630 12:28:21.559531 21349 heartbeater.cc:344] Connected to a master server at 127.19.3.254:36525
I20260630 12:28:21.559903 19471 server_base.cc:861] Flag tcmalloc_max_total_thread_cache_bytes is not working since tcmalloc is not enabled.
I20260630 12:28:21.559932 21349 heartbeater.cc:461] Registering TS with master...
I20260630 12:28:21.560829 21349 heartbeater.cc:507] Master 127.19.3.254:36525 requested a full tablet report, sending...
I20260630 12:28:21.562597 19471 webserver.cc:533] Webserver started at http://127.19.3.195:42083/ using document root <none> and password file <none>
I20260630 12:28:21.563165 19471 fs_manager.cc:362] Metadata directory not provided
I20260630 12:28:21.563253 21147 ts_manager.cc:194] Registered new tserver with Master: 720092dbe08b4823a3b093d602a55389 (127.19.3.194:44703)
I20260630 12:28:21.563395 19471 fs_manager.cc:368] Using write-ahead log directory (fs_wal_dir) as metadata directory
I20260630 12:28:21.563853 19471 server_base.cc:909] This appears to be a new deployment of Kudu; creating new FS layout
I20260630 12:28:21.564760 21147 master_service.cc:502] Signed X509 certificate for tserver {username='slave'} at 127.0.0.1:48876
I20260630 12:28:21.565070 19471 fs_manager.cc:1068] Generated new instance metadata in path /tmp/dist-test-taskAs784p/test-tmp/auto_rebalancer-test.0.AutoRebalancerTest.MovesScheduledIfAddTserver.1782822472293676-19471-0/minicluster-data/ts-2-root/instance:
uuid: "233306e25c7946ff9976f35ec0e95569"
format_stamp: "Formatted at 2026-06-30 12:28:21 on dist-test-slave-zxq3"
I20260630 12:28:21.569736 19471 fs_manager.cc:696] Time spent creating directory manager: real 0.004s	user 0.002s	sys 0.004s
I20260630 12:28:21.572969 21360 log_block_manager.cc:4031] Time spent loading block containers with low live blocks: real 0.000s	user 0.000s	sys 0.000s
I20260630 12:28:21.573676 19471 fs_manager.cc:730] Time spent opening block manager: real 0.002s	user 0.001s	sys 0.000s
I20260630 12:28:21.573958 19471 fs_manager.cc:647] Opened local filesystem: /tmp/dist-test-taskAs784p/test-tmp/auto_rebalancer-test.0.AutoRebalancerTest.MovesScheduledIfAddTserver.1782822472293676-19471-0/minicluster-data/ts-2-root
uuid: "233306e25c7946ff9976f35ec0e95569"
format_stamp: "Formatted at 2026-06-30 12:28:21 on dist-test-slave-zxq3"
I20260630 12:28:21.574247 19471 fs_report.cc:389] FS layout report
--------------------
wal directory: /tmp/dist-test-taskAs784p/test-tmp/auto_rebalancer-test.0.AutoRebalancerTest.MovesScheduledIfAddTserver.1782822472293676-19471-0/minicluster-data/ts-2-root
metadata directory: /tmp/dist-test-taskAs784p/test-tmp/auto_rebalancer-test.0.AutoRebalancerTest.MovesScheduledIfAddTserver.1782822472293676-19471-0/minicluster-data/ts-2-root
1 data directories: /tmp/dist-test-taskAs784p/test-tmp/auto_rebalancer-test.0.AutoRebalancerTest.MovesScheduledIfAddTserver.1782822472293676-19471-0/minicluster-data/ts-2-root/data
Total live blocks: 0
Total live bytes: 0
Total live bytes (after alignment): 0
Total number of LBM containers: 0 (0 full)
Did not check for missing blocks
Did not check for orphaned blocks
Total full LBM containers with extra space: 0 (0 repaired)
Total full LBM container extra space in bytes: 0 (0 repaired)
Total incomplete LBM containers: 0 (0 repaired)
Total LBM partial records: 0 (0 repaired)
Total corrupted LBM metadata records in RocksDB: 0 (0 repaired)
I20260630 12:28:21.586292 19471 rpc_server.cc:225] running with OpenSSL 1.1.1  11 Sep 2018
I20260630 12:28:21.587694 19471 kserver.cc:163] Server-wide thread pool size limit: 3276
I20260630 12:28:21.589090 19471 txn_system_client.cc:432] TxnSystemClient initialization is disabled...
I20260630 12:28:21.591475 19471 ts_tablet_manager.cc:585] Loaded tablet metadata (0 total tablets, 0 live tablets)
I20260630 12:28:21.591666 19471 ts_tablet_manager.cc:531] Time spent load tablet metadata: real 0.000s	user 0.000s	sys 0.000s
I20260630 12:28:21.591883 19471 ts_tablet_manager.cc:616] Registered 0 tablets
I20260630 12:28:21.592025 19471 ts_tablet_manager.cc:595] Time spent register tablets: real 0.000s	user 0.000s	sys 0.000s
I20260630 12:28:21.635587 19471 rpc_server.cc:307] RPC server started. Bound to: 127.19.3.195:43465
I20260630 12:28:21.635684 21422 acceptor_pool.cc:272] collecting diagnostics on the listening RPC socket 127.19.3.195:43465 every 8 connection(s)
I20260630 12:28:21.650033 21423 heartbeater.cc:344] Connected to a master server at 127.19.3.254:36525
I20260630 12:28:21.650403 21423 heartbeater.cc:461] Registering TS with master...
I20260630 12:28:21.651170 21423 heartbeater.cc:507] Master 127.19.3.254:36525 requested a full tablet report, sending...
I20260630 12:28:21.653117 21147 ts_manager.cc:194] Registered new tserver with Master: 233306e25c7946ff9976f35ec0e95569 (127.19.3.195:43465)
I20260630 12:28:21.653596 19471 internal_mini_cluster.cc:371] 3 TS(s) registered with all masters after 0.014591484s
I20260630 12:28:21.654520 21147 master_service.cc:502] Signed X509 certificate for tserver {username='slave'} at 127.0.0.1:48878
I20260630 12:28:22.471037 21274 heartbeater.cc:499] Master 127.19.3.254:36525 was elected leader, sending a full tablet report...
I20260630 12:28:22.567411 21349 heartbeater.cc:499] Master 127.19.3.254:36525 was elected leader, sending a full tablet report...
I20260630 12:28:22.659174 21423 heartbeater.cc:499] Master 127.19.3.254:36525 was elected leader, sending a full tablet report...
I20260630 12:28:22.714238 21147 catalog_manager.cc:2283] Servicing CreateTable request from {username='slave'} at 127.0.0.1:48886:
name: "test-workload"
schema {
  columns {
    name: "key"
    type: INT32
    is_key: true
    is_nullable: false
    encoding: AUTO_ENCODING
    compression: DEFAULT_COMPRESSION
    cfile_block_size: 0
    immutable: false
  }
  columns {
    name: "int_val"
    type: INT32
    is_key: false
    is_nullable: false
    encoding: AUTO_ENCODING
    compression: DEFAULT_COMPRESSION
    cfile_block_size: 0
    immutable: false
  }
  columns {
    name: "string_val"
    type: STRING
    is_key: false
    is_nullable: true
    encoding: AUTO_ENCODING
    compression: DEFAULT_COMPRESSION
    cfile_block_size: 0
    immutable: false
  }
}
num_replicas: 3
split_rows_range_bounds {
  rows: "\004\001\000\377\377\377?""\004\001\000\377\377\377?"
  indirect_data: """"
}
partition_schema {
  range_schema {
    columns {
      name: "key"
    }
  }
}
W20260630 12:28:22.716910 21147 catalog_manager.cc:7077] The number of live tablet servers is not enough to re-replicate a tablet replica of the newly created table test-workload in case of a server failure: 4 tablet servers would be needed, 3 are available. Consider bringing up more tablet servers.
