I20260630 12:29:05.976286  1158 auto_leader_rebalancer.cc:141] leader rebalance for table range_aware_rebalance_new_range
I20260630 12:29:05.988904  1158 auto_leader_rebalancer.cc:440] table: range_aware_rebalance_new_range, leader rebalance finish, leader transfer count: 0
I20260630 12:29:05.989588  1158 auto_leader_rebalancer.cc:515] All tables' leader rebalancing finished this round
W20260630 12:29:06.141932  1153 auto_rebalancer.cc:911] Removing replace marker failed after 3 inline attempts; will retry on next rebalancer loop iteration: Service unavailable: leader transfer in progress
W20260630 12:29:06.142266  1153 auto_rebalancer.cc:920] Could not move replica: Remote error: Service unavailable: leadership transfer for 1cf6a214c560430eaf6419fc1affc635 already in progress
W20260630 12:29:06.142482  1153 auto_rebalancer.cc:340] scheduled replica move failed to complete: Remote error: Service unavailable: leadership transfer for 1cf6a214c560430eaf6419fc1affc635 already in progress
I20260630 12:29:06.173432  1779 raft_consensus.cc:993] T 1cf6a214c560430eaf6419fc1affc635 P 761159c0774541b78b7830c05fd01d5e: : Instructing follower 1ee6f577e20c4f5ca8dec48d2f3af885 to start an election
I20260630 12:29:06.173950  1680 raft_consensus.cc:1081] T 1cf6a214c560430eaf6419fc1affc635 P 761159c0774541b78b7830c05fd01d5e [term 3 LEADER]: Signalling peer 1ee6f577e20c4f5ca8dec48d2f3af885 to start an election
I20260630 12:29:06.175420  1280 tablet_service.cc:2044] Received Run Leader Election RPC: tablet_id: "1cf6a214c560430eaf6419fc1affc635"
dest_uuid: "1ee6f577e20c4f5ca8dec48d2f3af885"
 from {username='slave'} at 127.0.0.1:43420
I20260630 12:29:06.175885  1280 raft_consensus.cc:493] T 1cf6a214c560430eaf6419fc1affc635 P 1ee6f577e20c4f5ca8dec48d2f3af885 [term 3 FOLLOWER]: Starting forced leader election (received explicit request)
I20260630 12:29:06.176196  1280 raft_consensus.cc:3060] T 1cf6a214c560430eaf6419fc1affc635 P 1ee6f577e20c4f5ca8dec48d2f3af885 [term 3 FOLLOWER]: Advancing to term 4
I20260630 12:29:06.180825  1280 raft_consensus.cc:515] T 1cf6a214c560430eaf6419fc1affc635 P 1ee6f577e20c4f5ca8dec48d2f3af885 [term 4 FOLLOWER]: Starting forced leader election with config: opid_index: 3 OBSOLETE_local: false peers { permanent_uuid: "f25bde879fff4b3db4c0f59190f43f0c" member_type: VOTER last_known_addr { host: "127.29.237.65" port: 45631 } } peers { permanent_uuid: "761159c0774541b78b7830c05fd01d5e" member_type: VOTER last_known_addr { host: "127.29.237.68" port: 38429 } attrs { replace: true } } peers { permanent_uuid: "1ee6f577e20c4f5ca8dec48d2f3af885" member_type: VOTER last_known_addr { host: "127.29.237.66" port: 46521 } } peers { permanent_uuid: "ec1bd2b4de2e46c8b02d9593960a8828" member_type: NON_VOTER last_known_addr { host: "127.29.237.67" port: 34359 } attrs { promote: true } }
I20260630 12:29:06.182680  1280 leader_election.cc:290] T 1cf6a214c560430eaf6419fc1affc635 P 1ee6f577e20c4f5ca8dec48d2f3af885 [CANDIDATE]: Term 4 election: Requested vote from peers f25bde879fff4b3db4c0f59190f43f0c (127.29.237.65:45631), 761159c0774541b78b7830c05fd01d5e (127.29.237.68:38429)
I20260630 12:29:06.183830  1505 tablet_service.cc:1917] Received RequestConsensusVote() RPC: tablet_id: "1cf6a214c560430eaf6419fc1affc635" candidate_uuid: "1ee6f577e20c4f5ca8dec48d2f3af885" candidate_term: 4 candidate_status { last_received { term: 3 index: 3 } } ignore_live_leader: true dest_uuid: "761159c0774541b78b7830c05fd01d5e"
I20260630 12:29:06.184388  1505 raft_consensus.cc:3055] T 1cf6a214c560430eaf6419fc1affc635 P 761159c0774541b78b7830c05fd01d5e [term 3 LEADER]: Stepping down as leader of term 3
I20260630 12:29:06.184382  1206 tablet_service.cc:1917] Received RequestConsensusVote() RPC: tablet_id: "1cf6a214c560430eaf6419fc1affc635" candidate_uuid: "1ee6f577e20c4f5ca8dec48d2f3af885" candidate_term: 4 candidate_status { last_received { term: 3 index: 3 } } ignore_live_leader: true dest_uuid: "f25bde879fff4b3db4c0f59190f43f0c"
I20260630 12:29:06.184873  1505 raft_consensus.cc:740] T 1cf6a214c560430eaf6419fc1affc635 P 761159c0774541b78b7830c05fd01d5e [term 3 LEADER]: Becoming Follower/Learner. State: Replica: 761159c0774541b78b7830c05fd01d5e, State: Running, Role: LEADER
I20260630 12:29:06.185027  1206 raft_consensus.cc:3060] T 1cf6a214c560430eaf6419fc1affc635 P f25bde879fff4b3db4c0f59190f43f0c [term 3 FOLLOWER]: Advancing to term 4
I20260630 12:29:06.185674  1505 consensus_queue.cc:260] T 1cf6a214c560430eaf6419fc1affc635 P 761159c0774541b78b7830c05fd01d5e [NON_LEADER]: Queue going to NON_LEADER mode. State: All replicated index: 0, Majority replicated index: 3, Committed index: 3, Last appended: 3.3, Last appended by leader: 3, Current term: 3, Majority size: -1, State: 0, Mode: NON_LEADER, active raft config: opid_index: 3 OBSOLETE_local: false peers { permanent_uuid: "f25bde879fff4b3db4c0f59190f43f0c" member_type: VOTER last_known_addr { host: "127.29.237.65" port: 45631 } } peers { permanent_uuid: "761159c0774541b78b7830c05fd01d5e" member_type: VOTER last_known_addr { host: "127.29.237.68" port: 38429 } attrs { replace: true } } peers { permanent_uuid: "1ee6f577e20c4f5ca8dec48d2f3af885" member_type: VOTER last_known_addr { host: "127.29.237.66" port: 46521 } } peers { permanent_uuid: "ec1bd2b4de2e46c8b02d9593960a8828" member_type: NON_VOTER last_known_addr { host: "127.29.237.67" port: 34359 } attrs { promote: true } }
I20260630 12:29:06.187089  1505 raft_consensus.cc:3060] T 1cf6a214c560430eaf6419fc1affc635 P 761159c0774541b78b7830c05fd01d5e [term 3 FOLLOWER]: Advancing to term 4
I20260630 12:29:06.191424  1206 raft_consensus.cc:2468] T 1cf6a214c560430eaf6419fc1affc635 P f25bde879fff4b3db4c0f59190f43f0c [term 4 FOLLOWER]: Leader election vote request: Granting yes vote for candidate 1ee6f577e20c4f5ca8dec48d2f3af885 in term 4.
I20260630 12:29:06.192538  1248 leader_election.cc:304] T 1cf6a214c560430eaf6419fc1affc635 P 1ee6f577e20c4f5ca8dec48d2f3af885 [CANDIDATE]: Term 4 election: Election decided. Result: candidate won. Election summary: received 2 responses out of 3 voters: 2 yes votes; 0 no votes. yes voters: 1ee6f577e20c4f5ca8dec48d2f3af885, f25bde879fff4b3db4c0f59190f43f0c; no voters: 
I20260630 12:29:06.193223  1738 raft_consensus.cc:2804] T 1cf6a214c560430eaf6419fc1affc635 P 1ee6f577e20c4f5ca8dec48d2f3af885 [term 4 FOLLOWER]: Leader election won for term 4
I20260630 12:29:06.193311  1505 raft_consensus.cc:2468] T 1cf6a214c560430eaf6419fc1affc635 P 761159c0774541b78b7830c05fd01d5e [term 4 FOLLOWER]: Leader election vote request: Granting yes vote for candidate 1ee6f577e20c4f5ca8dec48d2f3af885 in term 4.
I20260630 12:29:06.193740  1738 raft_consensus.cc:697] T 1cf6a214c560430eaf6419fc1affc635 P 1ee6f577e20c4f5ca8dec48d2f3af885 [term 4 LEADER]: Becoming Leader. State: Replica: 1ee6f577e20c4f5ca8dec48d2f3af885, State: Running, Role: LEADER
I20260630 12:29:06.194566  1738 consensus_queue.cc:237] T 1cf6a214c560430eaf6419fc1affc635 P 1ee6f577e20c4f5ca8dec48d2f3af885 [LEADER]: Queue going to LEADER mode. State: All replicated index: 0, Majority replicated index: 3, Committed index: 3, Last appended: 3.3, Last appended by leader: 3, Current term: 4, Majority size: 2, State: 0, Mode: LEADER, active raft config: opid_index: 3 OBSOLETE_local: false peers { permanent_uuid: "f25bde879fff4b3db4c0f59190f43f0c" member_type: VOTER last_known_addr { host: "127.29.237.65" port: 45631 } } peers { permanent_uuid: "761159c0774541b78b7830c05fd01d5e" member_type: VOTER last_known_addr { host: "127.29.237.68" port: 38429 } attrs { replace: true } } peers { permanent_uuid: "1ee6f577e20c4f5ca8dec48d2f3af885" member_type: VOTER last_known_addr { host: "127.29.237.66" port: 46521 } } peers { permanent_uuid: "ec1bd2b4de2e46c8b02d9593960a8828" member_type: NON_VOTER last_known_addr { host: "127.29.237.67" port: 34359 } attrs { promote: true } }
I20260630 12:29:06.202297  1104 catalog_manager.cc:5697] T 1cf6a214c560430eaf6419fc1affc635 P 1ee6f577e20c4f5ca8dec48d2f3af885 reported cstate change: term changed from 3 to 4, leader changed from 761159c0774541b78b7830c05fd01d5e (127.29.237.68) to 1ee6f577e20c4f5ca8dec48d2f3af885 (127.29.237.66). New cstate: current_term: 4 leader_uuid: "1ee6f577e20c4f5ca8dec48d2f3af885" committed_config { opid_index: 3 OBSOLETE_local: false peers { permanent_uuid: "f25bde879fff4b3db4c0f59190f43f0c" member_type: VOTER last_known_addr { host: "127.29.237.65" port: 45631 } health_report { overall_health: UNKNOWN } } peers { permanent_uuid: "761159c0774541b78b7830c05fd01d5e" member_type: VOTER last_known_addr { host: "127.29.237.68" port: 38429 } attrs { replace: true } health_report { overall_health: UNKNOWN } } peers { permanent_uuid: "1ee6f577e20c4f5ca8dec48d2f3af885" member_type: VOTER last_known_addr { host: "127.29.237.66" port: 46521 } health_report { overall_health: HEALTHY } } peers { permanent_uuid: "ec1bd2b4de2e46c8b02d9593960a8828" member_type: NON_VOTER last_known_addr { host: "127.29.237.67" port: 34359 } attrs { promote: true } health_report { overall_health: UNKNOWN } } }
I20260630 12:29:06.384282  1789 ts_tablet_manager.cc:933] T bac9e4eac66a4d70843645915c1a2833 P 761159c0774541b78b7830c05fd01d5e: Initiating tablet copy from peer 1ee6f577e20c4f5ca8dec48d2f3af885 (127.29.237.66:46521)
I20260630 12:29:06.385907  1789 tablet_copy_client.cc:323] T bac9e4eac66a4d70843645915c1a2833 P 761159c0774541b78b7830c05fd01d5e: tablet copy: Beginning tablet copy session from remote peer at address 127.29.237.66:46521
I20260630 12:29:06.387295  1292 tablet_copy_service.cc:140] P 1ee6f577e20c4f5ca8dec48d2f3af885: Received BeginTabletCopySession request for tablet bac9e4eac66a4d70843645915c1a2833 from peer 761159c0774541b78b7830c05fd01d5e ({username='slave'} at 127.0.0.1:43420)
I20260630 12:29:06.387727  1292 tablet_copy_service.cc:161] P 1ee6f577e20c4f5ca8dec48d2f3af885: Beginning new tablet copy session on tablet bac9e4eac66a4d70843645915c1a2833 from peer 761159c0774541b78b7830c05fd01d5e at {username='slave'} at 127.0.0.1:43420: session id = 761159c0774541b78b7830c05fd01d5e-bac9e4eac66a4d70843645915c1a2833
I20260630 12:29:06.392298  1292 tablet_copy_source_session.cc:215] T bac9e4eac66a4d70843645915c1a2833 P 1ee6f577e20c4f5ca8dec48d2f3af885: Tablet Copy: opened 0 blocks and 1 log segments
I20260630 12:29:06.394706  1789 data_dirs.cc:400] Could only allocate 1 dirs of requested 3 for tablet bac9e4eac66a4d70843645915c1a2833. 1 dirs total, 0 dirs full, 0 dirs failed
I20260630 12:29:06.404277  1789 tablet_copy_client.cc:806] T bac9e4eac66a4d70843645915c1a2833 P 761159c0774541b78b7830c05fd01d5e: tablet copy: Starting download of 0 data blocks...
I20260630 12:29:06.404837  1789 tablet_copy_client.cc:670] T bac9e4eac66a4d70843645915c1a2833 P 761159c0774541b78b7830c05fd01d5e: tablet copy: Starting download of 1 WAL segments...
I20260630 12:29:06.408471  1789 tablet_copy_client.cc:538] T bac9e4eac66a4d70843645915c1a2833 P 761159c0774541b78b7830c05fd01d5e: tablet copy: Tablet Copy complete. Replacing tablet superblock.
I20260630 12:29:06.415473  1789 tablet_bootstrap.cc:492] T bac9e4eac66a4d70843645915c1a2833 P 761159c0774541b78b7830c05fd01d5e: Bootstrap starting.
I20260630 12:29:06.433658  1789 tablet_bootstrap.cc:492] T bac9e4eac66a4d70843645915c1a2833 P 761159c0774541b78b7830c05fd01d5e: Bootstrap replayed 1/1 log segments. Stats: ops{read=3 overwritten=0 applied=3 ignored=0} inserts{seen=0 ignored=0} mutations{seen=0 ignored=0} orphaned_commits=0. Pending: 0 replicates
I20260630 12:29:06.434634  1789 tablet_bootstrap.cc:492] T bac9e4eac66a4d70843645915c1a2833 P 761159c0774541b78b7830c05fd01d5e: Bootstrap complete.
I20260630 12:29:06.435429  1789 ts_tablet_manager.cc:1403] T bac9e4eac66a4d70843645915c1a2833 P 761159c0774541b78b7830c05fd01d5e: Time spent bootstrapping tablet: real 0.020s	user 0.019s	sys 0.000s
I20260630 12:29:06.438369  1789 raft_consensus.cc:359] T bac9e4eac66a4d70843645915c1a2833 P 761159c0774541b78b7830c05fd01d5e [term 2 LEARNER]: Replica starting. Triggering 0 pending ops. Active config: opid_index: 3 OBSOLETE_local: false peers { permanent_uuid: "1ee6f577e20c4f5ca8dec48d2f3af885" member_type: VOTER last_known_addr { host: "127.29.237.66" port: 46521 } } peers { permanent_uuid: "f25bde879fff4b3db4c0f59190f43f0c" member_type: VOTER last_known_addr { host: "127.29.237.65" port: 45631 } } peers { permanent_uuid: "ec1bd2b4de2e46c8b02d9593960a8828" member_type: VOTER last_known_addr { host: "127.29.237.67" port: 34359 } attrs { replace: true } } peers { permanent_uuid: "761159c0774541b78b7830c05fd01d5e" member_type: NON_VOTER last_known_addr { host: "127.29.237.68" port: 38429 } attrs { promote: true } }
I20260630 12:29:06.439217  1789 raft_consensus.cc:740] T bac9e4eac66a4d70843645915c1a2833 P 761159c0774541b78b7830c05fd01d5e [term 2 LEARNER]: Becoming Follower/Learner. State: Replica: 761159c0774541b78b7830c05fd01d5e, State: Initialized, Role: LEARNER
I20260630 12:29:06.439864  1789 consensus_queue.cc:260] T bac9e4eac66a4d70843645915c1a2833 P 761159c0774541b78b7830c05fd01d5e [NON_LEADER]: Queue going to NON_LEADER mode. State: All replicated index: 0, Majority replicated index: 0, Committed index: 3, Last appended: 2.3, Last appended by leader: 3, Current term: 0, Majority size: -1, State: 0, Mode: NON_LEADER, active raft config: opid_index: 3 OBSOLETE_local: false peers { permanent_uuid: "1ee6f577e20c4f5ca8dec48d2f3af885" member_type: VOTER last_known_addr { host: "127.29.237.66" port: 46521 } } peers { permanent_uuid: "f25bde879fff4b3db4c0f59190f43f0c" member_type: VOTER last_known_addr { host: "127.29.237.65" port: 45631 } } peers { permanent_uuid: "ec1bd2b4de2e46c8b02d9593960a8828" member_type: VOTER last_known_addr { host: "127.29.237.67" port: 34359 } attrs { replace: true } } peers { permanent_uuid: "761159c0774541b78b7830c05fd01d5e" member_type: NON_VOTER last_known_addr { host: "127.29.237.68" port: 38429 } attrs { promote: true } }
I20260630 12:29:06.444526  1789 ts_tablet_manager.cc:1434] T bac9e4eac66a4d70843645915c1a2833 P 761159c0774541b78b7830c05fd01d5e: Time spent starting tablet: real 0.009s	user 0.005s	sys 0.000s
I20260630 12:29:06.446328  1292 tablet_copy_service.cc:342] P 1ee6f577e20c4f5ca8dec48d2f3af885: Request end of tablet copy session 761159c0774541b78b7830c05fd01d5e-bac9e4eac66a4d70843645915c1a2833 received from {username='slave'} at 127.0.0.1:43420
I20260630 12:29:06.446762  1292 tablet_copy_service.cc:434] P 1ee6f577e20c4f5ca8dec48d2f3af885: ending tablet copy session 761159c0774541b78b7830c05fd01d5e-bac9e4eac66a4d70843645915c1a2833 on tablet bac9e4eac66a4d70843645915c1a2833 with peer 761159c0774541b78b7830c05fd01d5e
W20260630 12:29:06.724080  1248 consensus_peers.cc:597] T 1cf6a214c560430eaf6419fc1affc635 P 1ee6f577e20c4f5ca8dec48d2f3af885 -> Peer ec1bd2b4de2e46c8b02d9593960a8828 (127.29.237.67:34359): Couldn't send request to peer ec1bd2b4de2e46c8b02d9593960a8828. Error code: TABLET_NOT_FOUND (6). Status: Not found: Tablet not found: 1cf6a214c560430eaf6419fc1affc635. This is attempt 1: this message will repeat every 5th retry.
I20260630 12:29:06.766566  1206 raft_consensus.cc:1275] T 1cf6a214c560430eaf6419fc1affc635 P f25bde879fff4b3db4c0f59190f43f0c [term 4 FOLLOWER]: Refusing update from remote peer 1ee6f577e20c4f5ca8dec48d2f3af885: Log matching property violated. Preceding OpId in replica: term: 3 index: 3. Preceding OpId from leader: term: 4 index: 4. (index mismatch)
I20260630 12:29:06.767825  1781 consensus_queue.cc:1048] T 1cf6a214c560430eaf6419fc1affc635 P 1ee6f577e20c4f5ca8dec48d2f3af885 [LEADER]: Connected to new peer: Peer: permanent_uuid: "f25bde879fff4b3db4c0f59190f43f0c" member_type: VOTER last_known_addr { host: "127.29.237.65" port: 45631 }, Status: LMP_MISMATCH, Last received: 0.0, Next index: 4, Last known committed idx: 3, Time since last communication: 0.000s
I20260630 12:29:06.777048  1505 raft_consensus.cc:1275] T 1cf6a214c560430eaf6419fc1affc635 P 761159c0774541b78b7830c05fd01d5e [term 4 FOLLOWER]: Refusing update from remote peer 1ee6f577e20c4f5ca8dec48d2f3af885: Log matching property violated. Preceding OpId in replica: term: 3 index: 3. Preceding OpId from leader: term: 4 index: 4. (index mismatch)
I20260630 12:29:06.778265  1781 consensus_queue.cc:1048] T 1cf6a214c560430eaf6419fc1affc635 P 1ee6f577e20c4f5ca8dec48d2f3af885 [LEADER]: Connected to new peer: Peer: permanent_uuid: "761159c0774541b78b7830c05fd01d5e" member_type: VOTER last_known_addr { host: "127.29.237.68" port: 38429 } attrs { replace: true }, Status: LMP_MISMATCH, Last received: 0.0, Next index: 4, Last known committed idx: 3, Time since last communication: 0.000s
I20260630 12:29:06.797688  1505 raft_consensus.cc:1217] T bac9e4eac66a4d70843645915c1a2833 P 761159c0774541b78b7830c05fd01d5e [term 2 LEARNER]: Deduplicated request from leader. Original: 2.2->[2.3-2.3]   Dedup: 2.3->[]
I20260630 12:29:07.201113  1799 ts_tablet_manager.cc:933] T 1cf6a214c560430eaf6419fc1affc635 P ec1bd2b4de2e46c8b02d9593960a8828: Initiating tablet copy from peer 1ee6f577e20c4f5ca8dec48d2f3af885 (127.29.237.66:46521)
I20260630 12:29:07.202953  1799 tablet_copy_client.cc:323] T 1cf6a214c560430eaf6419fc1affc635 P ec1bd2b4de2e46c8b02d9593960a8828: tablet copy: Beginning tablet copy session from remote peer at address 127.29.237.66:46521
I20260630 12:29:07.204457  1292 tablet_copy_service.cc:140] P 1ee6f577e20c4f5ca8dec48d2f3af885: Received BeginTabletCopySession request for tablet 1cf6a214c560430eaf6419fc1affc635 from peer ec1bd2b4de2e46c8b02d9593960a8828 ({username='slave'} at 127.0.0.1:43408)
I20260630 12:29:07.204909  1292 tablet_copy_service.cc:161] P 1ee6f577e20c4f5ca8dec48d2f3af885: Beginning new tablet copy session on tablet 1cf6a214c560430eaf6419fc1affc635 from peer ec1bd2b4de2e46c8b02d9593960a8828 at {username='slave'} at 127.0.0.1:43408: session id = ec1bd2b4de2e46c8b02d9593960a8828-1cf6a214c560430eaf6419fc1affc635
I20260630 12:29:07.210732  1292 tablet_copy_source_session.cc:215] T 1cf6a214c560430eaf6419fc1affc635 P 1ee6f577e20c4f5ca8dec48d2f3af885: Tablet Copy: opened 0 blocks and 1 log segments
I20260630 12:29:07.213251  1799 data_dirs.cc:400] Could only allocate 1 dirs of requested 3 for tablet 1cf6a214c560430eaf6419fc1affc635. 1 dirs total, 0 dirs full, 0 dirs failed
I20260630 12:29:07.227916  1799 tablet_copy_client.cc:806] T 1cf6a214c560430eaf6419fc1affc635 P ec1bd2b4de2e46c8b02d9593960a8828: tablet copy: Starting download of 0 data blocks...
I20260630 12:29:07.228483  1799 tablet_copy_client.cc:670] T 1cf6a214c560430eaf6419fc1affc635 P ec1bd2b4de2e46c8b02d9593960a8828: tablet copy: Starting download of 1 WAL segments...
I20260630 12:29:07.231563  1799 tablet_copy_client.cc:538] T 1cf6a214c560430eaf6419fc1affc635 P ec1bd2b4de2e46c8b02d9593960a8828: tablet copy: Tablet Copy complete. Replacing tablet superblock.
I20260630 12:29:07.237165  1799 tablet_bootstrap.cc:492] T 1cf6a214c560430eaf6419fc1affc635 P ec1bd2b4de2e46c8b02d9593960a8828: Bootstrap starting.
I20260630 12:29:07.258476  1799 tablet_bootstrap.cc:492] T 1cf6a214c560430eaf6419fc1affc635 P ec1bd2b4de2e46c8b02d9593960a8828: Bootstrap replayed 1/1 log segments. Stats: ops{read=4 overwritten=0 applied=4 ignored=0} inserts{seen=0 ignored=0} mutations{seen=0 ignored=0} orphaned_commits=0. Pending: 0 replicates
I20260630 12:29:07.259447  1799 tablet_bootstrap.cc:492] T 1cf6a214c560430eaf6419fc1affc635 P ec1bd2b4de2e46c8b02d9593960a8828: Bootstrap complete.
I20260630 12:29:07.260090  1799 ts_tablet_manager.cc:1403] T 1cf6a214c560430eaf6419fc1affc635 P ec1bd2b4de2e46c8b02d9593960a8828: Time spent bootstrapping tablet: real 0.023s	user 0.011s	sys 0.012s
I20260630 12:29:07.262956  1799 raft_consensus.cc:359] T 1cf6a214c560430eaf6419fc1affc635 P ec1bd2b4de2e46c8b02d9593960a8828 [term 4 LEARNER]: Replica starting. Triggering 0 pending ops. Active config: opid_index: 3 OBSOLETE_local: false peers { permanent_uuid: "f25bde879fff4b3db4c0f59190f43f0c" member_type: VOTER last_known_addr { host: "127.29.237.65" port: 45631 } } peers { permanent_uuid: "761159c0774541b78b7830c05fd01d5e" member_type: VOTER last_known_addr { host: "127.29.237.68" port: 38429 } attrs { replace: true } } peers { permanent_uuid: "1ee6f577e20c4f5ca8dec48d2f3af885" member_type: VOTER last_known_addr { host: "127.29.237.66" port: 46521 } } peers { permanent_uuid: "ec1bd2b4de2e46c8b02d9593960a8828" member_type: NON_VOTER last_known_addr { host: "127.29.237.67" port: 34359 } attrs { promote: true } }
I20260630 12:29:07.263789  1799 raft_consensus.cc:740] T 1cf6a214c560430eaf6419fc1affc635 P ec1bd2b4de2e46c8b02d9593960a8828 [term 4 LEARNER]: Becoming Follower/Learner. State: Replica: ec1bd2b4de2e46c8b02d9593960a8828, State: Initialized, Role: LEARNER
I20260630 12:29:07.264400  1799 consensus_queue.cc:260] T 1cf6a214c560430eaf6419fc1affc635 P ec1bd2b4de2e46c8b02d9593960a8828 [NON_LEADER]: Queue going to NON_LEADER mode. State: All replicated index: 0, Majority replicated index: 0, Committed index: 4, Last appended: 4.4, Last appended by leader: 4, Current term: 0, Majority size: -1, State: 0, Mode: NON_LEADER, active raft config: opid_index: 3 OBSOLETE_local: false peers { permanent_uuid: "f25bde879fff4b3db4c0f59190f43f0c" member_type: VOTER last_known_addr { host: "127.29.237.65" port: 45631 } } peers { permanent_uuid: "761159c0774541b78b7830c05fd01d5e" member_type: VOTER last_known_addr { host: "127.29.237.68" port: 38429 } attrs { replace: true } } peers { permanent_uuid: "1ee6f577e20c4f5ca8dec48d2f3af885" member_type: VOTER last_known_addr { host: "127.29.237.66" port: 46521 } } peers { permanent_uuid: "ec1bd2b4de2e46c8b02d9593960a8828" member_type: NON_VOTER last_known_addr { host: "127.29.237.67" port: 34359 } attrs { promote: true } }
I20260630 12:29:07.266667  1799 ts_tablet_manager.cc:1434] T 1cf6a214c560430eaf6419fc1affc635 P ec1bd2b4de2e46c8b02d9593960a8828: Time spent starting tablet: real 0.006s	user 0.004s	sys 0.000s
I20260630 12:29:07.268242  1292 tablet_copy_service.cc:342] P 1ee6f577e20c4f5ca8dec48d2f3af885: Request end of tablet copy session ec1bd2b4de2e46c8b02d9593960a8828-1cf6a214c560430eaf6419fc1affc635 received from {username='slave'} at 127.0.0.1:43408
I20260630 12:29:07.268625  1292 tablet_copy_service.cc:434] P 1ee6f577e20c4f5ca8dec48d2f3af885: ending tablet copy session ec1bd2b4de2e46c8b02d9593960a8828-1cf6a214c560430eaf6419fc1affc635 on tablet 1cf6a214c560430eaf6419fc1affc635 with peer ec1bd2b4de2e46c8b02d9593960a8828
I20260630 12:29:07.278234  1795 raft_consensus.cc:1064] T bac9e4eac66a4d70843645915c1a2833 P 1ee6f577e20c4f5ca8dec48d2f3af885: attempting to promote NON_VOTER 761159c0774541b78b7830c05fd01d5e to VOTER
I20260630 12:29:07.280644  1795 consensus_queue.cc:237] T bac9e4eac66a4d70843645915c1a2833 P 1ee6f577e20c4f5ca8dec48d2f3af885 [LEADER]: Queue going to LEADER mode. State: All replicated index: 0, Majority replicated index: 3, Committed index: 3, Last appended: 2.3, Last appended by leader: 1, Current term: 2, Majority size: 3, State: 0, Mode: LEADER, active raft config: opid_index: 4 OBSOLETE_local: false peers { permanent_uuid: "1ee6f577e20c4f5ca8dec48d2f3af885" member_type: VOTER last_known_addr { host: "127.29.237.66" port: 46521 } } peers { permanent_uuid: "f25bde879fff4b3db4c0f59190f43f0c" member_type: VOTER last_known_addr { host: "127.29.237.65" port: 45631 } } peers { permanent_uuid: "ec1bd2b4de2e46c8b02d9593960a8828" member_type: VOTER last_known_addr { host: "127.29.237.67" port: 34359 } attrs { replace: true } } peers { permanent_uuid: "761159c0774541b78b7830c05fd01d5e" member_type: VOTER last_known_addr { host: "127.29.237.68" port: 38429 } attrs { promote: false } }
I20260630 12:29:07.287056  1505 raft_consensus.cc:1275] T bac9e4eac66a4d70843645915c1a2833 P 761159c0774541b78b7830c05fd01d5e [term 2 LEARNER]: Refusing update from remote peer 1ee6f577e20c4f5ca8dec48d2f3af885: Log matching property violated. Preceding OpId in replica: term: 2 index: 3. Preceding OpId from leader: term: 2 index: 4. (index mismatch)
I20260630 12:29:07.287227  1356 raft_consensus.cc:1275] T bac9e4eac66a4d70843645915c1a2833 P ec1bd2b4de2e46c8b02d9593960a8828 [term 2 FOLLOWER]: Refusing update from remote peer 1ee6f577e20c4f5ca8dec48d2f3af885: Log matching property violated. Preceding OpId in replica: term: 2 index: 3. Preceding OpId from leader: term: 2 index: 4. (index mismatch)
I20260630 12:29:07.288568  1795 consensus_queue.cc:1048] T bac9e4eac66a4d70843645915c1a2833 P 1ee6f577e20c4f5ca8dec48d2f3af885 [LEADER]: Connected to new peer: Peer: permanent_uuid: "761159c0774541b78b7830c05fd01d5e" member_type: VOTER last_known_addr { host: "127.29.237.68" port: 38429 } attrs { promote: false }, Status: LMP_MISMATCH, Last received: 0.0, Next index: 4, Last known committed idx: 3, Time since last communication: 0.001s
I20260630 12:29:07.289460  1206 raft_consensus.cc:1275] T bac9e4eac66a4d70843645915c1a2833 P f25bde879fff4b3db4c0f59190f43f0c [term 2 FOLLOWER]: Refusing update from remote peer 1ee6f577e20c4f5ca8dec48d2f3af885: Log matching property violated. Preceding OpId in replica: term: 2 index: 3. Preceding OpId from leader: term: 2 index: 4. (index mismatch)
I20260630 12:29:07.290082  1738 consensus_queue.cc:1048] T bac9e4eac66a4d70843645915c1a2833 P 1ee6f577e20c4f5ca8dec48d2f3af885 [LEADER]: Connected to new peer: Peer: permanent_uuid: "ec1bd2b4de2e46c8b02d9593960a8828" member_type: VOTER last_known_addr { host: "127.29.237.67" port: 34359 } attrs { replace: true }, Status: LMP_MISMATCH, Last received: 0.0, Next index: 4, Last known committed idx: 3, Time since last communication: 0.000s
I20260630 12:29:07.291082  1781 consensus_queue.cc:1048] T bac9e4eac66a4d70843645915c1a2833 P 1ee6f577e20c4f5ca8dec48d2f3af885 [LEADER]: Connected to new peer: Peer: permanent_uuid: "f25bde879fff4b3db4c0f59190f43f0c" member_type: VOTER last_known_addr { host: "127.29.237.65" port: 45631 }, Status: LMP_MISMATCH, Last received: 0.0, Next index: 4, Last known committed idx: 3, Time since last communication: 0.000s
I20260630 12:29:07.302800  1738 raft_consensus.cc:2955] T bac9e4eac66a4d70843645915c1a2833 P 1ee6f577e20c4f5ca8dec48d2f3af885 [term 2 LEADER]: Committing config change with OpId 2.4: config changed from index 3 to 4, 761159c0774541b78b7830c05fd01d5e (127.29.237.68) changed from NON_VOTER to VOTER. New config: { opid_index: 4 OBSOLETE_local: false peers { permanent_uuid: "1ee6f577e20c4f5ca8dec48d2f3af885" member_type: VOTER last_known_addr { host: "127.29.237.66" port: 46521 } } peers { permanent_uuid: "f25bde879fff4b3db4c0f59190f43f0c" member_type: VOTER last_known_addr { host: "127.29.237.65" port: 45631 } } peers { permanent_uuid: "ec1bd2b4de2e46c8b02d9593960a8828" member_type: VOTER last_known_addr { host: "127.29.237.67" port: 34359 } attrs { replace: true } } peers { permanent_uuid: "761159c0774541b78b7830c05fd01d5e" member_type: VOTER last_known_addr { host: "127.29.237.68" port: 38429 } attrs { promote: false } } }
I20260630 12:29:07.306527  1206 raft_consensus.cc:2955] T bac9e4eac66a4d70843645915c1a2833 P f25bde879fff4b3db4c0f59190f43f0c [term 2 FOLLOWER]: Committing config change with OpId 2.4: config changed from index 3 to 4, 761159c0774541b78b7830c05fd01d5e (127.29.237.68) changed from NON_VOTER to VOTER. New config: { opid_index: 4 OBSOLETE_local: false peers { permanent_uuid: "1ee6f577e20c4f5ca8dec48d2f3af885" member_type: VOTER last_known_addr { host: "127.29.237.66" port: 46521 } } peers { permanent_uuid: "f25bde879fff4b3db4c0f59190f43f0c" member_type: VOTER last_known_addr { host: "127.29.237.65" port: 45631 } } peers { permanent_uuid: "ec1bd2b4de2e46c8b02d9593960a8828" member_type: VOTER last_known_addr { host: "127.29.237.67" port: 34359 } attrs { replace: true } } peers { permanent_uuid: "761159c0774541b78b7830c05fd01d5e" member_type: VOTER last_known_addr { host: "127.29.237.68" port: 38429 } attrs { promote: false } } }
I20260630 12:29:07.307528  1356 raft_consensus.cc:2955] T bac9e4eac66a4d70843645915c1a2833 P ec1bd2b4de2e46c8b02d9593960a8828 [term 2 FOLLOWER]: Committing config change with OpId 2.4: config changed from index 3 to 4, 761159c0774541b78b7830c05fd01d5e (127.29.237.68) changed from NON_VOTER to VOTER. New config: { opid_index: 4 OBSOLETE_local: false peers { permanent_uuid: "1ee6f577e20c4f5ca8dec48d2f3af885" member_type: VOTER last_known_addr { host: "127.29.237.66" port: 46521 } } peers { permanent_uuid: "f25bde879fff4b3db4c0f59190f43f0c" member_type: VOTER last_known_addr { host: "127.29.237.65" port: 45631 } } peers { permanent_uuid: "ec1bd2b4de2e46c8b02d9593960a8828" member_type: VOTER last_known_addr { host: "127.29.237.67" port: 34359 } attrs { replace: true } } peers { permanent_uuid: "761159c0774541b78b7830c05fd01d5e" member_type: VOTER last_known_addr { host: "127.29.237.68" port: 38429 } attrs { promote: false } } }
I20260630 12:29:07.320576  1104 catalog_manager.cc:5697] T bac9e4eac66a4d70843645915c1a2833 P f25bde879fff4b3db4c0f59190f43f0c reported cstate change: config changed from index 3 to 4, 761159c0774541b78b7830c05fd01d5e (127.29.237.68) changed from NON_VOTER to VOTER. New cstate: current_term: 2 leader_uuid: "1ee6f577e20c4f5ca8dec48d2f3af885" committed_config { opid_index: 4 OBSOLETE_local: false peers { permanent_uuid: "1ee6f577e20c4f5ca8dec48d2f3af885" member_type: VOTER last_known_addr { host: "127.29.237.66" port: 46521 } } peers { permanent_uuid: "f25bde879fff4b3db4c0f59190f43f0c" member_type: VOTER last_known_addr { host: "127.29.237.65" port: 45631 } } peers { permanent_uuid: "ec1bd2b4de2e46c8b02d9593960a8828" member_type: VOTER last_known_addr { host: "127.29.237.67" port: 34359 } attrs { replace: true } } peers { permanent_uuid: "761159c0774541b78b7830c05fd01d5e" member_type: VOTER last_known_addr { host: "127.29.237.68" port: 38429 } attrs { promote: false } } }
I20260630 12:29:07.322556  1505 raft_consensus.cc:2955] T bac9e4eac66a4d70843645915c1a2833 P 761159c0774541b78b7830c05fd01d5e [term 2 FOLLOWER]: Committing config change with OpId 2.4: config changed from index 3 to 4, 761159c0774541b78b7830c05fd01d5e (127.29.237.68) changed from NON_VOTER to VOTER. New config: { opid_index: 4 OBSOLETE_local: false peers { permanent_uuid: "1ee6f577e20c4f5ca8dec48d2f3af885" member_type: VOTER last_known_addr { host: "127.29.237.66" port: 46521 } } peers { permanent_uuid: "f25bde879fff4b3db4c0f59190f43f0c" member_type: VOTER last_known_addr { host: "127.29.237.65" port: 45631 } } peers { permanent_uuid: "ec1bd2b4de2e46c8b02d9593960a8828" member_type: VOTER last_known_addr { host: "127.29.237.67" port: 34359 } attrs { replace: true } } peers { permanent_uuid: "761159c0774541b78b7830c05fd01d5e" member_type: VOTER last_known_addr { host: "127.29.237.68" port: 38429 } attrs { promote: false } } }
I20260630 12:29:07.347685  1280 consensus_queue.cc:237] T bac9e4eac66a4d70843645915c1a2833 P 1ee6f577e20c4f5ca8dec48d2f3af885 [LEADER]: Queue going to LEADER mode. State: All replicated index: 0, Majority replicated index: 4, Committed index: 4, Last appended: 2.4, Last appended by leader: 1, Current term: 2, Majority size: 2, State: 0, Mode: LEADER, active raft config: opid_index: 5 OBSOLETE_local: false peers { permanent_uuid: "1ee6f577e20c4f5ca8dec48d2f3af885" member_type: VOTER last_known_addr { host: "127.29.237.66" port: 46521 } } peers { permanent_uuid: "f25bde879fff4b3db4c0f59190f43f0c" member_type: VOTER last_known_addr { host: "127.29.237.65" port: 45631 } } peers { permanent_uuid: "761159c0774541b78b7830c05fd01d5e" member_type: VOTER last_known_addr { host: "127.29.237.68" port: 38429 } attrs { promote: false } }
I20260630 12:29:07.352761  1206 raft_consensus.cc:1275] T bac9e4eac66a4d70843645915c1a2833 P f25bde879fff4b3db4c0f59190f43f0c [term 2 FOLLOWER]: Refusing update from remote peer 1ee6f577e20c4f5ca8dec48d2f3af885: Log matching property violated. Preceding OpId in replica: term: 2 index: 4. Preceding OpId from leader: term: 2 index: 5. (index mismatch)
I20260630 12:29:07.352763  1505 raft_consensus.cc:1275] T bac9e4eac66a4d70843645915c1a2833 P 761159c0774541b78b7830c05fd01d5e [term 2 FOLLOWER]: Refusing update from remote peer 1ee6f577e20c4f5ca8dec48d2f3af885: Log matching property violated. Preceding OpId in replica: term: 2 index: 4. Preceding OpId from leader: term: 2 index: 5. (index mismatch)
I20260630 12:29:07.354031  1781 consensus_queue.cc:1048] T bac9e4eac66a4d70843645915c1a2833 P 1ee6f577e20c4f5ca8dec48d2f3af885 [LEADER]: Connected to new peer: Peer: permanent_uuid: "f25bde879fff4b3db4c0f59190f43f0c" member_type: VOTER last_known_addr { host: "127.29.237.65" port: 45631 }, Status: LMP_MISMATCH, Last received: 0.0, Next index: 5, Last known committed idx: 4, Time since last communication: 0.000s
I20260630 12:29:07.355597  1738 consensus_queue.cc:1048] T bac9e4eac66a4d70843645915c1a2833 P 1ee6f577e20c4f5ca8dec48d2f3af885 [LEADER]: Connected to new peer: Peer: permanent_uuid: "761159c0774541b78b7830c05fd01d5e" member_type: VOTER last_known_addr { host: "127.29.237.68" port: 38429 } attrs { promote: false }, Status: LMP_MISMATCH, Last received: 0.0, Next index: 5, Last known committed idx: 4, Time since last communication: 0.000s
I20260630 12:29:07.361410  1738 raft_consensus.cc:2955] T bac9e4eac66a4d70843645915c1a2833 P 1ee6f577e20c4f5ca8dec48d2f3af885 [term 2 LEADER]: Committing config change with OpId 2.5: config changed from index 4 to 5, VOTER ec1bd2b4de2e46c8b02d9593960a8828 (127.29.237.67) evicted. New config: { opid_index: 5 OBSOLETE_local: false peers { permanent_uuid: "1ee6f577e20c4f5ca8dec48d2f3af885" member_type: VOTER last_known_addr { host: "127.29.237.66" port: 46521 } } peers { permanent_uuid: "f25bde879fff4b3db4c0f59190f43f0c" member_type: VOTER last_known_addr { host: "127.29.237.65" port: 45631 } } peers { permanent_uuid: "761159c0774541b78b7830c05fd01d5e" member_type: VOTER last_known_addr { host: "127.29.237.68" port: 38429 } attrs { promote: false } } }
I20260630 12:29:07.362263  1206 raft_consensus.cc:2955] T bac9e4eac66a4d70843645915c1a2833 P f25bde879fff4b3db4c0f59190f43f0c [term 2 FOLLOWER]: Committing config change with OpId 2.5: config changed from index 4 to 5, VOTER ec1bd2b4de2e46c8b02d9593960a8828 (127.29.237.67) evicted. New config: { opid_index: 5 OBSOLETE_local: false peers { permanent_uuid: "1ee6f577e20c4f5ca8dec48d2f3af885" member_type: VOTER last_known_addr { host: "127.29.237.66" port: 46521 } } peers { permanent_uuid: "f25bde879fff4b3db4c0f59190f43f0c" member_type: VOTER last_known_addr { host: "127.29.237.65" port: 45631 } } peers { permanent_uuid: "761159c0774541b78b7830c05fd01d5e" member_type: VOTER last_known_addr { host: "127.29.237.68" port: 38429 } attrs { promote: false } } }
I20260630 12:29:07.365382  1504 raft_consensus.cc:2955] T bac9e4eac66a4d70843645915c1a2833 P 761159c0774541b78b7830c05fd01d5e [term 2 FOLLOWER]: Committing config change with OpId 2.5: config changed from index 4 to 5, VOTER ec1bd2b4de2e46c8b02d9593960a8828 (127.29.237.67) evicted. New config: { opid_index: 5 OBSOLETE_local: false peers { permanent_uuid: "1ee6f577e20c4f5ca8dec48d2f3af885" member_type: VOTER last_known_addr { host: "127.29.237.66" port: 46521 } } peers { permanent_uuid: "f25bde879fff4b3db4c0f59190f43f0c" member_type: VOTER last_known_addr { host: "127.29.237.65" port: 45631 } } peers { permanent_uuid: "761159c0774541b78b7830c05fd01d5e" member_type: VOTER last_known_addr { host: "127.29.237.68" port: 38429 } attrs { promote: false } } }
I20260630 12:29:07.372740  1092 catalog_manager.cc:5210] ChangeConfig:REMOVE_PEER RPC for tablet bac9e4eac66a4d70843645915c1a2833 with cas_config_opid_index 4: ChangeConfig:REMOVE_PEER succeeded (attempt 1)
I20260630 12:29:07.376695  1101 catalog_manager.cc:5697] T bac9e4eac66a4d70843645915c1a2833 P 1ee6f577e20c4f5ca8dec48d2f3af885 reported cstate change: config changed from index 4 to 5, VOTER ec1bd2b4de2e46c8b02d9593960a8828 (127.29.237.67) evicted. New cstate: current_term: 2 leader_uuid: "1ee6f577e20c4f5ca8dec48d2f3af885" committed_config { opid_index: 5 OBSOLETE_local: false peers { permanent_uuid: "1ee6f577e20c4f5ca8dec48d2f3af885" member_type: VOTER last_known_addr { host: "127.29.237.66" port: 46521 } health_report { overall_health: HEALTHY } } peers { permanent_uuid: "f25bde879fff4b3db4c0f59190f43f0c" member_type: VOTER last_known_addr { host: "127.29.237.65" port: 45631 } health_report { overall_health: HEALTHY } } peers { permanent_uuid: "761159c0774541b78b7830c05fd01d5e" member_type: VOTER last_known_addr { host: "127.29.237.68" port: 38429 } attrs { promote: false } health_report { overall_health: HEALTHY } } }
I20260630 12:29:07.387616  1346 tablet_service.cc:1558] Processing DeleteTablet for tablet bac9e4eac66a4d70843645915c1a2833 with delete_type TABLET_DATA_TOMBSTONED (TS ec1bd2b4de2e46c8b02d9593960a8828 not found in new config with opid_index 5) from {username='slave'} at 127.0.0.1:35956
I20260630 12:29:07.389468  1810 tablet_replica.cc:333] T bac9e4eac66a4d70843645915c1a2833 P ec1bd2b4de2e46c8b02d9593960a8828: stopping tablet replica
I20260630 12:29:07.390379  1810 raft_consensus.cc:2243] T bac9e4eac66a4d70843645915c1a2833 P ec1bd2b4de2e46c8b02d9593960a8828 [term 2 FOLLOWER]: Raft consensus shutting down.
I20260630 12:29:07.390899  1810 raft_consensus.cc:2272] T bac9e4eac66a4d70843645915c1a2833 P ec1bd2b4de2e46c8b02d9593960a8828 [term 2 FOLLOWER]: Raft consensus is shut down!
I20260630 12:29:07.393965  1810 ts_tablet_manager.cc:1916] T bac9e4eac66a4d70843645915c1a2833 P ec1bd2b4de2e46c8b02d9593960a8828: Deleting tablet data with delete state TABLET_DATA_TOMBSTONED
I20260630 12:29:07.404351  1810 ts_tablet_manager.cc:1929] T bac9e4eac66a4d70843645915c1a2833 P ec1bd2b4de2e46c8b02d9593960a8828: tablet deleted with delete type TABLET_DATA_TOMBSTONED: last-logged OpId 2.4
I20260630 12:29:07.404681  1810 log.cc:1199] T bac9e4eac66a4d70843645915c1a2833 P ec1bd2b4de2e46c8b02d9593960a8828: Deleting WAL directory at /tmp/dist-test-task_dPxw8/test-tmp/auto_rebalancer-test.0.AutoRebalancerTest.RangeAwareRebalancesNewRangeReplicas.1782822447450046-30645-0/minicluster-data/ts-2-root/wals/bac9e4eac66a4d70843645915c1a2833
I20260630 12:29:07.405977  1092 catalog_manager.cc:5028] TS ec1bd2b4de2e46c8b02d9593960a8828 (127.29.237.67:34359): tablet bac9e4eac66a4d70843645915c1a2833 (table range_aware_rebalance_new_range [id=e4ca134e53544487ad714421d2dd8722]) successfully deleted
I20260630 12:29:07.770467  1356 raft_consensus.cc:1217] T 1cf6a214c560430eaf6419fc1affc635 P ec1bd2b4de2e46c8b02d9593960a8828 [term 4 LEARNER]: Deduplicated request from leader. Original: 3.3->[4.4-4.4]   Dedup: 4.4->[]
I20260630 12:29:07.990479  1158 auto_leader_rebalancer.cc:141] leader rebalance for table range_aware_rebalance_new_range
I20260630 12:29:08.002427  1280 tablet_service.cc:2072] Received LeaderStepDown RPC: tablet_id: "e09b94a87e874af2908310a583dc0438"
dest_uuid: "1ee6f577e20c4f5ca8dec48d2f3af885"
mode: GRACEFUL
new_leader_uuid: "761159c0774541b78b7830c05fd01d5e"
 from {username='slave'} at 127.0.0.1:43428
I20260630 12:29:08.003283  1280 raft_consensus.cc:606] T e09b94a87e874af2908310a583dc0438 P 1ee6f577e20c4f5ca8dec48d2f3af885 [term 1 LEADER]: Received request to transfer leadership to TS 761159c0774541b78b7830c05fd01d5e
I20260630 12:29:08.004681  1158 auto_leader_rebalancer.cc:440] table: range_aware_rebalance_new_range, leader rebalance finish, leader transfer count: 1
I20260630 12:29:08.005264  1158 auto_leader_rebalancer.cc:515] All tables' leader rebalancing finished this round
I20260630 12:29:08.135939  1781 raft_consensus.cc:993] T e09b94a87e874af2908310a583dc0438 P 1ee6f577e20c4f5ca8dec48d2f3af885: : Instructing follower 761159c0774541b78b7830c05fd01d5e to start an election
I20260630 12:29:08.136644  1738 raft_consensus.cc:1081] T e09b94a87e874af2908310a583dc0438 P 1ee6f577e20c4f5ca8dec48d2f3af885 [term 1 LEADER]: Signalling peer 761159c0774541b78b7830c05fd01d5e to start an election
I20260630 12:29:08.138582  1504 tablet_service.cc:2044] Received Run Leader Election RPC: tablet_id: "e09b94a87e874af2908310a583dc0438"
dest_uuid: "761159c0774541b78b7830c05fd01d5e"
 from {username='slave'} at 127.0.0.1:34158
I20260630 12:29:08.139495  1504 raft_consensus.cc:493] T e09b94a87e874af2908310a583dc0438 P 761159c0774541b78b7830c05fd01d5e [term 1 FOLLOWER]: Starting forced leader election (received explicit request)
I20260630 12:29:08.139976  1504 raft_consensus.cc:3060] T e09b94a87e874af2908310a583dc0438 P 761159c0774541b78b7830c05fd01d5e [term 1 FOLLOWER]: Advancing to term 2
I20260630 12:29:08.150089  1504 raft_consensus.cc:515] T e09b94a87e874af2908310a583dc0438 P 761159c0774541b78b7830c05fd01d5e [term 2 FOLLOWER]: Starting forced leader election with config: opid_index: 4 OBSOLETE_local: false peers { permanent_uuid: "1ee6f577e20c4f5ca8dec48d2f3af885" member_type: VOTER last_known_addr { host: "127.29.237.66" port: 46521 } } peers { permanent_uuid: "ec1bd2b4de2e46c8b02d9593960a8828" member_type: VOTER last_known_addr { host: "127.29.237.67" port: 34359 } } peers { permanent_uuid: "761159c0774541b78b7830c05fd01d5e" member_type: VOTER last_known_addr { host: "127.29.237.68" port: 38429 } attrs { promote: false } }
I20260630 12:29:08.153031  1504 leader_election.cc:290] T e09b94a87e874af2908310a583dc0438 P 761159c0774541b78b7830c05fd01d5e [CANDIDATE]: Term 2 election: Requested vote from peers 1ee6f577e20c4f5ca8dec48d2f3af885 (127.29.237.66:46521), ec1bd2b4de2e46c8b02d9593960a8828 (127.29.237.67:34359)
I20260630 12:29:08.154708  1280 tablet_service.cc:1917] Received RequestConsensusVote() RPC: tablet_id: "e09b94a87e874af2908310a583dc0438" candidate_uuid: "761159c0774541b78b7830c05fd01d5e" candidate_term: 2 candidate_status { last_received { term: 1 index: 4 } } ignore_live_leader: true dest_uuid: "1ee6f577e20c4f5ca8dec48d2f3af885"
I20260630 12:29:08.155186  1356 tablet_service.cc:1917] Received RequestConsensusVote() RPC: tablet_id: "e09b94a87e874af2908310a583dc0438" candidate_uuid: "761159c0774541b78b7830c05fd01d5e" candidate_term: 2 candidate_status { last_received { term: 1 index: 4 } } ignore_live_leader: true dest_uuid: "ec1bd2b4de2e46c8b02d9593960a8828"
I20260630 12:29:08.155792  1356 raft_consensus.cc:3060] T e09b94a87e874af2908310a583dc0438 P ec1bd2b4de2e46c8b02d9593960a8828 [term 1 FOLLOWER]: Advancing to term 2
I20260630 12:29:08.155773  1280 raft_consensus.cc:3055] T e09b94a87e874af2908310a583dc0438 P 1ee6f577e20c4f5ca8dec48d2f3af885 [term 1 LEADER]: Stepping down as leader of term 1
I20260630 12:29:08.156370  1280 raft_consensus.cc:740] T e09b94a87e874af2908310a583dc0438 P 1ee6f577e20c4f5ca8dec48d2f3af885 [term 1 LEADER]: Becoming Follower/Learner. State: Replica: 1ee6f577e20c4f5ca8dec48d2f3af885, State: Running, Role: LEADER
I20260630 12:29:08.157186  1280 consensus_queue.cc:260] T e09b94a87e874af2908310a583dc0438 P 1ee6f577e20c4f5ca8dec48d2f3af885 [NON_LEADER]: Queue going to NON_LEADER mode. State: All replicated index: 0, Majority replicated index: 4, Committed index: 4, Last appended: 1.4, Last appended by leader: 4, Current term: 1, Majority size: -1, State: 0, Mode: NON_LEADER, active raft config: opid_index: 4 OBSOLETE_local: false peers { permanent_uuid: "1ee6f577e20c4f5ca8dec48d2f3af885" member_type: VOTER last_known_addr { host: "127.29.237.66" port: 46521 } } peers { permanent_uuid: "ec1bd2b4de2e46c8b02d9593960a8828" member_type: VOTER last_known_addr { host: "127.29.237.67" port: 34359 } } peers { permanent_uuid: "761159c0774541b78b7830c05fd01d5e" member_type: VOTER last_known_addr { host: "127.29.237.68" port: 38429 } attrs { promote: false } }
I20260630 12:29:08.158192  1280 raft_consensus.cc:3060] T e09b94a87e874af2908310a583dc0438 P 1ee6f577e20c4f5ca8dec48d2f3af885 [term 1 FOLLOWER]: Advancing to term 2
I20260630 12:29:08.164116  1356 raft_consensus.cc:2468] T e09b94a87e874af2908310a583dc0438 P ec1bd2b4de2e46c8b02d9593960a8828 [term 2 FOLLOWER]: Leader election vote request: Granting yes vote for candidate 761159c0774541b78b7830c05fd01d5e in term 2.
I20260630 12:29:08.165360  1473 leader_election.cc:304] T e09b94a87e874af2908310a583dc0438 P 761159c0774541b78b7830c05fd01d5e [CANDIDATE]: Term 2 election: Election decided. Result: candidate won. Election summary: received 2 responses out of 3 voters: 2 yes votes; 0 no votes. yes voters: 761159c0774541b78b7830c05fd01d5e, ec1bd2b4de2e46c8b02d9593960a8828; no voters: 
I20260630 12:29:08.165481  1280 raft_consensus.cc:2468] T e09b94a87e874af2908310a583dc0438 P 1ee6f577e20c4f5ca8dec48d2f3af885 [term 2 FOLLOWER]: Leader election vote request: Granting yes vote for candidate 761159c0774541b78b7830c05fd01d5e in term 2.
I20260630 12:29:08.166316  1680 raft_consensus.cc:2804] T e09b94a87e874af2908310a583dc0438 P 761159c0774541b78b7830c05fd01d5e [term 2 FOLLOWER]: Leader election won for term 2
I20260630 12:29:08.167387  1680 raft_consensus.cc:697] T e09b94a87e874af2908310a583dc0438 P 761159c0774541b78b7830c05fd01d5e [term 2 LEADER]: Becoming Leader. State: Replica: 761159c0774541b78b7830c05fd01d5e, State: Running, Role: LEADER
I20260630 12:29:08.168515  1680 consensus_queue.cc:237] T e09b94a87e874af2908310a583dc0438 P 761159c0774541b78b7830c05fd01d5e [LEADER]: Queue going to LEADER mode. State: All replicated index: 0, Majority replicated index: 4, Committed index: 4, Last appended: 1.4, Last appended by leader: 4, Current term: 2, Majority size: 2, State: 0, Mode: LEADER, active raft config: opid_index: 4 OBSOLETE_local: false peers { permanent_uuid: "1ee6f577e20c4f5ca8dec48d2f3af885" member_type: VOTER last_known_addr { host: "127.29.237.66" port: 46521 } } peers { permanent_uuid: "ec1bd2b4de2e46c8b02d9593960a8828" member_type: VOTER last_known_addr { host: "127.29.237.67" port: 34359 } } peers { permanent_uuid: "761159c0774541b78b7830c05fd01d5e" member_type: VOTER last_known_addr { host: "127.29.237.68" port: 38429 } attrs { promote: false } }
I20260630 12:29:08.177125  1105 catalog_manager.cc:5697] T e09b94a87e874af2908310a583dc0438 P 761159c0774541b78b7830c05fd01d5e reported cstate change: term changed from 1 to 2, leader changed from 1ee6f577e20c4f5ca8dec48d2f3af885 (127.29.237.66) to 761159c0774541b78b7830c05fd01d5e (127.29.237.68). New cstate: current_term: 2 leader_uuid: "761159c0774541b78b7830c05fd01d5e" committed_config { opid_index: 4 OBSOLETE_local: false peers { permanent_uuid: "1ee6f577e20c4f5ca8dec48d2f3af885" member_type: VOTER last_known_addr { host: "127.29.237.66" port: 46521 } health_report { overall_health: UNKNOWN } } peers { permanent_uuid: "ec1bd2b4de2e46c8b02d9593960a8828" member_type: VOTER last_known_addr { host: "127.29.237.67" port: 34359 } health_report { overall_health: UNKNOWN } } peers { permanent_uuid: "761159c0774541b78b7830c05fd01d5e" member_type: VOTER last_known_addr { host: "127.29.237.68" port: 38429 } attrs { promote: false } health_report { overall_health: HEALTHY } } }
I20260630 12:29:08.332453  1738 raft_consensus.cc:1064] T 1cf6a214c560430eaf6419fc1affc635 P 1ee6f577e20c4f5ca8dec48d2f3af885: attempting to promote NON_VOTER ec1bd2b4de2e46c8b02d9593960a8828 to VOTER
I20260630 12:29:08.334466  1738 consensus_queue.cc:237] T 1cf6a214c560430eaf6419fc1affc635 P 1ee6f577e20c4f5ca8dec48d2f3af885 [LEADER]: Queue going to LEADER mode. State: All replicated index: 0, Majority replicated index: 4, Committed index: 4, Last appended: 4.4, Last appended by leader: 3, Current term: 4, Majority size: 3, State: 0, Mode: LEADER, active raft config: opid_index: 5 OBSOLETE_local: false peers { permanent_uuid: "f25bde879fff4b3db4c0f59190f43f0c" member_type: VOTER last_known_addr { host: "127.29.237.65" port: 45631 } } peers { permanent_uuid: "761159c0774541b78b7830c05fd01d5e" member_type: VOTER last_known_addr { host: "127.29.237.68" port: 38429 } attrs { replace: true } } peers { permanent_uuid: "1ee6f577e20c4f5ca8dec48d2f3af885" member_type: VOTER last_known_addr { host: "127.29.237.66" port: 46521 } } peers { permanent_uuid: "ec1bd2b4de2e46c8b02d9593960a8828" member_type: VOTER last_known_addr { host: "127.29.237.67" port: 34359 } attrs { promote: false } }
I20260630 12:29:08.339919  1356 raft_consensus.cc:1275] T 1cf6a214c560430eaf6419fc1affc635 P ec1bd2b4de2e46c8b02d9593960a8828 [term 4 LEARNER]: Refusing update from remote peer 1ee6f577e20c4f5ca8dec48d2f3af885: Log matching property violated. Preceding OpId in replica: term: 4 index: 4. Preceding OpId from leader: term: 4 index: 5. (index mismatch)
I20260630 12:29:08.340766  1504 raft_consensus.cc:1275] T 1cf6a214c560430eaf6419fc1affc635 P 761159c0774541b78b7830c05fd01d5e [term 4 FOLLOWER]: Refusing update from remote peer 1ee6f577e20c4f5ca8dec48d2f3af885: Log matching property violated. Preceding OpId in replica: term: 4 index: 4. Preceding OpId from leader: term: 4 index: 5. (index mismatch)
I20260630 12:29:08.341136  1738 consensus_queue.cc:1048] T 1cf6a214c560430eaf6419fc1affc635 P 1ee6f577e20c4f5ca8dec48d2f3af885 [LEADER]: Connected to new peer: Peer: permanent_uuid: "ec1bd2b4de2e46c8b02d9593960a8828" member_type: VOTER last_known_addr { host: "127.29.237.67" port: 34359 } attrs { promote: false }, Status: LMP_MISMATCH, Last received: 0.0, Next index: 5, Last known committed idx: 4, Time since last communication: 0.000s
I20260630 12:29:08.341849  1206 raft_consensus.cc:1275] T 1cf6a214c560430eaf6419fc1affc635 P f25bde879fff4b3db4c0f59190f43f0c [term 4 FOLLOWER]: Refusing update from remote peer 1ee6f577e20c4f5ca8dec48d2f3af885: Log matching property violated. Preceding OpId in replica: term: 4 index: 4. Preceding OpId from leader: term: 4 index: 5. (index mismatch)
I20260630 12:29:08.342131  1781 consensus_queue.cc:1048] T 1cf6a214c560430eaf6419fc1affc635 P 1ee6f577e20c4f5ca8dec48d2f3af885 [LEADER]: Connected to new peer: Peer: permanent_uuid: "761159c0774541b78b7830c05fd01d5e" member_type: VOTER last_known_addr { host: "127.29.237.68" port: 38429 } attrs { replace: true }, Status: LMP_MISMATCH, Last received: 0.0, Next index: 5, Last known committed idx: 4, Time since last communication: 0.000s
