I20260630 12:28:35.600672  1218 catalog_manager.cc:5697] T 620f53a8dbd84431846bc4b306f302c2 P 77e142e9bb114163ab73d2c570ece40e reported cstate change: config changed from index 2 to 3, a86bc9d5447242118719eac4551c41c1 (127.30.22.196) changed from NON_VOTER to VOTER. New cstate: current_term: 1 leader_uuid: "77e142e9bb114163ab73d2c570ece40e" committed_config { opid_index: 3 OBSOLETE_local: false peers { permanent_uuid: "7d63b045a5674275956df016977b758d" member_type: VOTER last_known_addr { host: "127.30.22.193" port: 46055 } attrs { replace: true } health_report { overall_health: HEALTHY } } peers { permanent_uuid: "6cffe5be6c1c48bb915b53597fde344c" member_type: VOTER last_known_addr { host: "127.30.22.195" port: 33993 } health_report { overall_health: HEALTHY } } peers { permanent_uuid: "77e142e9bb114163ab73d2c570ece40e" member_type: VOTER last_known_addr { host: "127.30.22.194" port: 43365 } health_report { overall_health: HEALTHY } } peers { permanent_uuid: "a86bc9d5447242118719eac4551c41c1" member_type: VOTER last_known_addr { host: "127.30.22.196" port: 39169 } attrs { promote: false } health_report { overall_health: UNKNOWN } } }
I20260630 12:28:35.605230  1467 tablet_service.cc:1917] Received RequestConsensusVote() RPC: tablet_id: "9993584c019048d78b1f2d3b42a93021" candidate_uuid: "77e142e9bb114163ab73d2c570ece40e" candidate_term: 2 candidate_status { last_received { term: 1 index: 1 } } ignore_live_leader: true dest_uuid: "6cffe5be6c1c48bb915b53597fde344c"
I20260630 12:28:35.608827  1467 raft_consensus.cc:3060] T 9993584c019048d78b1f2d3b42a93021 P 6cffe5be6c1c48bb915b53597fde344c [term 1 FOLLOWER]: Advancing to term 2
I20260630 12:28:35.605826  1397 leader_election.cc:290] T 9993584c019048d78b1f2d3b42a93021 P 77e142e9bb114163ab73d2c570ece40e [CANDIDATE]: Term 2 election: Requested vote from peers 7d63b045a5674275956df016977b758d (127.30.22.193:46055), 6cffe5be6c1c48bb915b53597fde344c (127.30.22.195:33993)
I20260630 12:28:35.617873  1320 raft_consensus.cc:2468] T 9993584c019048d78b1f2d3b42a93021 P 7d63b045a5674275956df016977b758d [term 2 FOLLOWER]: Leader election vote request: Granting yes vote for candidate 77e142e9bb114163ab73d2c570ece40e in term 2.
I20260630 12:28:35.619078  1360 leader_election.cc:304] T 9993584c019048d78b1f2d3b42a93021 P 77e142e9bb114163ab73d2c570ece40e [CANDIDATE]: Term 2 election: Election decided. Result: candidate won. Election summary: received 2 responses out of 3 voters: 2 yes votes; 0 no votes. yes voters: 77e142e9bb114163ab73d2c570ece40e, 7d63b045a5674275956df016977b758d; no voters: 
I20260630 12:28:35.620124  1523 raft_consensus.cc:2804] T 9993584c019048d78b1f2d3b42a93021 P 77e142e9bb114163ab73d2c570ece40e [term 2 FOLLOWER]: Leader election won for term 2
I20260630 12:28:35.620622  1523 raft_consensus.cc:697] T 9993584c019048d78b1f2d3b42a93021 P 77e142e9bb114163ab73d2c570ece40e [term 2 LEADER]: Becoming Leader. State: Replica: 77e142e9bb114163ab73d2c570ece40e, State: Running, Role: LEADER
I20260630 12:28:35.621348  1523 consensus_queue.cc:237] T 9993584c019048d78b1f2d3b42a93021 P 77e142e9bb114163ab73d2c570ece40e [LEADER]: Queue going to LEADER mode. State: All replicated index: 0, Majority replicated index: 1, Committed index: 1, Last appended: 1.1, Last appended by leader: 1, Current term: 2, Majority size: 2, State: 0, Mode: LEADER, active raft config: opid_index: -1 OBSOLETE_local: false peers { permanent_uuid: "7d63b045a5674275956df016977b758d" member_type: VOTER last_known_addr { host: "127.30.22.193" port: 46055 } } peers { permanent_uuid: "77e142e9bb114163ab73d2c570ece40e" member_type: VOTER last_known_addr { host: "127.30.22.194" port: 43365 } } peers { permanent_uuid: "6cffe5be6c1c48bb915b53597fde344c" member_type: VOTER last_known_addr { host: "127.30.22.195" port: 33993 } }
I20260630 12:28:35.615145  1467 raft_consensus.cc:2468] T 9993584c019048d78b1f2d3b42a93021 P 6cffe5be6c1c48bb915b53597fde344c [term 2 FOLLOWER]: Leader election vote request: Granting yes vote for candidate 77e142e9bb114163ab73d2c570ece40e in term 2.
I20260630 12:28:35.631130  1619 raft_consensus.cc:2955] T 620f53a8dbd84431846bc4b306f302c2 P a86bc9d5447242118719eac4551c41c1 [term 1 FOLLOWER]: Committing config change with OpId 1.3: config changed from index 2 to 3, a86bc9d5447242118719eac4551c41c1 (127.30.22.196) changed from NON_VOTER to VOTER. New config: { opid_index: 3 OBSOLETE_local: false peers { permanent_uuid: "7d63b045a5674275956df016977b758d" member_type: VOTER last_known_addr { host: "127.30.22.193" port: 46055 } attrs { replace: true } } peers { permanent_uuid: "6cffe5be6c1c48bb915b53597fde344c" member_type: VOTER last_known_addr { host: "127.30.22.195" port: 33993 } } peers { permanent_uuid: "77e142e9bb114163ab73d2c570ece40e" member_type: VOTER last_known_addr { host: "127.30.22.194" port: 43365 } } peers { permanent_uuid: "a86bc9d5447242118719eac4551c41c1" member_type: VOTER last_known_addr { host: "127.30.22.196" port: 39169 } attrs { promote: false } } }
I20260630 12:28:35.634470  1218 catalog_manager.cc:5697] T 9993584c019048d78b1f2d3b42a93021 P 77e142e9bb114163ab73d2c570ece40e reported cstate change: term changed from 1 to 2, leader changed from 7d63b045a5674275956df016977b758d (127.30.22.193) to 77e142e9bb114163ab73d2c570ece40e (127.30.22.194). New cstate: current_term: 2 leader_uuid: "77e142e9bb114163ab73d2c570ece40e" committed_config { opid_index: -1 OBSOLETE_local: false peers { permanent_uuid: "7d63b045a5674275956df016977b758d" member_type: VOTER last_known_addr { host: "127.30.22.193" port: 46055 } health_report { overall_health: UNKNOWN } } peers { permanent_uuid: "77e142e9bb114163ab73d2c570ece40e" member_type: VOTER last_known_addr { host: "127.30.22.194" port: 43365 } health_report { overall_health: HEALTHY } } peers { permanent_uuid: "6cffe5be6c1c48bb915b53597fde344c" member_type: VOTER last_known_addr { host: "127.30.22.195" port: 33993 } health_report { overall_health: UNKNOWN } } }
I20260630 12:28:35.655006  1397 consensus_queue.cc:237] T 620f53a8dbd84431846bc4b306f302c2 P 77e142e9bb114163ab73d2c570ece40e [LEADER]: Queue going to LEADER mode. State: All replicated index: 0, Majority replicated index: 3, Committed index: 3, Last appended: 1.3, Last appended by leader: 0, Current term: 1, Majority size: 2, State: 0, Mode: LEADER, active raft config: opid_index: 4 OBSOLETE_local: false peers { permanent_uuid: "6cffe5be6c1c48bb915b53597fde344c" member_type: VOTER last_known_addr { host: "127.30.22.195" port: 33993 } } peers { permanent_uuid: "77e142e9bb114163ab73d2c570ece40e" member_type: VOTER last_known_addr { host: "127.30.22.194" port: 43365 } } peers { permanent_uuid: "a86bc9d5447242118719eac4551c41c1" member_type: VOTER last_known_addr { host: "127.30.22.196" port: 39169 } attrs { promote: false } }
I20260630 12:28:35.659672  1619 raft_consensus.cc:1275] T 620f53a8dbd84431846bc4b306f302c2 P a86bc9d5447242118719eac4551c41c1 [term 1 FOLLOWER]: Refusing update from remote peer 77e142e9bb114163ab73d2c570ece40e: Log matching property violated. Preceding OpId in replica: term: 1 index: 3. Preceding OpId from leader: term: 1 index: 4. (index mismatch)
I20260630 12:28:35.660597  1467 raft_consensus.cc:1275] T 620f53a8dbd84431846bc4b306f302c2 P 6cffe5be6c1c48bb915b53597fde344c [term 1 FOLLOWER]: Refusing update from remote peer 77e142e9bb114163ab73d2c570ece40e: Log matching property violated. Preceding OpId in replica: term: 1 index: 3. Preceding OpId from leader: term: 1 index: 4. (index mismatch)
I20260630 12:28:35.661168  1523 consensus_queue.cc:1048] T 620f53a8dbd84431846bc4b306f302c2 P 77e142e9bb114163ab73d2c570ece40e [LEADER]: Connected to new peer: Peer: permanent_uuid: "a86bc9d5447242118719eac4551c41c1" member_type: VOTER last_known_addr { host: "127.30.22.196" port: 39169 } attrs { promote: false }, Status: LMP_MISMATCH, Last received: 0.0, Next index: 4, Last known committed idx: 3, Time since last communication: 0.001s
I20260630 12:28:35.662070  1791 consensus_queue.cc:1048] T 620f53a8dbd84431846bc4b306f302c2 P 77e142e9bb114163ab73d2c570ece40e [LEADER]: Connected to new peer: Peer: permanent_uuid: "6cffe5be6c1c48bb915b53597fde344c" member_type: VOTER last_known_addr { host: "127.30.22.195" port: 33993 }, Status: LMP_MISMATCH, Last received: 0.0, Next index: 4, Last known committed idx: 3, Time since last communication: 0.000s
I20260630 12:28:35.667910  1790 raft_consensus.cc:2955] T 620f53a8dbd84431846bc4b306f302c2 P 77e142e9bb114163ab73d2c570ece40e [term 1 LEADER]: Committing config change with OpId 1.4: config changed from index 3 to 4, VOTER 7d63b045a5674275956df016977b758d (127.30.22.193) evicted. New config: { opid_index: 4 OBSOLETE_local: false peers { permanent_uuid: "6cffe5be6c1c48bb915b53597fde344c" member_type: VOTER last_known_addr { host: "127.30.22.195" port: 33993 } } peers { permanent_uuid: "77e142e9bb114163ab73d2c570ece40e" member_type: VOTER last_known_addr { host: "127.30.22.194" port: 43365 } } peers { permanent_uuid: "a86bc9d5447242118719eac4551c41c1" member_type: VOTER last_known_addr { host: "127.30.22.196" port: 39169 } attrs { promote: false } } }
I20260630 12:28:35.669667  1619 raft_consensus.cc:2955] T 620f53a8dbd84431846bc4b306f302c2 P a86bc9d5447242118719eac4551c41c1 [term 1 FOLLOWER]: Committing config change with OpId 1.4: config changed from index 3 to 4, VOTER 7d63b045a5674275956df016977b758d (127.30.22.193) evicted. New config: { opid_index: 4 OBSOLETE_local: false peers { permanent_uuid: "6cffe5be6c1c48bb915b53597fde344c" member_type: VOTER last_known_addr { host: "127.30.22.195" port: 33993 } } peers { permanent_uuid: "77e142e9bb114163ab73d2c570ece40e" member_type: VOTER last_known_addr { host: "127.30.22.194" port: 43365 } } peers { permanent_uuid: "a86bc9d5447242118719eac4551c41c1" member_type: VOTER last_known_addr { host: "127.30.22.196" port: 39169 } attrs { promote: false } } }
I20260630 12:28:35.670099  1467 raft_consensus.cc:2955] T 620f53a8dbd84431846bc4b306f302c2 P 6cffe5be6c1c48bb915b53597fde344c [term 1 FOLLOWER]: Committing config change with OpId 1.4: config changed from index 3 to 4, VOTER 7d63b045a5674275956df016977b758d (127.30.22.193) evicted. New config: { opid_index: 4 OBSOLETE_local: false peers { permanent_uuid: "6cffe5be6c1c48bb915b53597fde344c" member_type: VOTER last_known_addr { host: "127.30.22.195" port: 33993 } } peers { permanent_uuid: "77e142e9bb114163ab73d2c570ece40e" member_type: VOTER last_known_addr { host: "127.30.22.194" port: 43365 } } peers { permanent_uuid: "a86bc9d5447242118719eac4551c41c1" member_type: VOTER last_known_addr { host: "127.30.22.196" port: 39169 } attrs { promote: false } } }
I20260630 12:28:35.682389  1220 catalog_manager.cc:5697] T 620f53a8dbd84431846bc4b306f302c2 P 6cffe5be6c1c48bb915b53597fde344c reported cstate change: config changed from index 3 to 4, VOTER 7d63b045a5674275956df016977b758d (127.30.22.193) evicted. New cstate: current_term: 1 leader_uuid: "77e142e9bb114163ab73d2c570ece40e" committed_config { opid_index: 4 OBSOLETE_local: false peers { permanent_uuid: "6cffe5be6c1c48bb915b53597fde344c" member_type: VOTER last_known_addr { host: "127.30.22.195" port: 33993 } } peers { permanent_uuid: "77e142e9bb114163ab73d2c570ece40e" member_type: VOTER last_known_addr { host: "127.30.22.194" port: 43365 } } peers { permanent_uuid: "a86bc9d5447242118719eac4551c41c1" member_type: VOTER last_known_addr { host: "127.30.22.196" port: 39169 } attrs { promote: false } } }
I20260630 12:28:35.683183  1204 catalog_manager.cc:5210] ChangeConfig:REMOVE_PEER RPC for tablet 620f53a8dbd84431846bc4b306f302c2 with cas_config_opid_index 3: ChangeConfig:REMOVE_PEER succeeded (attempt 1)
I20260630 12:28:35.690721  1305 tablet_service.cc:1558] Processing DeleteTablet for tablet 620f53a8dbd84431846bc4b306f302c2 with delete_type TABLET_DATA_TOMBSTONED (TS 7d63b045a5674275956df016977b758d not found in new config with opid_index 4) from {username='slave'} at 127.0.0.1:57658
I20260630 12:28:35.692520  1810 tablet_replica.cc:333] T 620f53a8dbd84431846bc4b306f302c2 P 7d63b045a5674275956df016977b758d: stopping tablet replica
I20260630 12:28:35.693182  1810 raft_consensus.cc:2243] T 620f53a8dbd84431846bc4b306f302c2 P 7d63b045a5674275956df016977b758d [term 1 FOLLOWER]: Raft consensus shutting down.
I20260630 12:28:35.693673  1810 raft_consensus.cc:2272] T 620f53a8dbd84431846bc4b306f302c2 P 7d63b045a5674275956df016977b758d [term 1 FOLLOWER]: Raft consensus is shut down!
I20260630 12:28:35.697181  1810 ts_tablet_manager.cc:1916] T 620f53a8dbd84431846bc4b306f302c2 P 7d63b045a5674275956df016977b758d: Deleting tablet data with delete state TABLET_DATA_TOMBSTONED
I20260630 12:28:35.705284  1321 raft_consensus.cc:1275] T 010cede5fafa4b228dd674c000166151 P 7d63b045a5674275956df016977b758d [term 2 FOLLOWER]: Refusing update from remote peer 77e142e9bb114163ab73d2c570ece40e: Log matching property violated. Preceding OpId in replica: term: 1 index: 1. Preceding OpId from leader: term: 2 index: 2. (index mismatch)
I20260630 12:28:35.706755  1790 consensus_queue.cc:1048] T 010cede5fafa4b228dd674c000166151 P 77e142e9bb114163ab73d2c570ece40e [LEADER]: Connected to new peer: Peer: permanent_uuid: "7d63b045a5674275956df016977b758d" member_type: VOTER last_known_addr { host: "127.30.22.193" port: 46055 }, Status: LMP_MISMATCH, Last received: 0.0, Next index: 2, Last known committed idx: 1, Time since last communication: 0.000s
I20260630 12:28:35.709301  1810 ts_tablet_manager.cc:1929] T 620f53a8dbd84431846bc4b306f302c2 P 7d63b045a5674275956df016977b758d: tablet deleted with delete type TABLET_DATA_TOMBSTONED: last-logged OpId 1.3
I20260630 12:28:35.709671  1810 log.cc:1199] T 620f53a8dbd84431846bc4b306f302c2 P 7d63b045a5674275956df016977b758d: Deleting WAL directory at /tmp/dist-test-tasks86YjB/test-tmp/auto_rebalancer-test.0.AutoRebalancerTest.RangeAwareRebalancesNewRangeReplicas.1782822428100330-30811-0/minicluster-data/ts-0-root/wals/620f53a8dbd84431846bc4b306f302c2
I20260630 12:28:35.711155  1204 catalog_manager.cc:5028] TS 7d63b045a5674275956df016977b758d (127.30.22.193:46055): tablet 620f53a8dbd84431846bc4b306f302c2 (table range_aware_rebalance_new_range [id=6e09da86d456460faa3552e7a2addcc7]) successfully deleted
I20260630 12:28:35.722997  1467 raft_consensus.cc:1275] T 010cede5fafa4b228dd674c000166151 P 6cffe5be6c1c48bb915b53597fde344c [term 2 FOLLOWER]: Refusing update from remote peer 77e142e9bb114163ab73d2c570ece40e: Log matching property violated. Preceding OpId in replica: term: 1 index: 1. Preceding OpId from leader: term: 2 index: 2. (index mismatch)
I20260630 12:28:35.724977  1790 consensus_queue.cc:1048] T 010cede5fafa4b228dd674c000166151 P 77e142e9bb114163ab73d2c570ece40e [LEADER]: Connected to new peer: Peer: permanent_uuid: "6cffe5be6c1c48bb915b53597fde344c" member_type: VOTER last_known_addr { host: "127.30.22.195" port: 33993 }, Status: LMP_MISMATCH, Last received: 0.0, Next index: 2, Last known committed idx: 1, Time since last communication: 0.000s
I20260630 12:28:35.750072  1669 raft_consensus.cc:1064] T 493cbb9d4fac401d91d4c956bdfa346d P 7d63b045a5674275956df016977b758d: attempting to promote NON_VOTER a86bc9d5447242118719eac4551c41c1 to VOTER
W20260630 12:28:35.750454  1669 raft_consensus.cc:1068] T 493cbb9d4fac401d91d4c956bdfa346d P 7d63b045a5674275956df016977b758d: Unable to promote non-voter a86bc9d5447242118719eac4551c41c1: Service unavailable: leader transfer in progress
I20260630 12:28:35.784098  1795 raft_consensus.cc:993] T 493cbb9d4fac401d91d4c956bdfa346d P 7d63b045a5674275956df016977b758d: : Instructing follower 6cffe5be6c1c48bb915b53597fde344c to start an election
I20260630 12:28:35.784608  1669 raft_consensus.cc:1081] T 493cbb9d4fac401d91d4c956bdfa346d P 7d63b045a5674275956df016977b758d [term 1 LEADER]: Signalling peer 6cffe5be6c1c48bb915b53597fde344c to start an election
I20260630 12:28:35.786294  1467 tablet_service.cc:2044] Received Run Leader Election RPC: tablet_id: "493cbb9d4fac401d91d4c956bdfa346d"
dest_uuid: "6cffe5be6c1c48bb915b53597fde344c"
 from {username='slave'} at 127.0.0.1:37558
I20260630 12:28:35.786804  1467 raft_consensus.cc:493] T 493cbb9d4fac401d91d4c956bdfa346d P 6cffe5be6c1c48bb915b53597fde344c [term 1 FOLLOWER]: Starting forced leader election (received explicit request)
I20260630 12:28:35.787178  1467 raft_consensus.cc:3060] T 493cbb9d4fac401d91d4c956bdfa346d P 6cffe5be6c1c48bb915b53597fde344c [term 1 FOLLOWER]: Advancing to term 2
I20260630 12:28:35.792826  1467 raft_consensus.cc:515] T 493cbb9d4fac401d91d4c956bdfa346d P 6cffe5be6c1c48bb915b53597fde344c [term 2 FOLLOWER]: Starting forced leader election with config: opid_index: 2 OBSOLETE_local: false peers { permanent_uuid: "7d63b045a5674275956df016977b758d" member_type: VOTER last_known_addr { host: "127.30.22.193" port: 46055 } } peers { permanent_uuid: "77e142e9bb114163ab73d2c570ece40e" member_type: VOTER last_known_addr { host: "127.30.22.194" port: 43365 } } peers { permanent_uuid: "6cffe5be6c1c48bb915b53597fde344c" member_type: VOTER last_known_addr { host: "127.30.22.195" port: 33993 } attrs { replace: true } } peers { permanent_uuid: "a86bc9d5447242118719eac4551c41c1" member_type: NON_VOTER last_known_addr { host: "127.30.22.196" port: 39169 } attrs { promote: true } }
I20260630 12:28:35.794201  1467 leader_election.cc:290] T 493cbb9d4fac401d91d4c956bdfa346d P 6cffe5be6c1c48bb915b53597fde344c [CANDIDATE]: Term 2 election: Requested vote from peers 7d63b045a5674275956df016977b758d (127.30.22.193:46055), 77e142e9bb114163ab73d2c570ece40e (127.30.22.194:43365)
I20260630 12:28:35.795499  1397 tablet_service.cc:1917] Received RequestConsensusVote() RPC: tablet_id: "493cbb9d4fac401d91d4c956bdfa346d" candidate_uuid: "6cffe5be6c1c48bb915b53597fde344c" candidate_term: 2 candidate_status { last_received { term: 1 index: 2 } } ignore_live_leader: true dest_uuid: "77e142e9bb114163ab73d2c570ece40e"
I20260630 12:28:35.795776  1321 tablet_service.cc:1917] Received RequestConsensusVote() RPC: tablet_id: "493cbb9d4fac401d91d4c956bdfa346d" candidate_uuid: "6cffe5be6c1c48bb915b53597fde344c" candidate_term: 2 candidate_status { last_received { term: 1 index: 2 } } ignore_live_leader: true dest_uuid: "7d63b045a5674275956df016977b758d"
I20260630 12:28:35.796023  1397 raft_consensus.cc:3060] T 493cbb9d4fac401d91d4c956bdfa346d P 77e142e9bb114163ab73d2c570ece40e [term 1 FOLLOWER]: Advancing to term 2
I20260630 12:28:35.796375  1321 raft_consensus.cc:3055] T 493cbb9d4fac401d91d4c956bdfa346d P 7d63b045a5674275956df016977b758d [term 1 LEADER]: Stepping down as leader of term 1
I20260630 12:28:35.796657  1321 raft_consensus.cc:740] T 493cbb9d4fac401d91d4c956bdfa346d P 7d63b045a5674275956df016977b758d [term 1 LEADER]: Becoming Follower/Learner. State: Replica: 7d63b045a5674275956df016977b758d, State: Running, Role: LEADER
I20260630 12:28:35.797488  1321 consensus_queue.cc:260] T 493cbb9d4fac401d91d4c956bdfa346d P 7d63b045a5674275956df016977b758d [NON_LEADER]: Queue going to NON_LEADER mode. State: All replicated index: 0, Majority replicated index: 2, Committed index: 2, Last appended: 1.2, Last appended by leader: 2, Current term: 1, Majority size: -1, State: 0, Mode: NON_LEADER, active raft config: opid_index: 2 OBSOLETE_local: false peers { permanent_uuid: "7d63b045a5674275956df016977b758d" member_type: VOTER last_known_addr { host: "127.30.22.193" port: 46055 } } peers { permanent_uuid: "77e142e9bb114163ab73d2c570ece40e" member_type: VOTER last_known_addr { host: "127.30.22.194" port: 43365 } } peers { permanent_uuid: "6cffe5be6c1c48bb915b53597fde344c" member_type: VOTER last_known_addr { host: "127.30.22.195" port: 33993 } attrs { replace: true } } peers { permanent_uuid: "a86bc9d5447242118719eac4551c41c1" member_type: NON_VOTER last_known_addr { host: "127.30.22.196" port: 39169 } attrs { promote: true } }
I20260630 12:28:35.798895  1321 raft_consensus.cc:3060] T 493cbb9d4fac401d91d4c956bdfa346d P 7d63b045a5674275956df016977b758d [term 1 FOLLOWER]: Advancing to term 2
I20260630 12:28:35.803076  1321 raft_consensus.cc:2468] T 493cbb9d4fac401d91d4c956bdfa346d P 7d63b045a5674275956df016977b758d [term 2 FOLLOWER]: Leader election vote request: Granting yes vote for candidate 6cffe5be6c1c48bb915b53597fde344c in term 2.
I20260630 12:28:35.803591  1397 raft_consensus.cc:2468] T 493cbb9d4fac401d91d4c956bdfa346d P 77e142e9bb114163ab73d2c570ece40e [term 2 FOLLOWER]: Leader election vote request: Granting yes vote for candidate 6cffe5be6c1c48bb915b53597fde344c in term 2.
I20260630 12:28:35.804055  1434 leader_election.cc:304] T 493cbb9d4fac401d91d4c956bdfa346d P 6cffe5be6c1c48bb915b53597fde344c [CANDIDATE]: Term 2 election: Election decided. Result: candidate won. Election summary: received 2 responses out of 3 voters: 2 yes votes; 0 no votes. yes voters: 6cffe5be6c1c48bb915b53597fde344c, 7d63b045a5674275956df016977b758d; no voters: 
I20260630 12:28:35.804729  1801 raft_consensus.cc:2804] T 493cbb9d4fac401d91d4c956bdfa346d P 6cffe5be6c1c48bb915b53597fde344c [term 2 FOLLOWER]: Leader election won for term 2
I20260630 12:28:35.805202  1801 raft_consensus.cc:697] T 493cbb9d4fac401d91d4c956bdfa346d P 6cffe5be6c1c48bb915b53597fde344c [term 2 LEADER]: Becoming Leader. State: Replica: 6cffe5be6c1c48bb915b53597fde344c, State: Running, Role: LEADER
I20260630 12:28:35.805940  1801 consensus_queue.cc:237] T 493cbb9d4fac401d91d4c956bdfa346d P 6cffe5be6c1c48bb915b53597fde344c [LEADER]: Queue going to LEADER mode. State: All replicated index: 0, Majority replicated index: 2, Committed index: 2, Last appended: 1.2, Last appended by leader: 2, Current term: 2, Majority size: 2, State: 0, Mode: LEADER, active raft config: opid_index: 2 OBSOLETE_local: false peers { permanent_uuid: "7d63b045a5674275956df016977b758d" member_type: VOTER last_known_addr { host: "127.30.22.193" port: 46055 } } peers { permanent_uuid: "77e142e9bb114163ab73d2c570ece40e" member_type: VOTER last_known_addr { host: "127.30.22.194" port: 43365 } } peers { permanent_uuid: "6cffe5be6c1c48bb915b53597fde344c" member_type: VOTER last_known_addr { host: "127.30.22.195" port: 33993 } attrs { replace: true } } peers { permanent_uuid: "a86bc9d5447242118719eac4551c41c1" member_type: NON_VOTER last_known_addr { host: "127.30.22.196" port: 39169 } attrs { promote: true } }
I20260630 12:28:35.820408  1219 catalog_manager.cc:5697] T 493cbb9d4fac401d91d4c956bdfa346d P 6cffe5be6c1c48bb915b53597fde344c reported cstate change: term changed from 1 to 2, leader changed from 7d63b045a5674275956df016977b758d (127.30.22.193) to 6cffe5be6c1c48bb915b53597fde344c (127.30.22.195). New cstate: current_term: 2 leader_uuid: "6cffe5be6c1c48bb915b53597fde344c" committed_config { opid_index: 2 OBSOLETE_local: false peers { permanent_uuid: "7d63b045a5674275956df016977b758d" member_type: VOTER last_known_addr { host: "127.30.22.193" port: 46055 } health_report { overall_health: UNKNOWN } } peers { permanent_uuid: "77e142e9bb114163ab73d2c570ece40e" member_type: VOTER last_known_addr { host: "127.30.22.194" port: 43365 } health_report { overall_health: UNKNOWN } } peers { permanent_uuid: "6cffe5be6c1c48bb915b53597fde344c" member_type: VOTER last_known_addr { host: "127.30.22.195" port: 33993 } attrs { replace: true } health_report { overall_health: HEALTHY } } peers { permanent_uuid: "a86bc9d5447242118719eac4551c41c1" member_type: NON_VOTER last_known_addr { host: "127.30.22.196" port: 39169 } attrs { promote: true } health_report { overall_health: UNKNOWN } } }
I20260630 12:28:35.829377  1467 tablet_service.cc:2072] Received LeaderStepDown RPC: tablet_id: "493cbb9d4fac401d91d4c956bdfa346d"
dest_uuid: "6cffe5be6c1c48bb915b53597fde344c"
mode: GRACEFUL
 from {username='slave'} at 127.0.0.1:37548
I20260630 12:28:35.829756  1467 raft_consensus.cc:606] T 493cbb9d4fac401d91d4c956bdfa346d P 6cffe5be6c1c48bb915b53597fde344c [term 2 LEADER]: Received request to transfer leadership
I20260630 12:28:35.833045  1467 tablet_service.cc:2072] Received LeaderStepDown RPC: tablet_id: "493cbb9d4fac401d91d4c956bdfa346d"
dest_uuid: "6cffe5be6c1c48bb915b53597fde344c"
mode: GRACEFUL
 from {username='slave'} at 127.0.0.1:37548
I20260630 12:28:35.833539  1467 raft_consensus.cc:606] T 493cbb9d4fac401d91d4c956bdfa346d P 6cffe5be6c1c48bb915b53597fde344c [term 2 LEADER]: Received request to transfer leadership
W20260630 12:28:35.834439  1205 proxy.cc:239] Call had error, refreshing address and retrying: Remote error: Service unavailable: leadership transfer for 493cbb9d4fac401d91d4c956bdfa346d already in progress [suppressed 9 similar messages]
I20260630 12:28:35.836943  1467 tablet_service.cc:2072] Received LeaderStepDown RPC: tablet_id: "493cbb9d4fac401d91d4c956bdfa346d"
dest_uuid: "6cffe5be6c1c48bb915b53597fde344c"
mode: GRACEFUL
 from {username='slave'} at 127.0.0.1:37548
I20260630 12:28:35.837322  1467 raft_consensus.cc:606] T 493cbb9d4fac401d91d4c956bdfa346d P 6cffe5be6c1c48bb915b53597fde344c [term 2 LEADER]: Received request to transfer leadership
I20260630 12:28:35.974714  1791 raft_consensus.cc:1064] T bd1ad8a3b86c4da9a4babf946deccbc2 P 77e142e9bb114163ab73d2c570ece40e: attempting to promote NON_VOTER a86bc9d5447242118719eac4551c41c1 to VOTER
I20260630 12:28:35.976599  1791 consensus_queue.cc:237] T bd1ad8a3b86c4da9a4babf946deccbc2 P 77e142e9bb114163ab73d2c570ece40e [LEADER]: Queue going to LEADER mode. State: All replicated index: 0, Majority replicated index: 2, Committed index: 2, Last appended: 1.2, Last appended by leader: 0, Current term: 1, Majority size: 3, State: 0, Mode: LEADER, active raft config: opid_index: 3 OBSOLETE_local: false peers { permanent_uuid: "7d63b045a5674275956df016977b758d" member_type: VOTER last_known_addr { host: "127.30.22.193" port: 46055 } attrs { replace: true } } peers { permanent_uuid: "77e142e9bb114163ab73d2c570ece40e" member_type: VOTER last_known_addr { host: "127.30.22.194" port: 43365 } } peers { permanent_uuid: "6cffe5be6c1c48bb915b53597fde344c" member_type: VOTER last_known_addr { host: "127.30.22.195" port: 33993 } } peers { permanent_uuid: "a86bc9d5447242118719eac4551c41c1" member_type: VOTER last_known_addr { host: "127.30.22.196" port: 39169 } attrs { promote: false } }
I20260630 12:28:35.982489  1321 raft_consensus.cc:1275] T bd1ad8a3b86c4da9a4babf946deccbc2 P 7d63b045a5674275956df016977b758d [term 1 FOLLOWER]: Refusing update from remote peer 77e142e9bb114163ab73d2c570ece40e: Log matching property violated. Preceding OpId in replica: term: 1 index: 2. Preceding OpId from leader: term: 1 index: 3. (index mismatch)
I20260630 12:28:35.982501  1467 raft_consensus.cc:1275] T bd1ad8a3b86c4da9a4babf946deccbc2 P 6cffe5be6c1c48bb915b53597fde344c [term 1 FOLLOWER]: Refusing update from remote peer 77e142e9bb114163ab73d2c570ece40e: Log matching property violated. Preceding OpId in replica: term: 1 index: 2. Preceding OpId from leader: term: 1 index: 3. (index mismatch)
I20260630 12:28:35.982576  1619 raft_consensus.cc:1275] T bd1ad8a3b86c4da9a4babf946deccbc2 P a86bc9d5447242118719eac4551c41c1 [term 1 LEARNER]: Refusing update from remote peer 77e142e9bb114163ab73d2c570ece40e: Log matching property violated. Preceding OpId in replica: term: 1 index: 2. Preceding OpId from leader: term: 1 index: 3. (index mismatch)
I20260630 12:28:35.983969  1819 consensus_queue.cc:1048] T bd1ad8a3b86c4da9a4babf946deccbc2 P 77e142e9bb114163ab73d2c570ece40e [LEADER]: Connected to new peer: Peer: permanent_uuid: "7d63b045a5674275956df016977b758d" member_type: VOTER last_known_addr { host: "127.30.22.193" port: 46055 } attrs { replace: true }, Status: LMP_MISMATCH, Last received: 0.0, Next index: 3, Last known committed idx: 2, Time since last communication: 0.000s
I20260630 12:28:35.984748  1791 consensus_queue.cc:1048] T bd1ad8a3b86c4da9a4babf946deccbc2 P 77e142e9bb114163ab73d2c570ece40e [LEADER]: Connected to new peer: Peer: permanent_uuid: "6cffe5be6c1c48bb915b53597fde344c" member_type: VOTER last_known_addr { host: "127.30.22.195" port: 33993 }, Status: LMP_MISMATCH, Last received: 0.0, Next index: 3, Last known committed idx: 2, Time since last communication: 0.000s
I20260630 12:28:35.985397  1523 consensus_queue.cc:1048] T bd1ad8a3b86c4da9a4babf946deccbc2 P 77e142e9bb114163ab73d2c570ece40e [LEADER]: Connected to new peer: Peer: permanent_uuid: "a86bc9d5447242118719eac4551c41c1" member_type: VOTER last_known_addr { host: "127.30.22.196" port: 39169 } attrs { promote: false }, Status: LMP_MISMATCH, Last received: 0.0, Next index: 3, Last known committed idx: 2, Time since last communication: 0.000s
I20260630 12:28:35.991707  1321 raft_consensus.cc:1275] T e8e86e2959f14017ac2c528960c2a861 P 7d63b045a5674275956df016977b758d [term 2 FOLLOWER]: Refusing update from remote peer a86bc9d5447242118719eac4551c41c1: Log matching property violated. Preceding OpId in replica: term: 1 index: 1. Preceding OpId from leader: term: 2 index: 2. (index mismatch)
I20260630 12:28:35.993221  1728 consensus_queue.cc:1048] T e8e86e2959f14017ac2c528960c2a861 P a86bc9d5447242118719eac4551c41c1 [LEADER]: Connected to new peer: Peer: permanent_uuid: "7d63b045a5674275956df016977b758d" member_type: VOTER last_known_addr { host: "127.30.22.193" port: 46055 }, Status: LMP_MISMATCH, Last received: 0.0, Next index: 2, Last known committed idx: 1, Time since last communication: 0.000s
I20260630 12:28:35.997766  1523 raft_consensus.cc:2955] T bd1ad8a3b86c4da9a4babf946deccbc2 P 77e142e9bb114163ab73d2c570ece40e [term 1 LEADER]: Committing config change with OpId 1.3: config changed from index 2 to 3, a86bc9d5447242118719eac4551c41c1 (127.30.22.196) changed from NON_VOTER to VOTER. New config: { opid_index: 3 OBSOLETE_local: false peers { permanent_uuid: "7d63b045a5674275956df016977b758d" member_type: VOTER last_known_addr { host: "127.30.22.193" port: 46055 } attrs { replace: true } } peers { permanent_uuid: "77e142e9bb114163ab73d2c570ece40e" member_type: VOTER last_known_addr { host: "127.30.22.194" port: 43365 } } peers { permanent_uuid: "6cffe5be6c1c48bb915b53597fde344c" member_type: VOTER last_known_addr { host: "127.30.22.195" port: 33993 } } peers { permanent_uuid: "a86bc9d5447242118719eac4551c41c1" member_type: VOTER last_known_addr { host: "127.30.22.196" port: 39169 } attrs { promote: false } } }
I20260630 12:28:36.002847  1320 raft_consensus.cc:2955] T bd1ad8a3b86c4da9a4babf946deccbc2 P 7d63b045a5674275956df016977b758d [term 1 FOLLOWER]: Committing config change with OpId 1.3: config changed from index 2 to 3, a86bc9d5447242118719eac4551c41c1 (127.30.22.196) changed from NON_VOTER to VOTER. New config: { opid_index: 3 OBSOLETE_local: false peers { permanent_uuid: "7d63b045a5674275956df016977b758d" member_type: VOTER last_known_addr { host: "127.30.22.193" port: 46055 } attrs { replace: true } } peers { permanent_uuid: "77e142e9bb114163ab73d2c570ece40e" member_type: VOTER last_known_addr { host: "127.30.22.194" port: 43365 } } peers { permanent_uuid: "6cffe5be6c1c48bb915b53597fde344c" member_type: VOTER last_known_addr { host: "127.30.22.195" port: 33993 } } peers { permanent_uuid: "a86bc9d5447242118719eac4551c41c1" member_type: VOTER last_known_addr { host: "127.30.22.196" port: 39169 } attrs { promote: false } } }
I20260630 12:28:36.002820  1619 raft_consensus.cc:2955] T bd1ad8a3b86c4da9a4babf946deccbc2 P a86bc9d5447242118719eac4551c41c1 [term 1 FOLLOWER]: Committing config change with OpId 1.3: config changed from index 2 to 3, a86bc9d5447242118719eac4551c41c1 (127.30.22.196) changed from NON_VOTER to VOTER. New config: { opid_index: 3 OBSOLETE_local: false peers { permanent_uuid: "7d63b045a5674275956df016977b758d" member_type: VOTER last_known_addr { host: "127.30.22.193" port: 46055 } attrs { replace: true } } peers { permanent_uuid: "77e142e9bb114163ab73d2c570ece40e" member_type: VOTER last_known_addr { host: "127.30.22.194" port: 43365 } } peers { permanent_uuid: "6cffe5be6c1c48bb915b53597fde344c" member_type: VOTER last_known_addr { host: "127.30.22.195" port: 33993 } } peers { permanent_uuid: "a86bc9d5447242118719eac4551c41c1" member_type: VOTER last_known_addr { host: "127.30.22.196" port: 39169 } attrs { promote: false } } }
I20260630 12:28:36.006457  1801 raft_consensus.cc:1064] T 4786b08b416f49f58a8577e8b366d9f9 P 6cffe5be6c1c48bb915b53597fde344c: attempting to promote NON_VOTER a86bc9d5447242118719eac4551c41c1 to VOTER
I20260630 12:28:36.008857  1801 consensus_queue.cc:237] T 4786b08b416f49f58a8577e8b366d9f9 P 6cffe5be6c1c48bb915b53597fde344c [LEADER]: Queue going to LEADER mode. State: All replicated index: 0, Majority replicated index: 2, Committed index: 2, Last appended: 1.2, Last appended by leader: 0, Current term: 1, Majority size: 3, State: 0, Mode: LEADER, active raft config: opid_index: 3 OBSOLETE_local: false peers { permanent_uuid: "7d63b045a5674275956df016977b758d" member_type: VOTER last_known_addr { host: "127.30.22.193" port: 46055 } } peers { permanent_uuid: "77e142e9bb114163ab73d2c570ece40e" member_type: VOTER last_known_addr { host: "127.30.22.194" port: 43365 } attrs { replace: true } } peers { permanent_uuid: "6cffe5be6c1c48bb915b53597fde344c" member_type: VOTER last_known_addr { host: "127.30.22.195" port: 33993 } } peers { permanent_uuid: "a86bc9d5447242118719eac4551c41c1" member_type: VOTER last_known_addr { host: "127.30.22.196" port: 39169 } attrs { promote: false } }
I20260630 12:28:36.015368  1467 raft_consensus.cc:2955] T bd1ad8a3b86c4da9a4babf946deccbc2 P 6cffe5be6c1c48bb915b53597fde344c [term 1 FOLLOWER]: Committing config change with OpId 1.3: config changed from index 2 to 3, a86bc9d5447242118719eac4551c41c1 (127.30.22.196) changed from NON_VOTER to VOTER. New config: { opid_index: 3 OBSOLETE_local: false peers { permanent_uuid: "7d63b045a5674275956df016977b758d" member_type: VOTER last_known_addr { host: "127.30.22.193" port: 46055 } attrs { replace: true } } peers { permanent_uuid: "77e142e9bb114163ab73d2c570ece40e" member_type: VOTER last_known_addr { host: "127.30.22.194" port: 43365 } } peers { permanent_uuid: "6cffe5be6c1c48bb915b53597fde344c" member_type: VOTER last_known_addr { host: "127.30.22.195" port: 33993 } } peers { permanent_uuid: "a86bc9d5447242118719eac4551c41c1" member_type: VOTER last_known_addr { host: "127.30.22.196" port: 39169 } attrs { promote: false } } }
I20260630 12:28:36.016408  1219 catalog_manager.cc:5697] T bd1ad8a3b86c4da9a4babf946deccbc2 P 77e142e9bb114163ab73d2c570ece40e reported cstate change: config changed from index 2 to 3, a86bc9d5447242118719eac4551c41c1 (127.30.22.196) changed from NON_VOTER to VOTER. New cstate: current_term: 1 leader_uuid: "77e142e9bb114163ab73d2c570ece40e" committed_config { opid_index: 3 OBSOLETE_local: false peers { permanent_uuid: "7d63b045a5674275956df016977b758d" member_type: VOTER last_known_addr { host: "127.30.22.193" port: 46055 } attrs { replace: true } health_report { overall_health: HEALTHY } } peers { permanent_uuid: "77e142e9bb114163ab73d2c570ece40e" member_type: VOTER last_known_addr { host: "127.30.22.194" port: 43365 } health_report { overall_health: HEALTHY } } peers { permanent_uuid: "6cffe5be6c1c48bb915b53597fde344c" member_type: VOTER last_known_addr { host: "127.30.22.195" port: 33993 } health_report { overall_health: HEALTHY } } peers { permanent_uuid: "a86bc9d5447242118719eac4551c41c1" member_type: VOTER last_known_addr { host: "127.30.22.196" port: 39169 } attrs { promote: false } health_report { overall_health: HEALTHY } } }
I20260630 12:28:36.026557  1619 raft_consensus.cc:1275] T 4786b08b416f49f58a8577e8b366d9f9 P a86bc9d5447242118719eac4551c41c1 [term 1 LEARNER]: Refusing update from remote peer 6cffe5be6c1c48bb915b53597fde344c: Log matching property violated. Preceding OpId in replica: term: 1 index: 2. Preceding OpId from leader: term: 1 index: 3. (index mismatch)
I20260630 12:28:36.028411  1801 consensus_queue.cc:1048] T 4786b08b416f49f58a8577e8b366d9f9 P 6cffe5be6c1c48bb915b53597fde344c [LEADER]: Connected to new peer: Peer: permanent_uuid: "a86bc9d5447242118719eac4551c41c1" member_type: VOTER last_known_addr { host: "127.30.22.196" port: 39169 } attrs { promote: false }, Status: LMP_MISMATCH, Last received: 0.0, Next index: 3, Last known committed idx: 2, Time since last communication: 0.000s
I20260630 12:28:36.029167  1397 raft_consensus.cc:1275] T 4786b08b416f49f58a8577e8b366d9f9 P 77e142e9bb114163ab73d2c570ece40e [term 1 FOLLOWER]: Refusing update from remote peer 6cffe5be6c1c48bb915b53597fde344c: Log matching property violated. Preceding OpId in replica: term: 1 index: 2. Preceding OpId from leader: term: 1 index: 3. (index mismatch)
I20260630 12:28:36.029333  1321 raft_consensus.cc:1275] T 4786b08b416f49f58a8577e8b366d9f9 P 7d63b045a5674275956df016977b758d [term 1 FOLLOWER]: Refusing update from remote peer 6cffe5be6c1c48bb915b53597fde344c: Log matching property violated. Preceding OpId in replica: term: 1 index: 2. Preceding OpId from leader: term: 1 index: 3. (index mismatch)
I20260630 12:28:36.033598  1800 consensus_queue.cc:1048] T 4786b08b416f49f58a8577e8b366d9f9 P 6cffe5be6c1c48bb915b53597fde344c [LEADER]: Connected to new peer: Peer: permanent_uuid: "7d63b045a5674275956df016977b758d" member_type: VOTER last_known_addr { host: "127.30.22.193" port: 46055 }, Status: LMP_MISMATCH, Last received: 0.0, Next index: 3, Last known committed idx: 2, Time since last communication: 0.000s
I20260630 12:28:36.038378  1800 consensus_queue.cc:1048] T 4786b08b416f49f58a8577e8b366d9f9 P 6cffe5be6c1c48bb915b53597fde344c [LEADER]: Connected to new peer: Peer: permanent_uuid: "77e142e9bb114163ab73d2c570ece40e" member_type: VOTER last_known_addr { host: "127.30.22.194" port: 43365 } attrs { replace: true }, Status: LMP_MISMATCH, Last received: 0.0, Next index: 3, Last known committed idx: 2, Time since last communication: 0.000s
I20260630 12:28:36.048504  1396 consensus_queue.cc:237] T bd1ad8a3b86c4da9a4babf946deccbc2 P 77e142e9bb114163ab73d2c570ece40e [LEADER]: Queue going to LEADER mode. State: All replicated index: 0, Majority replicated index: 3, Committed index: 3, Last appended: 1.3, Last appended by leader: 0, Current term: 1, Majority size: 2, State: 0, Mode: LEADER, active raft config: opid_index: 4 OBSOLETE_local: false peers { permanent_uuid: "77e142e9bb114163ab73d2c570ece40e" member_type: VOTER last_known_addr { host: "127.30.22.194" port: 43365 } } peers { permanent_uuid: "6cffe5be6c1c48bb915b53597fde344c" member_type: VOTER last_known_addr { host: "127.30.22.195" port: 33993 } } peers { permanent_uuid: "a86bc9d5447242118719eac4551c41c1" member_type: VOTER last_known_addr { host: "127.30.22.196" port: 39169 } attrs { promote: false } }
I20260630 12:28:36.051735  1467 raft_consensus.cc:1275] T 9993584c019048d78b1f2d3b42a93021 P 6cffe5be6c1c48bb915b53597fde344c [term 2 FOLLOWER]: Refusing update from remote peer 77e142e9bb114163ab73d2c570ece40e: Log matching property violated. Preceding OpId in replica: term: 1 index: 1. Preceding OpId from leader: term: 2 index: 2. (index mismatch)
I20260630 12:28:36.055739  1620 raft_consensus.cc:1275] T bd1ad8a3b86c4da9a4babf946deccbc2 P a86bc9d5447242118719eac4551c41c1 [term 1 FOLLOWER]: Refusing update from remote peer 77e142e9bb114163ab73d2c570ece40e: Log matching property violated. Preceding OpId in replica: term: 1 index: 3. Preceding OpId from leader: term: 1 index: 4. (index mismatch)
I20260630 12:28:36.056133  1790 consensus_queue.cc:1048] T 9993584c019048d78b1f2d3b42a93021 P 77e142e9bb114163ab73d2c570ece40e [LEADER]: Connected to new peer: Peer: permanent_uuid: "6cffe5be6c1c48bb915b53597fde344c" member_type: VOTER last_known_addr { host: "127.30.22.195" port: 33993 }, Status: LMP_MISMATCH, Last received: 0.0, Next index: 2, Last known committed idx: 1, Time since last communication: 0.000s
I20260630 12:28:36.059424  1790 consensus_queue.cc:1048] T bd1ad8a3b86c4da9a4babf946deccbc2 P 77e142e9bb114163ab73d2c570ece40e [LEADER]: Connected to new peer: Peer: permanent_uuid: "a86bc9d5447242118719eac4551c41c1" member_type: VOTER last_known_addr { host: "127.30.22.196" port: 39169 } attrs { promote: false }, Status: LMP_MISMATCH, Last received: 0.0, Next index: 4, Last known committed idx: 3, Time since last communication: 0.001s
I20260630 12:28:36.067596  1469 raft_consensus.cc:1275] T bd1ad8a3b86c4da9a4babf946deccbc2 P 6cffe5be6c1c48bb915b53597fde344c [term 1 FOLLOWER]: Refusing update from remote peer 77e142e9bb114163ab73d2c570ece40e: Log matching property violated. Preceding OpId in replica: term: 1 index: 3. Preceding OpId from leader: term: 1 index: 4. (index mismatch)
I20260630 12:28:36.071755  1790 raft_consensus.cc:2955] T bd1ad8a3b86c4da9a4babf946deccbc2 P 77e142e9bb114163ab73d2c570ece40e [term 1 LEADER]: Committing config change with OpId 1.4: config changed from index 3 to 4, VOTER 7d63b045a5674275956df016977b758d (127.30.22.193) evicted. New config: { opid_index: 4 OBSOLETE_local: false peers { permanent_uuid: "77e142e9bb114163ab73d2c570ece40e" member_type: VOTER last_known_addr { host: "127.30.22.194" port: 43365 } } peers { permanent_uuid: "6cffe5be6c1c48bb915b53597fde344c" member_type: VOTER last_known_addr { host: "127.30.22.195" port: 33993 } } peers { permanent_uuid: "a86bc9d5447242118719eac4551c41c1" member_type: VOTER last_known_addr { host: "127.30.22.196" port: 39169 } attrs { promote: false } } }
I20260630 12:28:36.073887  1800 raft_consensus.cc:2955] T 4786b08b416f49f58a8577e8b366d9f9 P 6cffe5be6c1c48bb915b53597fde344c [term 1 LEADER]: Committing config change with OpId 1.3: config changed from index 2 to 3, a86bc9d5447242118719eac4551c41c1 (127.30.22.196) changed from NON_VOTER to VOTER. New config: { opid_index: 3 OBSOLETE_local: false peers { permanent_uuid: "7d63b045a5674275956df016977b758d" member_type: VOTER last_known_addr { host: "127.30.22.193" port: 46055 } } peers { permanent_uuid: "77e142e9bb114163ab73d2c570ece40e" member_type: VOTER last_known_addr { host: "127.30.22.194" port: 43365 } attrs { replace: true } } peers { permanent_uuid: "6cffe5be6c1c48bb915b53597fde344c" member_type: VOTER last_known_addr { host: "127.30.22.195" port: 33993 } } peers { permanent_uuid: "a86bc9d5447242118719eac4551c41c1" member_type: VOTER last_known_addr { host: "127.30.22.196" port: 39169 } attrs { promote: false } } }
I20260630 12:28:36.077909  1469 raft_consensus.cc:1275] T e8e86e2959f14017ac2c528960c2a861 P 6cffe5be6c1c48bb915b53597fde344c [term 2 FOLLOWER]: Refusing update from remote peer a86bc9d5447242118719eac4551c41c1: Log matching property violated. Preceding OpId in replica: term: 1 index: 1. Preceding OpId from leader: term: 2 index: 2. (index mismatch)
I20260630 12:28:36.077581  1620 raft_consensus.cc:2955] T bd1ad8a3b86c4da9a4babf946deccbc2 P a86bc9d5447242118719eac4551c41c1 [term 1 FOLLOWER]: Committing config change with OpId 1.4: config changed from index 3 to 4, VOTER 7d63b045a5674275956df016977b758d (127.30.22.193) evicted. New config: { opid_index: 4 OBSOLETE_local: false peers { permanent_uuid: "77e142e9bb114163ab73d2c570ece40e" member_type: VOTER last_known_addr { host: "127.30.22.194" port: 43365 } } peers { permanent_uuid: "6cffe5be6c1c48bb915b53597fde344c" member_type: VOTER last_known_addr { host: "127.30.22.195" port: 33993 } } peers { permanent_uuid: "a86bc9d5447242118719eac4551c41c1" member_type: VOTER last_known_addr { host: "127.30.22.196" port: 39169 } attrs { promote: false } } }
I20260630 12:28:36.079490  1728 consensus_queue.cc:1048] T e8e86e2959f14017ac2c528960c2a861 P a86bc9d5447242118719eac4551c41c1 [LEADER]: Connected to new peer: Peer: permanent_uuid: "6cffe5be6c1c48bb915b53597fde344c" member_type: VOTER last_known_addr { host: "127.30.22.195" port: 33993 }, Status: LMP_MISMATCH, Last received: 0.0, Next index: 2, Last known committed idx: 1, Time since last communication: 0.001s
I20260630 12:28:36.082809  1819 consensus_queue.cc:1048] T bd1ad8a3b86c4da9a4babf946deccbc2 P 77e142e9bb114163ab73d2c570ece40e [LEADER]: Connected to new peer: Peer: permanent_uuid: "6cffe5be6c1c48bb915b53597fde344c" member_type: VOTER last_known_addr { host: "127.30.22.195" port: 33993 }, Status: LMP_MISMATCH, Last received: 0.0, Next index: 4, Last known committed idx: 3, Time since last communication: 0.000s
I20260630 12:28:36.083801  1397 raft_consensus.cc:2955] T 4786b08b416f49f58a8577e8b366d9f9 P 77e142e9bb114163ab73d2c570ece40e [term 1 FOLLOWER]: Committing config change with OpId 1.3: config changed from index 2 to 3, a86bc9d5447242118719eac4551c41c1 (127.30.22.196) changed from NON_VOTER to VOTER. New config: { opid_index: 3 OBSOLETE_local: false peers { permanent_uuid: "7d63b045a5674275956df016977b758d" member_type: VOTER last_known_addr { host: "127.30.22.193" port: 46055 } } peers { permanent_uuid: "77e142e9bb114163ab73d2c570ece40e" member_type: VOTER last_known_addr { host: "127.30.22.194" port: 43365 } attrs { replace: true } } peers { permanent_uuid: "6cffe5be6c1c48bb915b53597fde344c" member_type: VOTER last_known_addr { host: "127.30.22.195" port: 33993 } } peers { permanent_uuid: "a86bc9d5447242118719eac4551c41c1" member_type: VOTER last_known_addr { host: "127.30.22.196" port: 39169 } attrs { promote: false } } }
I20260630 12:28:36.092584  1468 raft_consensus.cc:2955] T bd1ad8a3b86c4da9a4babf946deccbc2 P 6cffe5be6c1c48bb915b53597fde344c [term 1 FOLLOWER]: Committing config change with OpId 1.4: config changed from index 3 to 4, VOTER 7d63b045a5674275956df016977b758d (127.30.22.193) evicted. New config: { opid_index: 4 OBSOLETE_local: false peers { permanent_uuid: "77e142e9bb114163ab73d2c570ece40e" member_type: VOTER last_known_addr { host: "127.30.22.194" port: 43365 } } peers { permanent_uuid: "6cffe5be6c1c48bb915b53597fde344c" member_type: VOTER last_known_addr { host: "127.30.22.195" port: 33993 } } peers { permanent_uuid: "a86bc9d5447242118719eac4551c41c1" member_type: VOTER last_known_addr { host: "127.30.22.196" port: 39169 } attrs { promote: false } } }
I20260630 12:28:36.094143  1619 raft_consensus.cc:2955] T 4786b08b416f49f58a8577e8b366d9f9 P a86bc9d5447242118719eac4551c41c1 [term 1 FOLLOWER]: Committing config change with OpId 1.3: config changed from index 2 to 3, a86bc9d5447242118719eac4551c41c1 (127.30.22.196) changed from NON_VOTER to VOTER. New config: { opid_index: 3 OBSOLETE_local: false peers { permanent_uuid: "7d63b045a5674275956df016977b758d" member_type: VOTER last_known_addr { host: "127.30.22.193" port: 46055 } } peers { permanent_uuid: "77e142e9bb114163ab73d2c570ece40e" member_type: VOTER last_known_addr { host: "127.30.22.194" port: 43365 } attrs { replace: true } } peers { permanent_uuid: "6cffe5be6c1c48bb915b53597fde344c" member_type: VOTER last_known_addr { host: "127.30.22.195" port: 33993 } } peers { permanent_uuid: "a86bc9d5447242118719eac4551c41c1" member_type: VOTER last_known_addr { host: "127.30.22.196" port: 39169 } attrs { promote: false } } }
I20260630 12:28:36.113837  1204 catalog_manager.cc:5210] ChangeConfig:REMOVE_PEER RPC for tablet bd1ad8a3b86c4da9a4babf946deccbc2 with cas_config_opid_index 3: ChangeConfig:REMOVE_PEER succeeded (attempt 1)
I20260630 12:28:36.125640  1320 raft_consensus.cc:1275] T 9993584c019048d78b1f2d3b42a93021 P 7d63b045a5674275956df016977b758d [term 2 FOLLOWER]: Refusing update from remote peer 77e142e9bb114163ab73d2c570ece40e: Log matching property violated. Preceding OpId in replica: term: 1 index: 1. Preceding OpId from leader: term: 2 index: 2. (index mismatch)
I20260630 12:28:36.127049  1790 consensus_queue.cc:1048] T 9993584c019048d78b1f2d3b42a93021 P 77e142e9bb114163ab73d2c570ece40e [LEADER]: Connected to new peer: Peer: permanent_uuid: "7d63b045a5674275956df016977b758d" member_type: VOTER last_known_addr { host: "127.30.22.193" port: 46055 }, Status: LMP_MISMATCH, Last received: 0.0, Next index: 2, Last known committed idx: 1, Time since last communication: 0.000s
I20260630 12:28:36.126993  1217 catalog_manager.cc:5697] T 4786b08b416f49f58a8577e8b366d9f9 P a86bc9d5447242118719eac4551c41c1 reported cstate change: config changed from index 2 to 3, a86bc9d5447242118719eac4551c41c1 (127.30.22.196) changed from NON_VOTER to VOTER. New cstate: current_term: 1 leader_uuid: "6cffe5be6c1c48bb915b53597fde344c" committed_config { opid_index: 3 OBSOLETE_local: false peers { permanent_uuid: "7d63b045a5674275956df016977b758d" member_type: VOTER last_known_addr { host: "127.30.22.193" port: 46055 } } peers { permanent_uuid: "77e142e9bb114163ab73d2c570ece40e" member_type: VOTER last_known_addr { host: "127.30.22.194" port: 43365 } attrs { replace: true } } peers { permanent_uuid: "6cffe5be6c1c48bb915b53597fde344c" member_type: VOTER last_known_addr { host: "127.30.22.195" port: 33993 } } peers { permanent_uuid: "a86bc9d5447242118719eac4551c41c1" member_type: VOTER last_known_addr { host: "127.30.22.196" port: 39169 } attrs { promote: false } } }
I20260630 12:28:36.141202  1218 catalog_manager.cc:5697] T bd1ad8a3b86c4da9a4babf946deccbc2 P 77e142e9bb114163ab73d2c570ece40e reported cstate change: config changed from index 3 to 4, VOTER 7d63b045a5674275956df016977b758d (127.30.22.193) evicted. New cstate: current_term: 1 leader_uuid: "77e142e9bb114163ab73d2c570ece40e" committed_config { opid_index: 4 OBSOLETE_local: false peers { permanent_uuid: "77e142e9bb114163ab73d2c570ece40e" member_type: VOTER last_known_addr { host: "127.30.22.194" port: 43365 } health_report { overall_health: HEALTHY } } peers { permanent_uuid: "6cffe5be6c1c48bb915b53597fde344c" member_type: VOTER last_known_addr { host: "127.30.22.195" port: 33993 } health_report { overall_health: UNKNOWN } } peers { permanent_uuid: "a86bc9d5447242118719eac4551c41c1" member_type: VOTER last_known_addr { host: "127.30.22.196" port: 39169 } attrs { promote: false } health_report { overall_health: HEALTHY } } }
W20260630 12:28:36.147833  1268 auto_rebalancer.cc:911] Removing replace marker failed after 3 inline attempts; will retry on next rebalancer loop iteration: Service unavailable: leader transfer in progress
W20260630 12:28:36.148242  1268 auto_rebalancer.cc:920] Could not move replica: Remote error: Service unavailable: leadership transfer for 493cbb9d4fac401d91d4c956bdfa346d already in progress
