I20260630 12:28:41.830793 28330 raft_consensus.cc:359] T 1f9b2b1bd10e41368f6d47154b6b5d8e P c79329b3b6014a73b8606cdf1285f8ef [term 0 FOLLOWER]: Replica starting. Triggering 0 pending ops. Active config: opid_index: -1 OBSOLETE_local: false peers { permanent_uuid: "c79329b3b6014a73b8606cdf1285f8ef" member_type: VOTER last_known_addr { host: "127.23.14.65" port: 39515 } } peers { permanent_uuid: "defd2ff226db4ae5bfad4fc7b1292a7f" member_type: VOTER last_known_addr { host: "127.23.14.66" port: 46573 } } peers { permanent_uuid: "9540719be92e4aacaf46773d13a4e754" member_type: VOTER last_known_addr { host: "127.23.14.67" port: 46205 } }
I20260630 12:28:41.831599 28330 raft_consensus.cc:385] T 1f9b2b1bd10e41368f6d47154b6b5d8e P c79329b3b6014a73b8606cdf1285f8ef [term 0 FOLLOWER]: Consensus starting up: Expiring failure detector timer to make a prompt election more likely
I20260630 12:28:41.831954 28331 tablet_bootstrap.cc:492] T 52798440f28749f28531ac1542e58bd5 P defd2ff226db4ae5bfad4fc7b1292a7f: Bootstrap starting.
I20260630 12:28:41.831928 28330 raft_consensus.cc:740] T 1f9b2b1bd10e41368f6d47154b6b5d8e P c79329b3b6014a73b8606cdf1285f8ef [term 0 FOLLOWER]: Becoming Follower/Learner. State: Replica: c79329b3b6014a73b8606cdf1285f8ef, State: Initialized, Role: FOLLOWER
I20260630 12:28:41.835377 28330 consensus_queue.cc:260] T 1f9b2b1bd10e41368f6d47154b6b5d8e P c79329b3b6014a73b8606cdf1285f8ef [NON_LEADER]: Queue going to NON_LEADER mode. State: All replicated index: 0, Majority replicated index: 0, Committed index: 0, Last appended: 0.0, Last appended by leader: 0, Current term: 0, Majority size: -1, State: 0, Mode: NON_LEADER, active raft config: opid_index: -1 OBSOLETE_local: false peers { permanent_uuid: "c79329b3b6014a73b8606cdf1285f8ef" member_type: VOTER last_known_addr { host: "127.23.14.65" port: 39515 } } peers { permanent_uuid: "defd2ff226db4ae5bfad4fc7b1292a7f" member_type: VOTER last_known_addr { host: "127.23.14.66" port: 46573 } } peers { permanent_uuid: "9540719be92e4aacaf46773d13a4e754" member_type: VOTER last_known_addr { host: "127.23.14.67" port: 46205 } }
I20260630 12:28:41.837628 28330 ts_tablet_manager.cc:1434] T 1f9b2b1bd10e41368f6d47154b6b5d8e P c79329b3b6014a73b8606cdf1285f8ef: Time spent starting tablet: real 0.009s	user 0.005s	sys 0.000s
I20260630 12:28:41.838320 28333 tablet_bootstrap.cc:492] T 489dd62da00d477e9da6658c964683d1 P 9540719be92e4aacaf46773d13a4e754: Bootstrap starting.
I20260630 12:28:41.839008 28286 tablet_service.cc:1917] Received RequestConsensusVote() RPC: tablet_id: "d5b43b57ac43438fb718c93299bb9abb" candidate_uuid: "defd2ff226db4ae5bfad4fc7b1292a7f" candidate_term: 1 candidate_status { last_received { term: 0 index: 0 } } ignore_live_leader: false dest_uuid: "9540719be92e4aacaf46773d13a4e754" is_pre_election: true
W20260630 12:28:41.840727 28175 leader_election.cc:343] T d5b43b57ac43438fb718c93299bb9abb P defd2ff226db4ae5bfad4fc7b1292a7f [CANDIDATE]: Term 1 pre-election: Tablet error from VoteRequest() call to peer 9540719be92e4aacaf46773d13a4e754 (127.23.14.67:46205): Illegal state: must be running to vote when last-logged opid is not known
I20260630 12:28:41.841159 28175 leader_election.cc:304] T d5b43b57ac43438fb718c93299bb9abb P defd2ff226db4ae5bfad4fc7b1292a7f [CANDIDATE]: Term 1 pre-election: Election decided. Result: candidate lost. Election summary: received 3 responses out of 3 voters: 1 yes votes; 2 no votes. yes voters: defd2ff226db4ae5bfad4fc7b1292a7f; no voters: 9540719be92e4aacaf46773d13a4e754, c79329b3b6014a73b8606cdf1285f8ef
I20260630 12:28:41.842324 28336 raft_consensus.cc:2749] T d5b43b57ac43438fb718c93299bb9abb P defd2ff226db4ae5bfad4fc7b1292a7f [term 0 FOLLOWER]: Leader pre-election lost for term 1. Reason: could not achieve majority
I20260630 12:28:41.842509 28330 tablet_bootstrap.cc:492] T d5b43b57ac43438fb718c93299bb9abb P c79329b3b6014a73b8606cdf1285f8ef: Bootstrap starting.
I20260630 12:28:41.844575 28333 tablet_bootstrap.cc:654] T 489dd62da00d477e9da6658c964683d1 P 9540719be92e4aacaf46773d13a4e754: Neither blocks nor log segments found. Creating new log.
I20260630 12:28:41.846511 28331 tablet_bootstrap.cc:654] T 52798440f28749f28531ac1542e58bd5 P defd2ff226db4ae5bfad4fc7b1292a7f: Neither blocks nor log segments found. Creating new log.
I20260630 12:28:41.849030 28330 tablet_bootstrap.cc:654] T d5b43b57ac43438fb718c93299bb9abb P c79329b3b6014a73b8606cdf1285f8ef: Neither blocks nor log segments found. Creating new log.
I20260630 12:28:41.858563 28333 tablet_bootstrap.cc:492] T 489dd62da00d477e9da6658c964683d1 P 9540719be92e4aacaf46773d13a4e754: No bootstrap required, opened a new log
I20260630 12:28:41.859035 28333 ts_tablet_manager.cc:1403] T 489dd62da00d477e9da6658c964683d1 P 9540719be92e4aacaf46773d13a4e754: Time spent bootstrapping tablet: real 0.021s	user 0.013s	sys 0.007s
I20260630 12:28:41.859364 28336 raft_consensus.cc:493] T 1f9b2b1bd10e41368f6d47154b6b5d8e P defd2ff226db4ae5bfad4fc7b1292a7f [term 0 FOLLOWER]: Starting pre-election (no leader contacted us within the election timeout)
I20260630 12:28:41.860222 28330 tablet_bootstrap.cc:492] T d5b43b57ac43438fb718c93299bb9abb P c79329b3b6014a73b8606cdf1285f8ef: No bootstrap required, opened a new log
I20260630 12:28:41.859835 28336 raft_consensus.cc:515] T 1f9b2b1bd10e41368f6d47154b6b5d8e P defd2ff226db4ae5bfad4fc7b1292a7f [term 0 FOLLOWER]: Starting pre-election with config: opid_index: -1 OBSOLETE_local: false peers { permanent_uuid: "c79329b3b6014a73b8606cdf1285f8ef" member_type: VOTER last_known_addr { host: "127.23.14.65" port: 39515 } } peers { permanent_uuid: "defd2ff226db4ae5bfad4fc7b1292a7f" member_type: VOTER last_known_addr { host: "127.23.14.66" port: 46573 } } peers { permanent_uuid: "9540719be92e4aacaf46773d13a4e754" member_type: VOTER last_known_addr { host: "127.23.14.67" port: 46205 } }
I20260630 12:28:41.860970 28331 tablet_bootstrap.cc:492] T 52798440f28749f28531ac1542e58bd5 P defd2ff226db4ae5bfad4fc7b1292a7f: No bootstrap required, opened a new log
I20260630 12:28:41.861409 28331 ts_tablet_manager.cc:1403] T 52798440f28749f28531ac1542e58bd5 P defd2ff226db4ae5bfad4fc7b1292a7f: Time spent bootstrapping tablet: real 0.030s	user 0.013s	sys 0.006s
I20260630 12:28:41.861654 28336 leader_election.cc:290] T 1f9b2b1bd10e41368f6d47154b6b5d8e P defd2ff226db4ae5bfad4fc7b1292a7f [CANDIDATE]: Term 1 pre-election: Requested pre-vote from peers c79329b3b6014a73b8606cdf1285f8ef (127.23.14.65:39515), 9540719be92e4aacaf46773d13a4e754 (127.23.14.67:46205)
I20260630 12:28:41.862349 28137 tablet_service.cc:1917] Received RequestConsensusVote() RPC: tablet_id: "1f9b2b1bd10e41368f6d47154b6b5d8e" candidate_uuid: "defd2ff226db4ae5bfad4fc7b1292a7f" candidate_term: 1 candidate_status { last_received { term: 0 index: 0 } } ignore_live_leader: false dest_uuid: "c79329b3b6014a73b8606cdf1285f8ef" is_pre_election: true
I20260630 12:28:41.862210 28330 ts_tablet_manager.cc:1403] T d5b43b57ac43438fb718c93299bb9abb P c79329b3b6014a73b8606cdf1285f8ef: Time spent bootstrapping tablet: real 0.020s	user 0.009s	sys 0.008s
I20260630 12:28:41.862732 28286 tablet_service.cc:1917] Received RequestConsensusVote() RPC: tablet_id: "1f9b2b1bd10e41368f6d47154b6b5d8e" candidate_uuid: "defd2ff226db4ae5bfad4fc7b1292a7f" candidate_term: 1 candidate_status { last_received { term: 0 index: 0 } } ignore_live_leader: false dest_uuid: "9540719be92e4aacaf46773d13a4e754" is_pre_election: true
I20260630 12:28:41.862962 28137 raft_consensus.cc:2468] T 1f9b2b1bd10e41368f6d47154b6b5d8e P c79329b3b6014a73b8606cdf1285f8ef [term 0 FOLLOWER]: Leader pre-election vote request: Granting yes vote for candidate defd2ff226db4ae5bfad4fc7b1292a7f in term 0.
W20260630 12:28:41.864095 28175 leader_election.cc:343] T 1f9b2b1bd10e41368f6d47154b6b5d8e P defd2ff226db4ae5bfad4fc7b1292a7f [CANDIDATE]: Term 1 pre-election: Tablet error from VoteRequest() call to peer 9540719be92e4aacaf46773d13a4e754 (127.23.14.67:46205): Illegal state: must be running to vote when last-logged opid is not known
I20260630 12:28:41.864626 28176 leader_election.cc:304] T 1f9b2b1bd10e41368f6d47154b6b5d8e P defd2ff226db4ae5bfad4fc7b1292a7f [CANDIDATE]: Term 1 pre-election: Election decided. Result: candidate won. Election summary: received 3 responses out of 3 voters: 2 yes votes; 1 no votes. yes voters: c79329b3b6014a73b8606cdf1285f8ef, defd2ff226db4ae5bfad4fc7b1292a7f; no voters: 9540719be92e4aacaf46773d13a4e754
I20260630 12:28:41.864966 28331 raft_consensus.cc:359] T 52798440f28749f28531ac1542e58bd5 P defd2ff226db4ae5bfad4fc7b1292a7f [term 0 FOLLOWER]: Replica starting. Triggering 0 pending ops. Active config: opid_index: -1 OBSOLETE_local: false peers { permanent_uuid: "c79329b3b6014a73b8606cdf1285f8ef" member_type: VOTER last_known_addr { host: "127.23.14.65" port: 39515 } } peers { permanent_uuid: "defd2ff226db4ae5bfad4fc7b1292a7f" member_type: VOTER last_known_addr { host: "127.23.14.66" port: 46573 } } peers { permanent_uuid: "9540719be92e4aacaf46773d13a4e754" member_type: VOTER last_known_addr { host: "127.23.14.67" port: 46205 } }
I20260630 12:28:41.865372 28336 raft_consensus.cc:2804] T 1f9b2b1bd10e41368f6d47154b6b5d8e P defd2ff226db4ae5bfad4fc7b1292a7f [term 0 FOLLOWER]: Leader pre-election won for term 1
I20260630 12:28:41.865250 28330 raft_consensus.cc:359] T d5b43b57ac43438fb718c93299bb9abb P c79329b3b6014a73b8606cdf1285f8ef [term 0 FOLLOWER]: Replica starting. Triggering 0 pending ops. Active config: opid_index: -1 OBSOLETE_local: false peers { permanent_uuid: "c79329b3b6014a73b8606cdf1285f8ef" member_type: VOTER last_known_addr { host: "127.23.14.65" port: 39515 } } peers { permanent_uuid: "defd2ff226db4ae5bfad4fc7b1292a7f" member_type: VOTER last_known_addr { host: "127.23.14.66" port: 46573 } } peers { permanent_uuid: "9540719be92e4aacaf46773d13a4e754" member_type: VOTER last_known_addr { host: "127.23.14.67" port: 46205 } }
I20260630 12:28:41.865644 28331 raft_consensus.cc:385] T 52798440f28749f28531ac1542e58bd5 P defd2ff226db4ae5bfad4fc7b1292a7f [term 0 FOLLOWER]: Consensus starting up: Expiring failure detector timer to make a prompt election more likely
I20260630 12:28:41.865773 28336 raft_consensus.cc:493] T 1f9b2b1bd10e41368f6d47154b6b5d8e P defd2ff226db4ae5bfad4fc7b1292a7f [term 0 FOLLOWER]: Starting leader election (no leader contacted us within the election timeout)
I20260630 12:28:41.865967 28330 raft_consensus.cc:385] T d5b43b57ac43438fb718c93299bb9abb P c79329b3b6014a73b8606cdf1285f8ef [term 0 FOLLOWER]: Consensus starting up: Expiring failure detector timer to make a prompt election more likely
I20260630 12:28:41.861749 28333 raft_consensus.cc:359] T 489dd62da00d477e9da6658c964683d1 P 9540719be92e4aacaf46773d13a4e754 [term 0 FOLLOWER]: Replica starting. Triggering 0 pending ops. Active config: opid_index: -1 OBSOLETE_local: false peers { permanent_uuid: "c79329b3b6014a73b8606cdf1285f8ef" member_type: VOTER last_known_addr { host: "127.23.14.65" port: 39515 } } peers { permanent_uuid: "defd2ff226db4ae5bfad4fc7b1292a7f" member_type: VOTER last_known_addr { host: "127.23.14.66" port: 46573 } } peers { permanent_uuid: "9540719be92e4aacaf46773d13a4e754" member_type: VOTER last_known_addr { host: "127.23.14.67" port: 46205 } }
I20260630 12:28:41.866206 28336 raft_consensus.cc:3060] T 1f9b2b1bd10e41368f6d47154b6b5d8e P defd2ff226db4ae5bfad4fc7b1292a7f [term 0 FOLLOWER]: Advancing to term 1
I20260630 12:28:41.866111 28331 raft_consensus.cc:740] T 52798440f28749f28531ac1542e58bd5 P defd2ff226db4ae5bfad4fc7b1292a7f [term 0 FOLLOWER]: Becoming Follower/Learner. State: Replica: defd2ff226db4ae5bfad4fc7b1292a7f, State: Initialized, Role: FOLLOWER
I20260630 12:28:41.866398 28333 raft_consensus.cc:385] T 489dd62da00d477e9da6658c964683d1 P 9540719be92e4aacaf46773d13a4e754 [term 0 FOLLOWER]: Consensus starting up: Expiring failure detector timer to make a prompt election more likely
I20260630 12:28:41.866724 28330 raft_consensus.cc:740] T d5b43b57ac43438fb718c93299bb9abb P c79329b3b6014a73b8606cdf1285f8ef [term 0 FOLLOWER]: Becoming Follower/Learner. State: Replica: c79329b3b6014a73b8606cdf1285f8ef, State: Initialized, Role: FOLLOWER
I20260630 12:28:41.866890 28333 raft_consensus.cc:740] T 489dd62da00d477e9da6658c964683d1 P 9540719be92e4aacaf46773d13a4e754 [term 0 FOLLOWER]: Becoming Follower/Learner. State: Replica: 9540719be92e4aacaf46773d13a4e754, State: Initialized, Role: FOLLOWER
I20260630 12:28:41.867283 28331 consensus_queue.cc:260] T 52798440f28749f28531ac1542e58bd5 P defd2ff226db4ae5bfad4fc7b1292a7f [NON_LEADER]: Queue going to NON_LEADER mode. State: All replicated index: 0, Majority replicated index: 0, Committed index: 0, Last appended: 0.0, Last appended by leader: 0, Current term: 0, Majority size: -1, State: 0, Mode: NON_LEADER, active raft config: opid_index: -1 OBSOLETE_local: false peers { permanent_uuid: "c79329b3b6014a73b8606cdf1285f8ef" member_type: VOTER last_known_addr { host: "127.23.14.65" port: 39515 } } peers { permanent_uuid: "defd2ff226db4ae5bfad4fc7b1292a7f" member_type: VOTER last_known_addr { host: "127.23.14.66" port: 46573 } } peers { permanent_uuid: "9540719be92e4aacaf46773d13a4e754" member_type: VOTER last_known_addr { host: "127.23.14.67" port: 46205 } }
I20260630 12:28:41.867700 28330 consensus_queue.cc:260] T d5b43b57ac43438fb718c93299bb9abb P c79329b3b6014a73b8606cdf1285f8ef [NON_LEADER]: Queue going to NON_LEADER mode. State: All replicated index: 0, Majority replicated index: 0, Committed index: 0, Last appended: 0.0, Last appended by leader: 0, Current term: 0, Majority size: -1, State: 0, Mode: NON_LEADER, active raft config: opid_index: -1 OBSOLETE_local: false peers { permanent_uuid: "c79329b3b6014a73b8606cdf1285f8ef" member_type: VOTER last_known_addr { host: "127.23.14.65" port: 39515 } } peers { permanent_uuid: "defd2ff226db4ae5bfad4fc7b1292a7f" member_type: VOTER last_known_addr { host: "127.23.14.66" port: 46573 } } peers { permanent_uuid: "9540719be92e4aacaf46773d13a4e754" member_type: VOTER last_known_addr { host: "127.23.14.67" port: 46205 } }
I20260630 12:28:41.867842 28333 consensus_queue.cc:260] T 489dd62da00d477e9da6658c964683d1 P 9540719be92e4aacaf46773d13a4e754 [NON_LEADER]: Queue going to NON_LEADER mode. State: All replicated index: 0, Majority replicated index: 0, Committed index: 0, Last appended: 0.0, Last appended by leader: 0, Current term: 0, Majority size: -1, State: 0, Mode: NON_LEADER, active raft config: opid_index: -1 OBSOLETE_local: false peers { permanent_uuid: "c79329b3b6014a73b8606cdf1285f8ef" member_type: VOTER last_known_addr { host: "127.23.14.65" port: 39515 } } peers { permanent_uuid: "defd2ff226db4ae5bfad4fc7b1292a7f" member_type: VOTER last_known_addr { host: "127.23.14.66" port: 46573 } } peers { permanent_uuid: "9540719be92e4aacaf46773d13a4e754" member_type: VOTER last_known_addr { host: "127.23.14.67" port: 46205 } }
I20260630 12:28:41.870142 28333 ts_tablet_manager.cc:1434] T 489dd62da00d477e9da6658c964683d1 P 9540719be92e4aacaf46773d13a4e754: Time spent starting tablet: real 0.011s	user 0.006s	sys 0.000s
I20260630 12:28:41.871429 28333 tablet_bootstrap.cc:492] T 1f9b2b1bd10e41368f6d47154b6b5d8e P 9540719be92e4aacaf46773d13a4e754: Bootstrap starting.
I20260630 12:28:41.873507 28336 raft_consensus.cc:515] T 1f9b2b1bd10e41368f6d47154b6b5d8e P defd2ff226db4ae5bfad4fc7b1292a7f [term 1 FOLLOWER]: Starting leader election with config: opid_index: -1 OBSOLETE_local: false peers { permanent_uuid: "c79329b3b6014a73b8606cdf1285f8ef" member_type: VOTER last_known_addr { host: "127.23.14.65" port: 39515 } } peers { permanent_uuid: "defd2ff226db4ae5bfad4fc7b1292a7f" member_type: VOTER last_known_addr { host: "127.23.14.66" port: 46573 } } peers { permanent_uuid: "9540719be92e4aacaf46773d13a4e754" member_type: VOTER last_known_addr { host: "127.23.14.67" port: 46205 } }
I20260630 12:28:41.875627 28330 ts_tablet_manager.cc:1434] T d5b43b57ac43438fb718c93299bb9abb P c79329b3b6014a73b8606cdf1285f8ef: Time spent starting tablet: real 0.013s	user 0.006s	sys 0.001s
I20260630 12:28:41.876188 28137 tablet_service.cc:1917] Received RequestConsensusVote() RPC: tablet_id: "1f9b2b1bd10e41368f6d47154b6b5d8e" candidate_uuid: "defd2ff226db4ae5bfad4fc7b1292a7f" candidate_term: 1 candidate_status { last_received { term: 0 index: 0 } } ignore_live_leader: false dest_uuid: "c79329b3b6014a73b8606cdf1285f8ef"
I20260630 12:28:41.876695 28137 raft_consensus.cc:3060] T 1f9b2b1bd10e41368f6d47154b6b5d8e P c79329b3b6014a73b8606cdf1285f8ef [term 0 FOLLOWER]: Advancing to term 1
I20260630 12:28:41.877489 28333 tablet_bootstrap.cc:654] T 1f9b2b1bd10e41368f6d47154b6b5d8e P 9540719be92e4aacaf46773d13a4e754: Neither blocks nor log segments found. Creating new log.
I20260630 12:28:41.882295 28330 tablet_bootstrap.cc:492] T add1bd1cf35d4b87ac918e5e9cc21091 P c79329b3b6014a73b8606cdf1285f8ef: Bootstrap starting.
I20260630 12:28:41.883889 28340 raft_consensus.cc:493] T ac5e5fc3409f407588a763e896f1a274 P 9540719be92e4aacaf46773d13a4e754 [term 0 FOLLOWER]: Starting pre-election (no leader contacted us within the election timeout)
I20260630 12:28:41.884346 28340 raft_consensus.cc:515] T ac5e5fc3409f407588a763e896f1a274 P 9540719be92e4aacaf46773d13a4e754 [term 0 FOLLOWER]: Starting pre-election with config: opid_index: -1 OBSOLETE_local: false peers { permanent_uuid: "c79329b3b6014a73b8606cdf1285f8ef" member_type: VOTER last_known_addr { host: "127.23.14.65" port: 39515 } } peers { permanent_uuid: "defd2ff226db4ae5bfad4fc7b1292a7f" member_type: VOTER last_known_addr { host: "127.23.14.66" port: 46573 } } peers { permanent_uuid: "9540719be92e4aacaf46773d13a4e754" member_type: VOTER last_known_addr { host: "127.23.14.67" port: 46205 } }
I20260630 12:28:41.893959 28335 raft_consensus.cc:493] T 52798440f28749f28531ac1542e58bd5 P c79329b3b6014a73b8606cdf1285f8ef [term 0 FOLLOWER]: Starting pre-election (no leader contacted us within the election timeout)
I20260630 12:28:41.894876 28340 leader_election.cc:290] T ac5e5fc3409f407588a763e896f1a274 P 9540719be92e4aacaf46773d13a4e754 [CANDIDATE]: Term 1 pre-election: Requested pre-vote from peers c79329b3b6014a73b8606cdf1285f8ef (127.23.14.65:39515), defd2ff226db4ae5bfad4fc7b1292a7f (127.23.14.66:46573)
I20260630 12:28:41.894596 28335 raft_consensus.cc:515] T 52798440f28749f28531ac1542e58bd5 P c79329b3b6014a73b8606cdf1285f8ef [term 0 FOLLOWER]: Starting pre-election with config: opid_index: -1 OBSOLETE_local: false peers { permanent_uuid: "c79329b3b6014a73b8606cdf1285f8ef" member_type: VOTER last_known_addr { host: "127.23.14.65" port: 39515 } } peers { permanent_uuid: "defd2ff226db4ae5bfad4fc7b1292a7f" member_type: VOTER last_known_addr { host: "127.23.14.66" port: 46573 } } peers { permanent_uuid: "9540719be92e4aacaf46773d13a4e754" member_type: VOTER last_known_addr { host: "127.23.14.67" port: 46205 } }
I20260630 12:28:41.895413 28330 tablet_bootstrap.cc:654] T add1bd1cf35d4b87ac918e5e9cc21091 P c79329b3b6014a73b8606cdf1285f8ef: Neither blocks nor log segments found. Creating new log.
I20260630 12:28:41.900617 28335 leader_election.cc:290] T 52798440f28749f28531ac1542e58bd5 P c79329b3b6014a73b8606cdf1285f8ef [CANDIDATE]: Term 1 pre-election: Requested pre-vote from peers defd2ff226db4ae5bfad4fc7b1292a7f (127.23.14.66:46573), 9540719be92e4aacaf46773d13a4e754 (127.23.14.67:46205)
I20260630 12:28:41.902913 28137 raft_consensus.cc:2468] T 1f9b2b1bd10e41368f6d47154b6b5d8e P c79329b3b6014a73b8606cdf1285f8ef [term 1 FOLLOWER]: Leader election vote request: Granting yes vote for candidate defd2ff226db4ae5bfad4fc7b1292a7f in term 1.
I20260630 12:28:41.910147 28336 leader_election.cc:290] T 1f9b2b1bd10e41368f6d47154b6b5d8e P defd2ff226db4ae5bfad4fc7b1292a7f [CANDIDATE]: Term 1 election: Requested vote from peers c79329b3b6014a73b8606cdf1285f8ef (127.23.14.65:39515), 9540719be92e4aacaf46773d13a4e754 (127.23.14.67:46205)
I20260630 12:28:41.916040 28335 raft_consensus.cc:493] T d5b43b57ac43438fb718c93299bb9abb P c79329b3b6014a73b8606cdf1285f8ef [term 0 FOLLOWER]: Starting pre-election (no leader contacted us within the election timeout)
I20260630 12:28:41.916725 28335 raft_consensus.cc:515] T d5b43b57ac43438fb718c93299bb9abb P c79329b3b6014a73b8606cdf1285f8ef [term 0 FOLLOWER]: Starting pre-election with config: opid_index: -1 OBSOLETE_local: false peers { permanent_uuid: "c79329b3b6014a73b8606cdf1285f8ef" member_type: VOTER last_known_addr { host: "127.23.14.65" port: 39515 } } peers { permanent_uuid: "defd2ff226db4ae5bfad4fc7b1292a7f" member_type: VOTER last_known_addr { host: "127.23.14.66" port: 46573 } } peers { permanent_uuid: "9540719be92e4aacaf46773d13a4e754" member_type: VOTER last_known_addr { host: "127.23.14.67" port: 46205 } }
I20260630 12:28:41.919158 28335 leader_election.cc:290] T d5b43b57ac43438fb718c93299bb9abb P c79329b3b6014a73b8606cdf1285f8ef [CANDIDATE]: Term 1 pre-election: Requested pre-vote from peers defd2ff226db4ae5bfad4fc7b1292a7f (127.23.14.66:46573), 9540719be92e4aacaf46773d13a4e754 (127.23.14.67:46205)
I20260630 12:28:41.929267 28286 tablet_service.cc:1917] Received RequestConsensusVote() RPC: tablet_id: "1f9b2b1bd10e41368f6d47154b6b5d8e" candidate_uuid: "defd2ff226db4ae5bfad4fc7b1292a7f" candidate_term: 1 candidate_status { last_received { term: 0 index: 0 } } ignore_live_leader: false dest_uuid: "9540719be92e4aacaf46773d13a4e754"
W20260630 12:28:41.930842 28175 leader_election.cc:343] T 1f9b2b1bd10e41368f6d47154b6b5d8e P defd2ff226db4ae5bfad4fc7b1292a7f [CANDIDATE]: Term 1 election: Tablet error from VoteRequest() call to peer 9540719be92e4aacaf46773d13a4e754 (127.23.14.67:46205): Illegal state: must be running to vote when last-logged opid is not known
I20260630 12:28:41.943665 28331 ts_tablet_manager.cc:1434] T 52798440f28749f28531ac1542e58bd5 P defd2ff226db4ae5bfad4fc7b1292a7f: Time spent starting tablet: real 0.081s	user 0.009s	sys 0.012s
I20260630 12:28:41.948362 28331 tablet_bootstrap.cc:492] T add1bd1cf35d4b87ac918e5e9cc21091 P defd2ff226db4ae5bfad4fc7b1292a7f: Bootstrap starting.
I20260630 12:28:41.962016 28176 leader_election.cc:304] T 1f9b2b1bd10e41368f6d47154b6b5d8e P defd2ff226db4ae5bfad4fc7b1292a7f [CANDIDATE]: Term 1 election: Election decided. Result: candidate won. Election summary: received 3 responses out of 3 voters: 2 yes votes; 1 no votes. yes voters: c79329b3b6014a73b8606cdf1285f8ef, defd2ff226db4ae5bfad4fc7b1292a7f; no voters: 9540719be92e4aacaf46773d13a4e754
I20260630 12:28:41.964197 28350 raft_consensus.cc:2804] T 1f9b2b1bd10e41368f6d47154b6b5d8e P defd2ff226db4ae5bfad4fc7b1292a7f [term 1 FOLLOWER]: Leader election won for term 1
I20260630 12:28:41.964720 28350 raft_consensus.cc:697] T 1f9b2b1bd10e41368f6d47154b6b5d8e P defd2ff226db4ae5bfad4fc7b1292a7f [term 1 LEADER]: Becoming Leader. State: Replica: defd2ff226db4ae5bfad4fc7b1292a7f, State: Running, Role: LEADER
I20260630 12:28:41.965497 28333 tablet_bootstrap.cc:492] T 1f9b2b1bd10e41368f6d47154b6b5d8e P 9540719be92e4aacaf46773d13a4e754: No bootstrap required, opened a new log
I20260630 12:28:41.965953 28333 ts_tablet_manager.cc:1403] T 1f9b2b1bd10e41368f6d47154b6b5d8e P 9540719be92e4aacaf46773d13a4e754: Time spent bootstrapping tablet: real 0.095s	user 0.043s	sys 0.048s
I20260630 12:28:41.965673 28350 consensus_queue.cc:237] T 1f9b2b1bd10e41368f6d47154b6b5d8e P defd2ff226db4ae5bfad4fc7b1292a7f [LEADER]: Queue going to LEADER mode. State: All replicated index: 0, Majority replicated index: 0, Committed index: 0, Last appended: 0.0, Last appended by leader: 0, Current term: 1, Majority size: 2, State: 0, Mode: LEADER, active raft config: opid_index: -1 OBSOLETE_local: false peers { permanent_uuid: "c79329b3b6014a73b8606cdf1285f8ef" member_type: VOTER last_known_addr { host: "127.23.14.65" port: 39515 } } peers { permanent_uuid: "defd2ff226db4ae5bfad4fc7b1292a7f" member_type: VOTER last_known_addr { host: "127.23.14.66" port: 46573 } } peers { permanent_uuid: "9540719be92e4aacaf46773d13a4e754" member_type: VOTER last_known_addr { host: "127.23.14.67" port: 46205 } }
I20260630 12:28:41.968079 28137 tablet_service.cc:1917] Received RequestConsensusVote() RPC: tablet_id: "ac5e5fc3409f407588a763e896f1a274" candidate_uuid: "9540719be92e4aacaf46773d13a4e754" candidate_term: 1 candidate_status { last_received { term: 0 index: 0 } } ignore_live_leader: false dest_uuid: "c79329b3b6014a73b8606cdf1285f8ef" is_pre_election: true
I20260630 12:28:41.968694 28212 tablet_service.cc:1917] Received RequestConsensusVote() RPC: tablet_id: "ac5e5fc3409f407588a763e896f1a274" candidate_uuid: "9540719be92e4aacaf46773d13a4e754" candidate_term: 1 candidate_status { last_received { term: 0 index: 0 } } ignore_live_leader: false dest_uuid: "defd2ff226db4ae5bfad4fc7b1292a7f" is_pre_election: true
I20260630 12:28:41.968837 28333 raft_consensus.cc:359] T 1f9b2b1bd10e41368f6d47154b6b5d8e P 9540719be92e4aacaf46773d13a4e754 [term 0 FOLLOWER]: Replica starting. Triggering 0 pending ops. Active config: opid_index: -1 OBSOLETE_local: false peers { permanent_uuid: "c79329b3b6014a73b8606cdf1285f8ef" member_type: VOTER last_known_addr { host: "127.23.14.65" port: 39515 } } peers { permanent_uuid: "defd2ff226db4ae5bfad4fc7b1292a7f" member_type: VOTER last_known_addr { host: "127.23.14.66" port: 46573 } } peers { permanent_uuid: "9540719be92e4aacaf46773d13a4e754" member_type: VOTER last_known_addr { host: "127.23.14.67" port: 46205 } }
I20260630 12:28:41.969412 28212 raft_consensus.cc:2468] T ac5e5fc3409f407588a763e896f1a274 P defd2ff226db4ae5bfad4fc7b1292a7f [term 0 FOLLOWER]: Leader pre-election vote request: Granting yes vote for candidate 9540719be92e4aacaf46773d13a4e754 in term 0.
I20260630 12:28:41.969619 28333 raft_consensus.cc:385] T 1f9b2b1bd10e41368f6d47154b6b5d8e P 9540719be92e4aacaf46773d13a4e754 [term 0 FOLLOWER]: Consensus starting up: Expiring failure detector timer to make a prompt election more likely
W20260630 12:28:41.969872 28250 leader_election.cc:343] T ac5e5fc3409f407588a763e896f1a274 P 9540719be92e4aacaf46773d13a4e754 [CANDIDATE]: Term 1 pre-election: Tablet error from VoteRequest() call to peer c79329b3b6014a73b8606cdf1285f8ef (127.23.14.65:39515): Illegal state: must be running to vote when last-logged opid is not known
I20260630 12:28:41.970127 28333 raft_consensus.cc:740] T 1f9b2b1bd10e41368f6d47154b6b5d8e P 9540719be92e4aacaf46773d13a4e754 [term 0 FOLLOWER]: Becoming Follower/Learner. State: Replica: 9540719be92e4aacaf46773d13a4e754, State: Initialized, Role: FOLLOWER
I20260630 12:28:41.971171 28212 tablet_service.cc:1917] Received RequestConsensusVote() RPC: tablet_id: "52798440f28749f28531ac1542e58bd5" candidate_uuid: "c79329b3b6014a73b8606cdf1285f8ef" candidate_term: 1 candidate_status { last_received { term: 0 index: 0 } } ignore_live_leader: false dest_uuid: "defd2ff226db4ae5bfad4fc7b1292a7f" is_pre_election: true
I20260630 12:28:41.971143 28333 consensus_queue.cc:260] T 1f9b2b1bd10e41368f6d47154b6b5d8e P 9540719be92e4aacaf46773d13a4e754 [NON_LEADER]: Queue going to NON_LEADER mode. State: All replicated index: 0, Majority replicated index: 0, Committed index: 0, Last appended: 0.0, Last appended by leader: 0, Current term: 0, Majority size: -1, State: 0, Mode: NON_LEADER, active raft config: opid_index: -1 OBSOLETE_local: false peers { permanent_uuid: "c79329b3b6014a73b8606cdf1285f8ef" member_type: VOTER last_known_addr { host: "127.23.14.65" port: 39515 } } peers { permanent_uuid: "defd2ff226db4ae5bfad4fc7b1292a7f" member_type: VOTER last_known_addr { host: "127.23.14.66" port: 46573 } } peers { permanent_uuid: "9540719be92e4aacaf46773d13a4e754" member_type: VOTER last_known_addr { host: "127.23.14.67" port: 46205 } }
I20260630 12:28:41.971706 28249 leader_election.cc:304] T ac5e5fc3409f407588a763e896f1a274 P 9540719be92e4aacaf46773d13a4e754 [CANDIDATE]: Term 1 pre-election: Election decided. Result: candidate won. Election summary: received 3 responses out of 3 voters: 2 yes votes; 1 no votes. yes voters: 9540719be92e4aacaf46773d13a4e754, defd2ff226db4ae5bfad4fc7b1292a7f; no voters: c79329b3b6014a73b8606cdf1285f8ef
I20260630 12:28:41.971912 28331 tablet_bootstrap.cc:654] T add1bd1cf35d4b87ac918e5e9cc21091 P defd2ff226db4ae5bfad4fc7b1292a7f: Neither blocks nor log segments found. Creating new log.
I20260630 12:28:41.972548 28340 raft_consensus.cc:2804] T ac5e5fc3409f407588a763e896f1a274 P 9540719be92e4aacaf46773d13a4e754 [term 0 FOLLOWER]: Leader pre-election won for term 1
I20260630 12:28:41.972903 28340 raft_consensus.cc:493] T ac5e5fc3409f407588a763e896f1a274 P 9540719be92e4aacaf46773d13a4e754 [term 0 FOLLOWER]: Starting leader election (no leader contacted us within the election timeout)
I20260630 12:28:41.973259 28340 raft_consensus.cc:3060] T ac5e5fc3409f407588a763e896f1a274 P 9540719be92e4aacaf46773d13a4e754 [term 0 FOLLOWER]: Advancing to term 1
I20260630 12:28:41.973483 28333 ts_tablet_manager.cc:1434] T 1f9b2b1bd10e41368f6d47154b6b5d8e P 9540719be92e4aacaf46773d13a4e754: Time spent starting tablet: real 0.007s	user 0.006s	sys 0.000s
I20260630 12:28:41.974426 28333 tablet_bootstrap.cc:492] T 3cbc573f37cb4863b52726db7cf012c2 P 9540719be92e4aacaf46773d13a4e754: Bootstrap starting.
I20260630 12:28:41.977028 28330 tablet_bootstrap.cc:492] T add1bd1cf35d4b87ac918e5e9cc21091 P c79329b3b6014a73b8606cdf1285f8ef: No bootstrap required, opened a new log
I20260630 12:28:41.977612 28330 ts_tablet_manager.cc:1403] T add1bd1cf35d4b87ac918e5e9cc21091 P c79329b3b6014a73b8606cdf1285f8ef: Time spent bootstrapping tablet: real 0.096s	user 0.046s	sys 0.028s
I20260630 12:28:41.980595 28330 raft_consensus.cc:359] T add1bd1cf35d4b87ac918e5e9cc21091 P c79329b3b6014a73b8606cdf1285f8ef [term 0 FOLLOWER]: Replica starting. Triggering 0 pending ops. Active config: opid_index: -1 OBSOLETE_local: false peers { permanent_uuid: "c79329b3b6014a73b8606cdf1285f8ef" member_type: VOTER last_known_addr { host: "127.23.14.65" port: 39515 } } peers { permanent_uuid: "defd2ff226db4ae5bfad4fc7b1292a7f" member_type: VOTER last_known_addr { host: "127.23.14.66" port: 46573 } } peers { permanent_uuid: "9540719be92e4aacaf46773d13a4e754" member_type: VOTER last_known_addr { host: "127.23.14.67" port: 46205 } }
I20260630 12:28:41.981073 28333 tablet_bootstrap.cc:654] T 3cbc573f37cb4863b52726db7cf012c2 P 9540719be92e4aacaf46773d13a4e754: Neither blocks nor log segments found. Creating new log.
I20260630 12:28:41.981364 28330 raft_consensus.cc:385] T add1bd1cf35d4b87ac918e5e9cc21091 P c79329b3b6014a73b8606cdf1285f8ef [term 0 FOLLOWER]: Consensus starting up: Expiring failure detector timer to make a prompt election more likely
I20260630 12:28:41.981673 28330 raft_consensus.cc:740] T add1bd1cf35d4b87ac918e5e9cc21091 P c79329b3b6014a73b8606cdf1285f8ef [term 0 FOLLOWER]: Becoming Follower/Learner. State: Replica: c79329b3b6014a73b8606cdf1285f8ef, State: Initialized, Role: FOLLOWER
I20260630 12:28:41.982321 28330 consensus_queue.cc:260] T add1bd1cf35d4b87ac918e5e9cc21091 P c79329b3b6014a73b8606cdf1285f8ef [NON_LEADER]: Queue going to NON_LEADER mode. State: All replicated index: 0, Majority replicated index: 0, Committed index: 0, Last appended: 0.0, Last appended by leader: 0, Current term: 0, Majority size: -1, State: 0, Mode: NON_LEADER, active raft config: opid_index: -1 OBSOLETE_local: false peers { permanent_uuid: "c79329b3b6014a73b8606cdf1285f8ef" member_type: VOTER last_known_addr { host: "127.23.14.65" port: 39515 } } peers { permanent_uuid: "defd2ff226db4ae5bfad4fc7b1292a7f" member_type: VOTER last_known_addr { host: "127.23.14.66" port: 46573 } } peers { permanent_uuid: "9540719be92e4aacaf46773d13a4e754" member_type: VOTER last_known_addr { host: "127.23.14.67" port: 46205 } }
I20260630 12:28:41.984607 28330 ts_tablet_manager.cc:1434] T add1bd1cf35d4b87ac918e5e9cc21091 P c79329b3b6014a73b8606cdf1285f8ef: Time spent starting tablet: real 0.007s	user 0.005s	sys 0.000s
I20260630 12:28:41.985786 28330 tablet_bootstrap.cc:492] T 3cbc573f37cb4863b52726db7cf012c2 P c79329b3b6014a73b8606cdf1285f8ef: Bootstrap starting.
W20260630 12:28:41.987964 28083 auto_rebalancer.cc:298] Could not retrieve cluster info: Service unavailable: Tablet not running
I20260630 12:28:41.971875 28212 raft_consensus.cc:2468] T 52798440f28749f28531ac1542e58bd5 P defd2ff226db4ae5bfad4fc7b1292a7f [term 0 FOLLOWER]: Leader pre-election vote request: Granting yes vote for candidate c79329b3b6014a73b8606cdf1285f8ef in term 0.
I20260630 12:28:41.989874 28100 leader_election.cc:304] T 52798440f28749f28531ac1542e58bd5 P c79329b3b6014a73b8606cdf1285f8ef [CANDIDATE]: Term 1 pre-election: Election decided. Result: candidate won. Election summary: received 2 responses out of 3 voters: 2 yes votes; 0 no votes. yes voters: c79329b3b6014a73b8606cdf1285f8ef, defd2ff226db4ae5bfad4fc7b1292a7f; no voters: 
I20260630 12:28:41.993399 28340 raft_consensus.cc:515] T ac5e5fc3409f407588a763e896f1a274 P 9540719be92e4aacaf46773d13a4e754 [term 1 FOLLOWER]: Starting leader election with config: opid_index: -1 OBSOLETE_local: false peers { permanent_uuid: "c79329b3b6014a73b8606cdf1285f8ef" member_type: VOTER last_known_addr { host: "127.23.14.65" port: 39515 } } peers { permanent_uuid: "defd2ff226db4ae5bfad4fc7b1292a7f" member_type: VOTER last_known_addr { host: "127.23.14.66" port: 46573 } } peers { permanent_uuid: "9540719be92e4aacaf46773d13a4e754" member_type: VOTER last_known_addr { host: "127.23.14.67" port: 46205 } }
I20260630 12:28:41.994793 28335 raft_consensus.cc:2804] T 52798440f28749f28531ac1542e58bd5 P c79329b3b6014a73b8606cdf1285f8ef [term 0 FOLLOWER]: Leader pre-election won for term 1
I20260630 12:28:41.995265 28335 raft_consensus.cc:493] T 52798440f28749f28531ac1542e58bd5 P c79329b3b6014a73b8606cdf1285f8ef [term 0 FOLLOWER]: Starting leader election (no leader contacted us within the election timeout)
I20260630 12:28:41.995671 28335 raft_consensus.cc:3060] T 52798440f28749f28531ac1542e58bd5 P c79329b3b6014a73b8606cdf1285f8ef [term 0 FOLLOWER]: Advancing to term 1
I20260630 12:28:41.996070 28137 tablet_service.cc:1917] Received RequestConsensusVote() RPC: tablet_id: "ac5e5fc3409f407588a763e896f1a274" candidate_uuid: "9540719be92e4aacaf46773d13a4e754" candidate_term: 1 candidate_status { last_received { term: 0 index: 0 } } ignore_live_leader: false dest_uuid: "c79329b3b6014a73b8606cdf1285f8ef"
I20260630 12:28:41.991799 28330 tablet_bootstrap.cc:654] T 3cbc573f37cb4863b52726db7cf012c2 P c79329b3b6014a73b8606cdf1285f8ef: Neither blocks nor log segments found. Creating new log.
I20260630 12:28:41.991452 28212 tablet_service.cc:1917] Received RequestConsensusVote() RPC: tablet_id: "d5b43b57ac43438fb718c93299bb9abb" candidate_uuid: "c79329b3b6014a73b8606cdf1285f8ef" candidate_term: 1 candidate_status { last_received { term: 0 index: 0 } } ignore_live_leader: false dest_uuid: "defd2ff226db4ae5bfad4fc7b1292a7f" is_pre_election: true
W20260630 12:28:41.997407 28250 leader_election.cc:343] T ac5e5fc3409f407588a763e896f1a274 P 9540719be92e4aacaf46773d13a4e754 [CANDIDATE]: Term 1 election: Tablet error from VoteRequest() call to peer c79329b3b6014a73b8606cdf1285f8ef (127.23.14.65:39515): Illegal state: must be running to vote when last-logged opid is not known
I20260630 12:28:41.997877 28212 raft_consensus.cc:2468] T d5b43b57ac43438fb718c93299bb9abb P defd2ff226db4ae5bfad4fc7b1292a7f [term 0 FOLLOWER]: Leader pre-election vote request: Granting yes vote for candidate c79329b3b6014a73b8606cdf1285f8ef in term 0.
I20260630 12:28:41.998323 28340 leader_election.cc:290] T ac5e5fc3409f407588a763e896f1a274 P 9540719be92e4aacaf46773d13a4e754 [CANDIDATE]: Term 1 election: Requested vote from peers c79329b3b6014a73b8606cdf1285f8ef (127.23.14.65:39515), defd2ff226db4ae5bfad4fc7b1292a7f (127.23.14.66:46573)
I20260630 12:28:41.997392 28333 tablet_bootstrap.cc:492] T 3cbc573f37cb4863b52726db7cf012c2 P 9540719be92e4aacaf46773d13a4e754: No bootstrap required, opened a new log
I20260630 12:28:41.999209 28333 ts_tablet_manager.cc:1403] T 3cbc573f37cb4863b52726db7cf012c2 P 9540719be92e4aacaf46773d13a4e754: Time spent bootstrapping tablet: real 0.025s	user 0.015s	sys 0.002s
I20260630 12:28:41.999071 28100 leader_election.cc:304] T d5b43b57ac43438fb718c93299bb9abb P c79329b3b6014a73b8606cdf1285f8ef [CANDIDATE]: Term 1 pre-election: Election decided. Result: candidate won. Election summary: received 2 responses out of 3 voters: 2 yes votes; 0 no votes. yes voters: c79329b3b6014a73b8606cdf1285f8ef, defd2ff226db4ae5bfad4fc7b1292a7f; no voters: 
I20260630 12:28:42.002692 28333 raft_consensus.cc:359] T 3cbc573f37cb4863b52726db7cf012c2 P 9540719be92e4aacaf46773d13a4e754 [term 0 FOLLOWER]: Replica starting. Triggering 0 pending ops. Active config: opid_index: -1 OBSOLETE_local: false peers { permanent_uuid: "c79329b3b6014a73b8606cdf1285f8ef" member_type: VOTER last_known_addr { host: "127.23.14.65" port: 39515 } } peers { permanent_uuid: "defd2ff226db4ae5bfad4fc7b1292a7f" member_type: VOTER last_known_addr { host: "127.23.14.66" port: 46573 } } peers { permanent_uuid: "9540719be92e4aacaf46773d13a4e754" member_type: VOTER last_known_addr { host: "127.23.14.67" port: 46205 } }
I20260630 12:28:42.003659 28333 raft_consensus.cc:385] T 3cbc573f37cb4863b52726db7cf012c2 P 9540719be92e4aacaf46773d13a4e754 [term 0 FOLLOWER]: Consensus starting up: Expiring failure detector timer to make a prompt election more likely
I20260630 12:28:42.004014 28333 raft_consensus.cc:740] T 3cbc573f37cb4863b52726db7cf012c2 P 9540719be92e4aacaf46773d13a4e754 [term 0 FOLLOWER]: Becoming Follower/Learner. State: Replica: 9540719be92e4aacaf46773d13a4e754, State: Initialized, Role: FOLLOWER
I20260630 12:28:42.004954 28333 consensus_queue.cc:260] T 3cbc573f37cb4863b52726db7cf012c2 P 9540719be92e4aacaf46773d13a4e754 [NON_LEADER]: Queue going to NON_LEADER mode. State: All replicated index: 0, Majority replicated index: 0, Committed index: 0, Last appended: 0.0, Last appended by leader: 0, Current term: 0, Majority size: -1, State: 0, Mode: NON_LEADER, active raft config: opid_index: -1 OBSOLETE_local: false peers { permanent_uuid: "c79329b3b6014a73b8606cdf1285f8ef" member_type: VOTER last_known_addr { host: "127.23.14.65" port: 39515 } } peers { permanent_uuid: "defd2ff226db4ae5bfad4fc7b1292a7f" member_type: VOTER last_known_addr { host: "127.23.14.66" port: 46573 } } peers { permanent_uuid: "9540719be92e4aacaf46773d13a4e754" member_type: VOTER last_known_addr { host: "127.23.14.67" port: 46205 } }
I20260630 12:28:42.007473 28333 ts_tablet_manager.cc:1434] T 3cbc573f37cb4863b52726db7cf012c2 P 9540719be92e4aacaf46773d13a4e754: Time spent starting tablet: real 0.008s	user 0.006s	sys 0.001s
I20260630 12:28:42.008528 28333 tablet_bootstrap.cc:492] T 6b8fae58792342e783b1f925e533e66d P 9540719be92e4aacaf46773d13a4e754: Bootstrap starting.
I20260630 12:28:42.016099 28333 tablet_bootstrap.cc:654] T 6b8fae58792342e783b1f925e533e66d P 9540719be92e4aacaf46773d13a4e754: Neither blocks nor log segments found. Creating new log.
I20260630 12:28:42.020344 28362 raft_consensus.cc:2804] T d5b43b57ac43438fb718c93299bb9abb P c79329b3b6014a73b8606cdf1285f8ef [term 0 FOLLOWER]: Leader pre-election won for term 1
I20260630 12:28:42.021314 28362 raft_consensus.cc:493] T d5b43b57ac43438fb718c93299bb9abb P c79329b3b6014a73b8606cdf1285f8ef [term 0 FOLLOWER]: Starting leader election (no leader contacted us within the election timeout)
I20260630 12:28:42.021835 28362 raft_consensus.cc:3060] T d5b43b57ac43438fb718c93299bb9abb P c79329b3b6014a73b8606cdf1285f8ef [term 0 FOLLOWER]: Advancing to term 1
I20260630 12:28:42.027824 28333 tablet_bootstrap.cc:492] T 6b8fae58792342e783b1f925e533e66d P 9540719be92e4aacaf46773d13a4e754: No bootstrap required, opened a new log
I20260630 12:28:42.028515 28333 ts_tablet_manager.cc:1403] T 6b8fae58792342e783b1f925e533e66d P 9540719be92e4aacaf46773d13a4e754: Time spent bootstrapping tablet: real 0.020s	user 0.009s	sys 0.010s
I20260630 12:28:42.031692 28333 raft_consensus.cc:359] T 6b8fae58792342e783b1f925e533e66d P 9540719be92e4aacaf46773d13a4e754 [term 0 FOLLOWER]: Replica starting. Triggering 0 pending ops. Active config: opid_index: -1 OBSOLETE_local: false peers { permanent_uuid: "c79329b3b6014a73b8606cdf1285f8ef" member_type: VOTER last_known_addr { host: "127.23.14.65" port: 39515 } } peers { permanent_uuid: "defd2ff226db4ae5bfad4fc7b1292a7f" member_type: VOTER last_known_addr { host: "127.23.14.66" port: 46573 } } peers { permanent_uuid: "9540719be92e4aacaf46773d13a4e754" member_type: VOTER last_known_addr { host: "127.23.14.67" port: 46205 } }
I20260630 12:28:42.032480 28333 raft_consensus.cc:385] T 6b8fae58792342e783b1f925e533e66d P 9540719be92e4aacaf46773d13a4e754 [term 0 FOLLOWER]: Consensus starting up: Expiring failure detector timer to make a prompt election more likely
I20260630 12:28:42.032804 28333 raft_consensus.cc:740] T 6b8fae58792342e783b1f925e533e66d P 9540719be92e4aacaf46773d13a4e754 [term 0 FOLLOWER]: Becoming Follower/Learner. State: Replica: 9540719be92e4aacaf46773d13a4e754, State: Initialized, Role: FOLLOWER
I20260630 12:28:42.033533 28333 consensus_queue.cc:260] T 6b8fae58792342e783b1f925e533e66d P 9540719be92e4aacaf46773d13a4e754 [NON_LEADER]: Queue going to NON_LEADER mode. State: All replicated index: 0, Majority replicated index: 0, Committed index: 0, Last appended: 0.0, Last appended by leader: 0, Current term: 0, Majority size: -1, State: 0, Mode: NON_LEADER, active raft config: opid_index: -1 OBSOLETE_local: false peers { permanent_uuid: "c79329b3b6014a73b8606cdf1285f8ef" member_type: VOTER last_known_addr { host: "127.23.14.65" port: 39515 } } peers { permanent_uuid: "defd2ff226db4ae5bfad4fc7b1292a7f" member_type: VOTER last_known_addr { host: "127.23.14.66" port: 46573 } } peers { permanent_uuid: "9540719be92e4aacaf46773d13a4e754" member_type: VOTER last_known_addr { host: "127.23.14.67" port: 46205 } }
I20260630 12:28:42.036834 28333 ts_tablet_manager.cc:1434] T 6b8fae58792342e783b1f925e533e66d P 9540719be92e4aacaf46773d13a4e754: Time spent starting tablet: real 0.008s	user 0.006s	sys 0.000s
I20260630 12:28:42.033540 28362 raft_consensus.cc:515] T d5b43b57ac43438fb718c93299bb9abb P c79329b3b6014a73b8606cdf1285f8ef [term 1 FOLLOWER]: Starting leader election with config: opid_index: -1 OBSOLETE_local: false peers { permanent_uuid: "c79329b3b6014a73b8606cdf1285f8ef" member_type: VOTER last_known_addr { host: "127.23.14.65" port: 39515 } } peers { permanent_uuid: "defd2ff226db4ae5bfad4fc7b1292a7f" member_type: VOTER last_known_addr { host: "127.23.14.66" port: 46573 } } peers { permanent_uuid: "9540719be92e4aacaf46773d13a4e754" member_type: VOTER last_known_addr { host: "127.23.14.67" port: 46205 } }
I20260630 12:28:42.038146 28333 tablet_bootstrap.cc:492] T 52798440f28749f28531ac1542e58bd5 P 9540719be92e4aacaf46773d13a4e754: Bootstrap starting.
I20260630 12:28:42.040414 28212 tablet_service.cc:1917] Received RequestConsensusVote() RPC: tablet_id: "d5b43b57ac43438fb718c93299bb9abb" candidate_uuid: "c79329b3b6014a73b8606cdf1285f8ef" candidate_term: 1 candidate_status { last_received { term: 0 index: 0 } } ignore_live_leader: false dest_uuid: "defd2ff226db4ae5bfad4fc7b1292a7f"
I20260630 12:28:42.040992 28212 raft_consensus.cc:3060] T d5b43b57ac43438fb718c93299bb9abb P defd2ff226db4ae5bfad4fc7b1292a7f [term 0 FOLLOWER]: Advancing to term 1
I20260630 12:28:42.044647 28333 tablet_bootstrap.cc:654] T 52798440f28749f28531ac1542e58bd5 P 9540719be92e4aacaf46773d13a4e754: Neither blocks nor log segments found. Creating new log.
I20260630 12:28:42.048800 28212 raft_consensus.cc:2468] T d5b43b57ac43438fb718c93299bb9abb P defd2ff226db4ae5bfad4fc7b1292a7f [term 1 FOLLOWER]: Leader election vote request: Granting yes vote for candidate c79329b3b6014a73b8606cdf1285f8ef in term 1.
I20260630 12:28:42.050382 28100 leader_election.cc:304] T d5b43b57ac43438fb718c93299bb9abb P c79329b3b6014a73b8606cdf1285f8ef [CANDIDATE]: Term 1 election: Election decided. Result: candidate won. Election summary: received 2 responses out of 3 voters: 2 yes votes; 0 no votes. yes voters: c79329b3b6014a73b8606cdf1285f8ef, defd2ff226db4ae5bfad4fc7b1292a7f; no voters: 
I20260630 12:28:42.056342 28333 tablet_bootstrap.cc:492] T 52798440f28749f28531ac1542e58bd5 P 9540719be92e4aacaf46773d13a4e754: No bootstrap required, opened a new log
I20260630 12:28:42.056949 28333 ts_tablet_manager.cc:1403] T 52798440f28749f28531ac1542e58bd5 P 9540719be92e4aacaf46773d13a4e754: Time spent bootstrapping tablet: real 0.019s	user 0.014s	sys 0.004s
I20260630 12:28:42.056891 28335 raft_consensus.cc:515] T 52798440f28749f28531ac1542e58bd5 P c79329b3b6014a73b8606cdf1285f8ef [term 1 FOLLOWER]: Starting leader election with config: opid_index: -1 OBSOLETE_local: false peers { permanent_uuid: "c79329b3b6014a73b8606cdf1285f8ef" member_type: VOTER last_known_addr { host: "127.23.14.65" port: 39515 } } peers { permanent_uuid: "defd2ff226db4ae5bfad4fc7b1292a7f" member_type: VOTER last_known_addr { host: "127.23.14.66" port: 46573 } } peers { permanent_uuid: "9540719be92e4aacaf46773d13a4e754" member_type: VOTER last_known_addr { host: "127.23.14.67" port: 46205 } }
I20260630 12:28:42.060540 28333 raft_consensus.cc:359] T 52798440f28749f28531ac1542e58bd5 P 9540719be92e4aacaf46773d13a4e754 [term 0 FOLLOWER]: Replica starting. Triggering 0 pending ops. Active config: opid_index: -1 OBSOLETE_local: false peers { permanent_uuid: "c79329b3b6014a73b8606cdf1285f8ef" member_type: VOTER last_known_addr { host: "127.23.14.65" port: 39515 } } peers { permanent_uuid: "defd2ff226db4ae5bfad4fc7b1292a7f" member_type: VOTER last_known_addr { host: "127.23.14.66" port: 46573 } } peers { permanent_uuid: "9540719be92e4aacaf46773d13a4e754" member_type: VOTER last_known_addr { host: "127.23.14.67" port: 46205 } }
I20260630 12:28:42.074175 28333 raft_consensus.cc:385] T 52798440f28749f28531ac1542e58bd5 P 9540719be92e4aacaf46773d13a4e754 [term 0 FOLLOWER]: Consensus starting up: Expiring failure detector timer to make a prompt election more likely
I20260630 12:28:42.062988 28367 raft_consensus.cc:493] T add1bd1cf35d4b87ac918e5e9cc21091 P c79329b3b6014a73b8606cdf1285f8ef [term 0 FOLLOWER]: Starting pre-election (no leader contacted us within the election timeout)
I20260630 12:28:42.074481 28333 raft_consensus.cc:740] T 52798440f28749f28531ac1542e58bd5 P 9540719be92e4aacaf46773d13a4e754 [term 0 FOLLOWER]: Becoming Follower/Learner. State: Replica: 9540719be92e4aacaf46773d13a4e754, State: Initialized, Role: FOLLOWER
I20260630 12:28:42.074796 28367 raft_consensus.cc:515] T add1bd1cf35d4b87ac918e5e9cc21091 P c79329b3b6014a73b8606cdf1285f8ef [term 0 FOLLOWER]: Starting pre-election with config: opid_index: -1 OBSOLETE_local: false peers { permanent_uuid: "c79329b3b6014a73b8606cdf1285f8ef" member_type: VOTER last_known_addr { host: "127.23.14.65" port: 39515 } } peers { permanent_uuid: "defd2ff226db4ae5bfad4fc7b1292a7f" member_type: VOTER last_known_addr { host: "127.23.14.66" port: 46573 } } peers { permanent_uuid: "9540719be92e4aacaf46773d13a4e754" member_type: VOTER last_known_addr { host: "127.23.14.67" port: 46205 } }
I20260630 12:28:42.075380 28333 consensus_queue.cc:260] T 52798440f28749f28531ac1542e58bd5 P 9540719be92e4aacaf46773d13a4e754 [NON_LEADER]: Queue going to NON_LEADER mode. State: All replicated index: 0, Majority replicated index: 0, Committed index: 0, Last appended: 0.0, Last appended by leader: 0, Current term: 0, Majority size: -1, State: 0, Mode: NON_LEADER, active raft config: opid_index: -1 OBSOLETE_local: false peers { permanent_uuid: "c79329b3b6014a73b8606cdf1285f8ef" member_type: VOTER last_known_addr { host: "127.23.14.65" port: 39515 } } peers { permanent_uuid: "defd2ff226db4ae5bfad4fc7b1292a7f" member_type: VOTER last_known_addr { host: "127.23.14.66" port: 46573 } } peers { permanent_uuid: "9540719be92e4aacaf46773d13a4e754" member_type: VOTER last_known_addr { host: "127.23.14.67" port: 46205 } }
I20260630 12:28:42.077908 28333 ts_tablet_manager.cc:1434] T 52798440f28749f28531ac1542e58bd5 P 9540719be92e4aacaf46773d13a4e754: Time spent starting tablet: real 0.020s	user 0.007s	sys 0.000s
I20260630 12:28:42.078678 28212 tablet_service.cc:1917] Received RequestConsensusVote() RPC: tablet_id: "add1bd1cf35d4b87ac918e5e9cc21091" candidate_uuid: "c79329b3b6014a73b8606cdf1285f8ef" candidate_term: 1 candidate_status { last_received { term: 0 index: 0 } } ignore_live_leader: false dest_uuid: "defd2ff226db4ae5bfad4fc7b1292a7f" is_pre_election: true
I20260630 12:28:42.079605 28358 raft_consensus.cc:493] T 3cbc573f37cb4863b52726db7cf012c2 P 9540719be92e4aacaf46773d13a4e754 [term 0 FOLLOWER]: Starting pre-election (no leader contacted us within the election timeout)
W20260630 12:28:42.080209 28100 leader_election.cc:343] T add1bd1cf35d4b87ac918e5e9cc21091 P c79329b3b6014a73b8606cdf1285f8ef [CANDIDATE]: Term 1 pre-election: Tablet error from VoteRequest() call to peer defd2ff226db4ae5bfad4fc7b1292a7f (127.23.14.66:46573): Illegal state: must be running to vote when last-logged opid is not known
I20260630 12:28:42.080104 28358 raft_consensus.cc:515] T 3cbc573f37cb4863b52726db7cf012c2 P 9540719be92e4aacaf46773d13a4e754 [term 0 FOLLOWER]: Starting pre-election with config: opid_index: -1 OBSOLETE_local: false peers { permanent_uuid: "c79329b3b6014a73b8606cdf1285f8ef" member_type: VOTER last_known_addr { host: "127.23.14.65" port: 39515 } } peers { permanent_uuid: "defd2ff226db4ae5bfad4fc7b1292a7f" member_type: VOTER last_known_addr { host: "127.23.14.66" port: 46573 } } peers { permanent_uuid: "9540719be92e4aacaf46773d13a4e754" member_type: VOTER last_known_addr { host: "127.23.14.67" port: 46205 } }
