I20260630 12:28:08.911839 27122 consensus_queue.cc:1048] T 462e279d30af4830a0d1f8c25c6f4d3a P 40524008b5524e37b08ac9bd310ba210 [LEADER]: Connected to new peer: Peer: permanent_uuid: "99650b80e1744c8a978248f4a61d4578" member_type: VOTER last_known_addr { host: "127.23.14.65" port: 34989 }, Status: LMP_MISMATCH, Last received: 0.0, Next index: 2, Last known committed idx: 1, Time since last communication: 0.000s
I20260630 12:28:08.911993 26601 tablet_service.cc:2072] Received LeaderStepDown RPC: tablet_id: "c566fbbfa07b4174aa6ad14338032ca7"
dest_uuid: "99650b80e1744c8a978248f4a61d4578"
mode: GRACEFUL
 from {username='slave'} at 127.0.0.1:55600
I20260630 12:28:08.912660 26601 raft_consensus.cc:606] T c566fbbfa07b4174aa6ad14338032ca7 P 99650b80e1744c8a978248f4a61d4578 [term 2 LEADER]: Received request to transfer leadership
I20260630 12:28:08.928052 26597 tablet_service.cc:2072] Received LeaderStepDown RPC: tablet_id: "c566fbbfa07b4174aa6ad14338032ca7"
dest_uuid: "99650b80e1744c8a978248f4a61d4578"
mode: GRACEFUL
 from {username='slave'} at 127.0.0.1:55600
I20260630 12:28:08.932232 26597 raft_consensus.cc:606] T c566fbbfa07b4174aa6ad14338032ca7 P 99650b80e1744c8a978248f4a61d4578 [term 2 LEADER]: Received request to transfer leadership
W20260630 12:28:08.933501 26486 proxy.cc:239] Call had error, refreshing address and retrying: Remote error: Service unavailable: leadership transfer for c566fbbfa07b4174aa6ad14338032ca7 already in progress [suppressed 18 similar messages]
I20260630 12:28:08.930157 26745 raft_consensus.cc:1275] T da1686ba291f48b5a794f8f744ffb6ed P 490f08babd244356927290cd93310180 [term 1 FOLLOWER]: Refusing update from remote peer 99650b80e1744c8a978248f4a61d4578: Log matching property violated. Preceding OpId in replica: term: 1 index: 3. Preceding OpId from leader: term: 1 index: 4. (index mismatch)
I20260630 12:28:08.929446 26905 raft_consensus.cc:1275] T da1686ba291f48b5a794f8f744ffb6ed P 40524008b5524e37b08ac9bd310ba210 [term 1 FOLLOWER]: Refusing update from remote peer 99650b80e1744c8a978248f4a61d4578: Log matching property violated. Preceding OpId in replica: term: 1 index: 3. Preceding OpId from leader: term: 1 index: 4. (index mismatch)
I20260630 12:28:08.941022 27025 consensus_queue.cc:1048] T da1686ba291f48b5a794f8f744ffb6ed P 99650b80e1744c8a978248f4a61d4578 [LEADER]: Connected to new peer: Peer: permanent_uuid: "490f08babd244356927290cd93310180" member_type: VOTER last_known_addr { host: "127.23.14.67" port: 44151 }, Status: LMP_MISMATCH, Last received: 0.0, Next index: 4, Last known committed idx: 3, Time since last communication: 0.002s
I20260630 12:28:08.943455 27008 raft_consensus.cc:1064] T ddab3f77ac7241788650f3e20a3e2fb7 P 490f08babd244356927290cd93310180: attempting to promote NON_VOTER 40524008b5524e37b08ac9bd310ba210 to VOTER
I20260630 12:28:08.945657 27025 consensus_queue.cc:1048] T da1686ba291f48b5a794f8f744ffb6ed P 99650b80e1744c8a978248f4a61d4578 [LEADER]: Connected to new peer: Peer: permanent_uuid: "40524008b5524e37b08ac9bd310ba210" member_type: VOTER last_known_addr { host: "127.23.14.68" port: 32933 } attrs { promote: false }, Status: LMP_MISMATCH, Last received: 0.0, Next index: 4, Last known committed idx: 3, Time since last communication: 0.002s
I20260630 12:28:08.953877 27024 raft_consensus.cc:2955] T da1686ba291f48b5a794f8f744ffb6ed P 99650b80e1744c8a978248f4a61d4578 [term 1 LEADER]: Committing config change with OpId 1.4: config changed from index 3 to 4, VOTER d1ed2524799a4c10b913dd56e8aa4ada (127.23.14.66) evicted. New config: { opid_index: 4 OBSOLETE_local: false peers { permanent_uuid: "99650b80e1744c8a978248f4a61d4578" member_type: VOTER last_known_addr { host: "127.23.14.65" port: 34989 } } peers { permanent_uuid: "490f08babd244356927290cd93310180" member_type: VOTER last_known_addr { host: "127.23.14.67" port: 44151 } } peers { permanent_uuid: "40524008b5524e37b08ac9bd310ba210" member_type: VOTER last_known_addr { host: "127.23.14.68" port: 32933 } attrs { promote: false } } }
I20260630 12:28:08.956132 26908 raft_consensus.cc:515] T ed20ae67e7ec4c83a37757d0ebde25e4 P 40524008b5524e37b08ac9bd310ba210 [term 3 FOLLOWER]: Starting forced leader election with config: opid_index: -1 OBSOLETE_local: false peers { permanent_uuid: "490f08babd244356927290cd93310180" member_type: VOTER last_known_addr { host: "127.23.14.67" port: 44151 } } peers { permanent_uuid: "99650b80e1744c8a978248f4a61d4578" member_type: VOTER last_known_addr { host: "127.23.14.65" port: 34989 } } peers { permanent_uuid: "40524008b5524e37b08ac9bd310ba210" member_type: VOTER last_known_addr { host: "127.23.14.68" port: 32933 } }
I20260630 12:28:08.955787 26499 catalog_manager.cc:5697] T 8ee4eacede544cafb6580a9200b1de08 P 490f08babd244356927290cd93310180 reported cstate change: term changed from 1 to 2, leader changed from 99650b80e1744c8a978248f4a61d4578 (127.23.14.65) to 490f08babd244356927290cd93310180 (127.23.14.67). New cstate: current_term: 2 leader_uuid: "490f08babd244356927290cd93310180" committed_config { opid_index: 2 OBSOLETE_local: false peers { permanent_uuid: "99650b80e1744c8a978248f4a61d4578" member_type: VOTER last_known_addr { host: "127.23.14.65" port: 34989 } health_report { overall_health: UNKNOWN } } peers { permanent_uuid: "d1ed2524799a4c10b913dd56e8aa4ada" member_type: VOTER last_known_addr { host: "127.23.14.66" port: 44281 } health_report { overall_health: UNKNOWN } } peers { permanent_uuid: "490f08babd244356927290cd93310180" member_type: VOTER last_known_addr { host: "127.23.14.67" port: 44151 } attrs { replace: true } health_report { overall_health: HEALTHY } } peers { permanent_uuid: "40524008b5524e37b08ac9bd310ba210" member_type: NON_VOTER last_known_addr { host: "127.23.14.68" port: 32933 } attrs { promote: true } health_report { overall_health: UNKNOWN } } }
I20260630 12:28:08.957106 26905 raft_consensus.cc:2955] T da1686ba291f48b5a794f8f744ffb6ed P 40524008b5524e37b08ac9bd310ba210 [term 1 FOLLOWER]: Committing config change with OpId 1.4: config changed from index 3 to 4, VOTER d1ed2524799a4c10b913dd56e8aa4ada (127.23.14.66) evicted. New config: { opid_index: 4 OBSOLETE_local: false peers { permanent_uuid: "99650b80e1744c8a978248f4a61d4578" member_type: VOTER last_known_addr { host: "127.23.14.65" port: 34989 } } peers { permanent_uuid: "490f08babd244356927290cd93310180" member_type: VOTER last_known_addr { host: "127.23.14.67" port: 44151 } } peers { permanent_uuid: "40524008b5524e37b08ac9bd310ba210" member_type: VOTER last_known_addr { host: "127.23.14.68" port: 32933 } attrs { promote: false } } }
I20260630 12:28:08.958866 26745 tablet_service.cc:1917] Received RequestConsensusVote() RPC: tablet_id: "ed20ae67e7ec4c83a37757d0ebde25e4" candidate_uuid: "40524008b5524e37b08ac9bd310ba210" candidate_term: 3 candidate_status { last_received { term: 2 index: 1 } } ignore_live_leader: true dest_uuid: "490f08babd244356927290cd93310180"
I20260630 12:28:08.959510 26745 raft_consensus.cc:3055] T ed20ae67e7ec4c83a37757d0ebde25e4 P 490f08babd244356927290cd93310180 [term 2 LEADER]: Stepping down as leader of term 2
I20260630 12:28:08.948592 27008 consensus_queue.cc:237] T ddab3f77ac7241788650f3e20a3e2fb7 P 490f08babd244356927290cd93310180 [LEADER]: Queue going to LEADER mode. State: All replicated index: 0, Majority replicated index: 2, Committed index: 2, Last appended: 1.2, Last appended by leader: 0, Current term: 1, Majority size: 3, State: 0, Mode: LEADER, active raft config: opid_index: 3 OBSOLETE_local: false peers { permanent_uuid: "d1ed2524799a4c10b913dd56e8aa4ada" member_type: VOTER last_known_addr { host: "127.23.14.66" port: 44281 } } peers { permanent_uuid: "99650b80e1744c8a978248f4a61d4578" member_type: VOTER last_known_addr { host: "127.23.14.65" port: 34989 } attrs { replace: true } } peers { permanent_uuid: "490f08babd244356927290cd93310180" member_type: VOTER last_known_addr { host: "127.23.14.67" port: 44151 } } peers { permanent_uuid: "40524008b5524e37b08ac9bd310ba210" member_type: VOTER last_known_addr { host: "127.23.14.68" port: 32933 } attrs { promote: false } }
I20260630 12:28:08.959837 26745 raft_consensus.cc:740] T ed20ae67e7ec4c83a37757d0ebde25e4 P 490f08babd244356927290cd93310180 [term 2 LEADER]: Becoming Follower/Learner. State: Replica: 490f08babd244356927290cd93310180, State: Running, Role: LEADER
I20260630 12:28:08.960080 26597 tablet_service.cc:1917] Received RequestConsensusVote() RPC: tablet_id: "ed20ae67e7ec4c83a37757d0ebde25e4" candidate_uuid: "40524008b5524e37b08ac9bd310ba210" candidate_term: 3 candidate_status { last_received { term: 2 index: 1 } } ignore_live_leader: true dest_uuid: "99650b80e1744c8a978248f4a61d4578"
I20260630 12:28:08.960632 26597 raft_consensus.cc:3060] T ed20ae67e7ec4c83a37757d0ebde25e4 P 99650b80e1744c8a978248f4a61d4578 [term 2 FOLLOWER]: Advancing to term 3
I20260630 12:28:08.960625 26745 consensus_queue.cc:260] T ed20ae67e7ec4c83a37757d0ebde25e4 P 490f08babd244356927290cd93310180 [NON_LEADER]: Queue going to NON_LEADER mode. State: All replicated index: 0, Majority replicated index: 1, Committed index: 1, Last appended: 2.1, Last appended by leader: 1, Current term: 2, Majority size: -1, State: 0, Mode: NON_LEADER, active raft config: opid_index: -1 OBSOLETE_local: false peers { permanent_uuid: "490f08babd244356927290cd93310180" member_type: VOTER last_known_addr { host: "127.23.14.67" port: 44151 } } peers { permanent_uuid: "99650b80e1744c8a978248f4a61d4578" member_type: VOTER last_known_addr { host: "127.23.14.65" port: 34989 } } peers { permanent_uuid: "40524008b5524e37b08ac9bd310ba210" member_type: VOTER last_known_addr { host: "127.23.14.68" port: 32933 } }
I20260630 12:28:08.961709 26745 raft_consensus.cc:3060] T ed20ae67e7ec4c83a37757d0ebde25e4 P 490f08babd244356927290cd93310180 [term 2 FOLLOWER]: Advancing to term 3
I20260630 12:28:08.958951 26908 leader_election.cc:290] T ed20ae67e7ec4c83a37757d0ebde25e4 P 40524008b5524e37b08ac9bd310ba210 [CANDIDATE]: Term 3 election: Requested vote from peers 490f08babd244356927290cd93310180 (127.23.14.67:44151), 99650b80e1744c8a978248f4a61d4578 (127.23.14.65:34989)
I20260630 12:28:08.966499 26750 raft_consensus.cc:2955] T da1686ba291f48b5a794f8f744ffb6ed P 490f08babd244356927290cd93310180 [term 1 FOLLOWER]: Committing config change with OpId 1.4: config changed from index 3 to 4, VOTER d1ed2524799a4c10b913dd56e8aa4ada (127.23.14.66) evicted. New config: { opid_index: 4 OBSOLETE_local: false peers { permanent_uuid: "99650b80e1744c8a978248f4a61d4578" member_type: VOTER last_known_addr { host: "127.23.14.65" port: 34989 } } peers { permanent_uuid: "490f08babd244356927290cd93310180" member_type: VOTER last_known_addr { host: "127.23.14.67" port: 44151 } } peers { permanent_uuid: "40524008b5524e37b08ac9bd310ba210" member_type: VOTER last_known_addr { host: "127.23.14.68" port: 32933 } attrs { promote: false } } }
I20260630 12:28:08.970922 26597 raft_consensus.cc:2468] T ed20ae67e7ec4c83a37757d0ebde25e4 P 99650b80e1744c8a978248f4a61d4578 [term 3 FOLLOWER]: Leader election vote request: Granting yes vote for candidate 40524008b5524e37b08ac9bd310ba210 in term 3.
I20260630 12:28:08.981034 26869 leader_election.cc:304] T ed20ae67e7ec4c83a37757d0ebde25e4 P 40524008b5524e37b08ac9bd310ba210 [CANDIDATE]: Term 3 election: Election decided. Result: candidate won. Election summary: received 2 responses out of 3 voters: 2 yes votes; 0 no votes. yes voters: 40524008b5524e37b08ac9bd310ba210, 99650b80e1744c8a978248f4a61d4578; no voters: 
I20260630 12:28:08.982193 27090 raft_consensus.cc:2804] T ed20ae67e7ec4c83a37757d0ebde25e4 P 40524008b5524e37b08ac9bd310ba210 [term 3 FOLLOWER]: Leader election won for term 3
I20260630 12:28:08.984077 26499 catalog_manager.cc:5697] T da1686ba291f48b5a794f8f744ffb6ed P 490f08babd244356927290cd93310180 reported cstate change: config changed from index 3 to 4, VOTER d1ed2524799a4c10b913dd56e8aa4ada (127.23.14.66) evicted. New cstate: current_term: 1 leader_uuid: "99650b80e1744c8a978248f4a61d4578" committed_config { opid_index: 4 OBSOLETE_local: false peers { permanent_uuid: "99650b80e1744c8a978248f4a61d4578" member_type: VOTER last_known_addr { host: "127.23.14.65" port: 34989 } } peers { permanent_uuid: "490f08babd244356927290cd93310180" member_type: VOTER last_known_addr { host: "127.23.14.67" port: 44151 } } peers { permanent_uuid: "40524008b5524e37b08ac9bd310ba210" member_type: VOTER last_known_addr { host: "127.23.14.68" port: 32933 } attrs { promote: false } } }
I20260630 12:28:08.985543 27090 raft_consensus.cc:697] T ed20ae67e7ec4c83a37757d0ebde25e4 P 40524008b5524e37b08ac9bd310ba210 [term 3 LEADER]: Becoming Leader. State: Replica: 40524008b5524e37b08ac9bd310ba210, State: Running, Role: LEADER
I20260630 12:28:08.986277 27090 consensus_queue.cc:237] T ed20ae67e7ec4c83a37757d0ebde25e4 P 40524008b5524e37b08ac9bd310ba210 [LEADER]: Queue going to LEADER mode. State: All replicated index: 0, Majority replicated index: 1, Committed index: 1, Last appended: 2.1, Last appended by leader: 1, Current term: 3, Majority size: 2, State: 0, Mode: LEADER, active raft config: opid_index: -1 OBSOLETE_local: false peers { permanent_uuid: "490f08babd244356927290cd93310180" member_type: VOTER last_known_addr { host: "127.23.14.67" port: 44151 } } peers { permanent_uuid: "99650b80e1744c8a978248f4a61d4578" member_type: VOTER last_known_addr { host: "127.23.14.65" port: 34989 } } peers { permanent_uuid: "40524008b5524e37b08ac9bd310ba210" member_type: VOTER last_known_addr { host: "127.23.14.68" port: 32933 } }
I20260630 12:28:08.990343 26486 catalog_manager.cc:5210] ChangeConfig:REMOVE_PEER RPC for tablet da1686ba291f48b5a794f8f744ffb6ed with cas_config_opid_index 3: ChangeConfig:REMOVE_PEER succeeded (attempt 1)
I20260630 12:28:08.996510 26601 tablet_service.cc:2072] Received LeaderStepDown RPC: tablet_id: "c566fbbfa07b4174aa6ad14338032ca7"
dest_uuid: "99650b80e1744c8a978248f4a61d4578"
mode: GRACEFUL
 from {username='slave'} at 127.0.0.1:55600
I20260630 12:28:08.996819 26597 raft_consensus.cc:1275] T ddab3f77ac7241788650f3e20a3e2fb7 P 99650b80e1744c8a978248f4a61d4578 [term 1 FOLLOWER]: Refusing update from remote peer 490f08babd244356927290cd93310180: Log matching property violated. Preceding OpId in replica: term: 1 index: 2. Preceding OpId from leader: term: 1 index: 3. (index mismatch)
I20260630 12:28:08.997107 26601 raft_consensus.cc:606] T c566fbbfa07b4174aa6ad14338032ca7 P 99650b80e1744c8a978248f4a61d4578 [term 2 LEADER]: Received request to transfer leadership
I20260630 12:28:08.998258 27094 consensus_queue.cc:1048] T ddab3f77ac7241788650f3e20a3e2fb7 P 490f08babd244356927290cd93310180 [LEADER]: Connected to new peer: Peer: permanent_uuid: "99650b80e1744c8a978248f4a61d4578" member_type: VOTER last_known_addr { host: "127.23.14.65" port: 34989 } attrs { replace: true }, Status: LMP_MISMATCH, Last received: 0.0, Next index: 3, Last known committed idx: 2, Time since last communication: 0.000s
I20260630 12:28:09.004908 26908 raft_consensus.cc:1275] T ddab3f77ac7241788650f3e20a3e2fb7 P 40524008b5524e37b08ac9bd310ba210 [term 1 LEARNER]: Refusing update from remote peer 490f08babd244356927290cd93310180: Log matching property violated. Preceding OpId in replica: term: 1 index: 2. Preceding OpId from leader: term: 1 index: 3. (index mismatch)
I20260630 12:28:09.006124 26666 tablet_service.cc:1558] Processing DeleteTablet for tablet da1686ba291f48b5a794f8f744ffb6ed with delete_type TABLET_DATA_TOMBSTONED (TS d1ed2524799a4c10b913dd56e8aa4ada not found in new config with opid_index 4) from {username='slave'} at 127.0.0.1:46198
I20260630 12:28:09.007992 26677 raft_consensus.cc:1275] T ddab3f77ac7241788650f3e20a3e2fb7 P d1ed2524799a4c10b913dd56e8aa4ada [term 1 FOLLOWER]: Refusing update from remote peer 490f08babd244356927290cd93310180: Log matching property violated. Preceding OpId in replica: term: 1 index: 2. Preceding OpId from leader: term: 1 index: 3. (index mismatch)
I20260630 12:28:09.009708 27094 consensus_queue.cc:1048] T ddab3f77ac7241788650f3e20a3e2fb7 P 490f08babd244356927290cd93310180 [LEADER]: Connected to new peer: Peer: permanent_uuid: "d1ed2524799a4c10b913dd56e8aa4ada" member_type: VOTER last_known_addr { host: "127.23.14.66" port: 44281 }, Status: LMP_MISMATCH, Last received: 0.0, Next index: 3, Last known committed idx: 2, Time since last communication: 0.000s
I20260630 12:28:09.012943 27011 consensus_queue.cc:1048] T ddab3f77ac7241788650f3e20a3e2fb7 P 490f08babd244356927290cd93310180 [LEADER]: Connected to new peer: Peer: permanent_uuid: "40524008b5524e37b08ac9bd310ba210" member_type: VOTER last_known_addr { host: "127.23.14.68" port: 32933 } attrs { promote: false }, Status: LMP_MISMATCH, Last received: 0.0, Next index: 3, Last known committed idx: 2, Time since last communication: 0.000s
I20260630 12:28:08.998281 26745 raft_consensus.cc:2468] T ed20ae67e7ec4c83a37757d0ebde25e4 P 490f08babd244356927290cd93310180 [term 3 FOLLOWER]: Leader election vote request: Granting yes vote for candidate 40524008b5524e37b08ac9bd310ba210 in term 3.
I20260630 12:28:09.028581 26500 catalog_manager.cc:5697] T ed20ae67e7ec4c83a37757d0ebde25e4 P 40524008b5524e37b08ac9bd310ba210 reported cstate change: term changed from 2 to 3, leader changed from 490f08babd244356927290cd93310180 (127.23.14.67) to 40524008b5524e37b08ac9bd310ba210 (127.23.14.68). New cstate: current_term: 3 leader_uuid: "40524008b5524e37b08ac9bd310ba210" committed_config { opid_index: -1 OBSOLETE_local: false peers { permanent_uuid: "490f08babd244356927290cd93310180" member_type: VOTER last_known_addr { host: "127.23.14.67" port: 44151 } health_report { overall_health: UNKNOWN } } peers { permanent_uuid: "99650b80e1744c8a978248f4a61d4578" member_type: VOTER last_known_addr { host: "127.23.14.65" port: 34989 } health_report { overall_health: UNKNOWN } } peers { permanent_uuid: "40524008b5524e37b08ac9bd310ba210" member_type: VOTER last_known_addr { host: "127.23.14.68" port: 32933 } health_report { overall_health: HEALTHY } } }
I20260630 12:28:09.036499 27131 tablet_replica.cc:333] T da1686ba291f48b5a794f8f744ffb6ed P d1ed2524799a4c10b913dd56e8aa4ada: stopping tablet replica
I20260630 12:28:09.039556 27131 raft_consensus.cc:2243] T da1686ba291f48b5a794f8f744ffb6ed P d1ed2524799a4c10b913dd56e8aa4ada [term 1 FOLLOWER]: Raft consensus shutting down.
I20260630 12:28:09.043852 27011 raft_consensus.cc:2955] T ddab3f77ac7241788650f3e20a3e2fb7 P 490f08babd244356927290cd93310180 [term 1 LEADER]: Committing config change with OpId 1.3: config changed from index 2 to 3, 40524008b5524e37b08ac9bd310ba210 (127.23.14.68) changed from NON_VOTER to VOTER. New config: { opid_index: 3 OBSOLETE_local: false peers { permanent_uuid: "d1ed2524799a4c10b913dd56e8aa4ada" member_type: VOTER last_known_addr { host: "127.23.14.66" port: 44281 } } peers { permanent_uuid: "99650b80e1744c8a978248f4a61d4578" member_type: VOTER last_known_addr { host: "127.23.14.65" port: 34989 } attrs { replace: true } } peers { permanent_uuid: "490f08babd244356927290cd93310180" member_type: VOTER last_known_addr { host: "127.23.14.67" port: 44151 } } peers { permanent_uuid: "40524008b5524e37b08ac9bd310ba210" member_type: VOTER last_known_addr { host: "127.23.14.68" port: 32933 } attrs { promote: false } } }
I20260630 12:28:09.042485 27131 raft_consensus.cc:2272] T da1686ba291f48b5a794f8f744ffb6ed P d1ed2524799a4c10b913dd56e8aa4ada [term 1 FOLLOWER]: Raft consensus is shut down!
I20260630 12:28:09.046505 26597 raft_consensus.cc:2955] T ddab3f77ac7241788650f3e20a3e2fb7 P 99650b80e1744c8a978248f4a61d4578 [term 1 FOLLOWER]: Committing config change with OpId 1.3: config changed from index 2 to 3, 40524008b5524e37b08ac9bd310ba210 (127.23.14.68) changed from NON_VOTER to VOTER. New config: { opid_index: 3 OBSOLETE_local: false peers { permanent_uuid: "d1ed2524799a4c10b913dd56e8aa4ada" member_type: VOTER last_known_addr { host: "127.23.14.66" port: 44281 } } peers { permanent_uuid: "99650b80e1744c8a978248f4a61d4578" member_type: VOTER last_known_addr { host: "127.23.14.65" port: 34989 } attrs { replace: true } } peers { permanent_uuid: "490f08babd244356927290cd93310180" member_type: VOTER last_known_addr { host: "127.23.14.67" port: 44151 } } peers { permanent_uuid: "40524008b5524e37b08ac9bd310ba210" member_type: VOTER last_known_addr { host: "127.23.14.68" port: 32933 } attrs { promote: false } } }
I20260630 12:28:09.052242 27131 ts_tablet_manager.cc:1916] T da1686ba291f48b5a794f8f744ffb6ed P d1ed2524799a4c10b913dd56e8aa4ada: Deleting tablet data with delete state TABLET_DATA_TOMBSTONED
I20260630 12:28:09.060982 26908 raft_consensus.cc:2955] T ddab3f77ac7241788650f3e20a3e2fb7 P 40524008b5524e37b08ac9bd310ba210 [term 1 FOLLOWER]: Committing config change with OpId 1.3: config changed from index 2 to 3, 40524008b5524e37b08ac9bd310ba210 (127.23.14.68) changed from NON_VOTER to VOTER. New config: { opid_index: 3 OBSOLETE_local: false peers { permanent_uuid: "d1ed2524799a4c10b913dd56e8aa4ada" member_type: VOTER last_known_addr { host: "127.23.14.66" port: 44281 } } peers { permanent_uuid: "99650b80e1744c8a978248f4a61d4578" member_type: VOTER last_known_addr { host: "127.23.14.65" port: 34989 } attrs { replace: true } } peers { permanent_uuid: "490f08babd244356927290cd93310180" member_type: VOTER last_known_addr { host: "127.23.14.67" port: 44151 } } peers { permanent_uuid: "40524008b5524e37b08ac9bd310ba210" member_type: VOTER last_known_addr { host: "127.23.14.68" port: 32933 } attrs { promote: false } } }
I20260630 12:28:09.061736 26500 catalog_manager.cc:5697] T ddab3f77ac7241788650f3e20a3e2fb7 P 99650b80e1744c8a978248f4a61d4578 reported cstate change: config changed from index 2 to 3, 40524008b5524e37b08ac9bd310ba210 (127.23.14.68) changed from NON_VOTER to VOTER. New cstate: current_term: 1 leader_uuid: "490f08babd244356927290cd93310180" committed_config { opid_index: 3 OBSOLETE_local: false peers { permanent_uuid: "d1ed2524799a4c10b913dd56e8aa4ada" member_type: VOTER last_known_addr { host: "127.23.14.66" port: 44281 } } peers { permanent_uuid: "99650b80e1744c8a978248f4a61d4578" member_type: VOTER last_known_addr { host: "127.23.14.65" port: 34989 } attrs { replace: true } } peers { permanent_uuid: "490f08babd244356927290cd93310180" member_type: VOTER last_known_addr { host: "127.23.14.67" port: 44151 } } peers { permanent_uuid: "40524008b5524e37b08ac9bd310ba210" member_type: VOTER last_known_addr { host: "127.23.14.68" port: 32933 } attrs { promote: false } } }
I20260630 12:28:09.077832 26677 raft_consensus.cc:2955] T ddab3f77ac7241788650f3e20a3e2fb7 P d1ed2524799a4c10b913dd56e8aa4ada [term 1 FOLLOWER]: Committing config change with OpId 1.3: config changed from index 2 to 3, 40524008b5524e37b08ac9bd310ba210 (127.23.14.68) changed from NON_VOTER to VOTER. New config: { opid_index: 3 OBSOLETE_local: false peers { permanent_uuid: "d1ed2524799a4c10b913dd56e8aa4ada" member_type: VOTER last_known_addr { host: "127.23.14.66" port: 44281 } } peers { permanent_uuid: "99650b80e1744c8a978248f4a61d4578" member_type: VOTER last_known_addr { host: "127.23.14.65" port: 34989 } attrs { replace: true } } peers { permanent_uuid: "490f08babd244356927290cd93310180" member_type: VOTER last_known_addr { host: "127.23.14.67" port: 44151 } } peers { permanent_uuid: "40524008b5524e37b08ac9bd310ba210" member_type: VOTER last_known_addr { host: "127.23.14.68" port: 32933 } attrs { promote: false } } }
I20260630 12:28:09.092514 27131 ts_tablet_manager.cc:1929] T da1686ba291f48b5a794f8f744ffb6ed P d1ed2524799a4c10b913dd56e8aa4ada: tablet deleted with delete type TABLET_DATA_TOMBSTONED: last-logged OpId 1.3
I20260630 12:28:09.092972 27131 log.cc:1199] T da1686ba291f48b5a794f8f744ffb6ed P d1ed2524799a4c10b913dd56e8aa4ada: Deleting WAL directory at /tmp/dist-test-taskRj9e7G/test-tmp/auto_rebalancer-test.0.AutoRebalancerTest.RangeAwareRebalancesNewRangeReplicas.1782822391521760-23609-0/minicluster-data/ts-1-root/wals/da1686ba291f48b5a794f8f744ffb6ed
I20260630 12:28:09.092931 26745 consensus_queue.cc:237] T ddab3f77ac7241788650f3e20a3e2fb7 P 490f08babd244356927290cd93310180 [LEADER]: Queue going to LEADER mode. State: All replicated index: 0, Majority replicated index: 3, Committed index: 3, Last appended: 1.3, Last appended by leader: 0, Current term: 1, Majority size: 2, State: 0, Mode: LEADER, active raft config: opid_index: 4 OBSOLETE_local: false peers { permanent_uuid: "d1ed2524799a4c10b913dd56e8aa4ada" member_type: VOTER last_known_addr { host: "127.23.14.66" port: 44281 } } peers { permanent_uuid: "490f08babd244356927290cd93310180" member_type: VOTER last_known_addr { host: "127.23.14.67" port: 44151 } } peers { permanent_uuid: "40524008b5524e37b08ac9bd310ba210" member_type: VOTER last_known_addr { host: "127.23.14.68" port: 32933 } attrs { promote: false } }
I20260630 12:28:09.094744 26486 catalog_manager.cc:5028] TS d1ed2524799a4c10b913dd56e8aa4ada (127.23.14.66:44281): tablet da1686ba291f48b5a794f8f744ffb6ed (table range_aware_rebalance_new_range [id=5d2b3d69187d4fb38e923b4c985b55b8]) successfully deleted
I20260630 12:28:09.101300 26908 raft_consensus.cc:1275] T ddab3f77ac7241788650f3e20a3e2fb7 P 40524008b5524e37b08ac9bd310ba210 [term 1 FOLLOWER]: Refusing update from remote peer 490f08babd244356927290cd93310180: Log matching property violated. Preceding OpId in replica: term: 1 index: 3. Preceding OpId from leader: term: 1 index: 4. (index mismatch)
I20260630 12:28:09.105710 27008 consensus_queue.cc:1048] T ddab3f77ac7241788650f3e20a3e2fb7 P 490f08babd244356927290cd93310180 [LEADER]: Connected to new peer: Peer: permanent_uuid: "40524008b5524e37b08ac9bd310ba210" member_type: VOTER last_known_addr { host: "127.23.14.68" port: 32933 } attrs { promote: false }, Status: LMP_MISMATCH, Last received: 0.0, Next index: 4, Last known committed idx: 3, Time since last communication: 0.000s
I20260630 12:28:09.102365 26677 raft_consensus.cc:1275] T ddab3f77ac7241788650f3e20a3e2fb7 P d1ed2524799a4c10b913dd56e8aa4ada [term 1 FOLLOWER]: Refusing update from remote peer 490f08babd244356927290cd93310180: Log matching property violated. Preceding OpId in replica: term: 1 index: 3. Preceding OpId from leader: term: 1 index: 4. (index mismatch)
I20260630 12:28:09.116024 27008 consensus_queue.cc:1048] T ddab3f77ac7241788650f3e20a3e2fb7 P 490f08babd244356927290cd93310180 [LEADER]: Connected to new peer: Peer: permanent_uuid: "d1ed2524799a4c10b913dd56e8aa4ada" member_type: VOTER last_known_addr { host: "127.23.14.66" port: 44281 }, Status: LMP_MISMATCH, Last received: 0.0, Next index: 4, Last known committed idx: 3, Time since last communication: 0.000s
I20260630 12:28:09.121577 27126 raft_consensus.cc:2955] T ddab3f77ac7241788650f3e20a3e2fb7 P 490f08babd244356927290cd93310180 [term 1 LEADER]: Committing config change with OpId 1.4: config changed from index 3 to 4, VOTER 99650b80e1744c8a978248f4a61d4578 (127.23.14.65) evicted. New config: { opid_index: 4 OBSOLETE_local: false peers { permanent_uuid: "d1ed2524799a4c10b913dd56e8aa4ada" member_type: VOTER last_known_addr { host: "127.23.14.66" port: 44281 } } peers { permanent_uuid: "490f08babd244356927290cd93310180" member_type: VOTER last_known_addr { host: "127.23.14.67" port: 44151 } } peers { permanent_uuid: "40524008b5524e37b08ac9bd310ba210" member_type: VOTER last_known_addr { host: "127.23.14.68" port: 32933 } attrs { promote: false } } }
I20260630 12:28:09.124823 26905 raft_consensus.cc:2955] T ddab3f77ac7241788650f3e20a3e2fb7 P 40524008b5524e37b08ac9bd310ba210 [term 1 FOLLOWER]: Committing config change with OpId 1.4: config changed from index 3 to 4, VOTER 99650b80e1744c8a978248f4a61d4578 (127.23.14.65) evicted. New config: { opid_index: 4 OBSOLETE_local: false peers { permanent_uuid: "d1ed2524799a4c10b913dd56e8aa4ada" member_type: VOTER last_known_addr { host: "127.23.14.66" port: 44281 } } peers { permanent_uuid: "490f08babd244356927290cd93310180" member_type: VOTER last_known_addr { host: "127.23.14.67" port: 44151 } } peers { permanent_uuid: "40524008b5524e37b08ac9bd310ba210" member_type: VOTER last_known_addr { host: "127.23.14.68" port: 32933 } attrs { promote: false } } }
I20260630 12:28:09.130264 26672 raft_consensus.cc:2955] T ddab3f77ac7241788650f3e20a3e2fb7 P d1ed2524799a4c10b913dd56e8aa4ada [term 1 FOLLOWER]: Committing config change with OpId 1.4: config changed from index 3 to 4, VOTER 99650b80e1744c8a978248f4a61d4578 (127.23.14.65) evicted. New config: { opid_index: 4 OBSOLETE_local: false peers { permanent_uuid: "d1ed2524799a4c10b913dd56e8aa4ada" member_type: VOTER last_known_addr { host: "127.23.14.66" port: 44281 } } peers { permanent_uuid: "490f08babd244356927290cd93310180" member_type: VOTER last_known_addr { host: "127.23.14.67" port: 44151 } } peers { permanent_uuid: "40524008b5524e37b08ac9bd310ba210" member_type: VOTER last_known_addr { host: "127.23.14.68" port: 32933 } attrs { promote: false } } }
I20260630 12:28:09.144232 26499 catalog_manager.cc:5697] T ddab3f77ac7241788650f3e20a3e2fb7 P 40524008b5524e37b08ac9bd310ba210 reported cstate change: config changed from index 3 to 4, VOTER 99650b80e1744c8a978248f4a61d4578 (127.23.14.65) evicted. New cstate: current_term: 1 leader_uuid: "490f08babd244356927290cd93310180" committed_config { opid_index: 4 OBSOLETE_local: false peers { permanent_uuid: "d1ed2524799a4c10b913dd56e8aa4ada" member_type: VOTER last_known_addr { host: "127.23.14.66" port: 44281 } } peers { permanent_uuid: "490f08babd244356927290cd93310180" member_type: VOTER last_known_addr { host: "127.23.14.67" port: 44151 } } peers { permanent_uuid: "40524008b5524e37b08ac9bd310ba210" member_type: VOTER last_known_addr { host: "127.23.14.68" port: 32933 } attrs { promote: false } } }
I20260630 12:28:09.155818 26486 catalog_manager.cc:5210] ChangeConfig:REMOVE_PEER RPC for tablet ddab3f77ac7241788650f3e20a3e2fb7 with cas_config_opid_index 3: ChangeConfig:REMOVE_PEER succeeded (attempt 1)
I20260630 12:28:09.167951 26590 tablet_service.cc:1558] Processing DeleteTablet for tablet ddab3f77ac7241788650f3e20a3e2fb7 with delete_type TABLET_DATA_TOMBSTONED (TS 99650b80e1744c8a978248f4a61d4578 not found in new config with opid_index 4) from {username='slave'} at 127.0.0.1:55600
I20260630 12:28:09.175714 27134 tablet_replica.cc:333] T ddab3f77ac7241788650f3e20a3e2fb7 P 99650b80e1744c8a978248f4a61d4578: stopping tablet replica
I20260630 12:28:09.176779 27134 raft_consensus.cc:2243] T ddab3f77ac7241788650f3e20a3e2fb7 P 99650b80e1744c8a978248f4a61d4578 [term 1 FOLLOWER]: Raft consensus shutting down.
I20260630 12:28:09.177502 27134 raft_consensus.cc:2272] T ddab3f77ac7241788650f3e20a3e2fb7 P 99650b80e1744c8a978248f4a61d4578 [term 1 FOLLOWER]: Raft consensus is shut down!
I20260630 12:28:09.181784 27134 ts_tablet_manager.cc:1916] T ddab3f77ac7241788650f3e20a3e2fb7 P 99650b80e1744c8a978248f4a61d4578: Deleting tablet data with delete state TABLET_DATA_TOMBSTONED
I20260630 12:28:09.197588 27134 ts_tablet_manager.cc:1929] T ddab3f77ac7241788650f3e20a3e2fb7 P 99650b80e1744c8a978248f4a61d4578: tablet deleted with delete type TABLET_DATA_TOMBSTONED: last-logged OpId 1.3
I20260630 12:28:09.198001 27134 log.cc:1199] T ddab3f77ac7241788650f3e20a3e2fb7 P 99650b80e1744c8a978248f4a61d4578: Deleting WAL directory at /tmp/dist-test-taskRj9e7G/test-tmp/auto_rebalancer-test.0.AutoRebalancerTest.RangeAwareRebalancesNewRangeReplicas.1782822391521760-23609-0/minicluster-data/ts-0-root/wals/ddab3f77ac7241788650f3e20a3e2fb7
I20260630 12:28:09.199713 26486 catalog_manager.cc:5028] TS 99650b80e1744c8a978248f4a61d4578 (127.23.14.65:34989): tablet ddab3f77ac7241788650f3e20a3e2fb7 (table range_aware_rebalance_new_range [id=5d2b3d69187d4fb38e923b4c985b55b8]) successfully deleted
I20260630 12:28:09.214282 26905 raft_consensus.cc:3060] T c566fbbfa07b4174aa6ad14338032ca7 P 40524008b5524e37b08ac9bd310ba210 [term 1 LEARNER]: Advancing to term 2
I20260630 12:28:09.221403 26905 raft_consensus.cc:1275] T c566fbbfa07b4174aa6ad14338032ca7 P 40524008b5524e37b08ac9bd310ba210 [term 2 LEARNER]: Refusing update from remote peer 99650b80e1744c8a978248f4a61d4578: Log matching property violated. Preceding OpId in replica: term: 1 index: 2. Preceding OpId from leader: term: 2 index: 3. (index mismatch)
I20260630 12:28:09.222609 27024 consensus_queue.cc:1048] T c566fbbfa07b4174aa6ad14338032ca7 P 99650b80e1744c8a978248f4a61d4578 [LEADER]: Connected to new peer: Peer: permanent_uuid: "40524008b5524e37b08ac9bd310ba210" member_type: NON_VOTER last_known_addr { host: "127.23.14.68" port: 32933 } attrs { promote: true }, Status: LMP_MISMATCH, Last received: 0.0, Next index: 3, Last known committed idx: 2, Time since last communication: 0.000s
I20260630 12:28:09.231247 27024 raft_consensus.cc:1064] T c566fbbfa07b4174aa6ad14338032ca7 P 99650b80e1744c8a978248f4a61d4578: attempting to promote NON_VOTER 40524008b5524e37b08ac9bd310ba210 to VOTER
W20260630 12:28:09.231596 27024 raft_consensus.cc:1068] T c566fbbfa07b4174aa6ad14338032ca7 P 99650b80e1744c8a978248f4a61d4578: Unable to promote non-voter 40524008b5524e37b08ac9bd310ba210: Service unavailable: leader transfer in progress
I20260630 12:28:09.269999 26672 raft_consensus.cc:1275] T c566fbbfa07b4174aa6ad14338032ca7 P d1ed2524799a4c10b913dd56e8aa4ada [term 2 FOLLOWER]: Refusing update from remote peer 99650b80e1744c8a978248f4a61d4578: Log matching property violated. Preceding OpId in replica: term: 1 index: 2. Preceding OpId from leader: term: 2 index: 3. (index mismatch)
I20260630 12:28:09.272302 27025 consensus_queue.cc:1048] T c566fbbfa07b4174aa6ad14338032ca7 P 99650b80e1744c8a978248f4a61d4578 [LEADER]: Connected to new peer: Peer: permanent_uuid: "d1ed2524799a4c10b913dd56e8aa4ada" member_type: VOTER last_known_addr { host: "127.23.14.66" port: 44281 }, Status: LMP_MISMATCH, Last received: 0.0, Next index: 3, Last known committed idx: 2, Time since last communication: 0.002s
I20260630 12:28:09.280112 27025 raft_consensus.cc:993] T c566fbbfa07b4174aa6ad14338032ca7 P 99650b80e1744c8a978248f4a61d4578: : Instructing follower d1ed2524799a4c10b913dd56e8aa4ada to start an election
I20260630 12:28:09.280480 27025 raft_consensus.cc:1081] T c566fbbfa07b4174aa6ad14338032ca7 P 99650b80e1744c8a978248f4a61d4578 [term 2 LEADER]: Signalling peer d1ed2524799a4c10b913dd56e8aa4ada to start an election
I20260630 12:28:09.290681 27024 raft_consensus.cc:1064] T c566fbbfa07b4174aa6ad14338032ca7 P 99650b80e1744c8a978248f4a61d4578: attempting to promote NON_VOTER 40524008b5524e37b08ac9bd310ba210 to VOTER
W20260630 12:28:09.291054 27024 raft_consensus.cc:1068] T c566fbbfa07b4174aa6ad14338032ca7 P 99650b80e1744c8a978248f4a61d4578: Unable to promote non-voter 40524008b5524e37b08ac9bd310ba210: Service unavailable: leader transfer in progress
I20260630 12:28:09.292104 26672 raft_consensus.cc:1275] T 8ee4eacede544cafb6580a9200b1de08 P d1ed2524799a4c10b913dd56e8aa4ada [term 2 FOLLOWER]: Refusing update from remote peer 490f08babd244356927290cd93310180: Log matching property violated. Preceding OpId in replica: term: 1 index: 2. Preceding OpId from leader: term: 2 index: 3. (index mismatch)
I20260630 12:28:09.293919 27008 consensus_queue.cc:1048] T 8ee4eacede544cafb6580a9200b1de08 P 490f08babd244356927290cd93310180 [LEADER]: Connected to new peer: Peer: permanent_uuid: "d1ed2524799a4c10b913dd56e8aa4ada" member_type: VOTER last_known_addr { host: "127.23.14.66" port: 44281 }, Status: LMP_MISMATCH, Last received: 0.0, Next index: 3, Last known committed idx: 2, Time since last communication: 0.000s
I20260630 12:28:09.298133 26745 raft_consensus.cc:1275] T c566fbbfa07b4174aa6ad14338032ca7 P 490f08babd244356927290cd93310180 [term 2 FOLLOWER]: Refusing update from remote peer 99650b80e1744c8a978248f4a61d4578: Log matching property violated. Preceding OpId in replica: term: 1 index: 2. Preceding OpId from leader: term: 2 index: 3. (index mismatch)
I20260630 12:28:09.300629 26676 tablet_service.cc:2044] Received Run Leader Election RPC: tablet_id: "c566fbbfa07b4174aa6ad14338032ca7"
dest_uuid: "d1ed2524799a4c10b913dd56e8aa4ada"
 from {username='slave'} at 127.0.0.1:46210
I20260630 12:28:09.301314 26676 raft_consensus.cc:493] T c566fbbfa07b4174aa6ad14338032ca7 P d1ed2524799a4c10b913dd56e8aa4ada [term 2 FOLLOWER]: Starting forced leader election (received explicit request)
I20260630 12:28:09.301793 26676 raft_consensus.cc:3060] T c566fbbfa07b4174aa6ad14338032ca7 P d1ed2524799a4c10b913dd56e8aa4ada [term 2 FOLLOWER]: Advancing to term 3
I20260630 12:28:09.309762 27119 consensus_queue.cc:1048] T c566fbbfa07b4174aa6ad14338032ca7 P 99650b80e1744c8a978248f4a61d4578 [LEADER]: Connected to new peer: Peer: permanent_uuid: "490f08babd244356927290cd93310180" member_type: VOTER last_known_addr { host: "127.23.14.67" port: 44151 }, Status: LMP_MISMATCH, Last received: 0.0, Next index: 3, Last known committed idx: 2, Time since last communication: 0.000s
I20260630 12:28:09.322279 26676 raft_consensus.cc:515] T c566fbbfa07b4174aa6ad14338032ca7 P d1ed2524799a4c10b913dd56e8aa4ada [term 3 FOLLOWER]: Starting forced leader election with config: opid_index: 2 OBSOLETE_local: false peers { permanent_uuid: "99650b80e1744c8a978248f4a61d4578" member_type: VOTER last_known_addr { host: "127.23.14.65" port: 34989 } attrs { replace: true } } peers { permanent_uuid: "d1ed2524799a4c10b913dd56e8aa4ada" member_type: VOTER last_known_addr { host: "127.23.14.66" port: 44281 } } peers { permanent_uuid: "490f08babd244356927290cd93310180" member_type: VOTER last_known_addr { host: "127.23.14.67" port: 44151 } } peers { permanent_uuid: "40524008b5524e37b08ac9bd310ba210" member_type: NON_VOTER last_known_addr { host: "127.23.14.68" port: 32933 } attrs { promote: true } }
I20260630 12:28:09.323828 26677 raft_consensus.cc:1240] T c566fbbfa07b4174aa6ad14338032ca7 P d1ed2524799a4c10b913dd56e8aa4ada [term 3 FOLLOWER]: Rejecting Update request from peer 99650b80e1744c8a978248f4a61d4578 for earlier term 2. Current term is 3. Ops: []
I20260630 12:28:09.326561 27025 consensus_queue.cc:1059] T c566fbbfa07b4174aa6ad14338032ca7 P 99650b80e1744c8a978248f4a61d4578 [LEADER]: Peer responded invalid term: Peer: permanent_uuid: "d1ed2524799a4c10b913dd56e8aa4ada" member_type: VOTER last_known_addr { host: "127.23.14.66" port: 44281 }, Status: INVALID_TERM, Last received: 2.3, Next index: 4, Last known committed idx: 2, Time since last communication: 0.001s
I20260630 12:28:09.327903 27119 raft_consensus.cc:3055] T c566fbbfa07b4174aa6ad14338032ca7 P 99650b80e1744c8a978248f4a61d4578 [term 2 LEADER]: Stepping down as leader of term 2
I20260630 12:28:09.328378 27119 raft_consensus.cc:740] T c566fbbfa07b4174aa6ad14338032ca7 P 99650b80e1744c8a978248f4a61d4578 [term 2 LEADER]: Becoming Follower/Learner. State: Replica: 99650b80e1744c8a978248f4a61d4578, State: Running, Role: LEADER
I20260630 12:28:09.329602 27119 consensus_queue.cc:260] T c566fbbfa07b4174aa6ad14338032ca7 P 99650b80e1744c8a978248f4a61d4578 [NON_LEADER]: Queue going to NON_LEADER mode. State: All replicated index: 0, Majority replicated index: 3, Committed index: 3, Last appended: 2.3, Last appended by leader: 3, Current term: 2, Majority size: -1, State: 0, Mode: NON_LEADER, active raft config: opid_index: 2 OBSOLETE_local: false peers { permanent_uuid: "99650b80e1744c8a978248f4a61d4578" member_type: VOTER last_known_addr { host: "127.23.14.65" port: 34989 } attrs { replace: true } } peers { permanent_uuid: "d1ed2524799a4c10b913dd56e8aa4ada" member_type: VOTER last_known_addr { host: "127.23.14.66" port: 44281 } } peers { permanent_uuid: "490f08babd244356927290cd93310180" member_type: VOTER last_known_addr { host: "127.23.14.67" port: 44151 } } peers { permanent_uuid: "40524008b5524e37b08ac9bd310ba210" member_type: NON_VOTER last_known_addr { host: "127.23.14.68" port: 32933 } attrs { promote: true } }
I20260630 12:28:09.331513 27119 raft_consensus.cc:3060] T c566fbbfa07b4174aa6ad14338032ca7 P 99650b80e1744c8a978248f4a61d4578 [term 2 FOLLOWER]: Advancing to term 3
I20260630 12:28:09.343341 26597 raft_consensus.cc:1275] T 8ee4eacede544cafb6580a9200b1de08 P 99650b80e1744c8a978248f4a61d4578 [term 2 FOLLOWER]: Refusing update from remote peer 490f08babd244356927290cd93310180: Log matching property violated. Preceding OpId in replica: term: 1 index: 2. Preceding OpId from leader: term: 2 index: 3. (index mismatch)
I20260630 12:28:09.344301 26905 raft_consensus.cc:3060] T 8ee4eacede544cafb6580a9200b1de08 P 40524008b5524e37b08ac9bd310ba210 [term 1 LEARNER]: Advancing to term 2
I20260630 12:28:09.346913 27126 consensus_queue.cc:1048] T 8ee4eacede544cafb6580a9200b1de08 P 490f08babd244356927290cd93310180 [LEADER]: Connected to new peer: Peer: permanent_uuid: "99650b80e1744c8a978248f4a61d4578" member_type: VOTER last_known_addr { host: "127.23.14.65" port: 34989 }, Status: LMP_MISMATCH, Last received: 0.0, Next index: 3, Last known committed idx: 2, Time since last communication: 0.000s
I20260630 12:28:09.362392 26905 raft_consensus.cc:1275] T 8ee4eacede544cafb6580a9200b1de08 P 40524008b5524e37b08ac9bd310ba210 [term 2 LEARNER]: Refusing update from remote peer 490f08babd244356927290cd93310180: Log matching property violated. Preceding OpId in replica: term: 1 index: 2. Preceding OpId from leader: term: 2 index: 3. (index mismatch)
I20260630 12:28:09.365479 27011 consensus_queue.cc:1048] T 8ee4eacede544cafb6580a9200b1de08 P 490f08babd244356927290cd93310180 [LEADER]: Connected to new peer: Peer: permanent_uuid: "40524008b5524e37b08ac9bd310ba210" member_type: NON_VOTER last_known_addr { host: "127.23.14.68" port: 32933 } attrs { promote: true }, Status: LMP_MISMATCH, Last received: 0.0, Next index: 3, Last known committed idx: 2, Time since last communication: 0.001s
I20260630 12:28:09.370667 26601 tablet_service.cc:1917] Received RequestConsensusVote() RPC: tablet_id: "c566fbbfa07b4174aa6ad14338032ca7" candidate_uuid: "d1ed2524799a4c10b913dd56e8aa4ada" candidate_term: 3 candidate_status { last_received { term: 2 index: 3 } } ignore_live_leader: true dest_uuid: "99650b80e1744c8a978248f4a61d4578"
W20260630 12:28:09.372264 26548 auto_rebalancer.cc:911] Removing replace marker failed after 3 inline attempts; will retry on next rebalancer loop iteration: Replica 99650b80e1744c8a978248f4a61d4578 is not leader of this config. Role: FOLLOWER. Consensus state: current_term: 3 committed_config { opid_index: 2 OBSOLETE_local: false peers { permanent_uuid: "99650b80e1744c8a978248f4a61d4578" member_type: VOTER last_known_addr { host: "127.23.14.65" port: 34989 } attrs { replace: true } } peers { permanent_uuid: "d1ed2524799a4c10b913dd56e8aa4ada" member_type: VOTER last_known_addr { host: "127.23.14.66" port: 44281 } } peers { permanent_uuid: "490f08babd244356927290cd93310180" member_type: VOTER last_known_addr { host: "127.23.14.67" port: 44151 } } peers { permanent_uuid: "40524008b5524e37b08ac9bd310ba210" member_type: NON_VOTER last_known_addr { host: "127.23.14.68" port: 32933 } attrs { promote: true } } }
W20260630 12:28:09.372656 26548 auto_rebalancer.cc:920] Could not move replica: Remote error: Service unavailable: leadership transfer for c566fbbfa07b4174aa6ad14338032ca7 already in progress
W20260630 12:28:09.372892 26548 auto_rebalancer.cc:340] scheduled replica move failed to complete: Remote error: Service unavailable: leadership transfer for c566fbbfa07b4174aa6ad14338032ca7 already in progress
I20260630 12:28:09.386034 26745 tablet_service.cc:2072] Received LeaderStepDown RPC: tablet_id: "8ee4eacede544cafb6580a9200b1de08"
dest_uuid: "490f08babd244356927290cd93310180"
mode: GRACEFUL
 from {username='slave'} at 127.0.0.1:46806
I20260630 12:28:09.386893 26745 raft_consensus.cc:606] T 8ee4eacede544cafb6580a9200b1de08 P 490f08babd244356927290cd93310180 [term 2 LEADER]: Received request to transfer leadership
I20260630 12:28:09.391022 26745 tablet_service.cc:2072] Received LeaderStepDown RPC: tablet_id: "8ee4eacede544cafb6580a9200b1de08"
dest_uuid: "490f08babd244356927290cd93310180"
mode: GRACEFUL
 from {username='slave'} at 127.0.0.1:46806
I20260630 12:28:09.391578 26745 raft_consensus.cc:606] T 8ee4eacede544cafb6580a9200b1de08 P 490f08babd244356927290cd93310180 [term 2 LEADER]: Received request to transfer leadership
I20260630 12:28:09.394265 26745 tablet_service.cc:2072] Received LeaderStepDown RPC: tablet_id: "8ee4eacede544cafb6580a9200b1de08"
dest_uuid: "490f08babd244356927290cd93310180"
mode: GRACEFUL
 from {username='slave'} at 127.0.0.1:46806
I20260630 12:28:09.394806 26745 raft_consensus.cc:606] T 8ee4eacede544cafb6580a9200b1de08 P 490f08babd244356927290cd93310180 [term 2 LEADER]: Received request to transfer leadership
I20260630 12:28:09.401587 26750 tablet_service.cc:1917] Received RequestConsensusVote() RPC: tablet_id: "c566fbbfa07b4174aa6ad14338032ca7" candidate_uuid: "d1ed2524799a4c10b913dd56e8aa4ada" candidate_term: 3 candidate_status { last_received { term: 2 index: 3 } } ignore_live_leader: true dest_uuid: "490f08babd244356927290cd93310180"
I20260630 12:28:09.401981 26601 raft_consensus.cc:2468] T c566fbbfa07b4174aa6ad14338032ca7 P 99650b80e1744c8a978248f4a61d4578 [term 3 FOLLOWER]: Leader election vote request: Granting yes vote for candidate d1ed2524799a4c10b913dd56e8aa4ada in term 3.
I20260630 12:28:09.402223 26750 raft_consensus.cc:3060] T c566fbbfa07b4174aa6ad14338032ca7 P 490f08babd244356927290cd93310180 [term 2 FOLLOWER]: Advancing to term 3
I20260630 12:28:09.403558 26642 leader_election.cc:304] T c566fbbfa07b4174aa6ad14338032ca7 P d1ed2524799a4c10b913dd56e8aa4ada [CANDIDATE]: Term 3 election: Election decided. Result: candidate won. Election summary: received 2 responses out of 3 voters: 2 yes votes; 0 no votes. yes voters: 99650b80e1744c8a978248f4a61d4578, d1ed2524799a4c10b913dd56e8aa4ada; no voters: 
I20260630 12:28:09.405150 27100 raft_consensus.cc:2804] T c566fbbfa07b4174aa6ad14338032ca7 P d1ed2524799a4c10b913dd56e8aa4ada [term 3 FOLLOWER]: Leader election won for term 3
I20260630 12:28:09.405747 27100 raft_consensus.cc:697] T c566fbbfa07b4174aa6ad14338032ca7 P d1ed2524799a4c10b913dd56e8aa4ada [term 3 LEADER]: Becoming Leader. State: Replica: d1ed2524799a4c10b913dd56e8aa4ada, State: Running, Role: LEADER
I20260630 12:28:09.406872 27100 consensus_queue.cc:237] T c566fbbfa07b4174aa6ad14338032ca7 P d1ed2524799a4c10b913dd56e8aa4ada [LEADER]: Queue going to LEADER mode. State: All replicated index: 0, Majority replicated index: 2, Committed index: 2, Last appended: 2.3, Last appended by leader: 3, Current term: 3, Majority size: 2, State: 0, Mode: LEADER, active raft config: opid_index: 2 OBSOLETE_local: false peers { permanent_uuid: "99650b80e1744c8a978248f4a61d4578" member_type: VOTER last_known_addr { host: "127.23.14.65" port: 34989 } attrs { replace: true } } peers { permanent_uuid: "d1ed2524799a4c10b913dd56e8aa4ada" member_type: VOTER last_known_addr { host: "127.23.14.66" port: 44281 } } peers { permanent_uuid: "490f08babd244356927290cd93310180" member_type: VOTER last_known_addr { host: "127.23.14.67" port: 44151 } } peers { permanent_uuid: "40524008b5524e37b08ac9bd310ba210" member_type: NON_VOTER last_known_addr { host: "127.23.14.68" port: 32933 } attrs { promote: true } }
I20260630 12:28:09.409195 26750 raft_consensus.cc:2468] T c566fbbfa07b4174aa6ad14338032ca7 P 490f08babd244356927290cd93310180 [term 3 FOLLOWER]: Leader election vote request: Granting yes vote for candidate d1ed2524799a4c10b913dd56e8aa4ada in term 3.
I20260630 12:28:09.412997 26597 raft_consensus.cc:1275] T ed20ae67e7ec4c83a37757d0ebde25e4 P 99650b80e1744c8a978248f4a61d4578 [term 3 FOLLOWER]: Refusing update from remote peer 40524008b5524e37b08ac9bd310ba210: Log matching property violated. Preceding OpId in replica: term: 2 index: 1. Preceding OpId from leader: term: 3 index: 2. (index mismatch)
I20260630 12:28:09.416668 27090 consensus_queue.cc:1048] T ed20ae67e7ec4c83a37757d0ebde25e4 P 40524008b5524e37b08ac9bd310ba210 [LEADER]: Connected to new peer: Peer: permanent_uuid: "99650b80e1744c8a978248f4a61d4578" member_type: VOTER last_known_addr { host: "127.23.14.65" port: 34989 }, Status: LMP_MISMATCH, Last received: 0.0, Next index: 2, Last known committed idx: 1, Time since last communication: 0.000s
I20260630 12:28:09.433487 26676 leader_election.cc:290] T c566fbbfa07b4174aa6ad14338032ca7 P d1ed2524799a4c10b913dd56e8aa4ada [CANDIDATE]: Term 3 election: Requested vote from peers 99650b80e1744c8a978248f4a61d4578 (127.23.14.65:34989), 490f08babd244356927290cd93310180 (127.23.14.67:44151)
I20260630 12:28:09.438599 26750 raft_consensus.cc:1275] T ed20ae67e7ec4c83a37757d0ebde25e4 P 490f08babd244356927290cd93310180 [term 3 FOLLOWER]: Refusing update from remote peer 40524008b5524e37b08ac9bd310ba210: Log matching property violated. Preceding OpId in replica: term: 2 index: 1. Preceding OpId from leader: term: 3 index: 2. (index mismatch)
I20260630 12:28:09.440671 27090 consensus_queue.cc:1048] T ed20ae67e7ec4c83a37757d0ebde25e4 P 40524008b5524e37b08ac9bd310ba210 [LEADER]: Connected to new peer: Peer: permanent_uuid: "490f08babd244356927290cd93310180" member_type: VOTER last_known_addr { host: "127.23.14.67" port: 44151 }, Status: LMP_MISMATCH, Last received: 0.0, Next index: 2, Last known committed idx: 1, Time since last communication: 0.000s
