I20260630 12:26:47.482766 31086 raft_consensus.cc:2804] T 00000000000000000000000000000000 P 40a48f81619448ef953398fbc7e1d412 [term 0 FOLLOWER]: Leader pre-election won for term 1
I20260630 12:26:47.483127 31086 raft_consensus.cc:493] T 00000000000000000000000000000000 P 40a48f81619448ef953398fbc7e1d412 [term 0 FOLLOWER]: Starting leader election (no leader contacted us within the election timeout)
I20260630 12:26:47.483387 31086 raft_consensus.cc:3060] T 00000000000000000000000000000000 P 40a48f81619448ef953398fbc7e1d412 [term 0 FOLLOWER]: Advancing to term 1
I20260630 12:26:47.486119 31207 log_block_manager.cc:4031] Time spent loading block containers with low live blocks: real 0.000s	user 0.000s	sys 0.000s
I20260630 12:26:47.487067 29821 fs_manager.cc:730] Time spent opening block manager: real 0.003s	user 0.002s	sys 0.000s
I20260630 12:26:47.487387 29821 fs_manager.cc:647] Opened local filesystem: /tmp/dist-test-taskF2Ud7A/test-tmp/auto_rebalancer-test.0.AutoRebalancerTest.NextLeaderResumesAutoRebalancing.1782822390419941-29821-0/minicluster-data/ts-1-root
uuid: "ab40358b176e4ad688df19ab8d254872"
format_stamp: "Formatted at 2026-06-30 12:26:47 on dist-test-slave-6hhb"
I20260630 12:26:47.487697 29821 fs_report.cc:389] FS layout report
--------------------
wal directory: /tmp/dist-test-taskF2Ud7A/test-tmp/auto_rebalancer-test.0.AutoRebalancerTest.NextLeaderResumesAutoRebalancing.1782822390419941-29821-0/minicluster-data/ts-1-root
metadata directory: /tmp/dist-test-taskF2Ud7A/test-tmp/auto_rebalancer-test.0.AutoRebalancerTest.NextLeaderResumesAutoRebalancing.1782822390419941-29821-0/minicluster-data/ts-1-root
1 data directories: /tmp/dist-test-taskF2Ud7A/test-tmp/auto_rebalancer-test.0.AutoRebalancerTest.NextLeaderResumesAutoRebalancing.1782822390419941-29821-0/minicluster-data/ts-1-root/data
Total live blocks: 0
Total live bytes: 0
Total live bytes (after alignment): 0
Total number of LBM containers: 0 (0 full)
Did not check for missing blocks
Did not check for orphaned blocks
Total full LBM containers with extra space: 0 (0 repaired)
Total full LBM container extra space in bytes: 0 (0 repaired)
Total incomplete LBM containers: 0 (0 repaired)
Total LBM partial records: 0 (0 repaired)
Total corrupted LBM metadata records in RocksDB: 0 (0 repaired)
I20260630 12:26:47.488999 31086 raft_consensus.cc:515] T 00000000000000000000000000000000 P 40a48f81619448ef953398fbc7e1d412 [term 1 FOLLOWER]: Starting leader election with config: opid_index: -1 OBSOLETE_local: false peers { permanent_uuid: "40a48f81619448ef953398fbc7e1d412" member_type: VOTER last_known_addr { host: "127.29.31.126" port: 34591 } } peers { permanent_uuid: "7456c74aa4fe4147b8bf1d7682d24cdc" member_type: VOTER last_known_addr { host: "127.29.31.125" port: 40753 } } peers { permanent_uuid: "f7202bdf819740c1b7c22d00853841b5" member_type: VOTER last_known_addr { host: "127.29.31.124" port: 43349 } }
I20260630 12:26:47.491338 31086 leader_election.cc:290] T 00000000000000000000000000000000 P 40a48f81619448ef953398fbc7e1d412 [CANDIDATE]: Term 1 election: Requested vote from peers 7456c74aa4fe4147b8bf1d7682d24cdc (127.29.31.125:40753), f7202bdf819740c1b7c22d00853841b5 (127.29.31.124:43349)
I20260630 12:26:47.491920 31052 tablet_service.cc:1917] Received RequestConsensusVote() RPC: tablet_id: "00000000000000000000000000000000" candidate_uuid: "40a48f81619448ef953398fbc7e1d412" candidate_term: 1 candidate_status { last_received { term: 0 index: 0 } } ignore_live_leader: false dest_uuid: "f7202bdf819740c1b7c22d00853841b5"
I20260630 12:26:47.491951 30987 tablet_service.cc:1917] Received RequestConsensusVote() RPC: tablet_id: "00000000000000000000000000000000" candidate_uuid: "40a48f81619448ef953398fbc7e1d412" candidate_term: 1 candidate_status { last_received { term: 0 index: 0 } } ignore_live_leader: false dest_uuid: "7456c74aa4fe4147b8bf1d7682d24cdc"
I20260630 12:26:47.492843 30987 raft_consensus.cc:3060] T 00000000000000000000000000000000 P 7456c74aa4fe4147b8bf1d7682d24cdc [term 0 FOLLOWER]: Advancing to term 1
I20260630 12:26:47.492705 31052 raft_consensus.cc:3060] T 00000000000000000000000000000000 P f7202bdf819740c1b7c22d00853841b5 [term 0 FOLLOWER]: Advancing to term 1
I20260630 12:26:47.497601 30987 raft_consensus.cc:2468] T 00000000000000000000000000000000 P 7456c74aa4fe4147b8bf1d7682d24cdc [term 1 FOLLOWER]: Leader election vote request: Granting yes vote for candidate 40a48f81619448ef953398fbc7e1d412 in term 1.
I20260630 12:26:47.498813 30896 leader_election.cc:304] T 00000000000000000000000000000000 P 40a48f81619448ef953398fbc7e1d412 [CANDIDATE]: Term 1 election: Election decided. Result: candidate won. Election summary: received 2 responses out of 3 voters: 2 yes votes; 0 no votes. yes voters: 40a48f81619448ef953398fbc7e1d412, 7456c74aa4fe4147b8bf1d7682d24cdc; no voters: 
I20260630 12:26:47.499593 31086 raft_consensus.cc:2804] T 00000000000000000000000000000000 P 40a48f81619448ef953398fbc7e1d412 [term 1 FOLLOWER]: Leader election won for term 1
I20260630 12:26:47.500681 31086 raft_consensus.cc:697] T 00000000000000000000000000000000 P 40a48f81619448ef953398fbc7e1d412 [term 1 LEADER]: Becoming Leader. State: Replica: 40a48f81619448ef953398fbc7e1d412, State: Running, Role: LEADER
I20260630 12:26:47.501227 31052 raft_consensus.cc:2468] T 00000000000000000000000000000000 P f7202bdf819740c1b7c22d00853841b5 [term 1 FOLLOWER]: Leader election vote request: Granting yes vote for candidate 40a48f81619448ef953398fbc7e1d412 in term 1.
I20260630 12:26:47.501510 31086 consensus_queue.cc:237] T 00000000000000000000000000000000 P 40a48f81619448ef953398fbc7e1d412 [LEADER]: Queue going to LEADER mode. State: All replicated index: 0, Majority replicated index: 0, Committed index: 0, Last appended: 0.0, Last appended by leader: 0, Current term: 1, Majority size: 2, State: 0, Mode: LEADER, active raft config: opid_index: -1 OBSOLETE_local: false peers { permanent_uuid: "40a48f81619448ef953398fbc7e1d412" member_type: VOTER last_known_addr { host: "127.29.31.126" port: 34591 } } peers { permanent_uuid: "7456c74aa4fe4147b8bf1d7682d24cdc" member_type: VOTER last_known_addr { host: "127.29.31.125" port: 40753 } } peers { permanent_uuid: "f7202bdf819740c1b7c22d00853841b5" member_type: VOTER last_known_addr { host: "127.29.31.124" port: 43349 } }
I20260630 12:26:47.507314 31212 sys_catalog.cc:455] T 00000000000000000000000000000000 P 40a48f81619448ef953398fbc7e1d412 [sys.catalog]: SysCatalogTable state changed. Reason: New leader 40a48f81619448ef953398fbc7e1d412. Latest consensus state: current_term: 1 leader_uuid: "40a48f81619448ef953398fbc7e1d412" committed_config { opid_index: -1 OBSOLETE_local: false peers { permanent_uuid: "40a48f81619448ef953398fbc7e1d412" member_type: VOTER last_known_addr { host: "127.29.31.126" port: 34591 } } peers { permanent_uuid: "7456c74aa4fe4147b8bf1d7682d24cdc" member_type: VOTER last_known_addr { host: "127.29.31.125" port: 40753 } } peers { permanent_uuid: "f7202bdf819740c1b7c22d00853841b5" member_type: VOTER last_known_addr { host: "127.29.31.124" port: 43349 } } }
I20260630 12:26:47.508005 29821 rpc_server.cc:225] running with OpenSSL 1.1.1  11 Sep 2018
I20260630 12:26:47.508065 31212 sys_catalog.cc:458] T 00000000000000000000000000000000 P 40a48f81619448ef953398fbc7e1d412 [sys.catalog]: This master's current role is: LEADER
I20260630 12:26:47.509795 29821 kserver.cc:163] Server-wide thread pool size limit: 3276
I20260630 12:26:47.510118 31214 catalog_manager.cc:1511] Loading table and tablet metadata into memory...
I20260630 12:26:47.511503 29821 txn_system_client.cc:432] TxnSystemClient initialization is disabled...
I20260630 12:26:47.514285 29821 ts_tablet_manager.cc:585] Loaded tablet metadata (0 total tablets, 0 live tablets)
I20260630 12:26:47.514515 29821 ts_tablet_manager.cc:531] Time spent load tablet metadata: real 0.000s	user 0.000s	sys 0.000s
I20260630 12:26:47.514760 29821 ts_tablet_manager.cc:616] Registered 0 tablets
I20260630 12:26:47.514933 29821 ts_tablet_manager.cc:595] Time spent register tablets: real 0.000s	user 0.000s	sys 0.000s
I20260630 12:26:47.516065 31214 catalog_manager.cc:1520] Initializing Kudu cluster ID...
I20260630 12:26:47.524962 31052 raft_consensus.cc:1275] T 00000000000000000000000000000000 P f7202bdf819740c1b7c22d00853841b5 [term 1 FOLLOWER]: Refusing update from remote peer 40a48f81619448ef953398fbc7e1d412: Log matching property violated. Preceding OpId in replica: term: 0 index: 0. Preceding OpId from leader: term: 1 index: 2. (index mismatch)
I20260630 12:26:47.525231 30987 raft_consensus.cc:1275] T 00000000000000000000000000000000 P 7456c74aa4fe4147b8bf1d7682d24cdc [term 1 FOLLOWER]: Refusing update from remote peer 40a48f81619448ef953398fbc7e1d412: Log matching property violated. Preceding OpId in replica: term: 0 index: 0. Preceding OpId from leader: term: 1 index: 2. (index mismatch)
I20260630 12:26:47.526779 31086 consensus_queue.cc:1048] T 00000000000000000000000000000000 P 40a48f81619448ef953398fbc7e1d412 [LEADER]: Connected to new peer: Peer: permanent_uuid: "7456c74aa4fe4147b8bf1d7682d24cdc" member_type: VOTER last_known_addr { host: "127.29.31.125" port: 40753 }, Status: LMP_MISMATCH, Last received: 0.0, Next index: 1, Last known committed idx: 0, Time since last communication: 0.000s
I20260630 12:26:47.528635 31086 consensus_queue.cc:1048] T 00000000000000000000000000000000 P 40a48f81619448ef953398fbc7e1d412 [LEADER]: Connected to new peer: Peer: permanent_uuid: "f7202bdf819740c1b7c22d00853841b5" member_type: VOTER last_known_addr { host: "127.29.31.124" port: 43349 }, Status: LMP_MISMATCH, Last received: 0.0, Next index: 1, Last known committed idx: 0, Time since last communication: 0.000s
I20260630 12:26:47.536958 31085 sys_catalog.cc:455] T 00000000000000000000000000000000 P 7456c74aa4fe4147b8bf1d7682d24cdc [sys.catalog]: SysCatalogTable state changed. Reason: New leader 40a48f81619448ef953398fbc7e1d412. Latest consensus state: current_term: 1 leader_uuid: "40a48f81619448ef953398fbc7e1d412" committed_config { opid_index: -1 OBSOLETE_local: false peers { permanent_uuid: "40a48f81619448ef953398fbc7e1d412" member_type: VOTER last_known_addr { host: "127.29.31.126" port: 34591 } } peers { permanent_uuid: "7456c74aa4fe4147b8bf1d7682d24cdc" member_type: VOTER last_known_addr { host: "127.29.31.125" port: 40753 } } peers { permanent_uuid: "f7202bdf819740c1b7c22d00853841b5" member_type: VOTER last_known_addr { host: "127.29.31.124" port: 43349 } } }
I20260630 12:26:47.537988 31085 sys_catalog.cc:458] T 00000000000000000000000000000000 P 7456c74aa4fe4147b8bf1d7682d24cdc [sys.catalog]: This master's current role is: FOLLOWER
I20260630 12:26:47.543416 31089 sys_catalog.cc:455] T 00000000000000000000000000000000 P f7202bdf819740c1b7c22d00853841b5 [sys.catalog]: SysCatalogTable state changed. Reason: New leader 40a48f81619448ef953398fbc7e1d412. Latest consensus state: current_term: 1 leader_uuid: "40a48f81619448ef953398fbc7e1d412" committed_config { opid_index: -1 OBSOLETE_local: false peers { permanent_uuid: "40a48f81619448ef953398fbc7e1d412" member_type: VOTER last_known_addr { host: "127.29.31.126" port: 34591 } } peers { permanent_uuid: "7456c74aa4fe4147b8bf1d7682d24cdc" member_type: VOTER last_known_addr { host: "127.29.31.125" port: 40753 } } peers { permanent_uuid: "f7202bdf819740c1b7c22d00853841b5" member_type: VOTER last_known_addr { host: "127.29.31.124" port: 43349 } } }
I20260630 12:26:47.544194 31089 sys_catalog.cc:458] T 00000000000000000000000000000000 P f7202bdf819740c1b7c22d00853841b5 [sys.catalog]: This master's current role is: FOLLOWER
I20260630 12:26:47.558102 31212 sys_catalog.cc:455] T 00000000000000000000000000000000 P 40a48f81619448ef953398fbc7e1d412 [sys.catalog]: SysCatalogTable state changed. Reason: Peer health change. Latest consensus state: current_term: 1 leader_uuid: "40a48f81619448ef953398fbc7e1d412" committed_config { opid_index: -1 OBSOLETE_local: false peers { permanent_uuid: "40a48f81619448ef953398fbc7e1d412" member_type: VOTER last_known_addr { host: "127.29.31.126" port: 34591 } } peers { permanent_uuid: "7456c74aa4fe4147b8bf1d7682d24cdc" member_type: VOTER last_known_addr { host: "127.29.31.125" port: 40753 } } peers { permanent_uuid: "f7202bdf819740c1b7c22d00853841b5" member_type: VOTER last_known_addr { host: "127.29.31.124" port: 43349 } } }
I20260630 12:26:47.559180 31212 sys_catalog.cc:458] T 00000000000000000000000000000000 P 40a48f81619448ef953398fbc7e1d412 [sys.catalog]: This master's current role is: LEADER
I20260630 12:26:47.559702 31085 sys_catalog.cc:455] T 00000000000000000000000000000000 P 7456c74aa4fe4147b8bf1d7682d24cdc [sys.catalog]: SysCatalogTable state changed. Reason: Replicated consensus-only round. Latest consensus state: current_term: 1 leader_uuid: "40a48f81619448ef953398fbc7e1d412" committed_config { opid_index: -1 OBSOLETE_local: false peers { permanent_uuid: "40a48f81619448ef953398fbc7e1d412" member_type: VOTER last_known_addr { host: "127.29.31.126" port: 34591 } } peers { permanent_uuid: "7456c74aa4fe4147b8bf1d7682d24cdc" member_type: VOTER last_known_addr { host: "127.29.31.125" port: 40753 } } peers { permanent_uuid: "f7202bdf819740c1b7c22d00853841b5" member_type: VOTER last_known_addr { host: "127.29.31.124" port: 43349 } } }
I20260630 12:26:47.560698 31085 sys_catalog.cc:458] T 00000000000000000000000000000000 P 7456c74aa4fe4147b8bf1d7682d24cdc [sys.catalog]: This master's current role is: FOLLOWER
I20260630 12:26:47.561384 31214 catalog_manager.cc:1383] Generated new cluster ID: fc469e8decc242a495945b200dc71d6f
I20260630 12:26:47.560772 31212 sys_catalog.cc:455] T 00000000000000000000000000000000 P 40a48f81619448ef953398fbc7e1d412 [sys.catalog]: SysCatalogTable state changed. Reason: Peer health change. Latest consensus state: current_term: 1 leader_uuid: "40a48f81619448ef953398fbc7e1d412" committed_config { opid_index: -1 OBSOLETE_local: false peers { permanent_uuid: "40a48f81619448ef953398fbc7e1d412" member_type: VOTER last_known_addr { host: "127.29.31.126" port: 34591 } } peers { permanent_uuid: "7456c74aa4fe4147b8bf1d7682d24cdc" member_type: VOTER last_known_addr { host: "127.29.31.125" port: 40753 } } peers { permanent_uuid: "f7202bdf819740c1b7c22d00853841b5" member_type: VOTER last_known_addr { host: "127.29.31.124" port: 43349 } } }
I20260630 12:26:47.561691 31214 catalog_manager.cc:1531] Initializing Kudu internal certificate authority...
I20260630 12:26:47.561793 31212 sys_catalog.cc:458] T 00000000000000000000000000000000 P 40a48f81619448ef953398fbc7e1d412 [sys.catalog]: This master's current role is: LEADER
I20260630 12:26:47.567360 31089 sys_catalog.cc:455] T 00000000000000000000000000000000 P f7202bdf819740c1b7c22d00853841b5 [sys.catalog]: SysCatalogTable state changed. Reason: Replicated consensus-only round. Latest consensus state: current_term: 1 leader_uuid: "40a48f81619448ef953398fbc7e1d412" committed_config { opid_index: -1 OBSOLETE_local: false peers { permanent_uuid: "40a48f81619448ef953398fbc7e1d412" member_type: VOTER last_known_addr { host: "127.29.31.126" port: 34591 } } peers { permanent_uuid: "7456c74aa4fe4147b8bf1d7682d24cdc" member_type: VOTER last_known_addr { host: "127.29.31.125" port: 40753 } } peers { permanent_uuid: "f7202bdf819740c1b7c22d00853841b5" member_type: VOTER last_known_addr { host: "127.29.31.124" port: 43349 } } }
I20260630 12:26:47.568074 31089 sys_catalog.cc:458] T 00000000000000000000000000000000 P f7202bdf819740c1b7c22d00853841b5 [sys.catalog]: This master's current role is: FOLLOWER
I20260630 12:26:47.595760 31214 catalog_manager.cc:1406] Generated new certificate authority record
I20260630 12:26:47.597965 31214 catalog_manager.cc:1540] Loading token signing keys...
I20260630 12:26:47.627009 31214 catalog_manager.cc:6070] T 00000000000000000000000000000000 P 40a48f81619448ef953398fbc7e1d412: Generated new TSK 0
I20260630 12:26:47.627976 31214 catalog_manager.cc:1550] Initializing in-progress tserver states...
I20260630 12:26:47.636657 29821 rpc_server.cc:307] RPC server started. Bound to: 127.29.31.66:40951
I20260630 12:26:47.636878 31281 acceptor_pool.cc:272] collecting diagnostics on the listening RPC socket 127.29.31.66:40951 every 8 connection(s)
I20260630 12:26:47.647287 29821 file_cache.cc:492] Constructed file cache file cache with capacity 419430
W20260630 12:26:47.655573 31289 instance_detector.cc:116] could not retrieve AWS instance metadata: Network error: curl error: HTTP response code said error: The requested URL returned error: 404
I20260630 12:26:47.658982 31283 heartbeater.cc:344] Connected to a master server at 127.29.31.125:40753
I20260630 12:26:47.659425 31283 heartbeater.cc:461] Registering TS with master...
I20260630 12:26:47.659713 31282 heartbeater.cc:344] Connected to a master server at 127.29.31.124:43349
I20260630 12:26:47.660079 31282 heartbeater.cc:461] Registering TS with master...
I20260630 12:26:47.660384 31283 heartbeater.cc:507] Master 127.29.31.125:40753 requested a full tablet report, sending...
I20260630 12:26:47.660915 31282 heartbeater.cc:507] Master 127.29.31.124:43349 requested a full tablet report, sending...
I20260630 12:26:47.663385 30977 ts_manager.cc:194] Registered new tserver with Master: ab40358b176e4ad688df19ab8d254872 (127.29.31.66:40951)
W20260630 12:26:47.661700 31290 instance_detector.cc:116] could not retrieve Azure instance metadata: Network error: curl error: HTTP response code said error: The requested URL returned error: 404
I20260630 12:26:47.668660 31042 ts_manager.cc:194] Registered new tserver with Master: ab40358b176e4ad688df19ab8d254872 (127.29.31.66:40951)
I20260630 12:26:47.672639 31284 heartbeater.cc:344] Connected to a master server at 127.29.31.126:34591
I20260630 12:26:47.672993 31284 heartbeater.cc:461] Registering TS with master...
W20260630 12:26:47.673511 31292 instance_detector.cc:116] could not retrieve OpenStack instance metadata: Network error: curl error: HTTP response code said error: The requested URL returned error: 404
I20260630 12:26:47.673887 31284 heartbeater.cc:507] Master 127.29.31.126:34591 requested a full tablet report, sending...
I20260630 12:26:47.675328 29821 server_base.cc:1061] running on GCE node
I20260630 12:26:47.676113 30912 ts_manager.cc:194] Registered new tserver with Master: ab40358b176e4ad688df19ab8d254872 (127.29.31.66:40951)
I20260630 12:26:47.676378 29821 hybrid_clock.cc:584] initializing the hybrid clock with 'system_unsync' time source
W20260630 12:26:47.676674 29821 system_unsync_time.cc:38] NTP support is disabled. Clock error bounds will not be accurate. This configuration is not suitable for distributed clusters.
I20260630 12:26:47.676891 29821 hybrid_clock.cc:648] HybridClock initialized: now 1782822407676876 us; error 0 us; skew 500 ppm
I20260630 12:26:47.677476 29821 server_base.cc:861] Flag tcmalloc_max_total_thread_cache_bytes is not working since tcmalloc is not enabled.
I20260630 12:26:47.677987 30912 master_service.cc:502] Signed X509 certificate for tserver {username='slave'} at 127.0.0.1:52318
I20260630 12:26:47.680477 29821 webserver.cc:533] Webserver started at http://127.29.31.67:44975/ using document root <none> and password file <none>
I20260630 12:26:47.681090 29821 fs_manager.cc:362] Metadata directory not provided
I20260630 12:26:47.681344 29821 fs_manager.cc:368] Using write-ahead log directory (fs_wal_dir) as metadata directory
I20260630 12:26:47.681680 29821 server_base.cc:909] This appears to be a new deployment of Kudu; creating new FS layout
I20260630 12:26:47.682662 29821 fs_manager.cc:1068] Generated new instance metadata in path /tmp/dist-test-taskF2Ud7A/test-tmp/auto_rebalancer-test.0.AutoRebalancerTest.NextLeaderResumesAutoRebalancing.1782822390419941-29821-0/minicluster-data/ts-2-root/instance:
uuid: "730f91d9f7cc40ef972b58424bc23ebc"
format_stamp: "Formatted at 2026-06-30 12:26:47 on dist-test-slave-6hhb"
I20260630 12:26:47.687500 29821 fs_manager.cc:696] Time spent creating directory manager: real 0.004s	user 0.004s	sys 0.002s
I20260630 12:26:47.690797 31297 log_block_manager.cc:4031] Time spent loading block containers with low live blocks: real 0.000s	user 0.000s	sys 0.000s
I20260630 12:26:47.691583 29821 fs_manager.cc:730] Time spent opening block manager: real 0.002s	user 0.003s	sys 0.000s
I20260630 12:26:47.691946 29821 fs_manager.cc:647] Opened local filesystem: /tmp/dist-test-taskF2Ud7A/test-tmp/auto_rebalancer-test.0.AutoRebalancerTest.NextLeaderResumesAutoRebalancing.1782822390419941-29821-0/minicluster-data/ts-2-root
uuid: "730f91d9f7cc40ef972b58424bc23ebc"
format_stamp: "Formatted at 2026-06-30 12:26:47 on dist-test-slave-6hhb"
I20260630 12:26:47.692179 29821 fs_report.cc:389] FS layout report
--------------------
wal directory: /tmp/dist-test-taskF2Ud7A/test-tmp/auto_rebalancer-test.0.AutoRebalancerTest.NextLeaderResumesAutoRebalancing.1782822390419941-29821-0/minicluster-data/ts-2-root
metadata directory: /tmp/dist-test-taskF2Ud7A/test-tmp/auto_rebalancer-test.0.AutoRebalancerTest.NextLeaderResumesAutoRebalancing.1782822390419941-29821-0/minicluster-data/ts-2-root
1 data directories: /tmp/dist-test-taskF2Ud7A/test-tmp/auto_rebalancer-test.0.AutoRebalancerTest.NextLeaderResumesAutoRebalancing.1782822390419941-29821-0/minicluster-data/ts-2-root/data
Total live blocks: 0
Total live bytes: 0
Total live bytes (after alignment): 0
Total number of LBM containers: 0 (0 full)
Did not check for missing blocks
Did not check for orphaned blocks
Total full LBM containers with extra space: 0 (0 repaired)
Total full LBM container extra space in bytes: 0 (0 repaired)
Total incomplete LBM containers: 0 (0 repaired)
Total LBM partial records: 0 (0 repaired)
Total corrupted LBM metadata records in RocksDB: 0 (0 repaired)
I20260630 12:26:47.708901 29821 rpc_server.cc:225] running with OpenSSL 1.1.1  11 Sep 2018
I20260630 12:26:47.710160 29821 kserver.cc:163] Server-wide thread pool size limit: 3276
I20260630 12:26:47.711302 29821 txn_system_client.cc:432] TxnSystemClient initialization is disabled...
I20260630 12:26:47.713559 29821 ts_tablet_manager.cc:585] Loaded tablet metadata (0 total tablets, 0 live tablets)
I20260630 12:26:47.713748 29821 ts_tablet_manager.cc:531] Time spent load tablet metadata: real 0.000s	user 0.000s	sys 0.000s
I20260630 12:26:47.714027 29821 ts_tablet_manager.cc:616] Registered 0 tablets
I20260630 12:26:47.714197 29821 ts_tablet_manager.cc:595] Time spent register tablets: real 0.000s	user 0.000s	sys 0.000s
I20260630 12:26:47.756475 29821 rpc_server.cc:307] RPC server started. Bound to: 127.29.31.67:43863
I20260630 12:26:47.756597 31359 acceptor_pool.cc:272] collecting diagnostics on the listening RPC socket 127.29.31.67:43863 every 8 connection(s)
I20260630 12:26:47.782013 31361 heartbeater.cc:344] Connected to a master server at 127.29.31.125:40753
I20260630 12:26:47.782620 31361 heartbeater.cc:461] Registering TS with master...
I20260630 12:26:47.783710 31361 heartbeater.cc:507] Master 127.29.31.125:40753 requested a full tablet report, sending...
I20260630 12:26:47.787652 30977 ts_manager.cc:194] Registered new tserver with Master: 730f91d9f7cc40ef972b58424bc23ebc (127.29.31.67:43863)
I20260630 12:26:47.792526 31362 heartbeater.cc:344] Connected to a master server at 127.29.31.126:34591
I20260630 12:26:47.793001 31360 heartbeater.cc:344] Connected to a master server at 127.29.31.124:43349
I20260630 12:26:47.793018 31362 heartbeater.cc:461] Registering TS with master...
I20260630 12:26:47.793483 31360 heartbeater.cc:461] Registering TS with master...
I20260630 12:26:47.794035 31362 heartbeater.cc:507] Master 127.29.31.126:34591 requested a full tablet report, sending...
I20260630 12:26:47.794193 31360 heartbeater.cc:507] Master 127.29.31.124:43349 requested a full tablet report, sending...
I20260630 12:26:47.796303 30912 ts_manager.cc:194] Registered new tserver with Master: 730f91d9f7cc40ef972b58424bc23ebc (127.29.31.67:43863)
I20260630 12:26:47.797078 31042 ts_manager.cc:194] Registered new tserver with Master: 730f91d9f7cc40ef972b58424bc23ebc (127.29.31.67:43863)
I20260630 12:26:47.797338 29821 internal_mini_cluster.cc:371] 3 TS(s) registered with all masters after 0.007215772s
I20260630 12:26:47.797693 30912 master_service.cc:502] Signed X509 certificate for tserver {username='slave'} at 127.0.0.1:52324
I20260630 12:26:48.328856 31108 catalog_manager.cc:1295] Loaded cluster ID: fc469e8decc242a495945b200dc71d6f
I20260630 12:26:48.329198 31108 catalog_manager.cc:1588] T 00000000000000000000000000000000 P 7456c74aa4fe4147b8bf1d7682d24cdc: loading cluster ID for follower catalog manager: success
I20260630 12:26:48.333700 31108 catalog_manager.cc:1610] T 00000000000000000000000000000000 P 7456c74aa4fe4147b8bf1d7682d24cdc: acquiring CA information for follower catalog manager: success
I20260630 12:26:48.337301 31108 catalog_manager.cc:1638] T 00000000000000000000000000000000 P 7456c74aa4fe4147b8bf1d7682d24cdc: importing token verification keys for follower catalog manager: success; most recent TSK sequence number 0
I20260630 12:26:48.340675 31120 catalog_manager.cc:1295] Loaded cluster ID: fc469e8decc242a495945b200dc71d6f
I20260630 12:26:48.340947 31120 catalog_manager.cc:1588] T 00000000000000000000000000000000 P f7202bdf819740c1b7c22d00853841b5: loading cluster ID for follower catalog manager: success
I20260630 12:26:48.345726 31120 catalog_manager.cc:1610] T 00000000000000000000000000000000 P f7202bdf819740c1b7c22d00853841b5: acquiring CA information for follower catalog manager: success
I20260630 12:26:48.349216 31120 catalog_manager.cc:1638] T 00000000000000000000000000000000 P f7202bdf819740c1b7c22d00853841b5: importing token verification keys for follower catalog manager: success; most recent TSK sequence number 0
I20260630 12:26:48.475867 30912 master_service.cc:502] Signed X509 certificate for tserver {username='slave'} at 127.0.0.1:52312
I20260630 12:26:48.680647 31284 heartbeater.cc:499] Master 127.29.31.126:34591 was elected leader, sending a full tablet report...
I20260630 12:26:48.800427 31362 heartbeater.cc:499] Master 127.29.31.126:34591 was elected leader, sending a full tablet report...
I20260630 12:26:49.329288 31115 auto_leader_rebalancer.cc:515] All tables' leader rebalancing finished this round
I20260630 12:26:49.392422 30912 catalog_manager.cc:2283] Servicing CreateTable request from {username='slave'} at 127.0.0.1:52338:
name: "test-workload"
schema {
  columns {
    name: "key"
    type: INT32
    is_key: true
    is_nullable: false
    encoding: AUTO_ENCODING
    compression: DEFAULT_COMPRESSION
    cfile_block_size: 0
    immutable: false
  }
  columns {
    name: "int_val"
    type: INT32
    is_key: false
    is_nullable: false
    encoding: AUTO_ENCODING
    compression: DEFAULT_COMPRESSION
    cfile_block_size: 0
    immutable: false
  }
  columns {
    name: "string_val"
    type: STRING
    is_key: false
    is_nullable: true
    encoding: AUTO_ENCODING
    compression: DEFAULT_COMPRESSION
    cfile_block_size: 0
    immutable: false
  }
}
num_replicas: 1
split_rows_range_bounds {
  rows: "\004\001\000\252\252\252*\004\001\000TUUU""\004\001\000\252\252\252*\004\001\000TUUU"
  indirect_data: """"
}
partition_schema {
  range_schema {
    columns {
      name: "key"
    }
  }
}
I20260630 12:26:49.465703 31246 tablet_service.cc:1511] Processing CreateTablet for tablet 5d2bf69117c04485bbeb0111ebbe1370 (DEFAULT_TABLE table=test-workload [id=fc4f5699cec147deb9c122e9083edfad]), partition=RANGE (key) PARTITION VALUES < 715827882
I20260630 12:26:49.466588 31325 tablet_service.cc:1511] Processing CreateTablet for tablet 75f3dbf5cab84ff7bf7dbd5b44915a92 (DEFAULT_TABLE table=test-workload [id=fc4f5699cec147deb9c122e9083edfad]), partition=RANGE (key) PARTITION 715827882 <= VALUES < 1431655764
I20260630 12:26:49.467188 31246 data_dirs.cc:400] Could only allocate 1 dirs of requested 3 for tablet 5d2bf69117c04485bbeb0111ebbe1370. 1 dirs total, 0 dirs full, 0 dirs failed
I20260630 12:26:49.467896 31325 data_dirs.cc:400] Could only allocate 1 dirs of requested 3 for tablet 75f3dbf5cab84ff7bf7dbd5b44915a92. 1 dirs total, 0 dirs full, 0 dirs failed
I20260630 12:26:49.475853 31157 tablet_service.cc:1511] Processing CreateTablet for tablet c42db102348a44ab8c949e874107ad52 (DEFAULT_TABLE table=test-workload [id=fc4f5699cec147deb9c122e9083edfad]), partition=RANGE (key) PARTITION 1431655764 <= VALUES
I20260630 12:26:49.476890 31157 data_dirs.cc:400] Could only allocate 1 dirs of requested 3 for tablet c42db102348a44ab8c949e874107ad52. 1 dirs total, 0 dirs full, 0 dirs failed
I20260630 12:26:49.478606 31194 heartbeater.cc:499] Master 127.29.31.126:34591 was elected leader, sending a full tablet report...
I20260630 12:26:49.485093 31394 tablet_bootstrap.cc:492] T 75f3dbf5cab84ff7bf7dbd5b44915a92 P 730f91d9f7cc40ef972b58424bc23ebc: Bootstrap starting.
I20260630 12:26:49.486593 31395 tablet_bootstrap.cc:492] T 5d2bf69117c04485bbeb0111ebbe1370 P ab40358b176e4ad688df19ab8d254872: Bootstrap starting.
I20260630 12:26:49.491936 31396 tablet_bootstrap.cc:492] T c42db102348a44ab8c949e874107ad52 P 388d48b3b2ca46739df418ea143dd3a7: Bootstrap starting.
I20260630 12:26:49.493503 31394 tablet_bootstrap.cc:654] T 75f3dbf5cab84ff7bf7dbd5b44915a92 P 730f91d9f7cc40ef972b58424bc23ebc: Neither blocks nor log segments found. Creating new log.
I20260630 12:26:49.494050 31395 tablet_bootstrap.cc:654] T 5d2bf69117c04485bbeb0111ebbe1370 P ab40358b176e4ad688df19ab8d254872: Neither blocks nor log segments found. Creating new log.
I20260630 12:26:49.497213 31396 tablet_bootstrap.cc:654] T c42db102348a44ab8c949e874107ad52 P 388d48b3b2ca46739df418ea143dd3a7: Neither blocks nor log segments found. Creating new log.
I20260630 12:26:49.499293 31394 tablet_bootstrap.cc:492] T 75f3dbf5cab84ff7bf7dbd5b44915a92 P 730f91d9f7cc40ef972b58424bc23ebc: No bootstrap required, opened a new log
I20260630 12:26:49.499738 31394 ts_tablet_manager.cc:1403] T 75f3dbf5cab84ff7bf7dbd5b44915a92 P 730f91d9f7cc40ef972b58424bc23ebc: Time spent bootstrapping tablet: real 0.015s	user 0.012s	sys 0.000s
I20260630 12:26:49.501106 31395 tablet_bootstrap.cc:492] T 5d2bf69117c04485bbeb0111ebbe1370 P ab40358b176e4ad688df19ab8d254872: No bootstrap required, opened a new log
I20260630 12:26:49.501556 31395 ts_tablet_manager.cc:1403] T 5d2bf69117c04485bbeb0111ebbe1370 P ab40358b176e4ad688df19ab8d254872: Time spent bootstrapping tablet: real 0.015s	user 0.003s	sys 0.007s
I20260630 12:26:49.501989 31396 tablet_bootstrap.cc:492] T c42db102348a44ab8c949e874107ad52 P 388d48b3b2ca46739df418ea143dd3a7: No bootstrap required, opened a new log
I20260630 12:26:49.502386 31396 ts_tablet_manager.cc:1403] T c42db102348a44ab8c949e874107ad52 P 388d48b3b2ca46739df418ea143dd3a7: Time spent bootstrapping tablet: real 0.011s	user 0.006s	sys 0.003s
I20260630 12:26:49.502749 31394 raft_consensus.cc:359] T 75f3dbf5cab84ff7bf7dbd5b44915a92 P 730f91d9f7cc40ef972b58424bc23ebc [term 0 FOLLOWER]: Replica starting. Triggering 0 pending ops. Active config: opid_index: -1 OBSOLETE_local: true peers { permanent_uuid: "730f91d9f7cc40ef972b58424bc23ebc" member_type: VOTER last_known_addr { host: "127.29.31.67" port: 43863 } }
I20260630 12:26:49.503355 31394 raft_consensus.cc:385] T 75f3dbf5cab84ff7bf7dbd5b44915a92 P 730f91d9f7cc40ef972b58424bc23ebc [term 0 FOLLOWER]: Consensus starting up: Expiring failure detector timer to make a prompt election more likely
I20260630 12:26:49.503729 31394 raft_consensus.cc:740] T 75f3dbf5cab84ff7bf7dbd5b44915a92 P 730f91d9f7cc40ef972b58424bc23ebc [term 0 FOLLOWER]: Becoming Follower/Learner. State: Replica: 730f91d9f7cc40ef972b58424bc23ebc, State: Initialized, Role: FOLLOWER
I20260630 12:26:49.504390 31395 raft_consensus.cc:359] T 5d2bf69117c04485bbeb0111ebbe1370 P ab40358b176e4ad688df19ab8d254872 [term 0 FOLLOWER]: Replica starting. Triggering 0 pending ops. Active config: opid_index: -1 OBSOLETE_local: true peers { permanent_uuid: "ab40358b176e4ad688df19ab8d254872" member_type: VOTER last_known_addr { host: "127.29.31.66" port: 40951 } }
I20260630 12:26:49.504962 31395 raft_consensus.cc:385] T 5d2bf69117c04485bbeb0111ebbe1370 P ab40358b176e4ad688df19ab8d254872 [term 0 FOLLOWER]: Consensus starting up: Expiring failure detector timer to make a prompt election more likely
I20260630 12:26:49.505262 31395 raft_consensus.cc:740] T 5d2bf69117c04485bbeb0111ebbe1370 P ab40358b176e4ad688df19ab8d254872 [term 0 FOLLOWER]: Becoming Follower/Learner. State: Replica: ab40358b176e4ad688df19ab8d254872, State: Initialized, Role: FOLLOWER
I20260630 12:26:49.505352 31396 raft_consensus.cc:359] T c42db102348a44ab8c949e874107ad52 P 388d48b3b2ca46739df418ea143dd3a7 [term 0 FOLLOWER]: Replica starting. Triggering 0 pending ops. Active config: opid_index: -1 OBSOLETE_local: true peers { permanent_uuid: "388d48b3b2ca46739df418ea143dd3a7" member_type: VOTER last_known_addr { host: "127.29.31.65" port: 46721 } }
I20260630 12:26:49.504637 31394 consensus_queue.cc:260] T 75f3dbf5cab84ff7bf7dbd5b44915a92 P 730f91d9f7cc40ef972b58424bc23ebc [NON_LEADER]: Queue going to NON_LEADER mode. State: All replicated index: 0, Majority replicated index: 0, Committed index: 0, Last appended: 0.0, Last appended by leader: 0, Current term: 0, Majority size: -1, State: 0, Mode: NON_LEADER, active raft config: opid_index: -1 OBSOLETE_local: true peers { permanent_uuid: "730f91d9f7cc40ef972b58424bc23ebc" member_type: VOTER last_known_addr { host: "127.29.31.67" port: 43863 } }
I20260630 12:26:49.506095 31396 raft_consensus.cc:385] T c42db102348a44ab8c949e874107ad52 P 388d48b3b2ca46739df418ea143dd3a7 [term 0 FOLLOWER]: Consensus starting up: Expiring failure detector timer to make a prompt election more likely
I20260630 12:26:49.506198 31395 consensus_queue.cc:260] T 5d2bf69117c04485bbeb0111ebbe1370 P ab40358b176e4ad688df19ab8d254872 [NON_LEADER]: Queue going to NON_LEADER mode. State: All replicated index: 0, Majority replicated index: 0, Committed index: 0, Last appended: 0.0, Last appended by leader: 0, Current term: 0, Majority size: -1, State: 0, Mode: NON_LEADER, active raft config: opid_index: -1 OBSOLETE_local: true peers { permanent_uuid: "ab40358b176e4ad688df19ab8d254872" member_type: VOTER last_known_addr { host: "127.29.31.66" port: 40951 } }
I20260630 12:26:49.506543 31394 raft_consensus.cc:399] T 75f3dbf5cab84ff7bf7dbd5b44915a92 P 730f91d9f7cc40ef972b58424bc23ebc [term 0 FOLLOWER]: Only one voter in the Raft config. Triggering election immediately
I20260630 12:26:49.506563 31396 raft_consensus.cc:740] T c42db102348a44ab8c949e874107ad52 P 388d48b3b2ca46739df418ea143dd3a7 [term 0 FOLLOWER]: Becoming Follower/Learner. State: Replica: 388d48b3b2ca46739df418ea143dd3a7, State: Initialized, Role: FOLLOWER
I20260630 12:26:49.506932 31395 raft_consensus.cc:399] T 5d2bf69117c04485bbeb0111ebbe1370 P ab40358b176e4ad688df19ab8d254872 [term 0 FOLLOWER]: Only one voter in the Raft config. Triggering election immediately
I20260630 12:26:49.507114 31394 raft_consensus.cc:493] T 75f3dbf5cab84ff7bf7dbd5b44915a92 P 730f91d9f7cc40ef972b58424bc23ebc [term 0 FOLLOWER]: Starting leader election (initial election of a single-replica configuration)
I20260630 12:26:49.507323 31395 raft_consensus.cc:493] T 5d2bf69117c04485bbeb0111ebbe1370 P ab40358b176e4ad688df19ab8d254872 [term 0 FOLLOWER]: Starting leader election (initial election of a single-replica configuration)
I20260630 12:26:49.507606 31396 consensus_queue.cc:260] T c42db102348a44ab8c949e874107ad52 P 388d48b3b2ca46739df418ea143dd3a7 [NON_LEADER]: Queue going to NON_LEADER mode. State: All replicated index: 0, Majority replicated index: 0, Committed index: 0, Last appended: 0.0, Last appended by leader: 0, Current term: 0, Majority size: -1, State: 0, Mode: NON_LEADER, active raft config: opid_index: -1 OBSOLETE_local: true peers { permanent_uuid: "388d48b3b2ca46739df418ea143dd3a7" member_type: VOTER last_known_addr { host: "127.29.31.65" port: 46721 } }
I20260630 12:26:49.507733 31395 raft_consensus.cc:3060] T 5d2bf69117c04485bbeb0111ebbe1370 P ab40358b176e4ad688df19ab8d254872 [term 0 FOLLOWER]: Advancing to term 1
I20260630 12:26:49.507603 31394 raft_consensus.cc:3060] T 75f3dbf5cab84ff7bf7dbd5b44915a92 P 730f91d9f7cc40ef972b58424bc23ebc [term 0 FOLLOWER]: Advancing to term 1
I20260630 12:26:49.508360 31396 raft_consensus.cc:399] T c42db102348a44ab8c949e874107ad52 P 388d48b3b2ca46739df418ea143dd3a7 [term 0 FOLLOWER]: Only one voter in the Raft config. Triggering election immediately
I20260630 12:26:49.508726 31396 raft_consensus.cc:493] T c42db102348a44ab8c949e874107ad52 P 388d48b3b2ca46739df418ea143dd3a7 [term 0 FOLLOWER]: Starting leader election (initial election of a single-replica configuration)
I20260630 12:26:49.509090 31396 raft_consensus.cc:3060] T c42db102348a44ab8c949e874107ad52 P 388d48b3b2ca46739df418ea143dd3a7 [term 0 FOLLOWER]: Advancing to term 1
I20260630 12:26:49.512856 31395 raft_consensus.cc:515] T 5d2bf69117c04485bbeb0111ebbe1370 P ab40358b176e4ad688df19ab8d254872 [term 1 FOLLOWER]: Starting leader election with config: opid_index: -1 OBSOLETE_local: true peers { permanent_uuid: "ab40358b176e4ad688df19ab8d254872" member_type: VOTER last_known_addr { host: "127.29.31.66" port: 40951 } }
I20260630 12:26:49.513540 31395 leader_election.cc:304] T 5d2bf69117c04485bbeb0111ebbe1370 P ab40358b176e4ad688df19ab8d254872 [CANDIDATE]: Term 1 election: Election decided. Result: candidate won. Election summary: received 1 responses out of 1 voters: 1 yes votes; 0 no votes. yes voters: ab40358b176e4ad688df19ab8d254872; no voters: 
I20260630 12:26:49.514905 31395 leader_election.cc:290] T 5d2bf69117c04485bbeb0111ebbe1370 P ab40358b176e4ad688df19ab8d254872 [CANDIDATE]: Term 1 election: Requested vote from peers 
I20260630 12:26:49.515192 31400 raft_consensus.cc:2804] T 5d2bf69117c04485bbeb0111ebbe1370 P ab40358b176e4ad688df19ab8d254872 [term 1 FOLLOWER]: Leader election won for term 1
I20260630 12:26:49.515805 31396 raft_consensus.cc:515] T c42db102348a44ab8c949e874107ad52 P 388d48b3b2ca46739df418ea143dd3a7 [term 1 FOLLOWER]: Starting leader election with config: opid_index: -1 OBSOLETE_local: true peers { permanent_uuid: "388d48b3b2ca46739df418ea143dd3a7" member_type: VOTER last_known_addr { host: "127.29.31.65" port: 46721 } }
I20260630 12:26:49.515147 31394 raft_consensus.cc:515] T 75f3dbf5cab84ff7bf7dbd5b44915a92 P 730f91d9f7cc40ef972b58424bc23ebc [term 1 FOLLOWER]: Starting leader election with config: opid_index: -1 OBSOLETE_local: true peers { permanent_uuid: "730f91d9f7cc40ef972b58424bc23ebc" member_type: VOTER last_known_addr { host: "127.29.31.67" port: 43863 } }
I20260630 12:26:49.516547 31396 leader_election.cc:304] T c42db102348a44ab8c949e874107ad52 P 388d48b3b2ca46739df418ea143dd3a7 [CANDIDATE]: Term 1 election: Election decided. Result: candidate won. Election summary: received 1 responses out of 1 voters: 1 yes votes; 0 no votes. yes voters: 388d48b3b2ca46739df418ea143dd3a7; no voters: 
I20260630 12:26:49.517118 31394 leader_election.cc:304] T 75f3dbf5cab84ff7bf7dbd5b44915a92 P 730f91d9f7cc40ef972b58424bc23ebc [CANDIDATE]: Term 1 election: Election decided. Result: candidate won. Election summary: received 1 responses out of 1 voters: 1 yes votes; 0 no votes. yes voters: 730f91d9f7cc40ef972b58424bc23ebc; no voters: 
I20260630 12:26:49.518630 31400 raft_consensus.cc:697] T 5d2bf69117c04485bbeb0111ebbe1370 P ab40358b176e4ad688df19ab8d254872 [term 1 LEADER]: Becoming Leader. State: Replica: ab40358b176e4ad688df19ab8d254872, State: Running, Role: LEADER
I20260630 12:26:49.519726 31400 consensus_queue.cc:237] T 5d2bf69117c04485bbeb0111ebbe1370 P ab40358b176e4ad688df19ab8d254872 [LEADER]: Queue going to LEADER mode. State: All replicated index: 0, Majority replicated index: 0, Committed index: 0, Last appended: 0.0, Last appended by leader: 0, Current term: 1, Majority size: 1, State: 0, Mode: LEADER, active raft config: opid_index: -1 OBSOLETE_local: true peers { permanent_uuid: "ab40358b176e4ad688df19ab8d254872" member_type: VOTER last_known_addr { host: "127.29.31.66" port: 40951 } }
I20260630 12:26:49.522147 31394 leader_election.cc:290] T 75f3dbf5cab84ff7bf7dbd5b44915a92 P 730f91d9f7cc40ef972b58424bc23ebc [CANDIDATE]: Term 1 election: Requested vote from peers 
I20260630 12:26:49.522388 31404 raft_consensus.cc:2804] T 75f3dbf5cab84ff7bf7dbd5b44915a92 P 730f91d9f7cc40ef972b58424bc23ebc [term 1 FOLLOWER]: Leader election won for term 1
I20260630 12:26:49.525504 31395 ts_tablet_manager.cc:1434] T 5d2bf69117c04485bbeb0111ebbe1370 P ab40358b176e4ad688df19ab8d254872: Time spent starting tablet: real 0.024s	user 0.015s	sys 0.007s
I20260630 12:26:49.527670 31396 leader_election.cc:290] T c42db102348a44ab8c949e874107ad52 P 388d48b3b2ca46739df418ea143dd3a7 [CANDIDATE]: Term 1 election: Requested vote from peers 
I20260630 12:26:49.530979 31403 raft_consensus.cc:2804] T c42db102348a44ab8c949e874107ad52 P 388d48b3b2ca46739df418ea143dd3a7 [term 1 FOLLOWER]: Leader election won for term 1
I20260630 12:26:49.532800 31404 raft_consensus.cc:697] T 75f3dbf5cab84ff7bf7dbd5b44915a92 P 730f91d9f7cc40ef972b58424bc23ebc [term 1 LEADER]: Becoming Leader. State: Replica: 730f91d9f7cc40ef972b58424bc23ebc, State: Running, Role: LEADER
I20260630 12:26:49.533627 31404 consensus_queue.cc:237] T 75f3dbf5cab84ff7bf7dbd5b44915a92 P 730f91d9f7cc40ef972b58424bc23ebc [LEADER]: Queue going to LEADER mode. State: All replicated index: 0, Majority replicated index: 0, Committed index: 0, Last appended: 0.0, Last appended by leader: 0, Current term: 1, Majority size: 1, State: 0, Mode: LEADER, active raft config: opid_index: -1 OBSOLETE_local: true peers { permanent_uuid: "730f91d9f7cc40ef972b58424bc23ebc" member_type: VOTER last_known_addr { host: "127.29.31.67" port: 43863 } }
I20260630 12:26:49.536693 31394 ts_tablet_manager.cc:1434] T 75f3dbf5cab84ff7bf7dbd5b44915a92 P 730f91d9f7cc40ef972b58424bc23ebc: Time spent starting tablet: real 0.037s	user 0.011s	sys 0.008s
I20260630 12:26:49.542476 31403 raft_consensus.cc:697] T c42db102348a44ab8c949e874107ad52 P 388d48b3b2ca46739df418ea143dd3a7 [term 1 LEADER]: Becoming Leader. State: Replica: 388d48b3b2ca46739df418ea143dd3a7, State: Running, Role: LEADER
I20260630 12:26:49.544054 31403 consensus_queue.cc:237] T c42db102348a44ab8c949e874107ad52 P 388d48b3b2ca46739df418ea143dd3a7 [LEADER]: Queue going to LEADER mode. State: All replicated index: 0, Majority replicated index: 0, Committed index: 0, Last appended: 0.0, Last appended by leader: 0, Current term: 1, Majority size: 1, State: 0, Mode: LEADER, active raft config: opid_index: -1 OBSOLETE_local: true peers { permanent_uuid: "388d48b3b2ca46739df418ea143dd3a7" member_type: VOTER last_known_addr { host: "127.29.31.65" port: 46721 } }
I20260630 12:26:49.539484 30911 catalog_manager.cc:5697] T 5d2bf69117c04485bbeb0111ebbe1370 P ab40358b176e4ad688df19ab8d254872 reported cstate change: term changed from 0 to 1, leader changed from <none> to ab40358b176e4ad688df19ab8d254872 (127.29.31.66). New cstate: current_term: 1 leader_uuid: "ab40358b176e4ad688df19ab8d254872" committed_config { opid_index: -1 OBSOLETE_local: true peers { permanent_uuid: "ab40358b176e4ad688df19ab8d254872" member_type: VOTER last_known_addr { host: "127.29.31.66" port: 40951 } health_report { overall_health: HEALTHY } } }
I20260630 12:26:49.562549 30912 catalog_manager.cc:5697] T 75f3dbf5cab84ff7bf7dbd5b44915a92 P 730f91d9f7cc40ef972b58424bc23ebc reported cstate change: term changed from 0 to 1, leader changed from <none> to 730f91d9f7cc40ef972b58424bc23ebc (127.29.31.67). New cstate: current_term: 1 leader_uuid: "730f91d9f7cc40ef972b58424bc23ebc" committed_config { opid_index: -1 OBSOLETE_local: true peers { permanent_uuid: "730f91d9f7cc40ef972b58424bc23ebc" member_type: VOTER last_known_addr { host: "127.29.31.67" port: 43863 } health_report { overall_health: HEALTHY } } }
I20260630 12:26:49.597218 30911 catalog_manager.cc:5697] T c42db102348a44ab8c949e874107ad52 P 388d48b3b2ca46739df418ea143dd3a7 reported cstate change: term changed from 0 to 1, leader changed from <none> to 388d48b3b2ca46739df418ea143dd3a7 (127.29.31.65). New cstate: current_term: 1 leader_uuid: "388d48b3b2ca46739df418ea143dd3a7" committed_config { opid_index: -1 OBSOLETE_local: true peers { permanent_uuid: "388d48b3b2ca46739df418ea143dd3a7" member_type: VOTER last_known_addr { host: "127.29.31.65" port: 46721 } health_report { overall_health: HEALTHY } } }
I20260630 12:26:49.623461 31396 ts_tablet_manager.cc:1434] T c42db102348a44ab8c949e874107ad52 P 388d48b3b2ca46739df418ea143dd3a7: Time spent starting tablet: real 0.121s	user 0.034s	sys 0.030s
I20260630 12:26:51.330550 31115 auto_leader_rebalancer.cc:141] leader rebalance for table test-workload
I20260630 12:26:51.333175 31115 auto_leader_rebalancer.cc:515] All tables' leader rebalancing finished this round
I20260630 12:26:51.712833 29821 master.cc:562] Master@127.29.31.126:34591 shutting down...
W20260630 12:26:51.720829 31194 heartbeater.cc:646] Failed to heartbeat to 127.29.31.126:34591 (0 consecutive failures): Remote error: Failed to send heartbeat to master: Service unavailable: service kudu.master.MasterService not registered on Master
I20260630 12:26:51.742972 29821 raft_consensus.cc:2243] T 00000000000000000000000000000000 P 40a48f81619448ef953398fbc7e1d412 [term 1 LEADER]: Raft consensus shutting down.
I20260630 12:26:51.744100 29821 raft_consensus.cc:2272] T 00000000000000000000000000000000 P 40a48f81619448ef953398fbc7e1d412 [term 1 FOLLOWER]: Raft consensus is shut down!
I20260630 12:26:51.744508 29821 tablet_replica.cc:333] T 00000000000000000000000000000000 P 40a48f81619448ef953398fbc7e1d412: stopping tablet replica
I20260630 12:26:51.766531 29821 master.cc:584] Master@127.29.31.126:34591 shutdown complete.
I20260630 12:26:52.792204 31421 raft_consensus.cc:493] T 00000000000000000000000000000000 P f7202bdf819740c1b7c22d00853841b5 [term 1 FOLLOWER]: Starting pre-election (detected failure of leader 40a48f81619448ef953398fbc7e1d412)
I20260630 12:26:52.792752 31421 raft_consensus.cc:515] T 00000000000000000000000000000000 P f7202bdf819740c1b7c22d00853841b5 [term 1 FOLLOWER]: Starting pre-election with config: opid_index: -1 OBSOLETE_local: false peers { permanent_uuid: "40a48f81619448ef953398fbc7e1d412" member_type: VOTER last_known_addr { host: "127.29.31.126" port: 34591 } } peers { permanent_uuid: "7456c74aa4fe4147b8bf1d7682d24cdc" member_type: VOTER last_known_addr { host: "127.29.31.125" port: 40753 } } peers { permanent_uuid: "f7202bdf819740c1b7c22d00853841b5" member_type: VOTER last_known_addr { host: "127.29.31.124" port: 43349 } }
I20260630 12:26:52.794512 31421 leader_election.cc:290] T 00000000000000000000000000000000 P f7202bdf819740c1b7c22d00853841b5 [CANDIDATE]: Term 2 pre-election: Requested pre-vote from peers 40a48f81619448ef953398fbc7e1d412 (127.29.31.126:34591), 7456c74aa4fe4147b8bf1d7682d24cdc (127.29.31.125:40753)
I20260630 12:26:52.796108 30986 tablet_service.cc:1917] Received RequestConsensusVote() RPC: tablet_id: "00000000000000000000000000000000" candidate_uuid: "f7202bdf819740c1b7c22d00853841b5" candidate_term: 2 candidate_status { last_received { term: 1 index: 11 } } ignore_live_leader: false dest_uuid: "7456c74aa4fe4147b8bf1d7682d24cdc" is_pre_election: true
W20260630 12:26:52.797343 31027 proxy.cc:239] Call had error, refreshing address and retrying: Network error: Client connection negotiation failed: client connection to 127.29.31.126:34591: connect: Connection refused (error 111) [suppressed 11 similar messages]
W20260630 12:26:52.801345 31027 leader_election.cc:336] T 00000000000000000000000000000000 P f7202bdf819740c1b7c22d00853841b5 [CANDIDATE]: Term 2 pre-election: RPC error from VoteRequest() call to peer 40a48f81619448ef953398fbc7e1d412 (127.29.31.126:34591): Network error: Client connection negotiation failed: client connection to 127.29.31.126:34591: connect: Connection refused (error 111)
I20260630 12:26:52.801705 31027 leader_election.cc:304] T 00000000000000000000000000000000 P f7202bdf819740c1b7c22d00853841b5 [CANDIDATE]: Term 2 pre-election: Election decided. Result: candidate lost. Election summary: received 3 responses out of 3 voters: 1 yes votes; 2 no votes. yes voters: f7202bdf819740c1b7c22d00853841b5; no voters: 40a48f81619448ef953398fbc7e1d412, 7456c74aa4fe4147b8bf1d7682d24cdc
I20260630 12:26:52.802415 31421 raft_consensus.cc:2749] T 00000000000000000000000000000000 P f7202bdf819740c1b7c22d00853841b5 [term 1 FOLLOWER]: Leader pre-election lost for term 2. Reason: could not achieve majority
I20260630 12:26:53.071736 31424 raft_consensus.cc:493] T 00000000000000000000000000000000 P 7456c74aa4fe4147b8bf1d7682d24cdc [term 1 FOLLOWER]: Starting pre-election (detected failure of leader 40a48f81619448ef953398fbc7e1d412)
I20260630 12:26:53.072186 31424 raft_consensus.cc:515] T 00000000000000000000000000000000 P 7456c74aa4fe4147b8bf1d7682d24cdc [term 1 FOLLOWER]: Starting pre-election with config: opid_index: -1 OBSOLETE_local: false peers { permanent_uuid: "40a48f81619448ef953398fbc7e1d412" member_type: VOTER last_known_addr { host: "127.29.31.126" port: 34591 } } peers { permanent_uuid: "7456c74aa4fe4147b8bf1d7682d24cdc" member_type: VOTER last_known_addr { host: "127.29.31.125" port: 40753 } } peers { permanent_uuid: "f7202bdf819740c1b7c22d00853841b5" member_type: VOTER last_known_addr { host: "127.29.31.124" port: 43349 } }
I20260630 12:26:53.073894 31424 leader_election.cc:290] T 00000000000000000000000000000000 P 7456c74aa4fe4147b8bf1d7682d24cdc [CANDIDATE]: Term 2 pre-election: Requested pre-vote from peers 40a48f81619448ef953398fbc7e1d412 (127.29.31.126:34591), f7202bdf819740c1b7c22d00853841b5 (127.29.31.124:43349)
