I20260630 12:27:23.418752 11035 raft_consensus.cc:2955] T 10f464ac8c9c4f58af4e04cb3ee00479 P 7fe4459cfb0b43848dcb6906718b7b7d [term 1 FOLLOWER]: Committing config change with OpId 1.4: config changed from index 3 to 4, VOTER 9c72912e78aa412c80bfba5b42ba9302 (127.7.138.1) evicted. New config: { opid_index: 4 OBSOLETE_local: false peers { permanent_uuid: "39ff564ba4e74804935064069b494e68" member_type: VOTER last_known_addr { host: "127.7.138.2" port: 37213 } } peers { permanent_uuid: "a674e6e6e8684f9b99a95b4a553c7ad3" member_type: VOTER last_known_addr { host: "127.7.138.3" port: 44301 } } peers { permanent_uuid: "7fe4459cfb0b43848dcb6906718b7b7d" member_type: VOTER last_known_addr { host: "127.7.138.4" port: 36727 } attrs { promote: false } } }
I20260630 12:27:23.421871 10635 catalog_manager.cc:5697] T 10f464ac8c9c4f58af4e04cb3ee00479 P 39ff564ba4e74804935064069b494e68 reported cstate change: config changed from index 3 to 4, VOTER 9c72912e78aa412c80bfba5b42ba9302 (127.7.138.1) evicted. New cstate: current_term: 1 leader_uuid: "39ff564ba4e74804935064069b494e68" committed_config { opid_index: 4 OBSOLETE_local: false peers { permanent_uuid: "39ff564ba4e74804935064069b494e68" member_type: VOTER last_known_addr { host: "127.7.138.2" port: 37213 } health_report { overall_health: HEALTHY } } peers { permanent_uuid: "a674e6e6e8684f9b99a95b4a553c7ad3" member_type: VOTER last_known_addr { host: "127.7.138.3" port: 44301 } health_report { overall_health: HEALTHY } } peers { permanent_uuid: "7fe4459cfb0b43848dcb6906718b7b7d" member_type: VOTER last_known_addr { host: "127.7.138.4" port: 36727 } attrs { promote: false } health_report { overall_health: HEALTHY } } }
I20260630 12:27:23.434557 10725 tablet_service.cc:1558] Processing DeleteTablet for tablet 10f464ac8c9c4f58af4e04cb3ee00479 with delete_type TABLET_DATA_TOMBSTONED (TS 9c72912e78aa412c80bfba5b42ba9302 not found in new config with opid_index 4) from {username='slave'} at 127.0.0.1:49278
I20260630 12:27:23.435496 11246 tablet_replica.cc:333] T 10f464ac8c9c4f58af4e04cb3ee00479 P 9c72912e78aa412c80bfba5b42ba9302: stopping tablet replica
I20260630 12:27:23.436133 11246 raft_consensus.cc:2243] T 10f464ac8c9c4f58af4e04cb3ee00479 P 9c72912e78aa412c80bfba5b42ba9302 [term 1 FOLLOWER]: Raft consensus shutting down.
I20260630 12:27:23.436800 11246 raft_consensus.cc:2272] T 10f464ac8c9c4f58af4e04cb3ee00479 P 9c72912e78aa412c80bfba5b42ba9302 [term 1 FOLLOWER]: Raft consensus is shut down!
I20260630 12:27:23.439391 11246 ts_tablet_manager.cc:1916] T 10f464ac8c9c4f58af4e04cb3ee00479 P 9c72912e78aa412c80bfba5b42ba9302: Deleting tablet data with delete state TABLET_DATA_TOMBSTONED
I20260630 12:27:23.450340 11246 ts_tablet_manager.cc:1929] T 10f464ac8c9c4f58af4e04cb3ee00479 P 9c72912e78aa412c80bfba5b42ba9302: tablet deleted with delete type TABLET_DATA_TOMBSTONED: last-logged OpId 1.3
I20260630 12:27:23.450743 11246 log.cc:1199] T 10f464ac8c9c4f58af4e04cb3ee00479 P 9c72912e78aa412c80bfba5b42ba9302: Deleting WAL directory at /tmp/dist-test-taskL6hs_d/test-tmp/auto_rebalancer-test.0.AutoRebalancerTest.RangeAwareRebalancesNewRangeReplicas.1782822354298262-7720-0/minicluster-data/ts-0-root/wals/10f464ac8c9c4f58af4e04cb3ee00479
I20260630 12:27:23.452209 10619 catalog_manager.cc:5028] TS 9c72912e78aa412c80bfba5b42ba9302 (127.7.138.1:43621): tablet 10f464ac8c9c4f58af4e04cb3ee00479 (table range_aware_rebalance_new_range [id=ad87eb2e62274a0c9a1139a92f684fd6]) successfully deleted
I20260630 12:27:24.213557 10688 auto_leader_rebalancer.cc:141] leader rebalance for table range_aware_rebalance_new_range
I20260630 12:27:24.225817 10812 tablet_service.cc:2072] Received LeaderStepDown RPC: tablet_id: "2b151f3935b94786a99f21a3db5f563a"
dest_uuid: "39ff564ba4e74804935064069b494e68"
mode: GRACEFUL
new_leader_uuid: "9c72912e78aa412c80bfba5b42ba9302"
 from {username='slave'} at 127.0.0.1:58440
I20260630 12:27:24.226405 10812 raft_consensus.cc:606] T 2b151f3935b94786a99f21a3db5f563a P 39ff564ba4e74804935064069b494e68 [term 1 LEADER]: Received request to transfer leadership to TS 9c72912e78aa412c80bfba5b42ba9302
I20260630 12:27:24.227712 10688 auto_leader_rebalancer.cc:440] table: range_aware_rebalance_new_range, leader rebalance finish, leader transfer count: 1
I20260630 12:27:24.228366 10688 auto_leader_rebalancer.cc:515] All tables' leader rebalancing finished this round
I20260630 12:27:24.460952 10737 consensus_queue.cc:237] T cfe87ed0b0894192a7eef3ba0450a069 P 9c72912e78aa412c80bfba5b42ba9302 [LEADER]: Queue going to LEADER mode. State: All replicated index: 0, Majority replicated index: 1, Committed index: 1, Last appended: 1.1, Last appended by leader: 0, Current term: 1, Majority size: 2, State: 0, Mode: LEADER, active raft config: opid_index: 2 OBSOLETE_local: false peers { permanent_uuid: "7fe4459cfb0b43848dcb6906718b7b7d" member_type: VOTER last_known_addr { host: "127.7.138.4" port: 36727 } attrs { replace: true } } peers { permanent_uuid: "39ff564ba4e74804935064069b494e68" member_type: VOTER last_known_addr { host: "127.7.138.2" port: 37213 } } peers { permanent_uuid: "9c72912e78aa412c80bfba5b42ba9302" member_type: VOTER last_known_addr { host: "127.7.138.1" port: 43621 } } peers { permanent_uuid: "a674e6e6e8684f9b99a95b4a553c7ad3" member_type: NON_VOTER last_known_addr { host: "127.7.138.3" port: 44301 } attrs { promote: true } }
W20260630 12:27:24.466885 10703 consensus_peers.cc:597] T cfe87ed0b0894192a7eef3ba0450a069 P 9c72912e78aa412c80bfba5b42ba9302 -> Peer a674e6e6e8684f9b99a95b4a553c7ad3 (127.7.138.3:44301): Couldn't send request to peer a674e6e6e8684f9b99a95b4a553c7ad3. Error code: TABLET_NOT_FOUND (6). Status: Not found: Tablet not found: cfe87ed0b0894192a7eef3ba0450a069. This is attempt 1: this message will repeat every 5th retry.
I20260630 12:27:24.467689 10812 raft_consensus.cc:1275] T cfe87ed0b0894192a7eef3ba0450a069 P 39ff564ba4e74804935064069b494e68 [term 1 FOLLOWER]: Refusing update from remote peer 9c72912e78aa412c80bfba5b42ba9302: Log matching property violated. Preceding OpId in replica: term: 1 index: 1. Preceding OpId from leader: term: 1 index: 2. (index mismatch)
I20260630 12:27:24.468827 11035 raft_consensus.cc:1275] T cfe87ed0b0894192a7eef3ba0450a069 P 7fe4459cfb0b43848dcb6906718b7b7d [term 1 FOLLOWER]: Refusing update from remote peer 9c72912e78aa412c80bfba5b42ba9302: Log matching property violated. Preceding OpId in replica: term: 1 index: 1. Preceding OpId from leader: term: 1 index: 2. (index mismatch)
I20260630 12:27:24.468896 11251 consensus_queue.cc:1048] T cfe87ed0b0894192a7eef3ba0450a069 P 9c72912e78aa412c80bfba5b42ba9302 [LEADER]: Connected to new peer: Peer: permanent_uuid: "39ff564ba4e74804935064069b494e68" member_type: VOTER last_known_addr { host: "127.7.138.2" port: 37213 }, Status: LMP_MISMATCH, Last received: 0.0, Next index: 2, Last known committed idx: 1, Time since last communication: 0.000s
I20260630 12:27:24.470377 11210 consensus_queue.cc:1048] T cfe87ed0b0894192a7eef3ba0450a069 P 9c72912e78aa412c80bfba5b42ba9302 [LEADER]: Connected to new peer: Peer: permanent_uuid: "7fe4459cfb0b43848dcb6906718b7b7d" member_type: VOTER last_known_addr { host: "127.7.138.4" port: 36727 } attrs { replace: true }, Status: LMP_MISMATCH, Last received: 0.0, Next index: 2, Last known committed idx: 1, Time since last communication: 0.000s
I20260630 12:27:24.478127 10812 raft_consensus.cc:2955] T cfe87ed0b0894192a7eef3ba0450a069 P 39ff564ba4e74804935064069b494e68 [term 1 FOLLOWER]: Committing config change with OpId 1.2: config changed from index -1 to 2, NON_VOTER a674e6e6e8684f9b99a95b4a553c7ad3 (127.7.138.3) added. New config: { opid_index: 2 OBSOLETE_local: false peers { permanent_uuid: "7fe4459cfb0b43848dcb6906718b7b7d" member_type: VOTER last_known_addr { host: "127.7.138.4" port: 36727 } attrs { replace: true } } peers { permanent_uuid: "39ff564ba4e74804935064069b494e68" member_type: VOTER last_known_addr { host: "127.7.138.2" port: 37213 } } peers { permanent_uuid: "9c72912e78aa412c80bfba5b42ba9302" member_type: VOTER last_known_addr { host: "127.7.138.1" port: 43621 } } peers { permanent_uuid: "a674e6e6e8684f9b99a95b4a553c7ad3" member_type: NON_VOTER last_known_addr { host: "127.7.138.3" port: 44301 } attrs { promote: true } } }
I20260630 12:27:24.476393 11251 raft_consensus.cc:2955] T cfe87ed0b0894192a7eef3ba0450a069 P 9c72912e78aa412c80bfba5b42ba9302 [term 1 LEADER]: Committing config change with OpId 1.2: config changed from index -1 to 2, NON_VOTER a674e6e6e8684f9b99a95b4a553c7ad3 (127.7.138.3) added. New config: { opid_index: 2 OBSOLETE_local: false peers { permanent_uuid: "7fe4459cfb0b43848dcb6906718b7b7d" member_type: VOTER last_known_addr { host: "127.7.138.4" port: 36727 } attrs { replace: true } } peers { permanent_uuid: "39ff564ba4e74804935064069b494e68" member_type: VOTER last_known_addr { host: "127.7.138.2" port: 37213 } } peers { permanent_uuid: "9c72912e78aa412c80bfba5b42ba9302" member_type: VOTER last_known_addr { host: "127.7.138.1" port: 43621 } } peers { permanent_uuid: "a674e6e6e8684f9b99a95b4a553c7ad3" member_type: NON_VOTER last_known_addr { host: "127.7.138.3" port: 44301 } attrs { promote: true } } }
I20260630 12:27:24.480126 11035 raft_consensus.cc:2955] T cfe87ed0b0894192a7eef3ba0450a069 P 7fe4459cfb0b43848dcb6906718b7b7d [term 1 FOLLOWER]: Committing config change with OpId 1.2: config changed from index -1 to 2, NON_VOTER a674e6e6e8684f9b99a95b4a553c7ad3 (127.7.138.3) added. New config: { opid_index: 2 OBSOLETE_local: false peers { permanent_uuid: "7fe4459cfb0b43848dcb6906718b7b7d" member_type: VOTER last_known_addr { host: "127.7.138.4" port: 36727 } attrs { replace: true } } peers { permanent_uuid: "39ff564ba4e74804935064069b494e68" member_type: VOTER last_known_addr { host: "127.7.138.2" port: 37213 } } peers { permanent_uuid: "9c72912e78aa412c80bfba5b42ba9302" member_type: VOTER last_known_addr { host: "127.7.138.1" port: 43621 } } peers { permanent_uuid: "a674e6e6e8684f9b99a95b4a553c7ad3" member_type: NON_VOTER last_known_addr { host: "127.7.138.3" port: 44301 } attrs { promote: true } } }
I20260630 12:27:24.489471 10630 catalog_manager.cc:5697] T cfe87ed0b0894192a7eef3ba0450a069 P 39ff564ba4e74804935064069b494e68 reported cstate change: config changed from index -1 to 2, NON_VOTER a674e6e6e8684f9b99a95b4a553c7ad3 (127.7.138.3) added. New cstate: current_term: 1 leader_uuid: "9c72912e78aa412c80bfba5b42ba9302" committed_config { opid_index: 2 OBSOLETE_local: false peers { permanent_uuid: "7fe4459cfb0b43848dcb6906718b7b7d" member_type: VOTER last_known_addr { host: "127.7.138.4" port: 36727 } attrs { replace: true } } peers { permanent_uuid: "39ff564ba4e74804935064069b494e68" member_type: VOTER last_known_addr { host: "127.7.138.2" port: 37213 } } peers { permanent_uuid: "9c72912e78aa412c80bfba5b42ba9302" member_type: VOTER last_known_addr { host: "127.7.138.1" port: 43621 } } peers { permanent_uuid: "a674e6e6e8684f9b99a95b4a553c7ad3" member_type: NON_VOTER last_known_addr { host: "127.7.138.3" port: 44301 } attrs { promote: true } } }
I20260630 12:27:24.495703 10812 consensus_queue.cc:237] T f5ba5020646741d5a2f97f684ac2b594 P 39ff564ba4e74804935064069b494e68 [LEADER]: Queue going to LEADER mode. State: All replicated index: 0, Majority replicated index: 1, Committed index: 1, Last appended: 1.1, Last appended by leader: 0, Current term: 1, Majority size: 2, State: 0, Mode: LEADER, active raft config: opid_index: 2 OBSOLETE_local: false peers { permanent_uuid: "9c72912e78aa412c80bfba5b42ba9302" member_type: VOTER last_known_addr { host: "127.7.138.1" port: 43621 } } peers { permanent_uuid: "39ff564ba4e74804935064069b494e68" member_type: VOTER last_known_addr { host: "127.7.138.2" port: 37213 } } peers { permanent_uuid: "a674e6e6e8684f9b99a95b4a553c7ad3" member_type: VOTER last_known_addr { host: "127.7.138.3" port: 44301 } attrs { replace: true } } peers { permanent_uuid: "7fe4459cfb0b43848dcb6906718b7b7d" member_type: NON_VOTER last_known_addr { host: "127.7.138.4" port: 36727 } attrs { promote: true } }
I20260630 12:27:24.505904 10886 raft_consensus.cc:1275] T f5ba5020646741d5a2f97f684ac2b594 P a674e6e6e8684f9b99a95b4a553c7ad3 [term 1 FOLLOWER]: Refusing update from remote peer 39ff564ba4e74804935064069b494e68: Log matching property violated. Preceding OpId in replica: term: 1 index: 1. Preceding OpId from leader: term: 1 index: 2. (index mismatch)
W20260630 12:27:24.506235 10778 consensus_peers.cc:597] T f5ba5020646741d5a2f97f684ac2b594 P 39ff564ba4e74804935064069b494e68 -> Peer 7fe4459cfb0b43848dcb6906718b7b7d (127.7.138.4:36727): Couldn't send request to peer 7fe4459cfb0b43848dcb6906718b7b7d. Error code: TABLET_NOT_FOUND (6). Status: Not found: Tablet not found: f5ba5020646741d5a2f97f684ac2b594. This is attempt 1: this message will repeat every 5th retry.
I20260630 12:27:24.508114 10737 raft_consensus.cc:1275] T f5ba5020646741d5a2f97f684ac2b594 P 9c72912e78aa412c80bfba5b42ba9302 [term 1 FOLLOWER]: Refusing update from remote peer 39ff564ba4e74804935064069b494e68: Log matching property violated. Preceding OpId in replica: term: 1 index: 1. Preceding OpId from leader: term: 1 index: 2. (index mismatch)
I20260630 12:27:24.508451 11257 consensus_queue.cc:1048] T f5ba5020646741d5a2f97f684ac2b594 P 39ff564ba4e74804935064069b494e68 [LEADER]: Connected to new peer: Peer: permanent_uuid: "a674e6e6e8684f9b99a95b4a553c7ad3" member_type: VOTER last_known_addr { host: "127.7.138.3" port: 44301 } attrs { replace: true }, Status: LMP_MISMATCH, Last received: 0.0, Next index: 2, Last known committed idx: 1, Time since last communication: 0.001s
I20260630 12:27:24.509994 11240 consensus_queue.cc:1048] T f5ba5020646741d5a2f97f684ac2b594 P 39ff564ba4e74804935064069b494e68 [LEADER]: Connected to new peer: Peer: permanent_uuid: "9c72912e78aa412c80bfba5b42ba9302" member_type: VOTER last_known_addr { host: "127.7.138.1" port: 43621 }, Status: LMP_MISMATCH, Last received: 0.0, Next index: 2, Last known committed idx: 1, Time since last communication: 0.000s
I20260630 12:27:24.526609 11257 raft_consensus.cc:2955] T f5ba5020646741d5a2f97f684ac2b594 P 39ff564ba4e74804935064069b494e68 [term 1 LEADER]: Committing config change with OpId 1.2: config changed from index -1 to 2, NON_VOTER 7fe4459cfb0b43848dcb6906718b7b7d (127.7.138.4) added. New config: { opid_index: 2 OBSOLETE_local: false peers { permanent_uuid: "9c72912e78aa412c80bfba5b42ba9302" member_type: VOTER last_known_addr { host: "127.7.138.1" port: 43621 } } peers { permanent_uuid: "39ff564ba4e74804935064069b494e68" member_type: VOTER last_known_addr { host: "127.7.138.2" port: 37213 } } peers { permanent_uuid: "a674e6e6e8684f9b99a95b4a553c7ad3" member_type: VOTER last_known_addr { host: "127.7.138.3" port: 44301 } attrs { replace: true } } peers { permanent_uuid: "7fe4459cfb0b43848dcb6906718b7b7d" member_type: NON_VOTER last_known_addr { host: "127.7.138.4" port: 36727 } attrs { promote: true } } }
I20260630 12:27:24.528970 10737 raft_consensus.cc:2955] T f5ba5020646741d5a2f97f684ac2b594 P 9c72912e78aa412c80bfba5b42ba9302 [term 1 FOLLOWER]: Committing config change with OpId 1.2: config changed from index -1 to 2, NON_VOTER 7fe4459cfb0b43848dcb6906718b7b7d (127.7.138.4) added. New config: { opid_index: 2 OBSOLETE_local: false peers { permanent_uuid: "9c72912e78aa412c80bfba5b42ba9302" member_type: VOTER last_known_addr { host: "127.7.138.1" port: 43621 } } peers { permanent_uuid: "39ff564ba4e74804935064069b494e68" member_type: VOTER last_known_addr { host: "127.7.138.2" port: 37213 } } peers { permanent_uuid: "a674e6e6e8684f9b99a95b4a553c7ad3" member_type: VOTER last_known_addr { host: "127.7.138.3" port: 44301 } attrs { replace: true } } peers { permanent_uuid: "7fe4459cfb0b43848dcb6906718b7b7d" member_type: NON_VOTER last_known_addr { host: "127.7.138.4" port: 36727 } attrs { promote: true } } }
I20260630 12:27:24.529500 10883 raft_consensus.cc:2955] T f5ba5020646741d5a2f97f684ac2b594 P a674e6e6e8684f9b99a95b4a553c7ad3 [term 1 FOLLOWER]: Committing config change with OpId 1.2: config changed from index -1 to 2, NON_VOTER 7fe4459cfb0b43848dcb6906718b7b7d (127.7.138.4) added. New config: { opid_index: 2 OBSOLETE_local: false peers { permanent_uuid: "9c72912e78aa412c80bfba5b42ba9302" member_type: VOTER last_known_addr { host: "127.7.138.1" port: 43621 } } peers { permanent_uuid: "39ff564ba4e74804935064069b494e68" member_type: VOTER last_known_addr { host: "127.7.138.2" port: 37213 } } peers { permanent_uuid: "a674e6e6e8684f9b99a95b4a553c7ad3" member_type: VOTER last_known_addr { host: "127.7.138.3" port: 44301 } attrs { replace: true } } peers { permanent_uuid: "7fe4459cfb0b43848dcb6906718b7b7d" member_type: NON_VOTER last_known_addr { host: "127.7.138.4" port: 36727 } attrs { promote: true } } }
I20260630 12:27:24.540370 10632 catalog_manager.cc:5697] T f5ba5020646741d5a2f97f684ac2b594 P 39ff564ba4e74804935064069b494e68 reported cstate change: config changed from index -1 to 2, NON_VOTER 7fe4459cfb0b43848dcb6906718b7b7d (127.7.138.4) added. New cstate: current_term: 1 leader_uuid: "39ff564ba4e74804935064069b494e68" committed_config { opid_index: 2 OBSOLETE_local: false peers { permanent_uuid: "9c72912e78aa412c80bfba5b42ba9302" member_type: VOTER last_known_addr { host: "127.7.138.1" port: 43621 } health_report { overall_health: HEALTHY } } peers { permanent_uuid: "39ff564ba4e74804935064069b494e68" member_type: VOTER last_known_addr { host: "127.7.138.2" port: 37213 } health_report { overall_health: HEALTHY } } peers { permanent_uuid: "a674e6e6e8684f9b99a95b4a553c7ad3" member_type: VOTER last_known_addr { host: "127.7.138.3" port: 44301 } attrs { replace: true } health_report { overall_health: HEALTHY } } peers { permanent_uuid: "7fe4459cfb0b43848dcb6906718b7b7d" member_type: NON_VOTER last_known_addr { host: "127.7.138.4" port: 36727 } attrs { promote: true } health_report { overall_health: UNKNOWN } } }
I20260630 12:27:24.544332 10886 consensus_queue.cc:237] T b54135a318e54468b71a7e6c7c7a70cb P a674e6e6e8684f9b99a95b4a553c7ad3 [LEADER]: Queue going to LEADER mode. State: All replicated index: 0, Majority replicated index: 1, Committed index: 1, Last appended: 1.1, Last appended by leader: 0, Current term: 1, Majority size: 2, State: 0, Mode: LEADER, active raft config: opid_index: 2 OBSOLETE_local: false peers { permanent_uuid: "a674e6e6e8684f9b99a95b4a553c7ad3" member_type: VOTER last_known_addr { host: "127.7.138.3" port: 44301 } } peers { permanent_uuid: "9c72912e78aa412c80bfba5b42ba9302" member_type: VOTER last_known_addr { host: "127.7.138.1" port: 43621 } } peers { permanent_uuid: "7fe4459cfb0b43848dcb6906718b7b7d" member_type: VOTER last_known_addr { host: "127.7.138.4" port: 36727 } attrs { replace: true } } peers { permanent_uuid: "39ff564ba4e74804935064069b494e68" member_type: NON_VOTER last_known_addr { host: "127.7.138.2" port: 37213 } attrs { promote: true } }
W20260630 12:27:24.552861 10852 consensus_peers.cc:597] T b54135a318e54468b71a7e6c7c7a70cb P a674e6e6e8684f9b99a95b4a553c7ad3 -> Peer 39ff564ba4e74804935064069b494e68 (127.7.138.2:37213): Couldn't send request to peer 39ff564ba4e74804935064069b494e68. Error code: TABLET_NOT_FOUND (6). Status: Not found: Tablet not found: b54135a318e54468b71a7e6c7c7a70cb. This is attempt 1: this message will repeat every 5th retry.
I20260630 12:27:24.553231 11035 raft_consensus.cc:1275] T b54135a318e54468b71a7e6c7c7a70cb P 7fe4459cfb0b43848dcb6906718b7b7d [term 1 FOLLOWER]: Refusing update from remote peer a674e6e6e8684f9b99a95b4a553c7ad3: Log matching property violated. Preceding OpId in replica: term: 1 index: 1. Preceding OpId from leader: term: 1 index: 2. (index mismatch)
I20260630 12:27:24.553655 10737 raft_consensus.cc:1275] T b54135a318e54468b71a7e6c7c7a70cb P 9c72912e78aa412c80bfba5b42ba9302 [term 1 FOLLOWER]: Refusing update from remote peer a674e6e6e8684f9b99a95b4a553c7ad3: Log matching property violated. Preceding OpId in replica: term: 1 index: 1. Preceding OpId from leader: term: 1 index: 2. (index mismatch)
I20260630 12:27:24.554970 11230 consensus_queue.cc:1048] T b54135a318e54468b71a7e6c7c7a70cb P a674e6e6e8684f9b99a95b4a553c7ad3 [LEADER]: Connected to new peer: Peer: permanent_uuid: "9c72912e78aa412c80bfba5b42ba9302" member_type: VOTER last_known_addr { host: "127.7.138.1" port: 43621 }, Status: LMP_MISMATCH, Last received: 0.0, Next index: 2, Last known committed idx: 1, Time since last communication: 0.000s
I20260630 12:27:24.557520 11230 consensus_queue.cc:1048] T b54135a318e54468b71a7e6c7c7a70cb P a674e6e6e8684f9b99a95b4a553c7ad3 [LEADER]: Connected to new peer: Peer: permanent_uuid: "7fe4459cfb0b43848dcb6906718b7b7d" member_type: VOTER last_known_addr { host: "127.7.138.4" port: 36727 } attrs { replace: true }, Status: LMP_MISMATCH, Last received: 0.0, Next index: 2, Last known committed idx: 1, Time since last communication: 0.001s
I20260630 12:27:24.563856 11263 raft_consensus.cc:2955] T b54135a318e54468b71a7e6c7c7a70cb P a674e6e6e8684f9b99a95b4a553c7ad3 [term 1 LEADER]: Committing config change with OpId 1.2: config changed from index -1 to 2, NON_VOTER 39ff564ba4e74804935064069b494e68 (127.7.138.2) added. New config: { opid_index: 2 OBSOLETE_local: false peers { permanent_uuid: "a674e6e6e8684f9b99a95b4a553c7ad3" member_type: VOTER last_known_addr { host: "127.7.138.3" port: 44301 } } peers { permanent_uuid: "9c72912e78aa412c80bfba5b42ba9302" member_type: VOTER last_known_addr { host: "127.7.138.1" port: 43621 } } peers { permanent_uuid: "7fe4459cfb0b43848dcb6906718b7b7d" member_type: VOTER last_known_addr { host: "127.7.138.4" port: 36727 } attrs { replace: true } } peers { permanent_uuid: "39ff564ba4e74804935064069b494e68" member_type: NON_VOTER last_known_addr { host: "127.7.138.2" port: 37213 } attrs { promote: true } } }
I20260630 12:27:24.568529 10737 raft_consensus.cc:2955] T b54135a318e54468b71a7e6c7c7a70cb P 9c72912e78aa412c80bfba5b42ba9302 [term 1 FOLLOWER]: Committing config change with OpId 1.2: config changed from index -1 to 2, NON_VOTER 39ff564ba4e74804935064069b494e68 (127.7.138.2) added. New config: { opid_index: 2 OBSOLETE_local: false peers { permanent_uuid: "a674e6e6e8684f9b99a95b4a553c7ad3" member_type: VOTER last_known_addr { host: "127.7.138.3" port: 44301 } } peers { permanent_uuid: "9c72912e78aa412c80bfba5b42ba9302" member_type: VOTER last_known_addr { host: "127.7.138.1" port: 43621 } } peers { permanent_uuid: "7fe4459cfb0b43848dcb6906718b7b7d" member_type: VOTER last_known_addr { host: "127.7.138.4" port: 36727 } attrs { replace: true } } peers { permanent_uuid: "39ff564ba4e74804935064069b494e68" member_type: NON_VOTER last_known_addr { host: "127.7.138.2" port: 37213 } attrs { promote: true } } }
I20260630 12:27:24.569756 11035 raft_consensus.cc:2955] T b54135a318e54468b71a7e6c7c7a70cb P 7fe4459cfb0b43848dcb6906718b7b7d [term 1 FOLLOWER]: Committing config change with OpId 1.2: config changed from index -1 to 2, NON_VOTER 39ff564ba4e74804935064069b494e68 (127.7.138.2) added. New config: { opid_index: 2 OBSOLETE_local: false peers { permanent_uuid: "a674e6e6e8684f9b99a95b4a553c7ad3" member_type: VOTER last_known_addr { host: "127.7.138.3" port: 44301 } } peers { permanent_uuid: "9c72912e78aa412c80bfba5b42ba9302" member_type: VOTER last_known_addr { host: "127.7.138.1" port: 43621 } } peers { permanent_uuid: "7fe4459cfb0b43848dcb6906718b7b7d" member_type: VOTER last_known_addr { host: "127.7.138.4" port: 36727 } attrs { replace: true } } peers { permanent_uuid: "39ff564ba4e74804935064069b494e68" member_type: NON_VOTER last_known_addr { host: "127.7.138.2" port: 37213 } attrs { promote: true } } }
W20260630 12:27:24.580165 10683 auto_rebalancer.cc:639] Failed to schedule move for tablet 2b151f3935b94786a99f21a3db5f563a: Remote error: Service unavailable: leader transfer in progress
I20260630 12:27:24.580935 10630 catalog_manager.cc:5697] T b54135a318e54468b71a7e6c7c7a70cb P 9c72912e78aa412c80bfba5b42ba9302 reported cstate change: config changed from index -1 to 2, NON_VOTER 39ff564ba4e74804935064069b494e68 (127.7.138.2) added. New cstate: current_term: 1 leader_uuid: "a674e6e6e8684f9b99a95b4a553c7ad3" committed_config { opid_index: 2 OBSOLETE_local: false peers { permanent_uuid: "a674e6e6e8684f9b99a95b4a553c7ad3" member_type: VOTER last_known_addr { host: "127.7.138.3" port: 44301 } } peers { permanent_uuid: "9c72912e78aa412c80bfba5b42ba9302" member_type: VOTER last_known_addr { host: "127.7.138.1" port: 43621 } } peers { permanent_uuid: "7fe4459cfb0b43848dcb6906718b7b7d" member_type: VOTER last_known_addr { host: "127.7.138.4" port: 36727 } attrs { replace: true } } peers { permanent_uuid: "39ff564ba4e74804935064069b494e68" member_type: NON_VOTER last_known_addr { host: "127.7.138.2" port: 37213 } attrs { promote: true } } }
I20260630 12:27:24.674115 11240 raft_consensus.cc:993] T 2b151f3935b94786a99f21a3db5f563a P 39ff564ba4e74804935064069b494e68: : Instructing follower 9c72912e78aa412c80bfba5b42ba9302 to start an election
I20260630 12:27:24.674628 11249 raft_consensus.cc:1081] T 2b151f3935b94786a99f21a3db5f563a P 39ff564ba4e74804935064069b494e68 [term 1 LEADER]: Signalling peer 9c72912e78aa412c80bfba5b42ba9302 to start an election
I20260630 12:27:24.676313 10737 tablet_service.cc:2044] Received Run Leader Election RPC: tablet_id: "2b151f3935b94786a99f21a3db5f563a"
dest_uuid: "9c72912e78aa412c80bfba5b42ba9302"
 from {username='slave'} at 127.0.0.1:49294
I20260630 12:27:24.676856 10737 raft_consensus.cc:493] T 2b151f3935b94786a99f21a3db5f563a P 9c72912e78aa412c80bfba5b42ba9302 [term 1 FOLLOWER]: Starting forced leader election (received explicit request)
I20260630 12:27:24.677205 10737 raft_consensus.cc:3060] T 2b151f3935b94786a99f21a3db5f563a P 9c72912e78aa412c80bfba5b42ba9302 [term 1 FOLLOWER]: Advancing to term 2
I20260630 12:27:24.684686 10737 raft_consensus.cc:515] T 2b151f3935b94786a99f21a3db5f563a P 9c72912e78aa412c80bfba5b42ba9302 [term 2 FOLLOWER]: Starting forced leader election with config: opid_index: -1 OBSOLETE_local: false peers { permanent_uuid: "39ff564ba4e74804935064069b494e68" member_type: VOTER last_known_addr { host: "127.7.138.2" port: 37213 } } peers { permanent_uuid: "9c72912e78aa412c80bfba5b42ba9302" member_type: VOTER last_known_addr { host: "127.7.138.1" port: 43621 } } peers { permanent_uuid: "a674e6e6e8684f9b99a95b4a553c7ad3" member_type: VOTER last_known_addr { host: "127.7.138.3" port: 44301 } }
I20260630 12:27:24.686709 10737 leader_election.cc:290] T 2b151f3935b94786a99f21a3db5f563a P 9c72912e78aa412c80bfba5b42ba9302 [CANDIDATE]: Term 2 election: Requested vote from peers 39ff564ba4e74804935064069b494e68 (127.7.138.2:37213), a674e6e6e8684f9b99a95b4a553c7ad3 (127.7.138.3:44301)
I20260630 12:27:24.687743 10812 tablet_service.cc:1917] Received RequestConsensusVote() RPC: tablet_id: "2b151f3935b94786a99f21a3db5f563a" candidate_uuid: "9c72912e78aa412c80bfba5b42ba9302" candidate_term: 2 candidate_status { last_received { term: 1 index: 1 } } ignore_live_leader: true dest_uuid: "39ff564ba4e74804935064069b494e68"
I20260630 12:27:24.688094 10886 tablet_service.cc:1917] Received RequestConsensusVote() RPC: tablet_id: "2b151f3935b94786a99f21a3db5f563a" candidate_uuid: "9c72912e78aa412c80bfba5b42ba9302" candidate_term: 2 candidate_status { last_received { term: 1 index: 1 } } ignore_live_leader: true dest_uuid: "a674e6e6e8684f9b99a95b4a553c7ad3"
I20260630 12:27:24.688563 10812 raft_consensus.cc:3055] T 2b151f3935b94786a99f21a3db5f563a P 39ff564ba4e74804935064069b494e68 [term 1 LEADER]: Stepping down as leader of term 1
I20260630 12:27:24.688683 10886 raft_consensus.cc:3060] T 2b151f3935b94786a99f21a3db5f563a P a674e6e6e8684f9b99a95b4a553c7ad3 [term 1 FOLLOWER]: Advancing to term 2
I20260630 12:27:24.689136 10812 raft_consensus.cc:740] T 2b151f3935b94786a99f21a3db5f563a P 39ff564ba4e74804935064069b494e68 [term 1 LEADER]: Becoming Follower/Learner. State: Replica: 39ff564ba4e74804935064069b494e68, State: Running, Role: LEADER
I20260630 12:27:24.689868 10812 consensus_queue.cc:260] T 2b151f3935b94786a99f21a3db5f563a P 39ff564ba4e74804935064069b494e68 [NON_LEADER]: Queue going to NON_LEADER mode. State: All replicated index: 0, Majority replicated index: 1, Committed index: 1, Last appended: 1.1, Last appended by leader: 1, Current term: 1, Majority size: -1, State: 0, Mode: NON_LEADER, active raft config: opid_index: -1 OBSOLETE_local: false peers { permanent_uuid: "39ff564ba4e74804935064069b494e68" member_type: VOTER last_known_addr { host: "127.7.138.2" port: 37213 } } peers { permanent_uuid: "9c72912e78aa412c80bfba5b42ba9302" member_type: VOTER last_known_addr { host: "127.7.138.1" port: 43621 } } peers { permanent_uuid: "a674e6e6e8684f9b99a95b4a553c7ad3" member_type: VOTER last_known_addr { host: "127.7.138.3" port: 44301 } }
I20260630 12:27:24.690774 10812 raft_consensus.cc:3060] T 2b151f3935b94786a99f21a3db5f563a P 39ff564ba4e74804935064069b494e68 [term 1 FOLLOWER]: Advancing to term 2
I20260630 12:27:24.695681 10812 raft_consensus.cc:2468] T 2b151f3935b94786a99f21a3db5f563a P 39ff564ba4e74804935064069b494e68 [term 2 FOLLOWER]: Leader election vote request: Granting yes vote for candidate 9c72912e78aa412c80bfba5b42ba9302 in term 2.
I20260630 12:27:24.696054 10886 raft_consensus.cc:2468] T 2b151f3935b94786a99f21a3db5f563a P a674e6e6e8684f9b99a95b4a553c7ad3 [term 2 FOLLOWER]: Leader election vote request: Granting yes vote for candidate 9c72912e78aa412c80bfba5b42ba9302 in term 2.
I20260630 12:27:24.696810 10703 leader_election.cc:304] T 2b151f3935b94786a99f21a3db5f563a P 9c72912e78aa412c80bfba5b42ba9302 [CANDIDATE]: Term 2 election: Election decided. Result: candidate won. Election summary: received 2 responses out of 3 voters: 2 yes votes; 0 no votes. yes voters: 39ff564ba4e74804935064069b494e68, 9c72912e78aa412c80bfba5b42ba9302; no voters: 
I20260630 12:27:24.697621 11251 raft_consensus.cc:2804] T 2b151f3935b94786a99f21a3db5f563a P 9c72912e78aa412c80bfba5b42ba9302 [term 2 FOLLOWER]: Leader election won for term 2
I20260630 12:27:24.698117 11251 raft_consensus.cc:697] T 2b151f3935b94786a99f21a3db5f563a P 9c72912e78aa412c80bfba5b42ba9302 [term 2 LEADER]: Becoming Leader. State: Replica: 9c72912e78aa412c80bfba5b42ba9302, State: Running, Role: LEADER
I20260630 12:27:24.698881 11251 consensus_queue.cc:237] T 2b151f3935b94786a99f21a3db5f563a P 9c72912e78aa412c80bfba5b42ba9302 [LEADER]: Queue going to LEADER mode. State: All replicated index: 0, Majority replicated index: 1, Committed index: 1, Last appended: 1.1, Last appended by leader: 1, Current term: 2, Majority size: 2, State: 0, Mode: LEADER, active raft config: opid_index: -1 OBSOLETE_local: false peers { permanent_uuid: "39ff564ba4e74804935064069b494e68" member_type: VOTER last_known_addr { host: "127.7.138.2" port: 37213 } } peers { permanent_uuid: "9c72912e78aa412c80bfba5b42ba9302" member_type: VOTER last_known_addr { host: "127.7.138.1" port: 43621 } } peers { permanent_uuid: "a674e6e6e8684f9b99a95b4a553c7ad3" member_type: VOTER last_known_addr { host: "127.7.138.3" port: 44301 } }
I20260630 12:27:24.706835 10632 catalog_manager.cc:5697] T 2b151f3935b94786a99f21a3db5f563a P 9c72912e78aa412c80bfba5b42ba9302 reported cstate change: term changed from 1 to 2, leader changed from 39ff564ba4e74804935064069b494e68 (127.7.138.2) to 9c72912e78aa412c80bfba5b42ba9302 (127.7.138.1). New cstate: current_term: 2 leader_uuid: "9c72912e78aa412c80bfba5b42ba9302" committed_config { opid_index: -1 OBSOLETE_local: false peers { permanent_uuid: "39ff564ba4e74804935064069b494e68" member_type: VOTER last_known_addr { host: "127.7.138.2" port: 37213 } health_report { overall_health: UNKNOWN } } peers { permanent_uuid: "9c72912e78aa412c80bfba5b42ba9302" member_type: VOTER last_known_addr { host: "127.7.138.1" port: 43621 } health_report { overall_health: HEALTHY } } peers { permanent_uuid: "a674e6e6e8684f9b99a95b4a553c7ad3" member_type: VOTER last_known_addr { host: "127.7.138.3" port: 44301 } health_report { overall_health: UNKNOWN } } }
I20260630 12:27:24.920780 11268 ts_tablet_manager.cc:933] T cfe87ed0b0894192a7eef3ba0450a069 P a674e6e6e8684f9b99a95b4a553c7ad3: Initiating tablet copy from peer 9c72912e78aa412c80bfba5b42ba9302 (127.7.138.1:43621)
I20260630 12:27:24.923215 11268 tablet_copy_client.cc:323] T cfe87ed0b0894192a7eef3ba0450a069 P a674e6e6e8684f9b99a95b4a553c7ad3: tablet copy: Beginning tablet copy session from remote peer at address 127.7.138.1:43621
I20260630 12:27:24.925072 10747 tablet_copy_service.cc:140] P 9c72912e78aa412c80bfba5b42ba9302: Received BeginTabletCopySession request for tablet cfe87ed0b0894192a7eef3ba0450a069 from peer a674e6e6e8684f9b99a95b4a553c7ad3 ({username='slave'} at 127.0.0.1:49304)
I20260630 12:27:24.925540 10747 tablet_copy_service.cc:161] P 9c72912e78aa412c80bfba5b42ba9302: Beginning new tablet copy session on tablet cfe87ed0b0894192a7eef3ba0450a069 from peer a674e6e6e8684f9b99a95b4a553c7ad3 at {username='slave'} at 127.0.0.1:49304: session id = a674e6e6e8684f9b99a95b4a553c7ad3-cfe87ed0b0894192a7eef3ba0450a069
I20260630 12:27:24.930707 11270 ts_tablet_manager.cc:933] T f5ba5020646741d5a2f97f684ac2b594 P 7fe4459cfb0b43848dcb6906718b7b7d: Initiating tablet copy from peer 39ff564ba4e74804935064069b494e68 (127.7.138.2:37213)
I20260630 12:27:24.932133 10747 tablet_copy_source_session.cc:215] T cfe87ed0b0894192a7eef3ba0450a069 P 9c72912e78aa412c80bfba5b42ba9302: Tablet Copy: opened 0 blocks and 1 log segments
I20260630 12:27:24.933463 11270 tablet_copy_client.cc:323] T f5ba5020646741d5a2f97f684ac2b594 P 7fe4459cfb0b43848dcb6906718b7b7d: tablet copy: Beginning tablet copy session from remote peer at address 127.7.138.2:37213
I20260630 12:27:24.935508 10822 tablet_copy_service.cc:140] P 39ff564ba4e74804935064069b494e68: Received BeginTabletCopySession request for tablet f5ba5020646741d5a2f97f684ac2b594 from peer 7fe4459cfb0b43848dcb6906718b7b7d ({username='slave'} at 127.0.0.1:58428)
I20260630 12:27:24.936084 10822 tablet_copy_service.cc:161] P 39ff564ba4e74804935064069b494e68: Beginning new tablet copy session on tablet f5ba5020646741d5a2f97f684ac2b594 from peer 7fe4459cfb0b43848dcb6906718b7b7d at {username='slave'} at 127.0.0.1:58428: session id = 7fe4459cfb0b43848dcb6906718b7b7d-f5ba5020646741d5a2f97f684ac2b594
I20260630 12:27:24.936326 11272 ts_tablet_manager.cc:933] T b54135a318e54468b71a7e6c7c7a70cb P 39ff564ba4e74804935064069b494e68: Initiating tablet copy from peer a674e6e6e8684f9b99a95b4a553c7ad3 (127.7.138.3:44301)
I20260630 12:27:24.935660 11268 data_dirs.cc:400] Could only allocate 1 dirs of requested 3 for tablet cfe87ed0b0894192a7eef3ba0450a069. 1 dirs total, 0 dirs full, 0 dirs failed
I20260630 12:27:24.951807 10822 tablet_copy_source_session.cc:215] T f5ba5020646741d5a2f97f684ac2b594 P 39ff564ba4e74804935064069b494e68: Tablet Copy: opened 0 blocks and 1 log segments
I20260630 12:27:24.955812 11272 tablet_copy_client.cc:323] T b54135a318e54468b71a7e6c7c7a70cb P 39ff564ba4e74804935064069b494e68: tablet copy: Beginning tablet copy session from remote peer at address 127.7.138.3:44301
I20260630 12:27:24.957099 11270 data_dirs.cc:400] Could only allocate 1 dirs of requested 3 for tablet f5ba5020646741d5a2f97f684ac2b594. 1 dirs total, 0 dirs full, 0 dirs failed
I20260630 12:27:24.963263 10896 tablet_copy_service.cc:140] P a674e6e6e8684f9b99a95b4a553c7ad3: Received BeginTabletCopySession request for tablet b54135a318e54468b71a7e6c7c7a70cb from peer 39ff564ba4e74804935064069b494e68 ({username='slave'} at 127.0.0.1:60256)
I20260630 12:27:24.963876 10896 tablet_copy_service.cc:161] P a674e6e6e8684f9b99a95b4a553c7ad3: Beginning new tablet copy session on tablet b54135a318e54468b71a7e6c7c7a70cb from peer 39ff564ba4e74804935064069b494e68 at {username='slave'} at 127.0.0.1:60256: session id = 39ff564ba4e74804935064069b494e68-b54135a318e54468b71a7e6c7c7a70cb
I20260630 12:27:24.964061 11268 tablet_copy_client.cc:806] T cfe87ed0b0894192a7eef3ba0450a069 P a674e6e6e8684f9b99a95b4a553c7ad3: tablet copy: Starting download of 0 data blocks...
I20260630 12:27:24.964747 11268 tablet_copy_client.cc:670] T cfe87ed0b0894192a7eef3ba0450a069 P a674e6e6e8684f9b99a95b4a553c7ad3: tablet copy: Starting download of 1 WAL segments...
I20260630 12:27:24.969101 11268 tablet_copy_client.cc:538] T cfe87ed0b0894192a7eef3ba0450a069 P a674e6e6e8684f9b99a95b4a553c7ad3: tablet copy: Tablet Copy complete. Replacing tablet superblock.
I20260630 12:27:24.971484 10896 tablet_copy_source_session.cc:215] T b54135a318e54468b71a7e6c7c7a70cb P a674e6e6e8684f9b99a95b4a553c7ad3: Tablet Copy: opened 0 blocks and 1 log segments
I20260630 12:27:24.977561 11270 tablet_copy_client.cc:806] T f5ba5020646741d5a2f97f684ac2b594 P 7fe4459cfb0b43848dcb6906718b7b7d: tablet copy: Starting download of 0 data blocks...
I20260630 12:27:24.978248 11270 tablet_copy_client.cc:670] T f5ba5020646741d5a2f97f684ac2b594 P 7fe4459cfb0b43848dcb6906718b7b7d: tablet copy: Starting download of 1 WAL segments...
I20260630 12:27:24.979005 11268 tablet_bootstrap.cc:492] T cfe87ed0b0894192a7eef3ba0450a069 P a674e6e6e8684f9b99a95b4a553c7ad3: Bootstrap starting.
I20260630 12:27:24.981576 11272 data_dirs.cc:400] Could only allocate 1 dirs of requested 3 for tablet b54135a318e54468b71a7e6c7c7a70cb. 1 dirs total, 0 dirs full, 0 dirs failed
I20260630 12:27:24.983108 11270 tablet_copy_client.cc:538] T f5ba5020646741d5a2f97f684ac2b594 P 7fe4459cfb0b43848dcb6906718b7b7d: tablet copy: Tablet Copy complete. Replacing tablet superblock.
I20260630 12:27:24.992017 11270 tablet_bootstrap.cc:492] T f5ba5020646741d5a2f97f684ac2b594 P 7fe4459cfb0b43848dcb6906718b7b7d: Bootstrap starting.
I20260630 12:27:25.098356 10886 raft_consensus.cc:1275] T 2b151f3935b94786a99f21a3db5f563a P a674e6e6e8684f9b99a95b4a553c7ad3 [term 2 FOLLOWER]: Refusing update from remote peer 9c72912e78aa412c80bfba5b42ba9302: Log matching property violated. Preceding OpId in replica: term: 1 index: 1. Preceding OpId from leader: term: 2 index: 2. (index mismatch)
I20260630 12:27:25.101143 11251 consensus_queue.cc:1048] T 2b151f3935b94786a99f21a3db5f563a P 9c72912e78aa412c80bfba5b42ba9302 [LEADER]: Connected to new peer: Peer: permanent_uuid: "a674e6e6e8684f9b99a95b4a553c7ad3" member_type: VOTER last_known_addr { host: "127.7.138.3" port: 44301 }, Status: LMP_MISMATCH, Last received: 0.0, Next index: 2, Last known committed idx: 1, Time since last communication: 0.002s
W20260630 12:27:25.102559 10999 outbound_call.cc:321] RPC callback for RPC call kudu.consensus.ConsensusService.UpdateConsensus -> {remote=127.7.138.1:43621, user_credentials={real_user=slave}} blocked reactor thread for 44975.4us
I20260630 12:27:25.104063 11272 tablet_copy_client.cc:806] T b54135a318e54468b71a7e6c7c7a70cb P 39ff564ba4e74804935064069b494e68: tablet copy: Starting download of 0 data blocks...
I20260630 12:27:25.105269 11272 tablet_copy_client.cc:670] T b54135a318e54468b71a7e6c7c7a70cb P 39ff564ba4e74804935064069b494e68: tablet copy: Starting download of 1 WAL segments...
W20260630 12:27:25.108068 11002 outbound_call.cc:321] RPC callback for RPC call kudu.consensus.ConsensusService.UpdateConsensus -> {remote=127.7.138.2:37213, user_credentials={real_user=slave}} blocked reactor thread for 47905.2us
I20260630 12:27:25.111601 11268 tablet_bootstrap.cc:492] T cfe87ed0b0894192a7eef3ba0450a069 P a674e6e6e8684f9b99a95b4a553c7ad3: Bootstrap replayed 1/1 log segments. Stats: ops{read=2 overwritten=0 applied=2 ignored=0} inserts{seen=0 ignored=0} mutations{seen=0 ignored=0} orphaned_commits=0. Pending: 0 replicates
I20260630 12:27:25.112169 11272 tablet_copy_client.cc:538] T b54135a318e54468b71a7e6c7c7a70cb P 39ff564ba4e74804935064069b494e68: tablet copy: Tablet Copy complete. Replacing tablet superblock.
I20260630 12:27:25.113730 11268 tablet_bootstrap.cc:492] T cfe87ed0b0894192a7eef3ba0450a069 P a674e6e6e8684f9b99a95b4a553c7ad3: Bootstrap complete.
I20260630 12:27:25.120242 11268 ts_tablet_manager.cc:1403] T cfe87ed0b0894192a7eef3ba0450a069 P a674e6e6e8684f9b99a95b4a553c7ad3: Time spent bootstrapping tablet: real 0.141s	user 0.017s	sys 0.012s
I20260630 12:27:25.126772 11268 raft_consensus.cc:359] T cfe87ed0b0894192a7eef3ba0450a069 P a674e6e6e8684f9b99a95b4a553c7ad3 [term 1 LEARNER]: Replica starting. Triggering 0 pending ops. Active config: opid_index: 2 OBSOLETE_local: false peers { permanent_uuid: "7fe4459cfb0b43848dcb6906718b7b7d" member_type: VOTER last_known_addr { host: "127.7.138.4" port: 36727 } attrs { replace: true } } peers { permanent_uuid: "39ff564ba4e74804935064069b494e68" member_type: VOTER last_known_addr { host: "127.7.138.2" port: 37213 } } peers { permanent_uuid: "9c72912e78aa412c80bfba5b42ba9302" member_type: VOTER last_known_addr { host: "127.7.138.1" port: 43621 } } peers { permanent_uuid: "a674e6e6e8684f9b99a95b4a553c7ad3" member_type: NON_VOTER last_known_addr { host: "127.7.138.3" port: 44301 } attrs { promote: true } }
I20260630 12:27:25.128006 11268 raft_consensus.cc:740] T cfe87ed0b0894192a7eef3ba0450a069 P a674e6e6e8684f9b99a95b4a553c7ad3 [term 1 LEARNER]: Becoming Follower/Learner. State: Replica: a674e6e6e8684f9b99a95b4a553c7ad3, State: Initialized, Role: LEARNER
I20260630 12:27:25.135205 11272 tablet_bootstrap.cc:492] T b54135a318e54468b71a7e6c7c7a70cb P 39ff564ba4e74804935064069b494e68: Bootstrap starting.
I20260630 12:27:25.128856 11268 consensus_queue.cc:260] T cfe87ed0b0894192a7eef3ba0450a069 P a674e6e6e8684f9b99a95b4a553c7ad3 [NON_LEADER]: Queue going to NON_LEADER mode. State: All replicated index: 0, Majority replicated index: 0, Committed index: 2, Last appended: 1.2, Last appended by leader: 2, Current term: 0, Majority size: -1, State: 0, Mode: NON_LEADER, active raft config: opid_index: 2 OBSOLETE_local: false peers { permanent_uuid: "7fe4459cfb0b43848dcb6906718b7b7d" member_type: VOTER last_known_addr { host: "127.7.138.4" port: 36727 } attrs { replace: true } } peers { permanent_uuid: "39ff564ba4e74804935064069b494e68" member_type: VOTER last_known_addr { host: "127.7.138.2" port: 37213 } } peers { permanent_uuid: "9c72912e78aa412c80bfba5b42ba9302" member_type: VOTER last_known_addr { host: "127.7.138.1" port: 43621 } } peers { permanent_uuid: "a674e6e6e8684f9b99a95b4a553c7ad3" member_type: NON_VOTER last_known_addr { host: "127.7.138.3" port: 44301 } attrs { promote: true } }
I20260630 12:27:25.136977 11270 tablet_bootstrap.cc:492] T f5ba5020646741d5a2f97f684ac2b594 P 7fe4459cfb0b43848dcb6906718b7b7d: Bootstrap replayed 1/1 log segments. Stats: ops{read=2 overwritten=0 applied=2 ignored=0} inserts{seen=0 ignored=0} mutations{seen=0 ignored=0} orphaned_commits=0. Pending: 0 replicates
I20260630 12:27:25.138264 11270 tablet_bootstrap.cc:492] T f5ba5020646741d5a2f97f684ac2b594 P 7fe4459cfb0b43848dcb6906718b7b7d: Bootstrap complete.
I20260630 12:27:25.139199 11268 ts_tablet_manager.cc:1434] T cfe87ed0b0894192a7eef3ba0450a069 P a674e6e6e8684f9b99a95b4a553c7ad3: Time spent starting tablet: real 0.018s	user 0.007s	sys 0.004s
I20260630 12:27:25.139240 11270 ts_tablet_manager.cc:1403] T f5ba5020646741d5a2f97f684ac2b594 P 7fe4459cfb0b43848dcb6906718b7b7d: Time spent bootstrapping tablet: real 0.147s	user 0.015s	sys 0.021s
I20260630 12:27:25.140381 10812 raft_consensus.cc:1275] T 2b151f3935b94786a99f21a3db5f563a P 39ff564ba4e74804935064069b494e68 [term 2 FOLLOWER]: Refusing update from remote peer 9c72912e78aa412c80bfba5b42ba9302: Log matching property violated. Preceding OpId in replica: term: 1 index: 1. Preceding OpId from leader: term: 2 index: 2. (index mismatch)
I20260630 12:27:25.143121 10747 tablet_copy_service.cc:342] P 9c72912e78aa412c80bfba5b42ba9302: Request end of tablet copy session a674e6e6e8684f9b99a95b4a553c7ad3-cfe87ed0b0894192a7eef3ba0450a069 received from {username='slave'} at 127.0.0.1:49304
I20260630 12:27:25.143839 10747 tablet_copy_service.cc:434] P 9c72912e78aa412c80bfba5b42ba9302: ending tablet copy session a674e6e6e8684f9b99a95b4a553c7ad3-cfe87ed0b0894192a7eef3ba0450a069 on tablet cfe87ed0b0894192a7eef3ba0450a069 with peer a674e6e6e8684f9b99a95b4a553c7ad3
I20260630 12:27:25.143321 11270 raft_consensus.cc:359] T f5ba5020646741d5a2f97f684ac2b594 P 7fe4459cfb0b43848dcb6906718b7b7d [term 1 LEARNER]: Replica starting. Triggering 0 pending ops. Active config: opid_index: 2 OBSOLETE_local: false peers { permanent_uuid: "9c72912e78aa412c80bfba5b42ba9302" member_type: VOTER last_known_addr { host: "127.7.138.1" port: 43621 } } peers { permanent_uuid: "39ff564ba4e74804935064069b494e68" member_type: VOTER last_known_addr { host: "127.7.138.2" port: 37213 } } peers { permanent_uuid: "a674e6e6e8684f9b99a95b4a553c7ad3" member_type: VOTER last_known_addr { host: "127.7.138.3" port: 44301 } attrs { replace: true } } peers { permanent_uuid: "7fe4459cfb0b43848dcb6906718b7b7d" member_type: NON_VOTER last_known_addr { host: "127.7.138.4" port: 36727 } attrs { promote: true } }
I20260630 12:27:25.144510 11270 raft_consensus.cc:740] T f5ba5020646741d5a2f97f684ac2b594 P 7fe4459cfb0b43848dcb6906718b7b7d [term 1 LEARNER]: Becoming Follower/Learner. State: Replica: 7fe4459cfb0b43848dcb6906718b7b7d, State: Initialized, Role: LEARNER
I20260630 12:27:25.145445 11270 consensus_queue.cc:260] T f5ba5020646741d5a2f97f684ac2b594 P 7fe4459cfb0b43848dcb6906718b7b7d [NON_LEADER]: Queue going to NON_LEADER mode. State: All replicated index: 0, Majority replicated index: 0, Committed index: 2, Last appended: 1.2, Last appended by leader: 2, Current term: 0, Majority size: -1, State: 0, Mode: NON_LEADER, active raft config: opid_index: 2 OBSOLETE_local: false peers { permanent_uuid: "9c72912e78aa412c80bfba5b42ba9302" member_type: VOTER last_known_addr { host: "127.7.138.1" port: 43621 } } peers { permanent_uuid: "39ff564ba4e74804935064069b494e68" member_type: VOTER last_known_addr { host: "127.7.138.2" port: 37213 } } peers { permanent_uuid: "a674e6e6e8684f9b99a95b4a553c7ad3" member_type: VOTER last_known_addr { host: "127.7.138.3" port: 44301 } attrs { replace: true } } peers { permanent_uuid: "7fe4459cfb0b43848dcb6906718b7b7d" member_type: NON_VOTER last_known_addr { host: "127.7.138.4" port: 36727 } attrs { promote: true } }
I20260630 12:27:25.150032 11270 ts_tablet_manager.cc:1434] T f5ba5020646741d5a2f97f684ac2b594 P 7fe4459cfb0b43848dcb6906718b7b7d: Time spent starting tablet: real 0.010s	user 0.007s	sys 0.001s
I20260630 12:27:25.153685 10822 tablet_copy_service.cc:342] P 39ff564ba4e74804935064069b494e68: Request end of tablet copy session 7fe4459cfb0b43848dcb6906718b7b7d-f5ba5020646741d5a2f97f684ac2b594 received from {username='slave'} at 127.0.0.1:58428
I20260630 12:27:25.154250 10822 tablet_copy_service.cc:434] P 39ff564ba4e74804935064069b494e68: ending tablet copy session 7fe4459cfb0b43848dcb6906718b7b7d-f5ba5020646741d5a2f97f684ac2b594 on tablet f5ba5020646741d5a2f97f684ac2b594 with peer 7fe4459cfb0b43848dcb6906718b7b7d
I20260630 12:27:25.156149 11210 consensus_queue.cc:1048] T 2b151f3935b94786a99f21a3db5f563a P 9c72912e78aa412c80bfba5b42ba9302 [LEADER]: Connected to new peer: Peer: permanent_uuid: "39ff564ba4e74804935064069b494e68" member_type: VOTER last_known_addr { host: "127.7.138.2" port: 37213 }, Status: LMP_MISMATCH, Last received: 0.0, Next index: 2, Last known committed idx: 1, Time since last communication: 0.001s
I20260630 12:27:25.219717 11272 tablet_bootstrap.cc:492] T b54135a318e54468b71a7e6c7c7a70cb P 39ff564ba4e74804935064069b494e68: Bootstrap replayed 1/1 log segments. Stats: ops{read=2 overwritten=0 applied=2 ignored=0} inserts{seen=0 ignored=0} mutations{seen=0 ignored=0} orphaned_commits=0. Pending: 0 replicates
I20260630 12:27:25.220754 11272 tablet_bootstrap.cc:492] T b54135a318e54468b71a7e6c7c7a70cb P 39ff564ba4e74804935064069b494e68: Bootstrap complete.
I20260630 12:27:25.221472 11272 ts_tablet_manager.cc:1403] T b54135a318e54468b71a7e6c7c7a70cb P 39ff564ba4e74804935064069b494e68: Time spent bootstrapping tablet: real 0.087s	user 0.039s	sys 0.031s
I20260630 12:27:25.224440 11272 raft_consensus.cc:359] T b54135a318e54468b71a7e6c7c7a70cb P 39ff564ba4e74804935064069b494e68 [term 1 LEARNER]: Replica starting. Triggering 0 pending ops. Active config: opid_index: 2 OBSOLETE_local: false peers { permanent_uuid: "a674e6e6e8684f9b99a95b4a553c7ad3" member_type: VOTER last_known_addr { host: "127.7.138.3" port: 44301 } } peers { permanent_uuid: "9c72912e78aa412c80bfba5b42ba9302" member_type: VOTER last_known_addr { host: "127.7.138.1" port: 43621 } } peers { permanent_uuid: "7fe4459cfb0b43848dcb6906718b7b7d" member_type: VOTER last_known_addr { host: "127.7.138.4" port: 36727 } attrs { replace: true } } peers { permanent_uuid: "39ff564ba4e74804935064069b494e68" member_type: NON_VOTER last_known_addr { host: "127.7.138.2" port: 37213 } attrs { promote: true } }
I20260630 12:27:25.225303 11272 raft_consensus.cc:740] T b54135a318e54468b71a7e6c7c7a70cb P 39ff564ba4e74804935064069b494e68 [term 1 LEARNER]: Becoming Follower/Learner. State: Replica: 39ff564ba4e74804935064069b494e68, State: Initialized, Role: LEARNER
I20260630 12:27:25.225975 11272 consensus_queue.cc:260] T b54135a318e54468b71a7e6c7c7a70cb P 39ff564ba4e74804935064069b494e68 [NON_LEADER]: Queue going to NON_LEADER mode. State: All replicated index: 0, Majority replicated index: 0, Committed index: 2, Last appended: 1.2, Last appended by leader: 2, Current term: 0, Majority size: -1, State: 0, Mode: NON_LEADER, active raft config: opid_index: 2 OBSOLETE_local: false peers { permanent_uuid: "a674e6e6e8684f9b99a95b4a553c7ad3" member_type: VOTER last_known_addr { host: "127.7.138.3" port: 44301 } } peers { permanent_uuid: "9c72912e78aa412c80bfba5b42ba9302" member_type: VOTER last_known_addr { host: "127.7.138.1" port: 43621 } } peers { permanent_uuid: "7fe4459cfb0b43848dcb6906718b7b7d" member_type: VOTER last_known_addr { host: "127.7.138.4" port: 36727 } attrs { replace: true } } peers { permanent_uuid: "39ff564ba4e74804935064069b494e68" member_type: NON_VOTER last_known_addr { host: "127.7.138.2" port: 37213 } attrs { promote: true } }
