I20260630 12:27:12.101305 10882 raft_consensus.cc:359] T 782c27e45e984815b9563a4a7c580e28 P 003e24f024a64a3dacf4154e97652c4a [term 0 FOLLOWER]: Replica starting. Triggering 0 pending ops. Active config: opid_index: -1 OBSOLETE_local: false peers { permanent_uuid: "003e24f024a64a3dacf4154e97652c4a" member_type: VOTER last_known_addr { host: "127.7.92.132" port: 36035 } } peers { permanent_uuid: "5c28144dd01a4720b6876d41312a8f8d" member_type: VOTER last_known_addr { host: "127.7.92.130" port: 41955 } } peers { permanent_uuid: "ceeebdd6c2424ad4a0b98893db576b82" member_type: VOTER last_known_addr { host: "127.7.92.129" port: 35483 } }
I20260630 12:27:12.102483 10882 raft_consensus.cc:385] T 782c27e45e984815b9563a4a7c580e28 P 003e24f024a64a3dacf4154e97652c4a [term 0 FOLLOWER]: Consensus starting up: Expiring failure detector timer to make a prompt election more likely
I20260630 12:27:12.102835 10882 raft_consensus.cc:740] T 782c27e45e984815b9563a4a7c580e28 P 003e24f024a64a3dacf4154e97652c4a [term 0 FOLLOWER]: Becoming Follower/Learner. State: Replica: 003e24f024a64a3dacf4154e97652c4a, State: Initialized, Role: FOLLOWER
I20260630 12:27:12.103648 10882 consensus_queue.cc:260] T 782c27e45e984815b9563a4a7c580e28 P 003e24f024a64a3dacf4154e97652c4a [NON_LEADER]: Queue going to NON_LEADER mode. State: All replicated index: 0, Majority replicated index: 0, Committed index: 0, Last appended: 0.0, Last appended by leader: 0, Current term: 0, Majority size: -1, State: 0, Mode: NON_LEADER, active raft config: opid_index: -1 OBSOLETE_local: false peers { permanent_uuid: "003e24f024a64a3dacf4154e97652c4a" member_type: VOTER last_known_addr { host: "127.7.92.132" port: 36035 } } peers { permanent_uuid: "5c28144dd01a4720b6876d41312a8f8d" member_type: VOTER last_known_addr { host: "127.7.92.130" port: 41955 } } peers { permanent_uuid: "ceeebdd6c2424ad4a0b98893db576b82" member_type: VOTER last_known_addr { host: "127.7.92.129" port: 35483 } }
I20260630 12:27:12.105283 10879 tablet_bootstrap.cc:492] T e06bcb7c73ba4d44b4bc37d5c3ac03b7 P 5c28144dd01a4720b6876d41312a8f8d: No bootstrap required, opened a new log
I20260630 12:27:12.105854 10879 ts_tablet_manager.cc:1403] T e06bcb7c73ba4d44b4bc37d5c3ac03b7 P 5c28144dd01a4720b6876d41312a8f8d: Time spent bootstrapping tablet: real 0.017s	user 0.012s	sys 0.000s
I20260630 12:27:12.106664 10882 ts_tablet_manager.cc:1434] T 782c27e45e984815b9563a4a7c580e28 P 003e24f024a64a3dacf4154e97652c4a: Time spent starting tablet: real 0.009s	user 0.007s	sys 0.004s
I20260630 12:27:12.107911 10882 tablet_bootstrap.cc:492] T 778d68bf0a8d4955a5dad5388d536d71 P 003e24f024a64a3dacf4154e97652c4a: Bootstrap starting.
I20260630 12:27:12.108402 10879 raft_consensus.cc:359] T e06bcb7c73ba4d44b4bc37d5c3ac03b7 P 5c28144dd01a4720b6876d41312a8f8d [term 0 FOLLOWER]: Replica starting. Triggering 0 pending ops. Active config: opid_index: -1 OBSOLETE_local: false peers { permanent_uuid: "003e24f024a64a3dacf4154e97652c4a" member_type: VOTER last_known_addr { host: "127.7.92.132" port: 36035 } } peers { permanent_uuid: "5c28144dd01a4720b6876d41312a8f8d" member_type: VOTER last_known_addr { host: "127.7.92.130" port: 41955 } } peers { permanent_uuid: "ceeebdd6c2424ad4a0b98893db576b82" member_type: VOTER last_known_addr { host: "127.7.92.129" port: 35483 } }
I20260630 12:27:12.108979 10879 raft_consensus.cc:385] T e06bcb7c73ba4d44b4bc37d5c3ac03b7 P 5c28144dd01a4720b6876d41312a8f8d [term 0 FOLLOWER]: Consensus starting up: Expiring failure detector timer to make a prompt election more likely
I20260630 12:27:12.109179 10879 raft_consensus.cc:740] T e06bcb7c73ba4d44b4bc37d5c3ac03b7 P 5c28144dd01a4720b6876d41312a8f8d [term 0 FOLLOWER]: Becoming Follower/Learner. State: Replica: 5c28144dd01a4720b6876d41312a8f8d, State: Initialized, Role: FOLLOWER
I20260630 12:27:12.109658 10879 consensus_queue.cc:260] T e06bcb7c73ba4d44b4bc37d5c3ac03b7 P 5c28144dd01a4720b6876d41312a8f8d [NON_LEADER]: Queue going to NON_LEADER mode. State: All replicated index: 0, Majority replicated index: 0, Committed index: 0, Last appended: 0.0, Last appended by leader: 0, Current term: 0, Majority size: -1, State: 0, Mode: NON_LEADER, active raft config: opid_index: -1 OBSOLETE_local: false peers { permanent_uuid: "003e24f024a64a3dacf4154e97652c4a" member_type: VOTER last_known_addr { host: "127.7.92.132" port: 36035 } } peers { permanent_uuid: "5c28144dd01a4720b6876d41312a8f8d" member_type: VOTER last_known_addr { host: "127.7.92.130" port: 41955 } } peers { permanent_uuid: "ceeebdd6c2424ad4a0b98893db576b82" member_type: VOTER last_known_addr { host: "127.7.92.129" port: 35483 } }
I20260630 12:27:12.111640 10879 ts_tablet_manager.cc:1434] T e06bcb7c73ba4d44b4bc37d5c3ac03b7 P 5c28144dd01a4720b6876d41312a8f8d: Time spent starting tablet: real 0.005s	user 0.005s	sys 0.000s
I20260630 12:27:12.116457 10882 tablet_bootstrap.cc:654] T 778d68bf0a8d4955a5dad5388d536d71 P 003e24f024a64a3dacf4154e97652c4a: Neither blocks nor log segments found. Creating new log.
I20260630 12:27:12.123097 10882 tablet_bootstrap.cc:492] T 778d68bf0a8d4955a5dad5388d536d71 P 003e24f024a64a3dacf4154e97652c4a: No bootstrap required, opened a new log
I20260630 12:27:12.123598 10882 ts_tablet_manager.cc:1403] T 778d68bf0a8d4955a5dad5388d536d71 P 003e24f024a64a3dacf4154e97652c4a: Time spent bootstrapping tablet: real 0.016s	user 0.013s	sys 0.001s
I20260630 12:27:12.126330 10882 raft_consensus.cc:359] T 778d68bf0a8d4955a5dad5388d536d71 P 003e24f024a64a3dacf4154e97652c4a [term 0 FOLLOWER]: Replica starting. Triggering 0 pending ops. Active config: opid_index: -1 OBSOLETE_local: false peers { permanent_uuid: "92338f378b744975a071b84daaba2202" member_type: VOTER last_known_addr { host: "127.7.92.131" port: 42287 } } peers { permanent_uuid: "003e24f024a64a3dacf4154e97652c4a" member_type: VOTER last_known_addr { host: "127.7.92.132" port: 36035 } } peers { permanent_uuid: "ceeebdd6c2424ad4a0b98893db576b82" member_type: VOTER last_known_addr { host: "127.7.92.129" port: 35483 } }
I20260630 12:27:12.127061 10882 raft_consensus.cc:385] T 778d68bf0a8d4955a5dad5388d536d71 P 003e24f024a64a3dacf4154e97652c4a [term 0 FOLLOWER]: Consensus starting up: Expiring failure detector timer to make a prompt election more likely
I20260630 12:27:12.127348 10882 raft_consensus.cc:740] T 778d68bf0a8d4955a5dad5388d536d71 P 003e24f024a64a3dacf4154e97652c4a [term 0 FOLLOWER]: Becoming Follower/Learner. State: Replica: 003e24f024a64a3dacf4154e97652c4a, State: Initialized, Role: FOLLOWER
I20260630 12:27:12.128129 10882 consensus_queue.cc:260] T 778d68bf0a8d4955a5dad5388d536d71 P 003e24f024a64a3dacf4154e97652c4a [NON_LEADER]: Queue going to NON_LEADER mode. State: All replicated index: 0, Majority replicated index: 0, Committed index: 0, Last appended: 0.0, Last appended by leader: 0, Current term: 0, Majority size: -1, State: 0, Mode: NON_LEADER, active raft config: opid_index: -1 OBSOLETE_local: false peers { permanent_uuid: "92338f378b744975a071b84daaba2202" member_type: VOTER last_known_addr { host: "127.7.92.131" port: 42287 } } peers { permanent_uuid: "003e24f024a64a3dacf4154e97652c4a" member_type: VOTER last_known_addr { host: "127.7.92.132" port: 36035 } } peers { permanent_uuid: "ceeebdd6c2424ad4a0b98893db576b82" member_type: VOTER last_known_addr { host: "127.7.92.129" port: 35483 } }
I20260630 12:27:12.130245 10882 ts_tablet_manager.cc:1434] T 778d68bf0a8d4955a5dad5388d536d71 P 003e24f024a64a3dacf4154e97652c4a: Time spent starting tablet: real 0.006s	user 0.000s	sys 0.004s
I20260630 12:27:12.131287 10882 tablet_bootstrap.cc:492] T 6c946108646b4800a74f62f370e91f7d P 003e24f024a64a3dacf4154e97652c4a: Bootstrap starting.
I20260630 12:27:12.137326 10882 tablet_bootstrap.cc:654] T 6c946108646b4800a74f62f370e91f7d P 003e24f024a64a3dacf4154e97652c4a: Neither blocks nor log segments found. Creating new log.
I20260630 12:27:12.143493 10882 tablet_bootstrap.cc:492] T 6c946108646b4800a74f62f370e91f7d P 003e24f024a64a3dacf4154e97652c4a: No bootstrap required, opened a new log
I20260630 12:27:12.144073 10882 ts_tablet_manager.cc:1403] T 6c946108646b4800a74f62f370e91f7d P 003e24f024a64a3dacf4154e97652c4a: Time spent bootstrapping tablet: real 0.013s	user 0.006s	sys 0.005s
I20260630 12:27:12.146966 10882 raft_consensus.cc:359] T 6c946108646b4800a74f62f370e91f7d P 003e24f024a64a3dacf4154e97652c4a [term 0 FOLLOWER]: Replica starting. Triggering 0 pending ops. Active config: opid_index: -1 OBSOLETE_local: false peers { permanent_uuid: "003e24f024a64a3dacf4154e97652c4a" member_type: VOTER last_known_addr { host: "127.7.92.132" port: 36035 } } peers { permanent_uuid: "92338f378b744975a071b84daaba2202" member_type: VOTER last_known_addr { host: "127.7.92.131" port: 42287 } } peers { permanent_uuid: "5c28144dd01a4720b6876d41312a8f8d" member_type: VOTER last_known_addr { host: "127.7.92.130" port: 41955 } }
I20260630 12:27:12.147687 10882 raft_consensus.cc:385] T 6c946108646b4800a74f62f370e91f7d P 003e24f024a64a3dacf4154e97652c4a [term 0 FOLLOWER]: Consensus starting up: Expiring failure detector timer to make a prompt election more likely
I20260630 12:27:12.147993 10882 raft_consensus.cc:740] T 6c946108646b4800a74f62f370e91f7d P 003e24f024a64a3dacf4154e97652c4a [term 0 FOLLOWER]: Becoming Follower/Learner. State: Replica: 003e24f024a64a3dacf4154e97652c4a, State: Initialized, Role: FOLLOWER
I20260630 12:27:12.148665 10882 consensus_queue.cc:260] T 6c946108646b4800a74f62f370e91f7d P 003e24f024a64a3dacf4154e97652c4a [NON_LEADER]: Queue going to NON_LEADER mode. State: All replicated index: 0, Majority replicated index: 0, Committed index: 0, Last appended: 0.0, Last appended by leader: 0, Current term: 0, Majority size: -1, State: 0, Mode: NON_LEADER, active raft config: opid_index: -1 OBSOLETE_local: false peers { permanent_uuid: "003e24f024a64a3dacf4154e97652c4a" member_type: VOTER last_known_addr { host: "127.7.92.132" port: 36035 } } peers { permanent_uuid: "92338f378b744975a071b84daaba2202" member_type: VOTER last_known_addr { host: "127.7.92.131" port: 42287 } } peers { permanent_uuid: "5c28144dd01a4720b6876d41312a8f8d" member_type: VOTER last_known_addr { host: "127.7.92.130" port: 41955 } }
I20260630 12:27:12.150861 10882 ts_tablet_manager.cc:1434] T 6c946108646b4800a74f62f370e91f7d P 003e24f024a64a3dacf4154e97652c4a: Time spent starting tablet: real 0.006s	user 0.008s	sys 0.000s
I20260630 12:27:12.151969 10882 tablet_bootstrap.cc:492] T e06bcb7c73ba4d44b4bc37d5c3ac03b7 P 003e24f024a64a3dacf4154e97652c4a: Bootstrap starting.
I20260630 12:27:12.158504 10882 tablet_bootstrap.cc:654] T e06bcb7c73ba4d44b4bc37d5c3ac03b7 P 003e24f024a64a3dacf4154e97652c4a: Neither blocks nor log segments found. Creating new log.
I20260630 12:27:12.165405 10882 tablet_bootstrap.cc:492] T e06bcb7c73ba4d44b4bc37d5c3ac03b7 P 003e24f024a64a3dacf4154e97652c4a: No bootstrap required, opened a new log
I20260630 12:27:12.165923 10882 ts_tablet_manager.cc:1403] T e06bcb7c73ba4d44b4bc37d5c3ac03b7 P 003e24f024a64a3dacf4154e97652c4a: Time spent bootstrapping tablet: real 0.014s	user 0.011s	sys 0.000s
I20260630 12:27:12.168766 10882 raft_consensus.cc:359] T e06bcb7c73ba4d44b4bc37d5c3ac03b7 P 003e24f024a64a3dacf4154e97652c4a [term 0 FOLLOWER]: Replica starting. Triggering 0 pending ops. Active config: opid_index: -1 OBSOLETE_local: false peers { permanent_uuid: "003e24f024a64a3dacf4154e97652c4a" member_type: VOTER last_known_addr { host: "127.7.92.132" port: 36035 } } peers { permanent_uuid: "5c28144dd01a4720b6876d41312a8f8d" member_type: VOTER last_known_addr { host: "127.7.92.130" port: 41955 } } peers { permanent_uuid: "ceeebdd6c2424ad4a0b98893db576b82" member_type: VOTER last_known_addr { host: "127.7.92.129" port: 35483 } }
I20260630 12:27:12.169490 10882 raft_consensus.cc:385] T e06bcb7c73ba4d44b4bc37d5c3ac03b7 P 003e24f024a64a3dacf4154e97652c4a [term 0 FOLLOWER]: Consensus starting up: Expiring failure detector timer to make a prompt election more likely
I20260630 12:27:12.169791 10882 raft_consensus.cc:740] T e06bcb7c73ba4d44b4bc37d5c3ac03b7 P 003e24f024a64a3dacf4154e97652c4a [term 0 FOLLOWER]: Becoming Follower/Learner. State: Replica: 003e24f024a64a3dacf4154e97652c4a, State: Initialized, Role: FOLLOWER
I20260630 12:27:12.170544 10882 consensus_queue.cc:260] T e06bcb7c73ba4d44b4bc37d5c3ac03b7 P 003e24f024a64a3dacf4154e97652c4a [NON_LEADER]: Queue going to NON_LEADER mode. State: All replicated index: 0, Majority replicated index: 0, Committed index: 0, Last appended: 0.0, Last appended by leader: 0, Current term: 0, Majority size: -1, State: 0, Mode: NON_LEADER, active raft config: opid_index: -1 OBSOLETE_local: false peers { permanent_uuid: "003e24f024a64a3dacf4154e97652c4a" member_type: VOTER last_known_addr { host: "127.7.92.132" port: 36035 } } peers { permanent_uuid: "5c28144dd01a4720b6876d41312a8f8d" member_type: VOTER last_known_addr { host: "127.7.92.130" port: 41955 } } peers { permanent_uuid: "ceeebdd6c2424ad4a0b98893db576b82" member_type: VOTER last_known_addr { host: "127.7.92.129" port: 35483 } }
I20260630 12:27:12.172713 10882 ts_tablet_manager.cc:1434] T e06bcb7c73ba4d44b4bc37d5c3ac03b7 P 003e24f024a64a3dacf4154e97652c4a: Time spent starting tablet: real 0.006s	user 0.004s	sys 0.003s
I20260630 12:27:12.173694 10882 tablet_bootstrap.cc:492] T 8527bf67c3434fa5b9636c77fd5cf889 P 003e24f024a64a3dacf4154e97652c4a: Bootstrap starting.
I20260630 12:27:12.180238 10882 tablet_bootstrap.cc:654] T 8527bf67c3434fa5b9636c77fd5cf889 P 003e24f024a64a3dacf4154e97652c4a: Neither blocks nor log segments found. Creating new log.
I20260630 12:27:12.193511 10882 tablet_bootstrap.cc:492] T 8527bf67c3434fa5b9636c77fd5cf889 P 003e24f024a64a3dacf4154e97652c4a: No bootstrap required, opened a new log
I20260630 12:27:12.194180 10882 ts_tablet_manager.cc:1403] T 8527bf67c3434fa5b9636c77fd5cf889 P 003e24f024a64a3dacf4154e97652c4a: Time spent bootstrapping tablet: real 0.021s	user 0.010s	sys 0.009s
I20260630 12:27:12.198117 10882 raft_consensus.cc:359] T 8527bf67c3434fa5b9636c77fd5cf889 P 003e24f024a64a3dacf4154e97652c4a [term 0 FOLLOWER]: Replica starting. Triggering 0 pending ops. Active config: opid_index: -1 OBSOLETE_local: false peers { permanent_uuid: "003e24f024a64a3dacf4154e97652c4a" member_type: VOTER last_known_addr { host: "127.7.92.132" port: 36035 } } peers { permanent_uuid: "92338f378b744975a071b84daaba2202" member_type: VOTER last_known_addr { host: "127.7.92.131" port: 42287 } } peers { permanent_uuid: "5c28144dd01a4720b6876d41312a8f8d" member_type: VOTER last_known_addr { host: "127.7.92.130" port: 41955 } }
I20260630 12:27:12.199043 10882 raft_consensus.cc:385] T 8527bf67c3434fa5b9636c77fd5cf889 P 003e24f024a64a3dacf4154e97652c4a [term 0 FOLLOWER]: Consensus starting up: Expiring failure detector timer to make a prompt election more likely
I20260630 12:27:12.199354 10882 raft_consensus.cc:740] T 8527bf67c3434fa5b9636c77fd5cf889 P 003e24f024a64a3dacf4154e97652c4a [term 0 FOLLOWER]: Becoming Follower/Learner. State: Replica: 003e24f024a64a3dacf4154e97652c4a, State: Initialized, Role: FOLLOWER
I20260630 12:27:12.200160 10882 consensus_queue.cc:260] T 8527bf67c3434fa5b9636c77fd5cf889 P 003e24f024a64a3dacf4154e97652c4a [NON_LEADER]: Queue going to NON_LEADER mode. State: All replicated index: 0, Majority replicated index: 0, Committed index: 0, Last appended: 0.0, Last appended by leader: 0, Current term: 0, Majority size: -1, State: 0, Mode: NON_LEADER, active raft config: opid_index: -1 OBSOLETE_local: false peers { permanent_uuid: "003e24f024a64a3dacf4154e97652c4a" member_type: VOTER last_known_addr { host: "127.7.92.132" port: 36035 } } peers { permanent_uuid: "92338f378b744975a071b84daaba2202" member_type: VOTER last_known_addr { host: "127.7.92.131" port: 42287 } } peers { permanent_uuid: "5c28144dd01a4720b6876d41312a8f8d" member_type: VOTER last_known_addr { host: "127.7.92.130" port: 41955 } }
I20260630 12:27:12.202697 10882 ts_tablet_manager.cc:1434] T 8527bf67c3434fa5b9636c77fd5cf889 P 003e24f024a64a3dacf4154e97652c4a: Time spent starting tablet: real 0.008s	user 0.008s	sys 0.000s
I20260630 12:27:12.210788 10879 tablet_bootstrap.cc:492] T 8527bf67c3434fa5b9636c77fd5cf889 P 5c28144dd01a4720b6876d41312a8f8d: Bootstrap starting.
I20260630 12:27:12.222609 10879 tablet_bootstrap.cc:654] T 8527bf67c3434fa5b9636c77fd5cf889 P 5c28144dd01a4720b6876d41312a8f8d: Neither blocks nor log segments found. Creating new log.
I20260630 12:27:12.229489 10879 tablet_bootstrap.cc:492] T 8527bf67c3434fa5b9636c77fd5cf889 P 5c28144dd01a4720b6876d41312a8f8d: No bootstrap required, opened a new log
I20260630 12:27:12.230129 10879 ts_tablet_manager.cc:1403] T 8527bf67c3434fa5b9636c77fd5cf889 P 5c28144dd01a4720b6876d41312a8f8d: Time spent bootstrapping tablet: real 0.020s	user 0.008s	sys 0.004s
I20260630 12:27:12.233402 10879 raft_consensus.cc:359] T 8527bf67c3434fa5b9636c77fd5cf889 P 5c28144dd01a4720b6876d41312a8f8d [term 0 FOLLOWER]: Replica starting. Triggering 0 pending ops. Active config: opid_index: -1 OBSOLETE_local: false peers { permanent_uuid: "003e24f024a64a3dacf4154e97652c4a" member_type: VOTER last_known_addr { host: "127.7.92.132" port: 36035 } } peers { permanent_uuid: "92338f378b744975a071b84daaba2202" member_type: VOTER last_known_addr { host: "127.7.92.131" port: 42287 } } peers { permanent_uuid: "5c28144dd01a4720b6876d41312a8f8d" member_type: VOTER last_known_addr { host: "127.7.92.130" port: 41955 } }
I20260630 12:27:12.234266 10879 raft_consensus.cc:385] T 8527bf67c3434fa5b9636c77fd5cf889 P 5c28144dd01a4720b6876d41312a8f8d [term 0 FOLLOWER]: Consensus starting up: Expiring failure detector timer to make a prompt election more likely
I20260630 12:27:12.234623 10879 raft_consensus.cc:740] T 8527bf67c3434fa5b9636c77fd5cf889 P 5c28144dd01a4720b6876d41312a8f8d [term 0 FOLLOWER]: Becoming Follower/Learner. State: Replica: 5c28144dd01a4720b6876d41312a8f8d, State: Initialized, Role: FOLLOWER
I20260630 12:27:12.235466 10879 consensus_queue.cc:260] T 8527bf67c3434fa5b9636c77fd5cf889 P 5c28144dd01a4720b6876d41312a8f8d [NON_LEADER]: Queue going to NON_LEADER mode. State: All replicated index: 0, Majority replicated index: 0, Committed index: 0, Last appended: 0.0, Last appended by leader: 0, Current term: 0, Majority size: -1, State: 0, Mode: NON_LEADER, active raft config: opid_index: -1 OBSOLETE_local: false peers { permanent_uuid: "003e24f024a64a3dacf4154e97652c4a" member_type: VOTER last_known_addr { host: "127.7.92.132" port: 36035 } } peers { permanent_uuid: "92338f378b744975a071b84daaba2202" member_type: VOTER last_known_addr { host: "127.7.92.131" port: 42287 } } peers { permanent_uuid: "5c28144dd01a4720b6876d41312a8f8d" member_type: VOTER last_known_addr { host: "127.7.92.130" port: 41955 } }
I20260630 12:27:12.237690 10879 ts_tablet_manager.cc:1434] T 8527bf67c3434fa5b9636c77fd5cf889 P 5c28144dd01a4720b6876d41312a8f8d: Time spent starting tablet: real 0.007s	user 0.004s	sys 0.000s
I20260630 12:27:12.238752 10879 tablet_bootstrap.cc:492] T 0faa521f6fa342968af8ea46aa1f15db P 5c28144dd01a4720b6876d41312a8f8d: Bootstrap starting.
I20260630 12:27:12.246605 10879 tablet_bootstrap.cc:654] T 0faa521f6fa342968af8ea46aa1f15db P 5c28144dd01a4720b6876d41312a8f8d: Neither blocks nor log segments found. Creating new log.
W20260630 12:27:12.398319 10507 outbound_call.cc:321] RPC callback for RPC call kudu.consensus.ConsensusService.UpdateConsensus -> {remote=127.7.92.131:42287, user_credentials={real_user=slave}} blocked reactor thread for 565243us
I20260630 12:27:12.399166 10826 tablet_service.cc:1511] Processing CreateTablet for tablet 0faa521f6fa342968af8ea46aa1f15db (DEFAULT_TABLE table=range_aware_rebalance_new_range [id=2ede8a567c584296b72034c9c2b8a30d]), partition=HASH (key) PARTITION 6, RANGE (key) PARTITION 10 <= VALUES < 20
I20260630 12:27:12.400725 10826 data_dirs.cc:400] Could only allocate 1 dirs of requested 3 for tablet 0faa521f6fa342968af8ea46aa1f15db. 1 dirs total, 0 dirs full, 0 dirs failed
I20260630 12:27:12.400358 10743 consensus_queue.cc:1048] T 06fd6403de204f5c91f50338c2ccab5d P ceeebdd6c2424ad4a0b98893db576b82 [LEADER]: Connected to new peer: Peer: permanent_uuid: "92338f378b744975a071b84daaba2202" member_type: VOTER last_known_addr { host: "127.7.92.131" port: 42287 }, Status: LMP_MISMATCH, Last received: 0.0, Next index: 1, Last known committed idx: 0, Time since last communication: 0.001s
I20260630 12:27:12.404112 10893 raft_consensus.cc:493] T 778d68bf0a8d4955a5dad5388d536d71 P 92338f378b744975a071b84daaba2202 [term 0 FOLLOWER]: Starting pre-election (no leader contacted us within the election timeout)
I20260630 12:27:12.404594 10893 raft_consensus.cc:515] T 778d68bf0a8d4955a5dad5388d536d71 P 92338f378b744975a071b84daaba2202 [term 0 FOLLOWER]: Starting pre-election with config: opid_index: -1 OBSOLETE_local: false peers { permanent_uuid: "92338f378b744975a071b84daaba2202" member_type: VOTER last_known_addr { host: "127.7.92.131" port: 42287 } } peers { permanent_uuid: "003e24f024a64a3dacf4154e97652c4a" member_type: VOTER last_known_addr { host: "127.7.92.132" port: 36035 } } peers { permanent_uuid: "ceeebdd6c2424ad4a0b98893db576b82" member_type: VOTER last_known_addr { host: "127.7.92.129" port: 35483 } }
I20260630 12:27:12.407411 10893 leader_election.cc:290] T 778d68bf0a8d4955a5dad5388d536d71 P 92338f378b744975a071b84daaba2202 [CANDIDATE]: Term 1 pre-election: Requested pre-vote from peers 003e24f024a64a3dacf4154e97652c4a (127.7.92.132:36035), ceeebdd6c2424ad4a0b98893db576b82 (127.7.92.129:35483)
I20260630 12:27:12.408478 10541 tablet_service.cc:1917] Received RequestConsensusVote() RPC: tablet_id: "778d68bf0a8d4955a5dad5388d536d71" candidate_uuid: "92338f378b744975a071b84daaba2202" candidate_term: 1 candidate_status { last_received { term: 0 index: 0 } } ignore_live_leader: false dest_uuid: "ceeebdd6c2424ad4a0b98893db576b82" is_pre_election: true
I20260630 12:27:12.408742 10774 consensus_queue.cc:1048] T 06fd6403de204f5c91f50338c2ccab5d P ceeebdd6c2424ad4a0b98893db576b82 [LEADER]: Connected to new peer: Peer: permanent_uuid: "5c28144dd01a4720b6876d41312a8f8d" member_type: VOTER last_known_addr { host: "127.7.92.130" port: 41955 }, Status: LMP_MISMATCH, Last received: 0.0, Next index: 1, Last known committed idx: 0, Time since last communication: 0.001s
W20260630 12:27:12.409930 10657 leader_election.cc:343] T 778d68bf0a8d4955a5dad5388d536d71 P 92338f378b744975a071b84daaba2202 [CANDIDATE]: Term 1 pre-election: Tablet error from VoteRequest() call to peer ceeebdd6c2424ad4a0b98893db576b82 (127.7.92.129:35483): Illegal state: must be running to vote when last-logged opid is not known
I20260630 12:27:12.410687 10879 tablet_bootstrap.cc:492] T 0faa521f6fa342968af8ea46aa1f15db P 5c28144dd01a4720b6876d41312a8f8d: No bootstrap required, opened a new log
I20260630 12:27:12.411482 10879 ts_tablet_manager.cc:1403] T 0faa521f6fa342968af8ea46aa1f15db P 5c28144dd01a4720b6876d41312a8f8d: Time spent bootstrapping tablet: real 0.173s	user 0.048s	sys 0.053s
I20260630 12:27:12.414865 10879 raft_consensus.cc:359] T 0faa521f6fa342968af8ea46aa1f15db P 5c28144dd01a4720b6876d41312a8f8d [term 0 FOLLOWER]: Replica starting. Triggering 0 pending ops. Active config: opid_index: -1 OBSOLETE_local: false peers { permanent_uuid: "003e24f024a64a3dacf4154e97652c4a" member_type: VOTER last_known_addr { host: "127.7.92.132" port: 36035 } } peers { permanent_uuid: "5c28144dd01a4720b6876d41312a8f8d" member_type: VOTER last_known_addr { host: "127.7.92.130" port: 41955 } } peers { permanent_uuid: "ceeebdd6c2424ad4a0b98893db576b82" member_type: VOTER last_known_addr { host: "127.7.92.129" port: 35483 } }
I20260630 12:27:12.415598 10879 raft_consensus.cc:385] T 0faa521f6fa342968af8ea46aa1f15db P 5c28144dd01a4720b6876d41312a8f8d [term 0 FOLLOWER]: Consensus starting up: Expiring failure detector timer to make a prompt election more likely
I20260630 12:27:12.415942 10879 raft_consensus.cc:740] T 0faa521f6fa342968af8ea46aa1f15db P 5c28144dd01a4720b6876d41312a8f8d [term 0 FOLLOWER]: Becoming Follower/Learner. State: Replica: 5c28144dd01a4720b6876d41312a8f8d, State: Initialized, Role: FOLLOWER
I20260630 12:27:12.416918 10879 consensus_queue.cc:260] T 0faa521f6fa342968af8ea46aa1f15db P 5c28144dd01a4720b6876d41312a8f8d [NON_LEADER]: Queue going to NON_LEADER mode. State: All replicated index: 0, Majority replicated index: 0, Committed index: 0, Last appended: 0.0, Last appended by leader: 0, Current term: 0, Majority size: -1, State: 0, Mode: NON_LEADER, active raft config: opid_index: -1 OBSOLETE_local: false peers { permanent_uuid: "003e24f024a64a3dacf4154e97652c4a" member_type: VOTER last_known_addr { host: "127.7.92.132" port: 36035 } } peers { permanent_uuid: "5c28144dd01a4720b6876d41312a8f8d" member_type: VOTER last_known_addr { host: "127.7.92.130" port: 41955 } } peers { permanent_uuid: "ceeebdd6c2424ad4a0b98893db576b82" member_type: VOTER last_known_addr { host: "127.7.92.129" port: 35483 } }
I20260630 12:27:12.423380 10879 ts_tablet_manager.cc:1434] T 0faa521f6fa342968af8ea46aa1f15db P 5c28144dd01a4720b6876d41312a8f8d: Time spent starting tablet: real 0.012s	user 0.008s	sys 0.000s
I20260630 12:27:12.430547 10743 consensus_queue.cc:1048] T 8be39e60e4314ff8b5d526a1ede61823 P ceeebdd6c2424ad4a0b98893db576b82 [LEADER]: Connected to new peer: Peer: permanent_uuid: "5c28144dd01a4720b6876d41312a8f8d" member_type: VOTER last_known_addr { host: "127.7.92.130" port: 41955 }, Status: LMP_MISMATCH, Last received: 0.0, Next index: 1, Last known committed idx: 0, Time since last communication: 0.001s
I20260630 12:27:12.443475 10874 tablet_bootstrap.cc:492] T 782c27e45e984815b9563a4a7c580e28 P ceeebdd6c2424ad4a0b98893db576b82: No bootstrap required, opened a new log
I20260630 12:27:12.444105 10874 ts_tablet_manager.cc:1403] T 782c27e45e984815b9563a4a7c580e28 P ceeebdd6c2424ad4a0b98893db576b82: Time spent bootstrapping tablet: real 0.633s	user 0.026s	sys 0.011s
I20260630 12:27:12.448128 10525 tablet_service.cc:1511] Processing CreateTablet for tablet 0faa521f6fa342968af8ea46aa1f15db (DEFAULT_TABLE table=range_aware_rebalance_new_range [id=2ede8a567c584296b72034c9c2b8a30d]), partition=HASH (key) PARTITION 6, RANGE (key) PARTITION 10 <= VALUES < 20
I20260630 12:27:12.452251 10525 data_dirs.cc:400] Could only allocate 1 dirs of requested 3 for tablet 0faa521f6fa342968af8ea46aa1f15db. 1 dirs total, 0 dirs full, 0 dirs failed
I20260630 12:27:12.450604 10874 raft_consensus.cc:359] T 782c27e45e984815b9563a4a7c580e28 P ceeebdd6c2424ad4a0b98893db576b82 [term 0 FOLLOWER]: Replica starting. Triggering 0 pending ops. Active config: opid_index: -1 OBSOLETE_local: false peers { permanent_uuid: "003e24f024a64a3dacf4154e97652c4a" member_type: VOTER last_known_addr { host: "127.7.92.132" port: 36035 } } peers { permanent_uuid: "5c28144dd01a4720b6876d41312a8f8d" member_type: VOTER last_known_addr { host: "127.7.92.130" port: 41955 } } peers { permanent_uuid: "ceeebdd6c2424ad4a0b98893db576b82" member_type: VOTER last_known_addr { host: "127.7.92.129" port: 35483 } }
I20260630 12:27:12.453451 10874 raft_consensus.cc:385] T 782c27e45e984815b9563a4a7c580e28 P ceeebdd6c2424ad4a0b98893db576b82 [term 0 FOLLOWER]: Consensus starting up: Expiring failure detector timer to make a prompt election more likely
I20260630 12:27:12.454625 10743 consensus_queue.cc:1048] T 79d0621bc6d34cfeab8e41cdcc651712 P ceeebdd6c2424ad4a0b98893db576b82 [LEADER]: Connected to new peer: Peer: permanent_uuid: "5c28144dd01a4720b6876d41312a8f8d" member_type: VOTER last_known_addr { host: "127.7.92.130" port: 41955 }, Status: LMP_MISMATCH, Last received: 0.0, Next index: 1, Last known committed idx: 0, Time since last communication: 0.000s
I20260630 12:27:12.458817 10743 consensus_queue.cc:1048] T 8be39e60e4314ff8b5d526a1ede61823 P ceeebdd6c2424ad4a0b98893db576b82 [LEADER]: Connected to new peer: Peer: permanent_uuid: "92338f378b744975a071b84daaba2202" member_type: VOTER last_known_addr { host: "127.7.92.131" port: 42287 }, Status: LMP_MISMATCH, Last received: 0.0, Next index: 1, Last known committed idx: 0, Time since last communication: 0.000s
I20260630 12:27:12.459543 10773 consensus_queue.cc:1048] T 79d0621bc6d34cfeab8e41cdcc651712 P ceeebdd6c2424ad4a0b98893db576b82 [LEADER]: Connected to new peer: Peer: permanent_uuid: "92338f378b744975a071b84daaba2202" member_type: VOTER last_known_addr { host: "127.7.92.131" port: 42287 }, Status: LMP_MISMATCH, Last received: 0.0, Next index: 1, Last known committed idx: 0, Time since last communication: 0.000s
I20260630 12:27:12.463647 10874 raft_consensus.cc:740] T 782c27e45e984815b9563a4a7c580e28 P ceeebdd6c2424ad4a0b98893db576b82 [term 0 FOLLOWER]: Becoming Follower/Learner. State: Replica: ceeebdd6c2424ad4a0b98893db576b82, State: Initialized, Role: FOLLOWER
I20260630 12:27:12.464830 10874 consensus_queue.cc:260] T 782c27e45e984815b9563a4a7c580e28 P ceeebdd6c2424ad4a0b98893db576b82 [NON_LEADER]: Queue going to NON_LEADER mode. State: All replicated index: 0, Majority replicated index: 0, Committed index: 0, Last appended: 0.0, Last appended by leader: 0, Current term: 0, Majority size: -1, State: 0, Mode: NON_LEADER, active raft config: opid_index: -1 OBSOLETE_local: false peers { permanent_uuid: "003e24f024a64a3dacf4154e97652c4a" member_type: VOTER last_known_addr { host: "127.7.92.132" port: 36035 } } peers { permanent_uuid: "5c28144dd01a4720b6876d41312a8f8d" member_type: VOTER last_known_addr { host: "127.7.92.130" port: 41955 } } peers { permanent_uuid: "ceeebdd6c2424ad4a0b98893db576b82" member_type: VOTER last_known_addr { host: "127.7.92.129" port: 35483 } }
I20260630 12:27:12.465601 10736 tablet_bootstrap.cc:654] T 2aba907804f244b390bd0460ad1f158f P 92338f378b744975a071b84daaba2202: Neither blocks nor log segments found. Creating new log.
I20260630 12:27:12.469806 10874 ts_tablet_manager.cc:1434] T 782c27e45e984815b9563a4a7c580e28 P ceeebdd6c2424ad4a0b98893db576b82: Time spent starting tablet: real 0.025s	user 0.003s	sys 0.006s
I20260630 12:27:12.472602 10874 tablet_bootstrap.cc:492] T 778d68bf0a8d4955a5dad5388d536d71 P ceeebdd6c2424ad4a0b98893db576b82: Bootstrap starting.
I20260630 12:27:12.484496 10779 raft_consensus.cc:493] T 0faa521f6fa342968af8ea46aa1f15db P 5c28144dd01a4720b6876d41312a8f8d [term 0 FOLLOWER]: Starting pre-election (no leader contacted us within the election timeout)
I20260630 12:27:12.485213 10874 tablet_bootstrap.cc:654] T 778d68bf0a8d4955a5dad5388d536d71 P ceeebdd6c2424ad4a0b98893db576b82: Neither blocks nor log segments found. Creating new log.
I20260630 12:27:12.485199 10779 raft_consensus.cc:515] T 0faa521f6fa342968af8ea46aa1f15db P 5c28144dd01a4720b6876d41312a8f8d [term 0 FOLLOWER]: Starting pre-election with config: opid_index: -1 OBSOLETE_local: false peers { permanent_uuid: "003e24f024a64a3dacf4154e97652c4a" member_type: VOTER last_known_addr { host: "127.7.92.132" port: 36035 } } peers { permanent_uuid: "5c28144dd01a4720b6876d41312a8f8d" member_type: VOTER last_known_addr { host: "127.7.92.130" port: 41955 } } peers { permanent_uuid: "ceeebdd6c2424ad4a0b98893db576b82" member_type: VOTER last_known_addr { host: "127.7.92.129" port: 35483 } }
I20260630 12:27:12.501669 10779 leader_election.cc:290] T 0faa521f6fa342968af8ea46aa1f15db P 5c28144dd01a4720b6876d41312a8f8d [CANDIDATE]: Term 1 pre-election: Requested pre-vote from peers 003e24f024a64a3dacf4154e97652c4a (127.7.92.132:36035), ceeebdd6c2424ad4a0b98893db576b82 (127.7.92.129:35483)
I20260630 12:27:12.532305 10541 tablet_service.cc:1917] Received RequestConsensusVote() RPC: tablet_id: "0faa521f6fa342968af8ea46aa1f15db" candidate_uuid: "5c28144dd01a4720b6876d41312a8f8d" candidate_term: 1 candidate_status { last_received { term: 0 index: 0 } } ignore_live_leader: false dest_uuid: "ceeebdd6c2424ad4a0b98893db576b82" is_pre_election: true
W20260630 12:27:12.535421 10583 leader_election.cc:343] T 0faa521f6fa342968af8ea46aa1f15db P 5c28144dd01a4720b6876d41312a8f8d [CANDIDATE]: Term 1 pre-election: Tablet error from VoteRequest() call to peer ceeebdd6c2424ad4a0b98893db576b82 (127.7.92.129:35483): Illegal state: must be running to vote when last-logged opid is not known
I20260630 12:27:12.562158 10866 heartbeater.cc:499] Master 127.7.92.190:45753 was elected leader, sending a full tablet report...
I20260630 12:27:12.576829 10526 tablet_service.cc:1511] Processing CreateTablet for tablet 2b2c2304d6b542a293e0705b0d4e453a (DEFAULT_TABLE table=range_aware_rebalance_new_range [id=2ede8a567c584296b72034c9c2b8a30d]), partition=HASH (key) PARTITION 7, RANGE (key) PARTITION 10 <= VALUES < 20
W20260630 12:27:12.622651 10488 auto_rebalancer.cc:298] Could not retrieve cluster info: Service unavailable: Tablet not running
I20260630 12:27:12.633232 10828 tablet_service.cc:1511] Processing CreateTablet for tablet 2b2c2304d6b542a293e0705b0d4e453a (DEFAULT_TABLE table=range_aware_rebalance_new_range [id=2ede8a567c584296b72034c9c2b8a30d]), partition=HASH (key) PARTITION 7, RANGE (key) PARTITION 10 <= VALUES < 20
I20260630 12:27:12.642441 10828 data_dirs.cc:400] Could only allocate 1 dirs of requested 3 for tablet 2b2c2304d6b542a293e0705b0d4e453a. 1 dirs total, 0 dirs full, 0 dirs failed
I20260630 12:27:12.646302 10526 data_dirs.cc:400] Could only allocate 1 dirs of requested 3 for tablet 2b2c2304d6b542a293e0705b0d4e453a. 1 dirs total, 0 dirs full, 0 dirs failed
W20260630 12:27:12.664625 10424 catalog_manager.cc:4810] Async tablet task AlterTable RPC for tablet 778d68bf0a8d4955a5dad5388d536d71 (table range_aware_rebalance_new_range [id=2ede8a567c584296b72034c9c2b8a30d], current schema version=0) failed: Not found: failed to reset TS proxy: No leader found: Tablet 778d68bf0a8d4955a5dad5388d536d71 consensus state has no leader
I20260630 12:27:12.687636 10779 raft_consensus.cc:493] T 8527bf67c3434fa5b9636c77fd5cf889 P 5c28144dd01a4720b6876d41312a8f8d [term 0 FOLLOWER]: Starting pre-election (no leader contacted us within the election timeout)
I20260630 12:27:12.688500 10779 raft_consensus.cc:515] T 8527bf67c3434fa5b9636c77fd5cf889 P 5c28144dd01a4720b6876d41312a8f8d [term 0 FOLLOWER]: Starting pre-election with config: opid_index: -1 OBSOLETE_local: false peers { permanent_uuid: "003e24f024a64a3dacf4154e97652c4a" member_type: VOTER last_known_addr { host: "127.7.92.132" port: 36035 } } peers { permanent_uuid: "92338f378b744975a071b84daaba2202" member_type: VOTER last_known_addr { host: "127.7.92.131" port: 42287 } } peers { permanent_uuid: "5c28144dd01a4720b6876d41312a8f8d" member_type: VOTER last_known_addr { host: "127.7.92.130" port: 41955 } }
I20260630 12:27:12.693570 10779 leader_election.cc:290] T 8527bf67c3434fa5b9636c77fd5cf889 P 5c28144dd01a4720b6876d41312a8f8d [CANDIDATE]: Term 1 pre-election: Requested pre-vote from peers 003e24f024a64a3dacf4154e97652c4a (127.7.92.132:36035), 92338f378b744975a071b84daaba2202 (127.7.92.131:42287)
I20260630 12:27:12.693869 10686 tablet_service.cc:1917] Received RequestConsensusVote() RPC: tablet_id: "8527bf67c3434fa5b9636c77fd5cf889" candidate_uuid: "5c28144dd01a4720b6876d41312a8f8d" candidate_term: 1 candidate_status { last_received { term: 0 index: 0 } } ignore_live_leader: false dest_uuid: "92338f378b744975a071b84daaba2202" is_pre_election: true
W20260630 12:27:12.696115 10582 leader_election.cc:343] T 8527bf67c3434fa5b9636c77fd5cf889 P 5c28144dd01a4720b6876d41312a8f8d [CANDIDATE]: Term 1 pre-election: Tablet error from VoteRequest() call to peer 92338f378b744975a071b84daaba2202 (127.7.92.131:42287): Illegal state: must be running to vote when last-logged opid is not known
I20260630 12:27:12.702821 10886 raft_consensus.cc:493] T 778d68bf0a8d4955a5dad5388d536d71 P 003e24f024a64a3dacf4154e97652c4a [term 0 FOLLOWER]: Starting pre-election (no leader contacted us within the election timeout)
I20260630 12:27:12.703814 10886 raft_consensus.cc:515] T 778d68bf0a8d4955a5dad5388d536d71 P 003e24f024a64a3dacf4154e97652c4a [term 0 FOLLOWER]: Starting pre-election with config: opid_index: -1 OBSOLETE_local: false peers { permanent_uuid: "92338f378b744975a071b84daaba2202" member_type: VOTER last_known_addr { host: "127.7.92.131" port: 42287 } } peers { permanent_uuid: "003e24f024a64a3dacf4154e97652c4a" member_type: VOTER last_known_addr { host: "127.7.92.132" port: 36035 } } peers { permanent_uuid: "ceeebdd6c2424ad4a0b98893db576b82" member_type: VOTER last_known_addr { host: "127.7.92.129" port: 35483 } }
I20260630 12:27:12.717391 10886 leader_election.cc:290] T 778d68bf0a8d4955a5dad5388d536d71 P 003e24f024a64a3dacf4154e97652c4a [CANDIDATE]: Term 1 pre-election: Requested pre-vote from peers 92338f378b744975a071b84daaba2202 (127.7.92.131:42287), ceeebdd6c2424ad4a0b98893db576b82 (127.7.92.129:35483)
W20260630 12:27:12.640341 10678 consensus_meta.cc:287] T 6c946108646b4800a74f62f370e91f7d P 92338f378b744975a071b84daaba2202: Time spent flushing consensus metadata: real 0.724s	user 0.011s	sys 0.005s
I20260630 12:27:12.720530 10678 rpcz_store.cc:275] Call kudu.tserver.TabletServerAdminService.CreateTablet from 127.0.0.1:59386 (request call id 12) took 1008 ms. Trace:
I20260630 12:27:12.785622 10679 tablet_service.cc:1511] Processing CreateTablet for tablet 2b2c2304d6b542a293e0705b0d4e453a (DEFAULT_TABLE table=range_aware_rebalance_new_range [id=2ede8a567c584296b72034c9c2b8a30d]), partition=HASH (key) PARTITION 7, RANGE (key) PARTITION 10 <= VALUES < 20
I20260630 12:27:12.790094 10679 data_dirs.cc:400] Could only allocate 1 dirs of requested 3 for tablet 2b2c2304d6b542a293e0705b0d4e453a. 1 dirs total, 0 dirs full, 0 dirs failed
W20260630 12:27:12.797478 10606 consensus_meta.cc:287] T 6c946108646b4800a74f62f370e91f7d P 5c28144dd01a4720b6876d41312a8f8d: Time spent flushing consensus metadata: real 0.873s	user 0.012s	sys 0.003s
I20260630 12:27:12.721108 10678 rpcz_store.cc:276] 0630 12:27:11.712233 (+     0us) service_pool.cc:167] Inserting onto call queue
0630 12:27:11.714429 (+  2196us) service_pool.cc:224] Handling call
0630 12:27:11.716430 (+  2001us) ts_tablet_manager.cc:669] Acquired tablet manager lock
0630 12:27:11.716548 (+   118us) ts_tablet_manager.cc:682] Creating new metadata...
0630 12:27:11.902089 (+185541us) tablet_metadata.cc:665] Metadata flushed
0630 12:27:12.719642 (+817553us) tablet_replica.cc:206] Creating consensus instance
0630 12:27:12.720432 (+   790us) inbound_call.cc:177] Queueing success response
Metrics: {}
I20260630 12:27:12.807729 10736 tablet_bootstrap.cc:492] T 2aba907804f244b390bd0460ad1f158f P 92338f378b744975a071b84daaba2202: No bootstrap required, opened a new log
I20260630 12:27:12.808326 10736 ts_tablet_manager.cc:1403] T 2aba907804f244b390bd0460ad1f158f P 92338f378b744975a071b84daaba2202: Time spent bootstrapping tablet: real 0.777s	user 0.037s	sys 0.098s
I20260630 12:27:12.810590 10841 tablet_service.cc:1917] Received RequestConsensusVote() RPC: tablet_id: "778d68bf0a8d4955a5dad5388d536d71" candidate_uuid: "92338f378b744975a071b84daaba2202" candidate_term: 1 candidate_status { last_received { term: 0 index: 0 } } ignore_live_leader: false dest_uuid: "003e24f024a64a3dacf4154e97652c4a" is_pre_election: true
I20260630 12:27:12.811441 10841 raft_consensus.cc:2468] T 778d68bf0a8d4955a5dad5388d536d71 P 003e24f024a64a3dacf4154e97652c4a [term 0 FOLLOWER]: Leader pre-election vote request: Granting yes vote for candidate 92338f378b744975a071b84daaba2202 in term 0.
I20260630 12:27:12.813546 10879 tablet_bootstrap.cc:492] T 6c946108646b4800a74f62f370e91f7d P 5c28144dd01a4720b6876d41312a8f8d: Bootstrap starting.
I20260630 12:27:12.813181 10606 rpcz_store.cc:275] Call kudu.tserver.TabletServerAdminService.CreateTablet from 127.0.0.1:51520 (request call id 10) took 1095 ms. Trace:
I20260630 12:27:12.815006 10606 rpcz_store.cc:276] 0630 12:27:11.717940 (+     0us) service_pool.cc:167] Inserting onto call queue
0630 12:27:11.718189 (+   249us) service_pool.cc:224] Handling call
0630 12:27:11.720711 (+  2522us) ts_tablet_manager.cc:669] Acquired tablet manager lock
0630 12:27:11.720834 (+   123us) ts_tablet_manager.cc:682] Creating new metadata...
0630 12:27:11.906174 (+185340us) tablet_metadata.cc:665] Metadata flushed
0630 12:27:12.798246 (+892072us) tablet_replica.cc:206] Creating consensus instance
0630 12:27:12.813098 (+ 14852us) inbound_call.cc:177] Queueing success response
0630 12:27:12.813115 (+    17us) ts_tablet_manager.cc:1379] Bootstrapping tablet
Metrics: {"tablet-open.queue_time_us":126}
I20260630 12:27:12.818517 10886 raft_consensus.cc:493] T 782c27e45e984815b9563a4a7c580e28 P 003e24f024a64a3dacf4154e97652c4a [term 0 FOLLOWER]: Starting pre-election (no leader contacted us within the election timeout)
I20260630 12:27:12.819188 10886 raft_consensus.cc:515] T 782c27e45e984815b9563a4a7c580e28 P 003e24f024a64a3dacf4154e97652c4a [term 0 FOLLOWER]: Starting pre-election with config: opid_index: -1 OBSOLETE_local: false peers { permanent_uuid: "003e24f024a64a3dacf4154e97652c4a" member_type: VOTER last_known_addr { host: "127.7.92.132" port: 36035 } } peers { permanent_uuid: "5c28144dd01a4720b6876d41312a8f8d" member_type: VOTER last_known_addr { host: "127.7.92.130" port: 41955 } } peers { permanent_uuid: "ceeebdd6c2424ad4a0b98893db576b82" member_type: VOTER last_known_addr { host: "127.7.92.129" port: 35483 } }
I20260630 12:27:12.821769 10886 leader_election.cc:290] T 782c27e45e984815b9563a4a7c580e28 P 003e24f024a64a3dacf4154e97652c4a [CANDIDATE]: Term 1 pre-election: Requested pre-vote from peers 5c28144dd01a4720b6876d41312a8f8d (127.7.92.130:41955), ceeebdd6c2424ad4a0b98893db576b82 (127.7.92.129:35483)
I20260630 12:27:12.822285 10879 tablet_bootstrap.cc:654] T 6c946108646b4800a74f62f370e91f7d P 5c28144dd01a4720b6876d41312a8f8d: Neither blocks nor log segments found. Creating new log.
I20260630 12:27:12.825762 10779 raft_consensus.cc:493] T e06bcb7c73ba4d44b4bc37d5c3ac03b7 P 5c28144dd01a4720b6876d41312a8f8d [term 0 FOLLOWER]: Starting pre-election (no leader contacted us within the election timeout)
I20260630 12:27:12.826398 10916 tablet_bootstrap.cc:492] T 0faa521f6fa342968af8ea46aa1f15db P 003e24f024a64a3dacf4154e97652c4a: Bootstrap starting.
I20260630 12:27:12.826439 10779 raft_consensus.cc:515] T e06bcb7c73ba4d44b4bc37d5c3ac03b7 P 5c28144dd01a4720b6876d41312a8f8d [term 0 FOLLOWER]: Starting pre-election with config: opid_index: -1 OBSOLETE_local: false peers { permanent_uuid: "003e24f024a64a3dacf4154e97652c4a" member_type: VOTER last_known_addr { host: "127.7.92.132" port: 36035 } } peers { permanent_uuid: "5c28144dd01a4720b6876d41312a8f8d" member_type: VOTER last_known_addr { host: "127.7.92.130" port: 41955 } } peers { permanent_uuid: "ceeebdd6c2424ad4a0b98893db576b82" member_type: VOTER last_known_addr { host: "127.7.92.129" port: 35483 } }
W20260630 12:27:12.819146 10532 consensus_meta.cc:287] T e06bcb7c73ba4d44b4bc37d5c3ac03b7 P ceeebdd6c2424ad4a0b98893db576b82: Time spent flushing consensus metadata: real 0.959s	user 0.016s	sys 0.004s
I20260630 12:27:12.829373 10654 leader_election.cc:304] T 778d68bf0a8d4955a5dad5388d536d71 P 92338f378b744975a071b84daaba2202 [CANDIDATE]: Term 1 pre-election: Election decided. Result: candidate won. Election summary: received 3 responses out of 3 voters: 2 yes votes; 1 no votes. yes voters: 003e24f024a64a3dacf4154e97652c4a, 92338f378b744975a071b84daaba2202; no voters: ceeebdd6c2424ad4a0b98893db576b82
I20260630 12:27:12.836715 10779 leader_election.cc:290] T e06bcb7c73ba4d44b4bc37d5c3ac03b7 P 5c28144dd01a4720b6876d41312a8f8d [CANDIDATE]: Term 1 pre-election: Requested pre-vote from peers 003e24f024a64a3dacf4154e97652c4a (127.7.92.132:36035), ceeebdd6c2424ad4a0b98893db576b82 (127.7.92.129:35483)
I20260630 12:27:12.849216 10893 raft_consensus.cc:2804] T 778d68bf0a8d4955a5dad5388d536d71 P 92338f378b744975a071b84daaba2202 [term 0 FOLLOWER]: Leader pre-election won for term 1
I20260630 12:27:12.849756 10893 raft_consensus.cc:493] T 778d68bf0a8d4955a5dad5388d536d71 P 92338f378b744975a071b84daaba2202 [term 0 FOLLOWER]: Starting leader election (no leader contacted us within the election timeout)
W20260630 12:27:12.849874 10583 leader_election.cc:343] T e06bcb7c73ba4d44b4bc37d5c3ac03b7 P 5c28144dd01a4720b6876d41312a8f8d [CANDIDATE]: Term 1 pre-election: Tablet error from VoteRequest() call to peer ceeebdd6c2424ad4a0b98893db576b82 (127.7.92.129:35483): Not found: Tablet not found: e06bcb7c73ba4d44b4bc37d5c3ac03b7
I20260630 12:27:12.850148 10893 raft_consensus.cc:3060] T 778d68bf0a8d4955a5dad5388d536d71 P 92338f378b744975a071b84daaba2202 [term 0 FOLLOWER]: Advancing to term 1
I20260630 12:27:12.859477 10532 rpcz_store.cc:275] Call kudu.tserver.TabletServerAdminService.CreateTablet from 127.0.0.1:54370 (request call id 14) took 1087 ms. Trace:
I20260630 12:27:12.859963 10532 rpcz_store.cc:276] 0630 12:27:11.771909 (+     0us) service_pool.cc:167] Inserting onto call queue
0630 12:27:11.773178 (+  1269us) service_pool.cc:224] Handling call
0630 12:27:11.780449 (+  7271us) ts_tablet_manager.cc:669] Acquired tablet manager lock
0630 12:27:11.780549 (+   100us) ts_tablet_manager.cc:682] Creating new metadata...
0630 12:27:11.859547 (+ 78998us) tablet_metadata.cc:665] Metadata flushed
0630 12:27:12.846618 (+987071us) tablet_replica.cc:206] Creating consensus instance
0630 12:27:12.859396 (+ 12778us) inbound_call.cc:177] Queueing success response
Metrics: {}
I20260630 12:27:12.862445 10736 raft_consensus.cc:359] T 2aba907804f244b390bd0460ad1f158f P 92338f378b744975a071b84daaba2202 [term 0 FOLLOWER]: Replica starting. Triggering 0 pending ops. Active config: opid_index: -1 OBSOLETE_local: false peers { permanent_uuid: "ceeebdd6c2424ad4a0b98893db576b82" member_type: VOTER last_known_addr { host: "127.7.92.129" port: 35483 } } peers { permanent_uuid: "92338f378b744975a071b84daaba2202" member_type: VOTER last_known_addr { host: "127.7.92.131" port: 42287 } } peers { permanent_uuid: "003e24f024a64a3dacf4154e97652c4a" member_type: VOTER last_known_addr { host: "127.7.92.132" port: 36035 } }
I20260630 12:27:12.863188 10736 raft_consensus.cc:385] T 2aba907804f244b390bd0460ad1f158f P 92338f378b744975a071b84daaba2202 [term 0 FOLLOWER]: Consensus starting up: Expiring failure detector timer to make a prompt election more likely
I20260630 12:27:12.863447 10736 raft_consensus.cc:740] T 2aba907804f244b390bd0460ad1f158f P 92338f378b744975a071b84daaba2202 [term 0 FOLLOWER]: Becoming Follower/Learner. State: Replica: 92338f378b744975a071b84daaba2202, State: Initialized, Role: FOLLOWER
I20260630 12:27:12.864127 10736 consensus_queue.cc:260] T 2aba907804f244b390bd0460ad1f158f P 92338f378b744975a071b84daaba2202 [NON_LEADER]: Queue going to NON_LEADER mode. State: All replicated index: 0, Majority replicated index: 0, Committed index: 0, Last appended: 0.0, Last appended by leader: 0, Current term: 0, Majority size: -1, State: 0, Mode: NON_LEADER, active raft config: opid_index: -1 OBSOLETE_local: false peers { permanent_uuid: "ceeebdd6c2424ad4a0b98893db576b82" member_type: VOTER last_known_addr { host: "127.7.92.129" port: 35483 } } peers { permanent_uuid: "92338f378b744975a071b84daaba2202" member_type: VOTER last_known_addr { host: "127.7.92.131" port: 42287 } } peers { permanent_uuid: "003e24f024a64a3dacf4154e97652c4a" member_type: VOTER last_known_addr { host: "127.7.92.132" port: 36035 } }
I20260630 12:27:12.867898 10736 ts_tablet_manager.cc:1434] T 2aba907804f244b390bd0460ad1f158f P 92338f378b744975a071b84daaba2202: Time spent starting tablet: real 0.059s	user 0.007s	sys 0.002s
I20260630 12:27:12.868579 10736 tablet_bootstrap.cc:492] T 8527bf67c3434fa5b9636c77fd5cf889 P 92338f378b744975a071b84daaba2202: Bootstrap starting.
I20260630 12:27:12.861958 10530 rpcz_store.cc:275] Call kudu.tserver.TabletServerAdminService.CreateTablet from 127.0.0.1:54370 (request call id 15) took 1089 ms. Trace:
I20260630 12:27:12.875679 10886 raft_consensus.cc:493] T e06bcb7c73ba4d44b4bc37d5c3ac03b7 P 003e24f024a64a3dacf4154e97652c4a [term 0 FOLLOWER]: Starting pre-election (no leader contacted us within the election timeout)
I20260630 12:27:12.875417 10530 rpcz_store.cc:276] 0630 12:27:11.772889 (+     0us) service_pool.cc:167] Inserting onto call queue
0630 12:27:11.782545 (+  9656us) service_pool.cc:224] Handling call
0630 12:27:11.785937 (+  3392us) ts_tablet_manager.cc:669] Acquired tablet manager lock
0630 12:27:11.786031 (+    94us) ts_tablet_manager.cc:682] Creating new metadata...
0630 12:27:12.657461 (+871430us) tablet_metadata.cc:665] Metadata flushed
0630 12:27:12.861442 (+203981us) tablet_replica.cc:206] Creating consensus instance
0630 12:27:12.861903 (+   461us) inbound_call.cc:177] Queueing success response
Metrics: {}
I20260630 12:27:12.876473 10886 raft_consensus.cc:515] T e06bcb7c73ba4d44b4bc37d5c3ac03b7 P 003e24f024a64a3dacf4154e97652c4a [term 0 FOLLOWER]: Starting pre-election with config: opid_index: -1 OBSOLETE_local: false peers { permanent_uuid: "003e24f024a64a3dacf4154e97652c4a" member_type: VOTER last_known_addr { host: "127.7.92.132" port: 36035 } } peers { permanent_uuid: "5c28144dd01a4720b6876d41312a8f8d" member_type: VOTER last_known_addr { host: "127.7.92.130" port: 41955 } } peers { permanent_uuid: "ceeebdd6c2424ad4a0b98893db576b82" member_type: VOTER last_known_addr { host: "127.7.92.129" port: 35483 } }
I20260630 12:27:12.880563 10879 tablet_bootstrap.cc:492] T 6c946108646b4800a74f62f370e91f7d P 5c28144dd01a4720b6876d41312a8f8d: No bootstrap required, opened a new log
I20260630 12:27:12.881125 10879 ts_tablet_manager.cc:1403] T 6c946108646b4800a74f62f370e91f7d P 5c28144dd01a4720b6876d41312a8f8d: Time spent bootstrapping tablet: real 0.068s	user 0.007s	sys 0.011s
I20260630 12:27:12.881309 10886 leader_election.cc:290] T e06bcb7c73ba4d44b4bc37d5c3ac03b7 P 003e24f024a64a3dacf4154e97652c4a [CANDIDATE]: Term 1 pre-election: Requested pre-vote from peers 5c28144dd01a4720b6876d41312a8f8d (127.7.92.130:41955), ceeebdd6c2424ad4a0b98893db576b82 (127.7.92.129:35483)
