I20260630 12:26:12.924218  9466 tablet_service.cc:1917] Received RequestConsensusVote() RPC: tablet_id: "89f21ec44a5b43b48f89e94d5bfda9e8" candidate_uuid: "14712b444c9a437cbd14fe99ff8524fe" candidate_term: 1 candidate_status { last_received { term: 0 index: 0 } } ignore_live_leader: false dest_uuid: "37a0f8d15e184394addfd3f2f3b07aff" is_pre_election: true
I20260630 12:26:12.924461  9392 tablet_service.cc:1917] Received RequestConsensusVote() RPC: tablet_id: "89f21ec44a5b43b48f89e94d5bfda9e8" candidate_uuid: "14712b444c9a437cbd14fe99ff8524fe" candidate_term: 1 candidate_status { last_received { term: 0 index: 0 } } ignore_live_leader: false dest_uuid: "dba9fdead91c4357b2e679bb472323a0" is_pre_election: true
I20260630 12:26:12.924820  9466 raft_consensus.cc:2468] T 89f21ec44a5b43b48f89e94d5bfda9e8 P 37a0f8d15e184394addfd3f2f3b07aff [term 0 FOLLOWER]: Leader pre-election vote request: Granting yes vote for candidate 14712b444c9a437cbd14fe99ff8524fe in term 0.
I20260630 12:26:12.925259  9392 raft_consensus.cc:2468] T 89f21ec44a5b43b48f89e94d5bfda9e8 P dba9fdead91c4357b2e679bb472323a0 [term 0 FOLLOWER]: Leader pre-election vote request: Granting yes vote for candidate 14712b444c9a437cbd14fe99ff8524fe in term 0.
I20260630 12:26:12.925912  9282 leader_election.cc:304] T 89f21ec44a5b43b48f89e94d5bfda9e8 P 14712b444c9a437cbd14fe99ff8524fe [CANDIDATE]: Term 1 pre-election: Election decided. Result: candidate won. Election summary: received 2 responses out of 3 voters: 2 yes votes; 0 no votes. yes voters: 14712b444c9a437cbd14fe99ff8524fe, 37a0f8d15e184394addfd3f2f3b07aff; no voters: 
I20260630 12:26:12.926898  9517 raft_consensus.cc:2804] T 89f21ec44a5b43b48f89e94d5bfda9e8 P 14712b444c9a437cbd14fe99ff8524fe [term 0 FOLLOWER]: Leader pre-election won for term 1
I20260630 12:26:12.927349  9517 raft_consensus.cc:493] T 89f21ec44a5b43b48f89e94d5bfda9e8 P 14712b444c9a437cbd14fe99ff8524fe [term 0 FOLLOWER]: Starting leader election (no leader contacted us within the election timeout)
I20260630 12:26:12.927724  9517 raft_consensus.cc:3060] T 89f21ec44a5b43b48f89e94d5bfda9e8 P 14712b444c9a437cbd14fe99ff8524fe [term 0 FOLLOWER]: Advancing to term 1
I20260630 12:26:12.933250  9517 raft_consensus.cc:515] T 89f21ec44a5b43b48f89e94d5bfda9e8 P 14712b444c9a437cbd14fe99ff8524fe [term 1 FOLLOWER]: Starting leader election with config: opid_index: -1 OBSOLETE_local: false peers { permanent_uuid: "37a0f8d15e184394addfd3f2f3b07aff" member_type: VOTER last_known_addr { host: "127.7.92.131" port: 42271 } } peers { permanent_uuid: "14712b444c9a437cbd14fe99ff8524fe" member_type: VOTER last_known_addr { host: "127.7.92.129" port: 36055 } } peers { permanent_uuid: "dba9fdead91c4357b2e679bb472323a0" member_type: VOTER last_known_addr { host: "127.7.92.130" port: 34649 } }
I20260630 12:26:12.935287  9517 leader_election.cc:290] T 89f21ec44a5b43b48f89e94d5bfda9e8 P 14712b444c9a437cbd14fe99ff8524fe [CANDIDATE]: Term 1 election: Requested vote from peers 37a0f8d15e184394addfd3f2f3b07aff (127.7.92.131:42271), dba9fdead91c4357b2e679bb472323a0 (127.7.92.130:34649)
I20260630 12:26:12.936235  9466 tablet_service.cc:1917] Received RequestConsensusVote() RPC: tablet_id: "89f21ec44a5b43b48f89e94d5bfda9e8" candidate_uuid: "14712b444c9a437cbd14fe99ff8524fe" candidate_term: 1 candidate_status { last_received { term: 0 index: 0 } } ignore_live_leader: false dest_uuid: "37a0f8d15e184394addfd3f2f3b07aff"
I20260630 12:26:12.936460  9392 tablet_service.cc:1917] Received RequestConsensusVote() RPC: tablet_id: "89f21ec44a5b43b48f89e94d5bfda9e8" candidate_uuid: "14712b444c9a437cbd14fe99ff8524fe" candidate_term: 1 candidate_status { last_received { term: 0 index: 0 } } ignore_live_leader: false dest_uuid: "dba9fdead91c4357b2e679bb472323a0"
I20260630 12:26:12.936856  9466 raft_consensus.cc:3060] T 89f21ec44a5b43b48f89e94d5bfda9e8 P 37a0f8d15e184394addfd3f2f3b07aff [term 0 FOLLOWER]: Advancing to term 1
I20260630 12:26:12.937186  9392 raft_consensus.cc:3060] T 89f21ec44a5b43b48f89e94d5bfda9e8 P dba9fdead91c4357b2e679bb472323a0 [term 0 FOLLOWER]: Advancing to term 1
I20260630 12:26:12.941780  9466 raft_consensus.cc:2468] T 89f21ec44a5b43b48f89e94d5bfda9e8 P 37a0f8d15e184394addfd3f2f3b07aff [term 1 FOLLOWER]: Leader election vote request: Granting yes vote for candidate 14712b444c9a437cbd14fe99ff8524fe in term 1.
I20260630 12:26:12.942960  9282 leader_election.cc:304] T 89f21ec44a5b43b48f89e94d5bfda9e8 P 14712b444c9a437cbd14fe99ff8524fe [CANDIDATE]: Term 1 election: Election decided. Result: candidate won. Election summary: received 2 responses out of 3 voters: 2 yes votes; 0 no votes. yes voters: 14712b444c9a437cbd14fe99ff8524fe, 37a0f8d15e184394addfd3f2f3b07aff; no voters: 
I20260630 12:26:12.943514  9392 raft_consensus.cc:2468] T 89f21ec44a5b43b48f89e94d5bfda9e8 P dba9fdead91c4357b2e679bb472323a0 [term 1 FOLLOWER]: Leader election vote request: Granting yes vote for candidate 14712b444c9a437cbd14fe99ff8524fe in term 1.
I20260630 12:26:12.943639  9517 raft_consensus.cc:2804] T 89f21ec44a5b43b48f89e94d5bfda9e8 P 14712b444c9a437cbd14fe99ff8524fe [term 1 FOLLOWER]: Leader election won for term 1
I20260630 12:26:12.944209  9517 raft_consensus.cc:697] T 89f21ec44a5b43b48f89e94d5bfda9e8 P 14712b444c9a437cbd14fe99ff8524fe [term 1 LEADER]: Becoming Leader. State: Replica: 14712b444c9a437cbd14fe99ff8524fe, State: Running, Role: LEADER
I20260630 12:26:12.945016  9517 consensus_queue.cc:237] T 89f21ec44a5b43b48f89e94d5bfda9e8 P 14712b444c9a437cbd14fe99ff8524fe [LEADER]: Queue going to LEADER mode. State: All replicated index: 0, Majority replicated index: 0, Committed index: 0, Last appended: 0.0, Last appended by leader: 0, Current term: 1, Majority size: 2, State: 0, Mode: LEADER, active raft config: opid_index: -1 OBSOLETE_local: false peers { permanent_uuid: "37a0f8d15e184394addfd3f2f3b07aff" member_type: VOTER last_known_addr { host: "127.7.92.131" port: 42271 } } peers { permanent_uuid: "14712b444c9a437cbd14fe99ff8524fe" member_type: VOTER last_known_addr { host: "127.7.92.129" port: 36055 } } peers { permanent_uuid: "dba9fdead91c4357b2e679bb472323a0" member_type: VOTER last_known_addr { host: "127.7.92.130" port: 34649 } }
I20260630 12:26:12.953756  9213 catalog_manager.cc:5697] T 89f21ec44a5b43b48f89e94d5bfda9e8 P 14712b444c9a437cbd14fe99ff8524fe reported cstate change: term changed from 0 to 1, leader changed from <none> to 14712b444c9a437cbd14fe99ff8524fe (127.7.92.129). New cstate: current_term: 1 leader_uuid: "14712b444c9a437cbd14fe99ff8524fe" committed_config { opid_index: -1 OBSOLETE_local: false peers { permanent_uuid: "37a0f8d15e184394addfd3f2f3b07aff" member_type: VOTER last_known_addr { host: "127.7.92.131" port: 42271 } health_report { overall_health: UNKNOWN } } peers { permanent_uuid: "14712b444c9a437cbd14fe99ff8524fe" member_type: VOTER last_known_addr { host: "127.7.92.129" port: 36055 } health_report { overall_health: HEALTHY } } peers { permanent_uuid: "dba9fdead91c4357b2e679bb472323a0" member_type: VOTER last_known_addr { host: "127.7.92.130" port: 34649 } health_report { overall_health: UNKNOWN } } }
I20260630 12:26:12.980769  9268 auto_leader_rebalancer.cc:141] leader rebalance for table test-workload
I20260630 12:26:12.996034  9317 tablet_service.cc:2072] Received LeaderStepDown RPC: tablet_id: "89f21ec44a5b43b48f89e94d5bfda9e8"
dest_uuid: "14712b444c9a437cbd14fe99ff8524fe"
mode: GRACEFUL
new_leader_uuid: "37a0f8d15e184394addfd3f2f3b07aff"
 from {username='slave'} at 127.0.0.1:35654
I20260630 12:26:12.996894  9317 raft_consensus.cc:606] T 89f21ec44a5b43b48f89e94d5bfda9e8 P 14712b444c9a437cbd14fe99ff8524fe [term 1 LEADER]: Received request to transfer leadership to TS 37a0f8d15e184394addfd3f2f3b07aff
I20260630 12:26:12.998498  9268 auto_leader_rebalancer.cc:440] table: test-workload, leader rebalance finish, leader transfer count: 1
I20260630 12:26:12.998932  9268 auto_leader_rebalancer.cc:515] All tables' leader rebalancing finished this round
I20260630 12:26:13.260171  9517 consensus_queue.cc:1048] T 733e5afcd960459ca93d9edd29bfc013 P 14712b444c9a437cbd14fe99ff8524fe [LEADER]: Connected to new peer: Peer: permanent_uuid: "dba9fdead91c4357b2e679bb472323a0" member_type: VOTER last_known_addr { host: "127.7.92.130" port: 34649 }, Status: LMP_MISMATCH, Last received: 0.0, Next index: 1, Last known committed idx: 0, Time since last communication: 0.000s
I20260630 12:26:13.274564  9532 consensus_queue.cc:1048] T 733e5afcd960459ca93d9edd29bfc013 P 14712b444c9a437cbd14fe99ff8524fe [LEADER]: Connected to new peer: Peer: permanent_uuid: "37a0f8d15e184394addfd3f2f3b07aff" member_type: VOTER last_known_addr { host: "127.7.92.131" port: 42271 }, Status: LMP_MISMATCH, Last received: 0.0, Next index: 1, Last known committed idx: 0, Time since last communication: 0.001s
I20260630 12:26:13.454653  9532 consensus_queue.cc:1048] T 89f21ec44a5b43b48f89e94d5bfda9e8 P 14712b444c9a437cbd14fe99ff8524fe [LEADER]: Connected to new peer: Peer: permanent_uuid: "37a0f8d15e184394addfd3f2f3b07aff" member_type: VOTER last_known_addr { host: "127.7.92.131" port: 42271 }, Status: LMP_MISMATCH, Last received: 0.0, Next index: 1, Last known committed idx: 0, Time since last communication: 0.000s
I20260630 12:26:13.462780  9517 raft_consensus.cc:993] T 89f21ec44a5b43b48f89e94d5bfda9e8 P 14712b444c9a437cbd14fe99ff8524fe: : Instructing follower 37a0f8d15e184394addfd3f2f3b07aff to start an election
I20260630 12:26:13.463384  9525 raft_consensus.cc:1081] T 89f21ec44a5b43b48f89e94d5bfda9e8 P 14712b444c9a437cbd14fe99ff8524fe [term 1 LEADER]: Signalling peer 37a0f8d15e184394addfd3f2f3b07aff to start an election
I20260630 12:26:13.465420  9465 tablet_service.cc:2044] Received Run Leader Election RPC: tablet_id: "89f21ec44a5b43b48f89e94d5bfda9e8"
dest_uuid: "37a0f8d15e184394addfd3f2f3b07aff"
 from {username='slave'} at 127.0.0.1:51538
I20260630 12:26:13.466223  9465 raft_consensus.cc:493] T 89f21ec44a5b43b48f89e94d5bfda9e8 P 37a0f8d15e184394addfd3f2f3b07aff [term 1 FOLLOWER]: Starting forced leader election (received explicit request)
I20260630 12:26:13.466670  9465 raft_consensus.cc:3060] T 89f21ec44a5b43b48f89e94d5bfda9e8 P 37a0f8d15e184394addfd3f2f3b07aff [term 1 FOLLOWER]: Advancing to term 2
I20260630 12:26:13.470536  9525 consensus_queue.cc:1048] T 89f21ec44a5b43b48f89e94d5bfda9e8 P 14712b444c9a437cbd14fe99ff8524fe [LEADER]: Connected to new peer: Peer: permanent_uuid: "dba9fdead91c4357b2e679bb472323a0" member_type: VOTER last_known_addr { host: "127.7.92.130" port: 34649 }, Status: LMP_MISMATCH, Last received: 0.0, Next index: 1, Last known committed idx: 0, Time since last communication: 0.000s
I20260630 12:26:13.474632  9465 raft_consensus.cc:515] T 89f21ec44a5b43b48f89e94d5bfda9e8 P 37a0f8d15e184394addfd3f2f3b07aff [term 2 FOLLOWER]: Starting forced leader election with config: opid_index: -1 OBSOLETE_local: false peers { permanent_uuid: "37a0f8d15e184394addfd3f2f3b07aff" member_type: VOTER last_known_addr { host: "127.7.92.131" port: 42271 } } peers { permanent_uuid: "14712b444c9a437cbd14fe99ff8524fe" member_type: VOTER last_known_addr { host: "127.7.92.129" port: 36055 } } peers { permanent_uuid: "dba9fdead91c4357b2e679bb472323a0" member_type: VOTER last_known_addr { host: "127.7.92.130" port: 34649 } }
I20260630 12:26:13.486188  9465 leader_election.cc:290] T 89f21ec44a5b43b48f89e94d5bfda9e8 P 37a0f8d15e184394addfd3f2f3b07aff [CANDIDATE]: Term 2 election: Requested vote from peers 14712b444c9a437cbd14fe99ff8524fe (127.7.92.129:36055), dba9fdead91c4357b2e679bb472323a0 (127.7.92.130:34649)
I20260630 12:26:13.497257  9317 tablet_service.cc:1917] Received RequestConsensusVote() RPC: tablet_id: "89f21ec44a5b43b48f89e94d5bfda9e8" candidate_uuid: "37a0f8d15e184394addfd3f2f3b07aff" candidate_term: 2 candidate_status { last_received { term: 1 index: 1 } } ignore_live_leader: true dest_uuid: "14712b444c9a437cbd14fe99ff8524fe"
I20260630 12:26:13.497959  9317 raft_consensus.cc:3055] T 89f21ec44a5b43b48f89e94d5bfda9e8 P 14712b444c9a437cbd14fe99ff8524fe [term 1 LEADER]: Stepping down as leader of term 1
I20260630 12:26:13.498324  9317 raft_consensus.cc:740] T 89f21ec44a5b43b48f89e94d5bfda9e8 P 14712b444c9a437cbd14fe99ff8524fe [term 1 LEADER]: Becoming Follower/Learner. State: Replica: 14712b444c9a437cbd14fe99ff8524fe, State: Running, Role: LEADER
I20260630 12:26:13.499256  9392 tablet_service.cc:1917] Received RequestConsensusVote() RPC: tablet_id: "89f21ec44a5b43b48f89e94d5bfda9e8" candidate_uuid: "37a0f8d15e184394addfd3f2f3b07aff" candidate_term: 2 candidate_status { last_received { term: 1 index: 1 } } ignore_live_leader: true dest_uuid: "dba9fdead91c4357b2e679bb472323a0"
I20260630 12:26:13.499164  9317 consensus_queue.cc:260] T 89f21ec44a5b43b48f89e94d5bfda9e8 P 14712b444c9a437cbd14fe99ff8524fe [NON_LEADER]: Queue going to NON_LEADER mode. State: All replicated index: 0, Majority replicated index: 1, Committed index: 1, Last appended: 1.1, Last appended by leader: 1, Current term: 1, Majority size: -1, State: 0, Mode: NON_LEADER, active raft config: opid_index: -1 OBSOLETE_local: false peers { permanent_uuid: "37a0f8d15e184394addfd3f2f3b07aff" member_type: VOTER last_known_addr { host: "127.7.92.131" port: 42271 } } peers { permanent_uuid: "14712b444c9a437cbd14fe99ff8524fe" member_type: VOTER last_known_addr { host: "127.7.92.129" port: 36055 } } peers { permanent_uuid: "dba9fdead91c4357b2e679bb472323a0" member_type: VOTER last_known_addr { host: "127.7.92.130" port: 34649 } }
I20260630 12:26:13.499876  9392 raft_consensus.cc:3060] T 89f21ec44a5b43b48f89e94d5bfda9e8 P dba9fdead91c4357b2e679bb472323a0 [term 1 FOLLOWER]: Advancing to term 2
I20260630 12:26:13.500406  9317 raft_consensus.cc:3060] T 89f21ec44a5b43b48f89e94d5bfda9e8 P 14712b444c9a437cbd14fe99ff8524fe [term 1 FOLLOWER]: Advancing to term 2
I20260630 12:26:13.504873  9392 raft_consensus.cc:2468] T 89f21ec44a5b43b48f89e94d5bfda9e8 P dba9fdead91c4357b2e679bb472323a0 [term 2 FOLLOWER]: Leader election vote request: Granting yes vote for candidate 37a0f8d15e184394addfd3f2f3b07aff in term 2.
I20260630 12:26:13.506029  9432 leader_election.cc:304] T 89f21ec44a5b43b48f89e94d5bfda9e8 P 37a0f8d15e184394addfd3f2f3b07aff [CANDIDATE]: Term 2 election: Election decided. Result: candidate won. Election summary: received 2 responses out of 3 voters: 2 yes votes; 0 no votes. yes voters: 37a0f8d15e184394addfd3f2f3b07aff, dba9fdead91c4357b2e679bb472323a0; no voters: 
I20260630 12:26:13.506235  9317 raft_consensus.cc:2468] T 89f21ec44a5b43b48f89e94d5bfda9e8 P 14712b444c9a437cbd14fe99ff8524fe [term 2 FOLLOWER]: Leader election vote request: Granting yes vote for candidate 37a0f8d15e184394addfd3f2f3b07aff in term 2.
I20260630 12:26:13.506963  9534 raft_consensus.cc:2804] T 89f21ec44a5b43b48f89e94d5bfda9e8 P 37a0f8d15e184394addfd3f2f3b07aff [term 2 FOLLOWER]: Leader election won for term 2
I20260630 12:26:13.507990  9534 raft_consensus.cc:697] T 89f21ec44a5b43b48f89e94d5bfda9e8 P 37a0f8d15e184394addfd3f2f3b07aff [term 2 LEADER]: Becoming Leader. State: Replica: 37a0f8d15e184394addfd3f2f3b07aff, State: Running, Role: LEADER
I20260630 12:26:13.508683  9534 consensus_queue.cc:237] T 89f21ec44a5b43b48f89e94d5bfda9e8 P 37a0f8d15e184394addfd3f2f3b07aff [LEADER]: Queue going to LEADER mode. State: All replicated index: 0, Majority replicated index: 1, Committed index: 1, Last appended: 1.1, Last appended by leader: 1, Current term: 2, Majority size: 2, State: 0, Mode: LEADER, active raft config: opid_index: -1 OBSOLETE_local: false peers { permanent_uuid: "37a0f8d15e184394addfd3f2f3b07aff" member_type: VOTER last_known_addr { host: "127.7.92.131" port: 42271 } } peers { permanent_uuid: "14712b444c9a437cbd14fe99ff8524fe" member_type: VOTER last_known_addr { host: "127.7.92.129" port: 36055 } } peers { permanent_uuid: "dba9fdead91c4357b2e679bb472323a0" member_type: VOTER last_known_addr { host: "127.7.92.130" port: 34649 } }
I20260630 12:26:13.514429  9213 catalog_manager.cc:5697] T 89f21ec44a5b43b48f89e94d5bfda9e8 P 37a0f8d15e184394addfd3f2f3b07aff reported cstate change: term changed from 1 to 2, leader changed from 14712b444c9a437cbd14fe99ff8524fe (127.7.92.129) to 37a0f8d15e184394addfd3f2f3b07aff (127.7.92.131). New cstate: current_term: 2 leader_uuid: "37a0f8d15e184394addfd3f2f3b07aff" committed_config { opid_index: -1 OBSOLETE_local: false peers { permanent_uuid: "37a0f8d15e184394addfd3f2f3b07aff" member_type: VOTER last_known_addr { host: "127.7.92.131" port: 42271 } health_report { overall_health: HEALTHY } } peers { permanent_uuid: "14712b444c9a437cbd14fe99ff8524fe" member_type: VOTER last_known_addr { host: "127.7.92.129" port: 36055 } health_report { overall_health: UNKNOWN } } peers { permanent_uuid: "dba9fdead91c4357b2e679bb472323a0" member_type: VOTER last_known_addr { host: "127.7.92.130" port: 34649 } health_report { overall_health: UNKNOWN } } }
I20260630 12:26:13.914801  9392 raft_consensus.cc:1275] T 89f21ec44a5b43b48f89e94d5bfda9e8 P dba9fdead91c4357b2e679bb472323a0 [term 2 FOLLOWER]: Refusing update from remote peer 37a0f8d15e184394addfd3f2f3b07aff: Log matching property violated. Preceding OpId in replica: term: 1 index: 1. Preceding OpId from leader: term: 2 index: 2. (index mismatch)
I20260630 12:26:13.916235  9534 consensus_queue.cc:1048] T 89f21ec44a5b43b48f89e94d5bfda9e8 P 37a0f8d15e184394addfd3f2f3b07aff [LEADER]: Connected to new peer: Peer: permanent_uuid: "dba9fdead91c4357b2e679bb472323a0" member_type: VOTER last_known_addr { host: "127.7.92.130" port: 34649 }, Status: LMP_MISMATCH, Last received: 0.0, Next index: 2, Last known committed idx: 1, Time since last communication: 0.000s
I20260630 12:26:13.924415  9317 raft_consensus.cc:1275] T 89f21ec44a5b43b48f89e94d5bfda9e8 P 14712b444c9a437cbd14fe99ff8524fe [term 2 FOLLOWER]: Refusing update from remote peer 37a0f8d15e184394addfd3f2f3b07aff: Log matching property violated. Preceding OpId in replica: term: 1 index: 1. Preceding OpId from leader: term: 2 index: 2. (index mismatch)
I20260630 12:26:13.926261  9542 consensus_queue.cc:1048] T 89f21ec44a5b43b48f89e94d5bfda9e8 P 37a0f8d15e184394addfd3f2f3b07aff [LEADER]: Connected to new peer: Peer: permanent_uuid: "14712b444c9a437cbd14fe99ff8524fe" member_type: VOTER last_known_addr { host: "127.7.92.129" port: 36055 }, Status: LMP_MISMATCH, Last received: 0.0, Next index: 2, Last known committed idx: 1, Time since last communication: 0.001s
I20260630 12:26:15.000121  9268 auto_leader_rebalancer.cc:141] leader rebalance for table test-workload
I20260630 12:26:15.002168  9268 auto_leader_rebalancer.cc:440] table: test-workload, leader rebalance finish, leader transfer count: 0
I20260630 12:26:15.002544  9268 auto_leader_rebalancer.cc:515] All tables' leader rebalancing finished this round
I20260630 12:26:17.003508  9268 auto_leader_rebalancer.cc:141] leader rebalance for table test-workload
I20260630 12:26:17.005452  9268 auto_leader_rebalancer.cc:440] table: test-workload, leader rebalance finish, leader transfer count: 0
I20260630 12:26:17.005848  9268 auto_leader_rebalancer.cc:515] All tables' leader rebalancing finished this round
I20260630 12:26:19.006997  9268 auto_leader_rebalancer.cc:141] leader rebalance for table test-workload
I20260630 12:26:19.009341  9268 auto_leader_rebalancer.cc:440] table: test-workload, leader rebalance finish, leader transfer count: 0
I20260630 12:26:19.009779  9268 auto_leader_rebalancer.cc:515] All tables' leader rebalancing finished this round
I20260630 12:26:21.011034  9268 auto_leader_rebalancer.cc:141] leader rebalance for table test-workload
I20260630 12:26:21.013468  9268 auto_leader_rebalancer.cc:440] table: test-workload, leader rebalance finish, leader transfer count: 0
I20260630 12:26:21.013953  9268 auto_leader_rebalancer.cc:515] All tables' leader rebalancing finished this round
I20260630 12:26:23.015000  9268 auto_leader_rebalancer.cc:141] leader rebalance for table test-workload
I20260630 12:26:23.017444  9268 auto_leader_rebalancer.cc:440] table: test-workload, leader rebalance finish, leader transfer count: 0
I20260630 12:26:23.017846  9268 auto_leader_rebalancer.cc:515] All tables' leader rebalancing finished this round
W20260630 12:26:24.133080  9432 outbound_call.cc:321] RPC callback for RPC call kudu.consensus.ConsensusService.UpdateConsensus -> {remote=127.7.92.130:34649, user_credentials={real_user=slave}} blocked reactor thread for 81808.2us
I20260630 12:26:25.019353  9268 auto_leader_rebalancer.cc:141] leader rebalance for table test-workload
I20260630 12:26:25.021929  9268 auto_leader_rebalancer.cc:440] table: test-workload, leader rebalance finish, leader transfer count: 0
I20260630 12:26:25.022433  9268 auto_leader_rebalancer.cc:515] All tables' leader rebalancing finished this round
W20260630 12:26:25.197505  9338 debug-util.cc:398] Leaking SignalData structure 0x7b08000db480 after lost signal to thread 7541
W20260630 12:26:25.198673  9338 debug-util.cc:398] Leaking SignalData structure 0x7b08000dbb60 after lost signal to thread 9249
W20260630 12:26:25.199819  9338 debug-util.cc:398] Leaking SignalData structure 0x7b08001d67e0 after lost signal to thread 9341
W20260630 12:26:25.200784  9338 debug-util.cc:398] Leaking SignalData structure 0x7b0800058420 after lost signal to thread 9416
W20260630 12:26:25.201746  9338 debug-util.cc:398] Leaking SignalData structure 0x7b0800200500 after lost signal to thread 9490
I20260630 12:26:25.523491  7538 file_cache.cc:492] Constructed file cache file cache with capacity 419430
W20260630 12:26:25.539171  9553 instance_detector.cc:116] could not retrieve AWS instance metadata: Network error: curl error: HTTP response code said error: The requested URL returned error: 404
W20260630 12:26:25.541833  9554 instance_detector.cc:116] could not retrieve Azure instance metadata: Network error: curl error: HTTP response code said error: The requested URL returned error: 404
W20260630 12:26:25.545960  9556 instance_detector.cc:116] could not retrieve OpenStack instance metadata: Network error: curl error: HTTP response code said error: The requested URL returned error: 404
I20260630 12:26:25.548835  7538 server_base.cc:1061] running on GCE node
I20260630 12:26:25.551220  7538 hybrid_clock.cc:584] initializing the hybrid clock with 'system_unsync' time source
W20260630 12:26:25.551580  7538 system_unsync_time.cc:38] NTP support is disabled. Clock error bounds will not be accurate. This configuration is not suitable for distributed clusters.
I20260630 12:26:25.551817  7538 hybrid_clock.cc:648] HybridClock initialized: now 1782822385551796 us; error 0 us; skew 500 ppm
I20260630 12:26:25.552443  7538 server_base.cc:861] Flag tcmalloc_max_total_thread_cache_bytes is not working since tcmalloc is not enabled.
I20260630 12:26:25.556639  7538 webserver.cc:533] Webserver started at http://127.7.92.132:44583/ using document root <none> and password file <none>
I20260630 12:26:25.557341  7538 fs_manager.cc:362] Metadata directory not provided
I20260630 12:26:25.557613  7538 fs_manager.cc:368] Using write-ahead log directory (fs_wal_dir) as metadata directory
I20260630 12:26:25.558081  7538 server_base.cc:909] This appears to be a new deployment of Kudu; creating new FS layout
I20260630 12:26:25.559923  7538 fs_manager.cc:1068] Generated new instance metadata in path /tmp/dist-test-task9fST6L/test-tmp/auto_rebalancer-test.0.AutoRebalancerTest.MovesScheduledIfAddTserver.1782822343896622-7538-0/minicluster-data/ts-3-root/instance:
uuid: "5b4627adc5b949eabbe932db81c90f5e"
format_stamp: "Formatted at 2026-06-30 12:26:25 on dist-test-slave-0300"
I20260630 12:26:25.567107  7538 fs_manager.cc:696] Time spent creating directory manager: real 0.006s	user 0.007s	sys 0.000s
I20260630 12:26:25.572013  9561 log_block_manager.cc:4031] Time spent loading block containers with low live blocks: real 0.000s	user 0.000s	sys 0.000s
I20260630 12:26:25.573148  7538 fs_manager.cc:730] Time spent opening block manager: real 0.003s	user 0.005s	sys 0.000s
I20260630 12:26:25.573513  7538 fs_manager.cc:647] Opened local filesystem: /tmp/dist-test-task9fST6L/test-tmp/auto_rebalancer-test.0.AutoRebalancerTest.MovesScheduledIfAddTserver.1782822343896622-7538-0/minicluster-data/ts-3-root
uuid: "5b4627adc5b949eabbe932db81c90f5e"
format_stamp: "Formatted at 2026-06-30 12:26:25 on dist-test-slave-0300"
I20260630 12:26:25.573837  7538 fs_report.cc:389] FS layout report
--------------------
wal directory: /tmp/dist-test-task9fST6L/test-tmp/auto_rebalancer-test.0.AutoRebalancerTest.MovesScheduledIfAddTserver.1782822343896622-7538-0/minicluster-data/ts-3-root
metadata directory: /tmp/dist-test-task9fST6L/test-tmp/auto_rebalancer-test.0.AutoRebalancerTest.MovesScheduledIfAddTserver.1782822343896622-7538-0/minicluster-data/ts-3-root
1 data directories: /tmp/dist-test-task9fST6L/test-tmp/auto_rebalancer-test.0.AutoRebalancerTest.MovesScheduledIfAddTserver.1782822343896622-7538-0/minicluster-data/ts-3-root/data
Total live blocks: 0
Total live bytes: 0
Total live bytes (after alignment): 0
Total number of LBM containers: 0 (0 full)
Did not check for missing blocks
Did not check for orphaned blocks
Total full LBM containers with extra space: 0 (0 repaired)
Total full LBM container extra space in bytes: 0 (0 repaired)
Total incomplete LBM containers: 0 (0 repaired)
Total LBM partial records: 0 (0 repaired)
Total corrupted LBM metadata records in RocksDB: 0 (0 repaired)
I20260630 12:26:25.610133  7538 rpc_server.cc:225] running with OpenSSL 1.1.1  11 Sep 2018
I20260630 12:26:25.611874  7538 kserver.cc:163] Server-wide thread pool size limit: 3276
I20260630 12:26:25.613868  7538 txn_system_client.cc:432] TxnSystemClient initialization is disabled...
I20260630 12:26:25.617465  7538 ts_tablet_manager.cc:585] Loaded tablet metadata (0 total tablets, 0 live tablets)
I20260630 12:26:25.617743  7538 ts_tablet_manager.cc:531] Time spent load tablet metadata: real 0.000s	user 0.000s	sys 0.000s
I20260630 12:26:25.618016  7538 ts_tablet_manager.cc:616] Registered 0 tablets
I20260630 12:26:25.618216  7538 ts_tablet_manager.cc:595] Time spent register tablets: real 0.000s	user 0.000s	sys 0.000s
I20260630 12:26:25.689616  7538 rpc_server.cc:307] RPC server started. Bound to: 127.7.92.132:37889
I20260630 12:26:25.689751  9623 acceptor_pool.cc:272] collecting diagnostics on the listening RPC socket 127.7.92.132:37889 every 8 connection(s)
I20260630 12:26:25.711956  9624 heartbeater.cc:344] Connected to a master server at 127.7.92.190:34469
I20260630 12:26:25.712495  9624 heartbeater.cc:461] Registering TS with master...
I20260630 12:26:25.713626  9624 heartbeater.cc:507] Master 127.7.92.190:34469 requested a full tablet report, sending...
I20260630 12:26:25.716949  9214 ts_manager.cc:194] Registered new tserver with Master: 5b4627adc5b949eabbe932db81c90f5e (127.7.92.132:37889)
I20260630 12:26:25.719159  9214 master_service.cc:502] Signed X509 certificate for tserver {username='slave'} at 127.0.0.1:39670
I20260630 12:26:26.221789  9317 consensus_queue.cc:237] T 733e5afcd960459ca93d9edd29bfc013 P 14712b444c9a437cbd14fe99ff8524fe [LEADER]: Queue going to LEADER mode. State: All replicated index: 0, Majority replicated index: 1, Committed index: 1, Last appended: 1.1, Last appended by leader: 0, Current term: 1, Majority size: 2, State: 0, Mode: LEADER, active raft config: opid_index: 2 OBSOLETE_local: false peers { permanent_uuid: "14712b444c9a437cbd14fe99ff8524fe" member_type: VOTER last_known_addr { host: "127.7.92.129" port: 36055 } } peers { permanent_uuid: "dba9fdead91c4357b2e679bb472323a0" member_type: VOTER last_known_addr { host: "127.7.92.130" port: 34649 } } peers { permanent_uuid: "37a0f8d15e184394addfd3f2f3b07aff" member_type: VOTER last_known_addr { host: "127.7.92.131" port: 42271 } attrs { replace: true } } peers { permanent_uuid: "5b4627adc5b949eabbe932db81c90f5e" member_type: NON_VOTER last_known_addr { host: "127.7.92.132" port: 37889 } attrs { promote: true } }
I20260630 12:26:26.233129  9392 raft_consensus.cc:1275] T 733e5afcd960459ca93d9edd29bfc013 P dba9fdead91c4357b2e679bb472323a0 [term 1 FOLLOWER]: Refusing update from remote peer 14712b444c9a437cbd14fe99ff8524fe: Log matching property violated. Preceding OpId in replica: term: 1 index: 1. Preceding OpId from leader: term: 1 index: 2. (index mismatch)
I20260630 12:26:26.235541  9465 raft_consensus.cc:1275] T 733e5afcd960459ca93d9edd29bfc013 P 37a0f8d15e184394addfd3f2f3b07aff [term 1 FOLLOWER]: Refusing update from remote peer 14712b444c9a437cbd14fe99ff8524fe: Log matching property violated. Preceding OpId in replica: term: 1 index: 1. Preceding OpId from leader: term: 1 index: 2. (index mismatch)
I20260630 12:26:26.235906  9631 consensus_queue.cc:1048] T 733e5afcd960459ca93d9edd29bfc013 P 14712b444c9a437cbd14fe99ff8524fe [LEADER]: Connected to new peer: Peer: permanent_uuid: "dba9fdead91c4357b2e679bb472323a0" member_type: VOTER last_known_addr { host: "127.7.92.130" port: 34649 }, Status: LMP_MISMATCH, Last received: 0.0, Next index: 2, Last known committed idx: 1, Time since last communication: 0.001s
I20260630 12:26:26.237640  9551 consensus_queue.cc:1048] T 733e5afcd960459ca93d9edd29bfc013 P 14712b444c9a437cbd14fe99ff8524fe [LEADER]: Connected to new peer: Peer: permanent_uuid: "37a0f8d15e184394addfd3f2f3b07aff" member_type: VOTER last_known_addr { host: "127.7.92.131" port: 42271 } attrs { replace: true }, Status: LMP_MISMATCH, Last received: 0.0, Next index: 2, Last known committed idx: 1, Time since last communication: 0.001s
W20260630 12:26:26.249392  9282 consensus_peers.cc:597] T 733e5afcd960459ca93d9edd29bfc013 P 14712b444c9a437cbd14fe99ff8524fe -> Peer 5b4627adc5b949eabbe932db81c90f5e (127.7.92.132:37889): Couldn't send request to peer 5b4627adc5b949eabbe932db81c90f5e. Error code: TABLET_NOT_FOUND (6). Status: Not found: Tablet not found: 733e5afcd960459ca93d9edd29bfc013. This is attempt 1: this message will repeat every 5th retry.
I20260630 12:26:26.252880  9631 raft_consensus.cc:2955] T 733e5afcd960459ca93d9edd29bfc013 P 14712b444c9a437cbd14fe99ff8524fe [term 1 LEADER]: Committing config change with OpId 1.2: config changed from index -1 to 2, NON_VOTER 5b4627adc5b949eabbe932db81c90f5e (127.7.92.132) added. New config: { opid_index: 2 OBSOLETE_local: false peers { permanent_uuid: "14712b444c9a437cbd14fe99ff8524fe" member_type: VOTER last_known_addr { host: "127.7.92.129" port: 36055 } } peers { permanent_uuid: "dba9fdead91c4357b2e679bb472323a0" member_type: VOTER last_known_addr { host: "127.7.92.130" port: 34649 } } peers { permanent_uuid: "37a0f8d15e184394addfd3f2f3b07aff" member_type: VOTER last_known_addr { host: "127.7.92.131" port: 42271 } attrs { replace: true } } peers { permanent_uuid: "5b4627adc5b949eabbe932db81c90f5e" member_type: NON_VOTER last_known_addr { host: "127.7.92.132" port: 37889 } attrs { promote: true } } }
I20260630 12:26:26.257040  9465 raft_consensus.cc:2955] T 733e5afcd960459ca93d9edd29bfc013 P 37a0f8d15e184394addfd3f2f3b07aff [term 1 FOLLOWER]: Committing config change with OpId 1.2: config changed from index -1 to 2, NON_VOTER 5b4627adc5b949eabbe932db81c90f5e (127.7.92.132) added. New config: { opid_index: 2 OBSOLETE_local: false peers { permanent_uuid: "14712b444c9a437cbd14fe99ff8524fe" member_type: VOTER last_known_addr { host: "127.7.92.129" port: 36055 } } peers { permanent_uuid: "dba9fdead91c4357b2e679bb472323a0" member_type: VOTER last_known_addr { host: "127.7.92.130" port: 34649 } } peers { permanent_uuid: "37a0f8d15e184394addfd3f2f3b07aff" member_type: VOTER last_known_addr { host: "127.7.92.131" port: 42271 } attrs { replace: true } } peers { permanent_uuid: "5b4627adc5b949eabbe932db81c90f5e" member_type: NON_VOTER last_known_addr { host: "127.7.92.132" port: 37889 } attrs { promote: true } } }
I20260630 12:26:26.258059  9392 raft_consensus.cc:2955] T 733e5afcd960459ca93d9edd29bfc013 P dba9fdead91c4357b2e679bb472323a0 [term 1 FOLLOWER]: Committing config change with OpId 1.2: config changed from index -1 to 2, NON_VOTER 5b4627adc5b949eabbe932db81c90f5e (127.7.92.132) added. New config: { opid_index: 2 OBSOLETE_local: false peers { permanent_uuid: "14712b444c9a437cbd14fe99ff8524fe" member_type: VOTER last_known_addr { host: "127.7.92.129" port: 36055 } } peers { permanent_uuid: "dba9fdead91c4357b2e679bb472323a0" member_type: VOTER last_known_addr { host: "127.7.92.130" port: 34649 } } peers { permanent_uuid: "37a0f8d15e184394addfd3f2f3b07aff" member_type: VOTER last_known_addr { host: "127.7.92.131" port: 42271 } attrs { replace: true } } peers { permanent_uuid: "5b4627adc5b949eabbe932db81c90f5e" member_type: NON_VOTER last_known_addr { host: "127.7.92.132" port: 37889 } attrs { promote: true } } }
I20260630 12:26:26.288381  9214 catalog_manager.cc:5697] T 733e5afcd960459ca93d9edd29bfc013 P 37a0f8d15e184394addfd3f2f3b07aff reported cstate change: config changed from index -1 to 2, NON_VOTER 5b4627adc5b949eabbe932db81c90f5e (127.7.92.132) added. New cstate: current_term: 1 leader_uuid: "14712b444c9a437cbd14fe99ff8524fe" committed_config { opid_index: 2 OBSOLETE_local: false peers { permanent_uuid: "14712b444c9a437cbd14fe99ff8524fe" member_type: VOTER last_known_addr { host: "127.7.92.129" port: 36055 } } peers { permanent_uuid: "dba9fdead91c4357b2e679bb472323a0" member_type: VOTER last_known_addr { host: "127.7.92.130" port: 34649 } } peers { permanent_uuid: "37a0f8d15e184394addfd3f2f3b07aff" member_type: VOTER last_known_addr { host: "127.7.92.131" port: 42271 } attrs { replace: true } } peers { permanent_uuid: "5b4627adc5b949eabbe932db81c90f5e" member_type: NON_VOTER last_known_addr { host: "127.7.92.132" port: 37889 } attrs { promote: true } } }
I20260630 12:26:26.722478  9624 heartbeater.cc:499] Master 127.7.92.190:34469 was elected leader, sending a full tablet report...
I20260630 12:26:26.808653  9642 ts_tablet_manager.cc:933] T 733e5afcd960459ca93d9edd29bfc013 P 5b4627adc5b949eabbe932db81c90f5e: Initiating tablet copy from peer 14712b444c9a437cbd14fe99ff8524fe (127.7.92.129:36055)
I20260630 12:26:26.811167  9642 tablet_copy_client.cc:323] T 733e5afcd960459ca93d9edd29bfc013 P 5b4627adc5b949eabbe932db81c90f5e: tablet copy: Beginning tablet copy session from remote peer at address 127.7.92.129:36055
I20260630 12:26:26.845031  9327 tablet_copy_service.cc:140] P 14712b444c9a437cbd14fe99ff8524fe: Received BeginTabletCopySession request for tablet 733e5afcd960459ca93d9edd29bfc013 from peer 5b4627adc5b949eabbe932db81c90f5e ({username='slave'} at 127.0.0.1:50112)
I20260630 12:26:26.845743  9327 tablet_copy_service.cc:161] P 14712b444c9a437cbd14fe99ff8524fe: Beginning new tablet copy session on tablet 733e5afcd960459ca93d9edd29bfc013 from peer 5b4627adc5b949eabbe932db81c90f5e at {username='slave'} at 127.0.0.1:50112: session id = 5b4627adc5b949eabbe932db81c90f5e-733e5afcd960459ca93d9edd29bfc013
I20260630 12:26:26.855111  9327 tablet_copy_source_session.cc:215] T 733e5afcd960459ca93d9edd29bfc013 P 14712b444c9a437cbd14fe99ff8524fe: Tablet Copy: opened 0 blocks and 1 log segments
I20260630 12:26:26.859328  9642 data_dirs.cc:400] Could only allocate 1 dirs of requested 3 for tablet 733e5afcd960459ca93d9edd29bfc013. 1 dirs total, 0 dirs full, 0 dirs failed
I20260630 12:26:26.881739  9642 tablet_copy_client.cc:806] T 733e5afcd960459ca93d9edd29bfc013 P 5b4627adc5b949eabbe932db81c90f5e: tablet copy: Starting download of 0 data blocks...
I20260630 12:26:26.882637  9642 tablet_copy_client.cc:670] T 733e5afcd960459ca93d9edd29bfc013 P 5b4627adc5b949eabbe932db81c90f5e: tablet copy: Starting download of 1 WAL segments...
I20260630 12:26:26.887801  9642 tablet_copy_client.cc:538] T 733e5afcd960459ca93d9edd29bfc013 P 5b4627adc5b949eabbe932db81c90f5e: tablet copy: Tablet Copy complete. Replacing tablet superblock.
I20260630 12:26:26.898635  9642 tablet_bootstrap.cc:492] T 733e5afcd960459ca93d9edd29bfc013 P 5b4627adc5b949eabbe932db81c90f5e: Bootstrap starting.
I20260630 12:26:26.922600  9642 tablet_bootstrap.cc:492] T 733e5afcd960459ca93d9edd29bfc013 P 5b4627adc5b949eabbe932db81c90f5e: Bootstrap replayed 1/1 log segments. Stats: ops{read=2 overwritten=0 applied=2 ignored=0} inserts{seen=0 ignored=0} mutations{seen=0 ignored=0} orphaned_commits=0. Pending: 0 replicates
I20260630 12:26:26.923691  9642 tablet_bootstrap.cc:492] T 733e5afcd960459ca93d9edd29bfc013 P 5b4627adc5b949eabbe932db81c90f5e: Bootstrap complete.
I20260630 12:26:26.924470  9642 ts_tablet_manager.cc:1403] T 733e5afcd960459ca93d9edd29bfc013 P 5b4627adc5b949eabbe932db81c90f5e: Time spent bootstrapping tablet: real 0.026s	user 0.023s	sys 0.004s
I20260630 12:26:26.927871  9642 raft_consensus.cc:359] T 733e5afcd960459ca93d9edd29bfc013 P 5b4627adc5b949eabbe932db81c90f5e [term 1 LEARNER]: Replica starting. Triggering 0 pending ops. Active config: opid_index: 2 OBSOLETE_local: false peers { permanent_uuid: "14712b444c9a437cbd14fe99ff8524fe" member_type: VOTER last_known_addr { host: "127.7.92.129" port: 36055 } } peers { permanent_uuid: "dba9fdead91c4357b2e679bb472323a0" member_type: VOTER last_known_addr { host: "127.7.92.130" port: 34649 } } peers { permanent_uuid: "37a0f8d15e184394addfd3f2f3b07aff" member_type: VOTER last_known_addr { host: "127.7.92.131" port: 42271 } attrs { replace: true } } peers { permanent_uuid: "5b4627adc5b949eabbe932db81c90f5e" member_type: NON_VOTER last_known_addr { host: "127.7.92.132" port: 37889 } attrs { promote: true } }
I20260630 12:26:26.928838  9642 raft_consensus.cc:740] T 733e5afcd960459ca93d9edd29bfc013 P 5b4627adc5b949eabbe932db81c90f5e [term 1 LEARNER]: Becoming Follower/Learner. State: Replica: 5b4627adc5b949eabbe932db81c90f5e, State: Initialized, Role: LEARNER
I20260630 12:26:26.929561  9642 consensus_queue.cc:260] T 733e5afcd960459ca93d9edd29bfc013 P 5b4627adc5b949eabbe932db81c90f5e [NON_LEADER]: Queue going to NON_LEADER mode. State: All replicated index: 0, Majority replicated index: 0, Committed index: 2, Last appended: 1.2, Last appended by leader: 2, Current term: 0, Majority size: -1, State: 0, Mode: NON_LEADER, active raft config: opid_index: 2 OBSOLETE_local: false peers { permanent_uuid: "14712b444c9a437cbd14fe99ff8524fe" member_type: VOTER last_known_addr { host: "127.7.92.129" port: 36055 } } peers { permanent_uuid: "dba9fdead91c4357b2e679bb472323a0" member_type: VOTER last_known_addr { host: "127.7.92.130" port: 34649 } } peers { permanent_uuid: "37a0f8d15e184394addfd3f2f3b07aff" member_type: VOTER last_known_addr { host: "127.7.92.131" port: 42271 } attrs { replace: true } } peers { permanent_uuid: "5b4627adc5b949eabbe932db81c90f5e" member_type: NON_VOTER last_known_addr { host: "127.7.92.132" port: 37889 } attrs { promote: true } }
I20260630 12:26:26.932801  9642 ts_tablet_manager.cc:1434] T 733e5afcd960459ca93d9edd29bfc013 P 5b4627adc5b949eabbe932db81c90f5e: Time spent starting tablet: real 0.008s	user 0.009s	sys 0.000s
I20260630 12:26:26.935202  9327 tablet_copy_service.cc:342] P 14712b444c9a437cbd14fe99ff8524fe: Request end of tablet copy session 5b4627adc5b949eabbe932db81c90f5e-733e5afcd960459ca93d9edd29bfc013 received from {username='slave'} at 127.0.0.1:50112
I20260630 12:26:26.935699  9327 tablet_copy_service.cc:434] P 14712b444c9a437cbd14fe99ff8524fe: ending tablet copy session 5b4627adc5b949eabbe932db81c90f5e-733e5afcd960459ca93d9edd29bfc013 on tablet 733e5afcd960459ca93d9edd29bfc013 with peer 5b4627adc5b949eabbe932db81c90f5e
I20260630 12:26:27.023762  9268 auto_leader_rebalancer.cc:141] leader rebalance for table test-workload
I20260630 12:26:27.026774  9268 auto_leader_rebalancer.cc:440] table: test-workload, leader rebalance finish, leader transfer count: 0
I20260630 12:26:27.027765  9268 auto_leader_rebalancer.cc:515] All tables' leader rebalancing finished this round
I20260630 12:26:27.260869  9599 raft_consensus.cc:1217] T 733e5afcd960459ca93d9edd29bfc013 P 5b4627adc5b949eabbe932db81c90f5e [term 1 LEARNER]: Deduplicated request from leader. Original: 1.1->[1.2-1.2]   Dedup: 1.2->[]
I20260630 12:26:27.863370  9649 raft_consensus.cc:1064] T 733e5afcd960459ca93d9edd29bfc013 P 14712b444c9a437cbd14fe99ff8524fe: attempting to promote NON_VOTER 5b4627adc5b949eabbe932db81c90f5e to VOTER
I20260630 12:26:27.866578  9649 consensus_queue.cc:237] T 733e5afcd960459ca93d9edd29bfc013 P 14712b444c9a437cbd14fe99ff8524fe [LEADER]: Queue going to LEADER mode. State: All replicated index: 0, Majority replicated index: 2, Committed index: 2, Last appended: 1.2, Last appended by leader: 0, Current term: 1, Majority size: 3, State: 0, Mode: LEADER, active raft config: opid_index: 3 OBSOLETE_local: false peers { permanent_uuid: "14712b444c9a437cbd14fe99ff8524fe" member_type: VOTER last_known_addr { host: "127.7.92.129" port: 36055 } } peers { permanent_uuid: "dba9fdead91c4357b2e679bb472323a0" member_type: VOTER last_known_addr { host: "127.7.92.130" port: 34649 } } peers { permanent_uuid: "37a0f8d15e184394addfd3f2f3b07aff" member_type: VOTER last_known_addr { host: "127.7.92.131" port: 42271 } attrs { replace: true } } peers { permanent_uuid: "5b4627adc5b949eabbe932db81c90f5e" member_type: VOTER last_known_addr { host: "127.7.92.132" port: 37889 } attrs { promote: false } }
I20260630 12:26:27.875006  9599 raft_consensus.cc:1275] T 733e5afcd960459ca93d9edd29bfc013 P 5b4627adc5b949eabbe932db81c90f5e [term 1 LEARNER]: Refusing update from remote peer 14712b444c9a437cbd14fe99ff8524fe: Log matching property violated. Preceding OpId in replica: term: 1 index: 2. Preceding OpId from leader: term: 1 index: 3. (index mismatch)
I20260630 12:26:27.879035  9465 raft_consensus.cc:1275] T 733e5afcd960459ca93d9edd29bfc013 P 37a0f8d15e184394addfd3f2f3b07aff [term 1 FOLLOWER]: Refusing update from remote peer 14712b444c9a437cbd14fe99ff8524fe: Log matching property violated. Preceding OpId in replica: term: 1 index: 2. Preceding OpId from leader: term: 1 index: 3. (index mismatch)
I20260630 12:26:27.880409  9653 consensus_queue.cc:1048] T 733e5afcd960459ca93d9edd29bfc013 P 14712b444c9a437cbd14fe99ff8524fe [LEADER]: Connected to new peer: Peer: permanent_uuid: "5b4627adc5b949eabbe932db81c90f5e" member_type: VOTER last_known_addr { host: "127.7.92.132" port: 37889 } attrs { promote: false }, Status: LMP_MISMATCH, Last received: 0.0, Next index: 3, Last known committed idx: 2, Time since last communication: 0.001s
I20260630 12:26:27.883147  9651 consensus_queue.cc:1048] T 733e5afcd960459ca93d9edd29bfc013 P 14712b444c9a437cbd14fe99ff8524fe [LEADER]: Connected to new peer: Peer: permanent_uuid: "37a0f8d15e184394addfd3f2f3b07aff" member_type: VOTER last_known_addr { host: "127.7.92.131" port: 42271 } attrs { replace: true }, Status: LMP_MISMATCH, Last received: 0.0, Next index: 3, Last known committed idx: 2, Time since last communication: 0.001s
I20260630 12:26:27.886487  9392 raft_consensus.cc:1275] T 733e5afcd960459ca93d9edd29bfc013 P dba9fdead91c4357b2e679bb472323a0 [term 1 FOLLOWER]: Refusing update from remote peer 14712b444c9a437cbd14fe99ff8524fe: Log matching property violated. Preceding OpId in replica: term: 1 index: 2. Preceding OpId from leader: term: 1 index: 3. (index mismatch)
I20260630 12:26:27.888353  9649 consensus_queue.cc:1048] T 733e5afcd960459ca93d9edd29bfc013 P 14712b444c9a437cbd14fe99ff8524fe [LEADER]: Connected to new peer: Peer: permanent_uuid: "dba9fdead91c4357b2e679bb472323a0" member_type: VOTER last_known_addr { host: "127.7.92.130" port: 34649 }, Status: LMP_MISMATCH, Last received: 0.0, Next index: 3, Last known committed idx: 2, Time since last communication: 0.000s
I20260630 12:26:27.910789  9392 raft_consensus.cc:2955] T 733e5afcd960459ca93d9edd29bfc013 P dba9fdead91c4357b2e679bb472323a0 [term 1 FOLLOWER]: Committing config change with OpId 1.3: config changed from index 2 to 3, 5b4627adc5b949eabbe932db81c90f5e (127.7.92.132) changed from NON_VOTER to VOTER. New config: { opid_index: 3 OBSOLETE_local: false peers { permanent_uuid: "14712b444c9a437cbd14fe99ff8524fe" member_type: VOTER last_known_addr { host: "127.7.92.129" port: 36055 } } peers { permanent_uuid: "dba9fdead91c4357b2e679bb472323a0" member_type: VOTER last_known_addr { host: "127.7.92.130" port: 34649 } } peers { permanent_uuid: "37a0f8d15e184394addfd3f2f3b07aff" member_type: VOTER last_known_addr { host: "127.7.92.131" port: 42271 } attrs { replace: true } } peers { permanent_uuid: "5b4627adc5b949eabbe932db81c90f5e" member_type: VOTER last_known_addr { host: "127.7.92.132" port: 37889 } attrs { promote: false } } }
I20260630 12:26:27.913014  9599 raft_consensus.cc:2955] T 733e5afcd960459ca93d9edd29bfc013 P 5b4627adc5b949eabbe932db81c90f5e [term 1 FOLLOWER]: Committing config change with OpId 1.3: config changed from index 2 to 3, 5b4627adc5b949eabbe932db81c90f5e (127.7.92.132) changed from NON_VOTER to VOTER. New config: { opid_index: 3 OBSOLETE_local: false peers { permanent_uuid: "14712b444c9a437cbd14fe99ff8524fe" member_type: VOTER last_known_addr { host: "127.7.92.129" port: 36055 } } peers { permanent_uuid: "dba9fdead91c4357b2e679bb472323a0" member_type: VOTER last_known_addr { host: "127.7.92.130" port: 34649 } } peers { permanent_uuid: "37a0f8d15e184394addfd3f2f3b07aff" member_type: VOTER last_known_addr { host: "127.7.92.131" port: 42271 } attrs { replace: true } } peers { permanent_uuid: "5b4627adc5b949eabbe932db81c90f5e" member_type: VOTER last_known_addr { host: "127.7.92.132" port: 37889 } attrs { promote: false } } }
I20260630 12:26:27.907415  9649 raft_consensus.cc:2955] T 733e5afcd960459ca93d9edd29bfc013 P 14712b444c9a437cbd14fe99ff8524fe [term 1 LEADER]: Committing config change with OpId 1.3: config changed from index 2 to 3, 5b4627adc5b949eabbe932db81c90f5e (127.7.92.132) changed from NON_VOTER to VOTER. New config: { opid_index: 3 OBSOLETE_local: false peers { permanent_uuid: "14712b444c9a437cbd14fe99ff8524fe" member_type: VOTER last_known_addr { host: "127.7.92.129" port: 36055 } } peers { permanent_uuid: "dba9fdead91c4357b2e679bb472323a0" member_type: VOTER last_known_addr { host: "127.7.92.130" port: 34649 } } peers { permanent_uuid: "37a0f8d15e184394addfd3f2f3b07aff" member_type: VOTER last_known_addr { host: "127.7.92.131" port: 42271 } attrs { replace: true } } peers { permanent_uuid: "5b4627adc5b949eabbe932db81c90f5e" member_type: VOTER last_known_addr { host: "127.7.92.132" port: 37889 } attrs { promote: false } } }
I20260630 12:26:27.936642  9465 raft_consensus.cc:2955] T 733e5afcd960459ca93d9edd29bfc013 P 37a0f8d15e184394addfd3f2f3b07aff [term 1 FOLLOWER]: Committing config change with OpId 1.3: config changed from index 2 to 3, 5b4627adc5b949eabbe932db81c90f5e (127.7.92.132) changed from NON_VOTER to VOTER. New config: { opid_index: 3 OBSOLETE_local: false peers { permanent_uuid: "14712b444c9a437cbd14fe99ff8524fe" member_type: VOTER last_known_addr { host: "127.7.92.129" port: 36055 } } peers { permanent_uuid: "dba9fdead91c4357b2e679bb472323a0" member_type: VOTER last_known_addr { host: "127.7.92.130" port: 34649 } } peers { permanent_uuid: "37a0f8d15e184394addfd3f2f3b07aff" member_type: VOTER last_known_addr { host: "127.7.92.131" port: 42271 } attrs { replace: true } } peers { permanent_uuid: "5b4627adc5b949eabbe932db81c90f5e" member_type: VOTER last_known_addr { host: "127.7.92.132" port: 37889 } attrs { promote: false } } }
I20260630 12:26:27.956323  9212 catalog_manager.cc:5697] T 733e5afcd960459ca93d9edd29bfc013 P 14712b444c9a437cbd14fe99ff8524fe reported cstate change: config changed from index 2 to 3, 5b4627adc5b949eabbe932db81c90f5e (127.7.92.132) changed from NON_VOTER to VOTER. New cstate: current_term: 1 leader_uuid: "14712b444c9a437cbd14fe99ff8524fe" committed_config { opid_index: 3 OBSOLETE_local: false peers { permanent_uuid: "14712b444c9a437cbd14fe99ff8524fe" member_type: VOTER last_known_addr { host: "127.7.92.129" port: 36055 } health_report { overall_health: HEALTHY } } peers { permanent_uuid: "dba9fdead91c4357b2e679bb472323a0" member_type: VOTER last_known_addr { host: "127.7.92.130" port: 34649 } health_report { overall_health: HEALTHY } } peers { permanent_uuid: "37a0f8d15e184394addfd3f2f3b07aff" member_type: VOTER last_known_addr { host: "127.7.92.131" port: 42271 } attrs { replace: true } health_report { overall_health: HEALTHY } } peers { permanent_uuid: "5b4627adc5b949eabbe932db81c90f5e" member_type: VOTER last_known_addr { host: "127.7.92.132" port: 37889 } attrs { promote: false } health_report { overall_health: HEALTHY } } }
I20260630 12:26:27.992003  9317 consensus_queue.cc:237] T 733e5afcd960459ca93d9edd29bfc013 P 14712b444c9a437cbd14fe99ff8524fe [LEADER]: Queue going to LEADER mode. State: All replicated index: 0, Majority replicated index: 3, Committed index: 3, Last appended: 1.3, Last appended by leader: 0, Current term: 1, Majority size: 2, State: 0, Mode: LEADER, active raft config: opid_index: 4 OBSOLETE_local: false peers { permanent_uuid: "14712b444c9a437cbd14fe99ff8524fe" member_type: VOTER last_known_addr { host: "127.7.92.129" port: 36055 } } peers { permanent_uuid: "dba9fdead91c4357b2e679bb472323a0" member_type: VOTER last_known_addr { host: "127.7.92.130" port: 34649 } } peers { permanent_uuid: "5b4627adc5b949eabbe932db81c90f5e" member_type: VOTER last_known_addr { host: "127.7.92.132" port: 37889 } attrs { promote: false } }
I20260630 12:26:28.000101  9599 raft_consensus.cc:1275] T 733e5afcd960459ca93d9edd29bfc013 P 5b4627adc5b949eabbe932db81c90f5e [term 1 FOLLOWER]: Refusing update from remote peer 14712b444c9a437cbd14fe99ff8524fe: Log matching property violated. Preceding OpId in replica: term: 1 index: 3. Preceding OpId from leader: term: 1 index: 4. (index mismatch)
I20260630 12:26:28.000485  9392 raft_consensus.cc:1275] T 733e5afcd960459ca93d9edd29bfc013 P dba9fdead91c4357b2e679bb472323a0 [term 1 FOLLOWER]: Refusing update from remote peer 14712b444c9a437cbd14fe99ff8524fe: Log matching property violated. Preceding OpId in replica: term: 1 index: 3. Preceding OpId from leader: term: 1 index: 4. (index mismatch)
