W20260630 12:25:48.235904  7436 system_unsync_time.cc:38] NTP support is disabled. Clock error bounds will not be accurate. This configuration is not suitable for distributed clusters.
I20260630 12:25:48.236018  7436 hybrid_clock.cc:648] HybridClock initialized: now 1782822348236007 us; error 0 us; skew 500 ppm
I20260630 12:25:48.236447  7436 server_base.cc:861] Flag tcmalloc_max_total_thread_cache_bytes is not working since tcmalloc is not enabled.
I20260630 12:25:48.239389  7436 webserver.cc:533] Webserver started at http://127.7.67.62:44251/ using document root <none> and password file <none>
I20260630 12:25:48.239830  7436 fs_manager.cc:362] Metadata directory not provided
I20260630 12:25:48.239988  7436 fs_manager.cc:368] Using write-ahead log directory (fs_wal_dir) as metadata directory
I20260630 12:25:48.240224  7436 server_base.cc:909] This appears to be a new deployment of Kudu; creating new FS layout
I20260630 12:25:48.241285  7436 fs_manager.cc:1068] Generated new instance metadata in path /tmp/dist-test-taskMUEbuk/test-tmp/auto_rebalancer-test.0.AutoRebalancerTest.AutoRebalancingTurnOffAndOn.1782822340206438-7436-0/minicluster-data/master-0-root/instance:
uuid: "2d3150c1e5b9470fa36d755780c01eed"
format_stamp: "Formatted at 2026-06-30 12:25:48 on dist-test-slave-1glm"
I20260630 12:25:48.246261  7436 fs_manager.cc:696] Time spent creating directory manager: real 0.005s	user 0.006s	sys 0.000s
I20260630 12:25:48.249682  7986 log_block_manager.cc:4031] Time spent loading block containers with low live blocks: real 0.000s	user 0.000s	sys 0.000s
I20260630 12:25:48.250502  7436 fs_manager.cc:730] Time spent opening block manager: real 0.002s	user 0.002s	sys 0.000s
I20260630 12:25:48.250814  7436 fs_manager.cc:647] Opened local filesystem: /tmp/dist-test-taskMUEbuk/test-tmp/auto_rebalancer-test.0.AutoRebalancerTest.AutoRebalancingTurnOffAndOn.1782822340206438-7436-0/minicluster-data/master-0-root
uuid: "2d3150c1e5b9470fa36d755780c01eed"
format_stamp: "Formatted at 2026-06-30 12:25:48 on dist-test-slave-1glm"
I20260630 12:25:48.251116  7436 fs_report.cc:389] FS layout report
--------------------
wal directory: /tmp/dist-test-taskMUEbuk/test-tmp/auto_rebalancer-test.0.AutoRebalancerTest.AutoRebalancingTurnOffAndOn.1782822340206438-7436-0/minicluster-data/master-0-root
metadata directory: /tmp/dist-test-taskMUEbuk/test-tmp/auto_rebalancer-test.0.AutoRebalancerTest.AutoRebalancingTurnOffAndOn.1782822340206438-7436-0/minicluster-data/master-0-root
1 data directories: /tmp/dist-test-taskMUEbuk/test-tmp/auto_rebalancer-test.0.AutoRebalancerTest.AutoRebalancingTurnOffAndOn.1782822340206438-7436-0/minicluster-data/master-0-root/data
Total live blocks: 0
Total live bytes: 0
Total live bytes (after alignment): 0
Total number of LBM containers: 0 (0 full)
Did not check for missing blocks
Did not check for orphaned blocks
Total full LBM containers with extra space: 0 (0 repaired)
Total full LBM container extra space in bytes: 0 (0 repaired)
Total incomplete LBM containers: 0 (0 repaired)
Total LBM partial records: 0 (0 repaired)
Total corrupted LBM metadata records in RocksDB: 0 (0 repaired)
I20260630 12:25:48.263799  7436 rpc_server.cc:225] running with OpenSSL 1.1.1  11 Sep 2018
I20260630 12:25:48.264835  7436 kserver.cc:163] Server-wide thread pool size limit: 3276
I20260630 12:25:48.300715  7436 rpc_server.cc:307] RPC server started. Bound to: 127.7.67.62:45379
I20260630 12:25:48.300809  8037 acceptor_pool.cc:272] collecting diagnostics on the listening RPC socket 127.7.67.62:45379 every 8 connection(s)
I20260630 12:25:48.304464  8038 data_dirs.cc:400] Could only allocate 1 dirs of requested 3 for tablet 00000000000000000000000000000000. 1 dirs total, 0 dirs full, 0 dirs failed
I20260630 12:25:48.313793  8038 tablet_bootstrap.cc:492] T 00000000000000000000000000000000 P 2d3150c1e5b9470fa36d755780c01eed: Bootstrap starting.
I20260630 12:25:48.317773  8038 tablet_bootstrap.cc:654] T 00000000000000000000000000000000 P 2d3150c1e5b9470fa36d755780c01eed: Neither blocks nor log segments found. Creating new log.
I20260630 12:25:48.321672  8038 tablet_bootstrap.cc:492] T 00000000000000000000000000000000 P 2d3150c1e5b9470fa36d755780c01eed: No bootstrap required, opened a new log
I20260630 12:25:48.323691  8038 raft_consensus.cc:359] T 00000000000000000000000000000000 P 2d3150c1e5b9470fa36d755780c01eed [term 0 FOLLOWER]: Replica starting. Triggering 0 pending ops. Active config: opid_index: -1 OBSOLETE_local: true peers { permanent_uuid: "2d3150c1e5b9470fa36d755780c01eed" member_type: VOTER }
I20260630 12:25:48.324139  8038 raft_consensus.cc:385] T 00000000000000000000000000000000 P 2d3150c1e5b9470fa36d755780c01eed [term 0 FOLLOWER]: Consensus starting up: Expiring failure detector timer to make a prompt election more likely
I20260630 12:25:48.324383  8038 raft_consensus.cc:740] T 00000000000000000000000000000000 P 2d3150c1e5b9470fa36d755780c01eed [term 0 FOLLOWER]: Becoming Follower/Learner. State: Replica: 2d3150c1e5b9470fa36d755780c01eed, State: Initialized, Role: FOLLOWER
I20260630 12:25:48.324982  8038 consensus_queue.cc:260] T 00000000000000000000000000000000 P 2d3150c1e5b9470fa36d755780c01eed [NON_LEADER]: Queue going to NON_LEADER mode. State: All replicated index: 0, Majority replicated index: 0, Committed index: 0, Last appended: 0.0, Last appended by leader: 0, Current term: 0, Majority size: -1, State: 0, Mode: NON_LEADER, active raft config: opid_index: -1 OBSOLETE_local: true peers { permanent_uuid: "2d3150c1e5b9470fa36d755780c01eed" member_type: VOTER }
I20260630 12:25:48.325450  8038 raft_consensus.cc:399] T 00000000000000000000000000000000 P 2d3150c1e5b9470fa36d755780c01eed [term 0 FOLLOWER]: Only one voter in the Raft config. Triggering election immediately
I20260630 12:25:48.325691  8038 raft_consensus.cc:493] T 00000000000000000000000000000000 P 2d3150c1e5b9470fa36d755780c01eed [term 0 FOLLOWER]: Starting leader election (initial election of a single-replica configuration)
I20260630 12:25:48.325961  8038 raft_consensus.cc:3060] T 00000000000000000000000000000000 P 2d3150c1e5b9470fa36d755780c01eed [term 0 FOLLOWER]: Advancing to term 1
I20260630 12:25:48.329969  8038 raft_consensus.cc:515] T 00000000000000000000000000000000 P 2d3150c1e5b9470fa36d755780c01eed [term 1 FOLLOWER]: Starting leader election with config: opid_index: -1 OBSOLETE_local: true peers { permanent_uuid: "2d3150c1e5b9470fa36d755780c01eed" member_type: VOTER }
I20260630 12:25:48.330523  8038 leader_election.cc:304] T 00000000000000000000000000000000 P 2d3150c1e5b9470fa36d755780c01eed [CANDIDATE]: Term 1 election: Election decided. Result: candidate won. Election summary: received 1 responses out of 1 voters: 1 yes votes; 0 no votes. yes voters: 2d3150c1e5b9470fa36d755780c01eed; no voters: 
I20260630 12:25:48.331966  8038 leader_election.cc:290] T 00000000000000000000000000000000 P 2d3150c1e5b9470fa36d755780c01eed [CANDIDATE]: Term 1 election: Requested vote from peers 
I20260630 12:25:48.332288  8041 raft_consensus.cc:2804] T 00000000000000000000000000000000 P 2d3150c1e5b9470fa36d755780c01eed [term 1 FOLLOWER]: Leader election won for term 1
I20260630 12:25:48.335799  8038 sys_catalog.cc:565] T 00000000000000000000000000000000 P 2d3150c1e5b9470fa36d755780c01eed [sys.catalog]: configured and running, proceeding with master startup.
I20260630 12:25:48.335825  8041 raft_consensus.cc:697] T 00000000000000000000000000000000 P 2d3150c1e5b9470fa36d755780c01eed [term 1 LEADER]: Becoming Leader. State: Replica: 2d3150c1e5b9470fa36d755780c01eed, State: Running, Role: LEADER
I20260630 12:25:48.336623  8041 consensus_queue.cc:237] T 00000000000000000000000000000000 P 2d3150c1e5b9470fa36d755780c01eed [LEADER]: Queue going to LEADER mode. State: All replicated index: 0, Majority replicated index: 0, Committed index: 0, Last appended: 0.0, Last appended by leader: 0, Current term: 1, Majority size: 1, State: 0, Mode: LEADER, active raft config: opid_index: -1 OBSOLETE_local: true peers { permanent_uuid: "2d3150c1e5b9470fa36d755780c01eed" member_type: VOTER }
I20260630 12:25:48.339955  8043 sys_catalog.cc:455] T 00000000000000000000000000000000 P 2d3150c1e5b9470fa36d755780c01eed [sys.catalog]: SysCatalogTable state changed. Reason: New leader 2d3150c1e5b9470fa36d755780c01eed. Latest consensus state: current_term: 1 leader_uuid: "2d3150c1e5b9470fa36d755780c01eed" committed_config { opid_index: -1 OBSOLETE_local: true peers { permanent_uuid: "2d3150c1e5b9470fa36d755780c01eed" member_type: VOTER } }
I20260630 12:25:48.339955  8042 sys_catalog.cc:455] T 00000000000000000000000000000000 P 2d3150c1e5b9470fa36d755780c01eed [sys.catalog]: SysCatalogTable state changed. Reason: RaftConsensus started. Latest consensus state: current_term: 1 leader_uuid: "2d3150c1e5b9470fa36d755780c01eed" committed_config { opid_index: -1 OBSOLETE_local: true peers { permanent_uuid: "2d3150c1e5b9470fa36d755780c01eed" member_type: VOTER } }
I20260630 12:25:48.340618  8043 sys_catalog.cc:458] T 00000000000000000000000000000000 P 2d3150c1e5b9470fa36d755780c01eed [sys.catalog]: This master's current role is: LEADER
I20260630 12:25:48.340900  8042 sys_catalog.cc:458] T 00000000000000000000000000000000 P 2d3150c1e5b9470fa36d755780c01eed [sys.catalog]: This master's current role is: LEADER
I20260630 12:25:48.343806  8046 catalog_manager.cc:1511] Loading table and tablet metadata into memory...
I20260630 12:25:48.350620  8046 catalog_manager.cc:1520] Initializing Kudu cluster ID...
I20260630 12:25:48.352097  7436 internal_mini_cluster.cc:184] Waiting to initialize catalog manager on master 0
I20260630 12:25:48.359963  8046 catalog_manager.cc:1383] Generated new cluster ID: 1ca25fe712d9460eb90007e727a88a13
I20260630 12:25:48.360263  8046 catalog_manager.cc:1531] Initializing Kudu internal certificate authority...
I20260630 12:25:48.378111  8046 catalog_manager.cc:1406] Generated new certificate authority record
I20260630 12:25:48.379571  8046 catalog_manager.cc:1540] Loading token signing keys...
I20260630 12:25:48.397295  8046 catalog_manager.cc:6070] T 00000000000000000000000000000000 P 2d3150c1e5b9470fa36d755780c01eed: Generated new TSK 0
I20260630 12:25:48.397984  8046 catalog_manager.cc:1550] Initializing in-progress tserver states...
I20260630 12:25:48.418859  7436 file_cache.cc:492] Constructed file cache file cache with capacity 419430
W20260630 12:25:48.424659  8059 instance_detector.cc:116] could not retrieve AWS instance metadata: Network error: curl error: HTTP response code said error: The requested URL returned error: 404
W20260630 12:25:48.425966  8060 instance_detector.cc:116] could not retrieve Azure instance metadata: Network error: curl error: HTTP response code said error: The requested URL returned error: 404
W20260630 12:25:48.427994  8062 instance_detector.cc:116] could not retrieve OpenStack instance metadata: Network error: curl error: HTTP response code said error: The requested URL returned error: 404
I20260630 12:25:48.428157  7436 server_base.cc:1061] running on GCE node
I20260630 12:25:48.429145  7436 hybrid_clock.cc:584] initializing the hybrid clock with 'system_unsync' time source
W20260630 12:25:48.429561  7436 system_unsync_time.cc:38] NTP support is disabled. Clock error bounds will not be accurate. This configuration is not suitable for distributed clusters.
I20260630 12:25:48.429806  7436 hybrid_clock.cc:648] HybridClock initialized: now 1782822348429784 us; error 0 us; skew 500 ppm
I20260630 12:25:48.430433  7436 server_base.cc:861] Flag tcmalloc_max_total_thread_cache_bytes is not working since tcmalloc is not enabled.
I20260630 12:25:48.433161  7436 webserver.cc:533] Webserver started at http://127.7.67.1:36387/ using document root <none> and password file <none>
I20260630 12:25:48.433692  7436 fs_manager.cc:362] Metadata directory not provided
I20260630 12:25:48.433856  7436 fs_manager.cc:368] Using write-ahead log directory (fs_wal_dir) as metadata directory
I20260630 12:25:48.434211  7436 server_base.cc:909] This appears to be a new deployment of Kudu; creating new FS layout
I20260630 12:25:48.435406  7436 fs_manager.cc:1068] Generated new instance metadata in path /tmp/dist-test-taskMUEbuk/test-tmp/auto_rebalancer-test.0.AutoRebalancerTest.AutoRebalancingTurnOffAndOn.1782822340206438-7436-0/minicluster-data/ts-0-root/instance:
uuid: "36d42b71a2724c979baa405eb8f5cd2e"
format_stamp: "Formatted at 2026-06-30 12:25:48 on dist-test-slave-1glm"
I20260630 12:25:48.440263  7436 fs_manager.cc:696] Time spent creating directory manager: real 0.004s	user 0.004s	sys 0.000s
I20260630 12:25:48.443853  8067 log_block_manager.cc:4031] Time spent loading block containers with low live blocks: real 0.000s	user 0.000s	sys 0.000s
I20260630 12:25:48.444746  7436 fs_manager.cc:730] Time spent opening block manager: real 0.003s	user 0.002s	sys 0.002s
I20260630 12:25:48.445048  7436 fs_manager.cc:647] Opened local filesystem: /tmp/dist-test-taskMUEbuk/test-tmp/auto_rebalancer-test.0.AutoRebalancerTest.AutoRebalancingTurnOffAndOn.1782822340206438-7436-0/minicluster-data/ts-0-root
uuid: "36d42b71a2724c979baa405eb8f5cd2e"
format_stamp: "Formatted at 2026-06-30 12:25:48 on dist-test-slave-1glm"
I20260630 12:25:48.445417  7436 fs_report.cc:389] FS layout report
--------------------
wal directory: /tmp/dist-test-taskMUEbuk/test-tmp/auto_rebalancer-test.0.AutoRebalancerTest.AutoRebalancingTurnOffAndOn.1782822340206438-7436-0/minicluster-data/ts-0-root
metadata directory: /tmp/dist-test-taskMUEbuk/test-tmp/auto_rebalancer-test.0.AutoRebalancerTest.AutoRebalancingTurnOffAndOn.1782822340206438-7436-0/minicluster-data/ts-0-root
1 data directories: /tmp/dist-test-taskMUEbuk/test-tmp/auto_rebalancer-test.0.AutoRebalancerTest.AutoRebalancingTurnOffAndOn.1782822340206438-7436-0/minicluster-data/ts-0-root/data
Total live blocks: 0
Total live bytes: 0
Total live bytes (after alignment): 0
Total number of LBM containers: 0 (0 full)
Did not check for missing blocks
Did not check for orphaned blocks
Total full LBM containers with extra space: 0 (0 repaired)
Total full LBM container extra space in bytes: 0 (0 repaired)
Total incomplete LBM containers: 0 (0 repaired)
Total LBM partial records: 0 (0 repaired)
Total corrupted LBM metadata records in RocksDB: 0 (0 repaired)
I20260630 12:25:48.458756  7436 rpc_server.cc:225] running with OpenSSL 1.1.1  11 Sep 2018
I20260630 12:25:48.459889  7436 kserver.cc:163] Server-wide thread pool size limit: 3276
I20260630 12:25:48.461344  7436 txn_system_client.cc:432] TxnSystemClient initialization is disabled...
I20260630 12:25:48.463660  7436 ts_tablet_manager.cc:585] Loaded tablet metadata (0 total tablets, 0 live tablets)
I20260630 12:25:48.463883  7436 ts_tablet_manager.cc:531] Time spent load tablet metadata: real 0.000s	user 0.000s	sys 0.000s
I20260630 12:25:48.464152  7436 ts_tablet_manager.cc:616] Registered 0 tablets
I20260630 12:25:48.464339  7436 ts_tablet_manager.cc:595] Time spent register tablets: real 0.000s	user 0.000s	sys 0.000s
I20260630 12:25:48.504012  7436 rpc_server.cc:307] RPC server started. Bound to: 127.7.67.1:35191
I20260630 12:25:48.504079  8129 acceptor_pool.cc:272] collecting diagnostics on the listening RPC socket 127.7.67.1:35191 every 8 connection(s)
I20260630 12:25:48.508795  7436 file_cache.cc:492] Constructed file cache file cache with capacity 419430
W20260630 12:25:48.516080  8134 instance_detector.cc:116] could not retrieve AWS instance metadata: Network error: curl error: HTTP response code said error: The requested URL returned error: 404
W20260630 12:25:48.518039  8135 instance_detector.cc:116] could not retrieve Azure instance metadata: Network error: curl error: HTTP response code said error: The requested URL returned error: 404
I20260630 12:25:48.521476  7436 server_base.cc:1061] running on GCE node
W20260630 12:25:48.521505  8137 instance_detector.cc:116] could not retrieve OpenStack instance metadata: Network error: curl error: HTTP response code said error: The requested URL returned error: 404
I20260630 12:25:48.523065  7436 hybrid_clock.cc:584] initializing the hybrid clock with 'system_unsync' time source
W20260630 12:25:48.523382  7436 system_unsync_time.cc:38] NTP support is disabled. Clock error bounds will not be accurate. This configuration is not suitable for distributed clusters.
I20260630 12:25:48.523566  7436 hybrid_clock.cc:648] HybridClock initialized: now 1782822348523551 us; error 0 us; skew 500 ppm
I20260630 12:25:48.524061  7436 server_base.cc:861] Flag tcmalloc_max_total_thread_cache_bytes is not working since tcmalloc is not enabled.
I20260630 12:25:48.526602  8130 heartbeater.cc:344] Connected to a master server at 127.7.67.62:45379
I20260630 12:25:48.527024  8130 heartbeater.cc:461] Registering TS with master...
I20260630 12:25:48.527673  7436 webserver.cc:533] Webserver started at http://127.7.67.2:36163/ using document root <none> and password file <none>
I20260630 12:25:48.528017  8130 heartbeater.cc:507] Master 127.7.67.62:45379 requested a full tablet report, sending...
I20260630 12:25:48.528314  7436 fs_manager.cc:362] Metadata directory not provided
I20260630 12:25:48.528569  7436 fs_manager.cc:368] Using write-ahead log directory (fs_wal_dir) as metadata directory
I20260630 12:25:48.528888  7436 server_base.cc:909] This appears to be a new deployment of Kudu; creating new FS layout
I20260630 12:25:48.529948  7436 fs_manager.cc:1068] Generated new instance metadata in path /tmp/dist-test-taskMUEbuk/test-tmp/auto_rebalancer-test.0.AutoRebalancerTest.AutoRebalancingTurnOffAndOn.1782822340206438-7436-0/minicluster-data/ts-1-root/instance:
uuid: "6ff551cb049443dda9a026f5b15b188a"
format_stamp: "Formatted at 2026-06-30 12:25:48 on dist-test-slave-1glm"
I20260630 12:25:48.530350  8003 ts_manager.cc:194] Registered new tserver with Master: 36d42b71a2724c979baa405eb8f5cd2e (127.7.67.1:35191)
I20260630 12:25:48.532040  8003 master_service.cc:502] Signed X509 certificate for tserver {username='slave'} at 127.0.0.1:58748
I20260630 12:25:48.534718  7436 fs_manager.cc:696] Time spent creating directory manager: real 0.004s	user 0.004s	sys 0.002s
I20260630 12:25:48.538105  8142 log_block_manager.cc:4031] Time spent loading block containers with low live blocks: real 0.000s	user 0.000s	sys 0.000s
I20260630 12:25:48.539088  7436 fs_manager.cc:730] Time spent opening block manager: real 0.002s	user 0.002s	sys 0.000s
I20260630 12:25:48.539474  7436 fs_manager.cc:647] Opened local filesystem: /tmp/dist-test-taskMUEbuk/test-tmp/auto_rebalancer-test.0.AutoRebalancerTest.AutoRebalancingTurnOffAndOn.1782822340206438-7436-0/minicluster-data/ts-1-root
uuid: "6ff551cb049443dda9a026f5b15b188a"
format_stamp: "Formatted at 2026-06-30 12:25:48 on dist-test-slave-1glm"
I20260630 12:25:48.539757  7436 fs_report.cc:389] FS layout report
--------------------
wal directory: /tmp/dist-test-taskMUEbuk/test-tmp/auto_rebalancer-test.0.AutoRebalancerTest.AutoRebalancingTurnOffAndOn.1782822340206438-7436-0/minicluster-data/ts-1-root
metadata directory: /tmp/dist-test-taskMUEbuk/test-tmp/auto_rebalancer-test.0.AutoRebalancerTest.AutoRebalancingTurnOffAndOn.1782822340206438-7436-0/minicluster-data/ts-1-root
1 data directories: /tmp/dist-test-taskMUEbuk/test-tmp/auto_rebalancer-test.0.AutoRebalancerTest.AutoRebalancingTurnOffAndOn.1782822340206438-7436-0/minicluster-data/ts-1-root/data
Total live blocks: 0
Total live bytes: 0
Total live bytes (after alignment): 0
Total number of LBM containers: 0 (0 full)
Did not check for missing blocks
Did not check for orphaned blocks
Total full LBM containers with extra space: 0 (0 repaired)
Total full LBM container extra space in bytes: 0 (0 repaired)
Total incomplete LBM containers: 0 (0 repaired)
Total LBM partial records: 0 (0 repaired)
Total corrupted LBM metadata records in RocksDB: 0 (0 repaired)
I20260630 12:25:48.556288  7436 rpc_server.cc:225] running with OpenSSL 1.1.1  11 Sep 2018
I20260630 12:25:48.557325  7436 kserver.cc:163] Server-wide thread pool size limit: 3276
I20260630 12:25:48.558692  7436 txn_system_client.cc:432] TxnSystemClient initialization is disabled...
I20260630 12:25:48.560972  7436 ts_tablet_manager.cc:585] Loaded tablet metadata (0 total tablets, 0 live tablets)
I20260630 12:25:48.561160  7436 ts_tablet_manager.cc:531] Time spent load tablet metadata: real 0.000s	user 0.000s	sys 0.000s
I20260630 12:25:48.561406  7436 ts_tablet_manager.cc:616] Registered 0 tablets
I20260630 12:25:48.561609  7436 ts_tablet_manager.cc:595] Time spent register tablets: real 0.000s	user 0.000s	sys 0.000s
I20260630 12:25:48.601565  7436 rpc_server.cc:307] RPC server started. Bound to: 127.7.67.2:34021
I20260630 12:25:48.601660  8204 acceptor_pool.cc:272] collecting diagnostics on the listening RPC socket 127.7.67.2:34021 every 8 connection(s)
I20260630 12:25:48.606496  7436 file_cache.cc:492] Constructed file cache file cache with capacity 419430
W20260630 12:25:48.613605  8208 instance_detector.cc:116] could not retrieve AWS instance metadata: Network error: curl error: HTTP response code said error: The requested URL returned error: 404
W20260630 12:25:48.615959  8209 instance_detector.cc:116] could not retrieve Azure instance metadata: Network error: curl error: HTTP response code said error: The requested URL returned error: 404
W20260630 12:25:48.619566  8211 instance_detector.cc:116] could not retrieve OpenStack instance metadata: Network error: curl error: HTTP response code said error: The requested URL returned error: 404
I20260630 12:25:48.619835  7436 server_base.cc:1061] running on GCE node
I20260630 12:25:48.620685  8205 heartbeater.cc:344] Connected to a master server at 127.7.67.62:45379
I20260630 12:25:48.621002  7436 hybrid_clock.cc:584] initializing the hybrid clock with 'system_unsync' time source
I20260630 12:25:48.621070  8205 heartbeater.cc:461] Registering TS with master...
W20260630 12:25:48.621351  7436 system_unsync_time.cc:38] NTP support is disabled. Clock error bounds will not be accurate. This configuration is not suitable for distributed clusters.
I20260630 12:25:48.621567  7436 hybrid_clock.cc:648] HybridClock initialized: now 1782822348621553 us; error 0 us; skew 500 ppm
I20260630 12:25:48.622020  8205 heartbeater.cc:507] Master 127.7.67.62:45379 requested a full tablet report, sending...
I20260630 12:25:48.622098  7436 server_base.cc:861] Flag tcmalloc_max_total_thread_cache_bytes is not working since tcmalloc is not enabled.
I20260630 12:25:48.624303  8003 ts_manager.cc:194] Registered new tserver with Master: 6ff551cb049443dda9a026f5b15b188a (127.7.67.2:34021)
I20260630 12:25:48.624816  7436 webserver.cc:533] Webserver started at http://127.7.67.3:41555/ using document root <none> and password file <none>
I20260630 12:25:48.625305  7436 fs_manager.cc:362] Metadata directory not provided
I20260630 12:25:48.625511  7436 fs_manager.cc:368] Using write-ahead log directory (fs_wal_dir) as metadata directory
I20260630 12:25:48.625777  7436 server_base.cc:909] This appears to be a new deployment of Kudu; creating new FS layout
I20260630 12:25:48.625816  8003 master_service.cc:502] Signed X509 certificate for tserver {username='slave'} at 127.0.0.1:58752
I20260630 12:25:48.627003  7436 fs_manager.cc:1068] Generated new instance metadata in path /tmp/dist-test-taskMUEbuk/test-tmp/auto_rebalancer-test.0.AutoRebalancerTest.AutoRebalancingTurnOffAndOn.1782822340206438-7436-0/minicluster-data/ts-2-root/instance:
uuid: "9cb74f3784ab4d448fffdc7515abe79b"
format_stamp: "Formatted at 2026-06-30 12:25:48 on dist-test-slave-1glm"
I20260630 12:25:48.631541  7436 fs_manager.cc:696] Time spent creating directory manager: real 0.004s	user 0.002s	sys 0.001s
I20260630 12:25:48.634614  8216 log_block_manager.cc:4031] Time spent loading block containers with low live blocks: real 0.000s	user 0.000s	sys 0.000s
I20260630 12:25:48.635502  7436 fs_manager.cc:730] Time spent opening block manager: real 0.002s	user 0.003s	sys 0.000s
I20260630 12:25:48.635810  7436 fs_manager.cc:647] Opened local filesystem: /tmp/dist-test-taskMUEbuk/test-tmp/auto_rebalancer-test.0.AutoRebalancerTest.AutoRebalancingTurnOffAndOn.1782822340206438-7436-0/minicluster-data/ts-2-root
uuid: "9cb74f3784ab4d448fffdc7515abe79b"
format_stamp: "Formatted at 2026-06-30 12:25:48 on dist-test-slave-1glm"
I20260630 12:25:48.636098  7436 fs_report.cc:389] FS layout report
--------------------
wal directory: /tmp/dist-test-taskMUEbuk/test-tmp/auto_rebalancer-test.0.AutoRebalancerTest.AutoRebalancingTurnOffAndOn.1782822340206438-7436-0/minicluster-data/ts-2-root
metadata directory: /tmp/dist-test-taskMUEbuk/test-tmp/auto_rebalancer-test.0.AutoRebalancerTest.AutoRebalancingTurnOffAndOn.1782822340206438-7436-0/minicluster-data/ts-2-root
1 data directories: /tmp/dist-test-taskMUEbuk/test-tmp/auto_rebalancer-test.0.AutoRebalancerTest.AutoRebalancingTurnOffAndOn.1782822340206438-7436-0/minicluster-data/ts-2-root/data
Total live blocks: 0
Total live bytes: 0
Total live bytes (after alignment): 0
Total number of LBM containers: 0 (0 full)
Did not check for missing blocks
Did not check for orphaned blocks
Total full LBM containers with extra space: 0 (0 repaired)
Total full LBM container extra space in bytes: 0 (0 repaired)
Total incomplete LBM containers: 0 (0 repaired)
Total LBM partial records: 0 (0 repaired)
Total corrupted LBM metadata records in RocksDB: 0 (0 repaired)
I20260630 12:25:48.655853  7436 rpc_server.cc:225] running with OpenSSL 1.1.1  11 Sep 2018
I20260630 12:25:48.657181  7436 kserver.cc:163] Server-wide thread pool size limit: 3276
I20260630 12:25:48.658897  7436 txn_system_client.cc:432] TxnSystemClient initialization is disabled...
I20260630 12:25:48.661202  7436 ts_tablet_manager.cc:585] Loaded tablet metadata (0 total tablets, 0 live tablets)
I20260630 12:25:48.661403  7436 ts_tablet_manager.cc:531] Time spent load tablet metadata: real 0.000s	user 0.000s	sys 0.000s
I20260630 12:25:48.661700  7436 ts_tablet_manager.cc:616] Registered 0 tablets
I20260630 12:25:48.661842  7436 ts_tablet_manager.cc:595] Time spent register tablets: real 0.000s	user 0.000s	sys 0.000s
I20260630 12:25:48.701594  7436 rpc_server.cc:307] RPC server started. Bound to: 127.7.67.3:34567
I20260630 12:25:48.701682  8278 acceptor_pool.cc:272] collecting diagnostics on the listening RPC socket 127.7.67.3:34567 every 8 connection(s)
I20260630 12:25:48.715545  8279 heartbeater.cc:344] Connected to a master server at 127.7.67.62:45379
I20260630 12:25:48.715951  8279 heartbeater.cc:461] Registering TS with master...
I20260630 12:25:48.716657  8279 heartbeater.cc:507] Master 127.7.67.62:45379 requested a full tablet report, sending...
I20260630 12:25:48.718533  8003 ts_manager.cc:194] Registered new tserver with Master: 9cb74f3784ab4d448fffdc7515abe79b (127.7.67.3:34567)
I20260630 12:25:48.718761  7436 internal_mini_cluster.cc:371] 3 TS(s) registered with all masters after 0.013865764s
I20260630 12:25:48.719967  8003 master_service.cc:502] Signed X509 certificate for tserver {username='slave'} at 127.0.0.1:58766
I20260630 12:25:49.534796  8130 heartbeater.cc:499] Master 127.7.67.62:45379 was elected leader, sending a full tablet report...
I20260630 12:25:49.628355  8205 heartbeater.cc:499] Master 127.7.67.62:45379 was elected leader, sending a full tablet report...
I20260630 12:25:49.723037  8279 heartbeater.cc:499] Master 127.7.67.62:45379 was elected leader, sending a full tablet report...
I20260630 12:25:49.776638  8003 catalog_manager.cc:2283] Servicing CreateTable request from {username='slave'} at 127.0.0.1:58768:
name: "test-workload"
schema {
  columns {
    name: "key"
    type: INT32
    is_key: true
    is_nullable: false
    encoding: AUTO_ENCODING
    compression: DEFAULT_COMPRESSION
    cfile_block_size: 0
    immutable: false
  }
  columns {
    name: "int_val"
    type: INT32
    is_key: false
    is_nullable: false
    encoding: AUTO_ENCODING
    compression: DEFAULT_COMPRESSION
    cfile_block_size: 0
    immutable: false
  }
  columns {
    name: "string_val"
    type: STRING
    is_key: false
    is_nullable: true
    encoding: AUTO_ENCODING
    compression: DEFAULT_COMPRESSION
    cfile_block_size: 0
    immutable: false
  }
}
num_replicas: 3
split_rows_range_bounds {
  rows: "\004\001\000\377\377\377\017\004\001\000\376\377\377\037\004\001\000\375\377\377/\004\001\000\374\377\377?\004\001\000\373\377\377O\004\001\000\372\377\377_\004\001\000\371\377\377o""\004\001\000\377\377\377\017\004\001\000\376\377\377\037\004\001\000\375\377\377/\004\001\000\374\377\377?\004\001\000\373\377\377O\004\001\000\372\377\377_\004\001\000\371\377\377o"
  indirect_data: """"
}
partition_schema {
  range_schema {
    columns {
      name: "key"
    }
  }
}
W20260630 12:25:49.779211  8003 catalog_manager.cc:7077] The number of live tablet servers is not enough to re-replicate a tablet replica of the newly created table test-workload in case of a server failure: 4 tablet servers would be needed, 3 are available. Consider bringing up more tablet servers.
I20260630 12:25:49.849191  8095 tablet_service.cc:1511] Processing CreateTablet for tablet cccb3398d0c24494b08c397e5abfd1c6 (DEFAULT_TABLE table=test-workload [id=226ebe35b19949478f612498e25abc99]), partition=RANGE (key) PARTITION VALUES < 268435455
I20260630 12:25:49.852574  8094 tablet_service.cc:1511] Processing CreateTablet for tablet 3b5835fe6c26465ab3ae10f3dd6a933d (DEFAULT_TABLE table=test-workload [id=226ebe35b19949478f612498e25abc99]), partition=RANGE (key) PARTITION 268435455 <= VALUES < 536870910
I20260630 12:25:49.853848  8243 tablet_service.cc:1511] Processing CreateTablet for tablet 3b5835fe6c26465ab3ae10f3dd6a933d (DEFAULT_TABLE table=test-workload [id=226ebe35b19949478f612498e25abc99]), partition=RANGE (key) PARTITION 268435455 <= VALUES < 536870910
I20260630 12:25:49.854116  8241 tablet_service.cc:1511] Processing CreateTablet for tablet 151e7932819e49c29962766a56c1c20c (DEFAULT_TABLE table=test-workload [id=226ebe35b19949478f612498e25abc99]), partition=RANGE (key) PARTITION 805306365 <= VALUES < 1073741820
I20260630 12:25:49.855412  8243 data_dirs.cc:400] Could only allocate 1 dirs of requested 3 for tablet 3b5835fe6c26465ab3ae10f3dd6a933d. 1 dirs total, 0 dirs full, 0 dirs failed
I20260630 12:25:49.856084  8241 data_dirs.cc:400] Could only allocate 1 dirs of requested 3 for tablet 151e7932819e49c29962766a56c1c20c. 1 dirs total, 0 dirs full, 0 dirs failed
I20260630 12:25:49.856778  8092 tablet_service.cc:1511] Processing CreateTablet for tablet 151e7932819e49c29962766a56c1c20c (DEFAULT_TABLE table=test-workload [id=226ebe35b19949478f612498e25abc99]), partition=RANGE (key) PARTITION 805306365 <= VALUES < 1073741820
I20260630 12:25:49.857525  8242 tablet_service.cc:1511] Processing CreateTablet for tablet dabedd2ff0604d9184c50a6ce33529cb (DEFAULT_TABLE table=test-workload [id=226ebe35b19949478f612498e25abc99]), partition=RANGE (key) PARTITION 536870910 <= VALUES < 805306365
I20260630 12:25:49.858878  8242 data_dirs.cc:400] Could only allocate 1 dirs of requested 3 for tablet dabedd2ff0604d9184c50a6ce33529cb. 1 dirs total, 0 dirs full, 0 dirs failed
I20260630 12:25:49.859148  8244 tablet_service.cc:1511] Processing CreateTablet for tablet cccb3398d0c24494b08c397e5abfd1c6 (DEFAULT_TABLE table=test-workload [id=226ebe35b19949478f612498e25abc99]), partition=RANGE (key) PARTITION VALUES < 268435455
I20260630 12:25:49.860400  8244 data_dirs.cc:400] Could only allocate 1 dirs of requested 3 for tablet cccb3398d0c24494b08c397e5abfd1c6. 1 dirs total, 0 dirs full, 0 dirs failed
I20260630 12:25:49.864034  8170 tablet_service.cc:1511] Processing CreateTablet for tablet cccb3398d0c24494b08c397e5abfd1c6 (DEFAULT_TABLE table=test-workload [id=226ebe35b19949478f612498e25abc99]), partition=RANGE (key) PARTITION VALUES < 268435455
I20260630 12:25:49.866035  8170 data_dirs.cc:400] Could only allocate 1 dirs of requested 3 for tablet cccb3398d0c24494b08c397e5abfd1c6. 1 dirs total, 0 dirs full, 0 dirs failed
I20260630 12:25:49.855019  8093 tablet_service.cc:1511] Processing CreateTablet for tablet dabedd2ff0604d9184c50a6ce33529cb (DEFAULT_TABLE table=test-workload [id=226ebe35b19949478f612498e25abc99]), partition=RANGE (key) PARTITION 536870910 <= VALUES < 805306365
I20260630 12:25:49.868808  8169 tablet_service.cc:1511] Processing CreateTablet for tablet 3b5835fe6c26465ab3ae10f3dd6a933d (DEFAULT_TABLE table=test-workload [id=226ebe35b19949478f612498e25abc99]), partition=RANGE (key) PARTITION 268435455 <= VALUES < 536870910
I20260630 12:25:49.871613  8168 tablet_service.cc:1511] Processing CreateTablet for tablet dabedd2ff0604d9184c50a6ce33529cb (DEFAULT_TABLE table=test-workload [id=226ebe35b19949478f612498e25abc99]), partition=RANGE (key) PARTITION 536870910 <= VALUES < 805306365
I20260630 12:25:49.867686  8095 data_dirs.cc:400] Could only allocate 1 dirs of requested 3 for tablet cccb3398d0c24494b08c397e5abfd1c6. 1 dirs total, 0 dirs full, 0 dirs failed
I20260630 12:25:49.875713  8169 data_dirs.cc:400] Could only allocate 1 dirs of requested 3 for tablet 3b5835fe6c26465ab3ae10f3dd6a933d. 1 dirs total, 0 dirs full, 0 dirs failed
I20260630 12:25:49.873971  8167 tablet_service.cc:1511] Processing CreateTablet for tablet 151e7932819e49c29962766a56c1c20c (DEFAULT_TABLE table=test-workload [id=226ebe35b19949478f612498e25abc99]), partition=RANGE (key) PARTITION 805306365 <= VALUES < 1073741820
I20260630 12:25:49.877298  8168 data_dirs.cc:400] Could only allocate 1 dirs of requested 3 for tablet dabedd2ff0604d9184c50a6ce33529cb. 1 dirs total, 0 dirs full, 0 dirs failed
I20260630 12:25:49.877322  8092 data_dirs.cc:400] Could only allocate 1 dirs of requested 3 for tablet 151e7932819e49c29962766a56c1c20c. 1 dirs total, 0 dirs full, 0 dirs failed
I20260630 12:25:49.883050  8167 data_dirs.cc:400] Could only allocate 1 dirs of requested 3 for tablet 151e7932819e49c29962766a56c1c20c. 1 dirs total, 0 dirs full, 0 dirs failed
I20260630 12:25:49.883203  8093 data_dirs.cc:400] Could only allocate 1 dirs of requested 3 for tablet dabedd2ff0604d9184c50a6ce33529cb. 1 dirs total, 0 dirs full, 0 dirs failed
I20260630 12:25:49.884908  8094 data_dirs.cc:400] Could only allocate 1 dirs of requested 3 for tablet 3b5835fe6c26465ab3ae10f3dd6a933d. 1 dirs total, 0 dirs full, 0 dirs failed
I20260630 12:25:49.899026  8091 tablet_service.cc:1511] Processing CreateTablet for tablet 26fb6edcb9ba4e96a423bf73f0ed887a (DEFAULT_TABLE table=test-workload [id=226ebe35b19949478f612498e25abc99]), partition=RANGE (key) PARTITION 1073741820 <= VALUES < 1342177275
I20260630 12:25:49.900669  8091 data_dirs.cc:400] Could only allocate 1 dirs of requested 3 for tablet 26fb6edcb9ba4e96a423bf73f0ed887a. 1 dirs total, 0 dirs full, 0 dirs failed
I20260630 12:25:49.913149  8240 tablet_service.cc:1511] Processing CreateTablet for tablet 26fb6edcb9ba4e96a423bf73f0ed887a (DEFAULT_TABLE table=test-workload [id=226ebe35b19949478f612498e25abc99]), partition=RANGE (key) PARTITION 1073741820 <= VALUES < 1342177275
I20260630 12:25:49.914737  8240 data_dirs.cc:400] Could only allocate 1 dirs of requested 3 for tablet 26fb6edcb9ba4e96a423bf73f0ed887a. 1 dirs total, 0 dirs full, 0 dirs failed
I20260630 12:25:49.917366  8090 tablet_service.cc:1511] Processing CreateTablet for tablet 812024f9d3fd477b86d1d0d4d461d25c (DEFAULT_TABLE table=test-workload [id=226ebe35b19949478f612498e25abc99]), partition=RANGE (key) PARTITION 1342177275 <= VALUES < 1610612730
I20260630 12:25:49.918798  8090 data_dirs.cc:400] Could only allocate 1 dirs of requested 3 for tablet 812024f9d3fd477b86d1d0d4d461d25c. 1 dirs total, 0 dirs full, 0 dirs failed
I20260630 12:25:49.920572  8166 tablet_service.cc:1511] Processing CreateTablet for tablet 26fb6edcb9ba4e96a423bf73f0ed887a (DEFAULT_TABLE table=test-workload [id=226ebe35b19949478f612498e25abc99]), partition=RANGE (key) PARTITION 1073741820 <= VALUES < 1342177275
I20260630 12:25:49.922000  8166 data_dirs.cc:400] Could only allocate 1 dirs of requested 3 for tablet 26fb6edcb9ba4e96a423bf73f0ed887a. 1 dirs total, 0 dirs full, 0 dirs failed
I20260630 12:25:49.924108  8165 tablet_service.cc:1511] Processing CreateTablet for tablet 812024f9d3fd477b86d1d0d4d461d25c (DEFAULT_TABLE table=test-workload [id=226ebe35b19949478f612498e25abc99]), partition=RANGE (key) PARTITION 1342177275 <= VALUES < 1610612730
I20260630 12:25:49.925750  8165 data_dirs.cc:400] Could only allocate 1 dirs of requested 3 for tablet 812024f9d3fd477b86d1d0d4d461d25c. 1 dirs total, 0 dirs full, 0 dirs failed
I20260630 12:25:49.948366  8299 tablet_bootstrap.cc:492] T 3b5835fe6c26465ab3ae10f3dd6a933d P 9cb74f3784ab4d448fffdc7515abe79b: Bootstrap starting.
I20260630 12:25:49.966187  8240 tablet_service.cc:1511] Processing CreateTablet for tablet 812024f9d3fd477b86d1d0d4d461d25c (DEFAULT_TABLE table=test-workload [id=226ebe35b19949478f612498e25abc99]), partition=RANGE (key) PARTITION 1342177275 <= VALUES < 1610612730
I20260630 12:25:49.967679  8092 tablet_service.cc:1511] Processing CreateTablet for tablet b503fe03314a47c6944a808ffd17d60d (DEFAULT_TABLE table=test-workload [id=226ebe35b19949478f612498e25abc99]), partition=RANGE (key) PARTITION 1610612730 <= VALUES < 1879048185
I20260630 12:25:49.969516  8240 data_dirs.cc:400] Could only allocate 1 dirs of requested 3 for tablet 812024f9d3fd477b86d1d0d4d461d25c. 1 dirs total, 0 dirs full, 0 dirs failed
I20260630 12:25:49.969734  8092 data_dirs.cc:400] Could only allocate 1 dirs of requested 3 for tablet b503fe03314a47c6944a808ffd17d60d. 1 dirs total, 0 dirs full, 0 dirs failed
I20260630 12:25:49.972743  8299 tablet_bootstrap.cc:654] T 3b5835fe6c26465ab3ae10f3dd6a933d P 9cb74f3784ab4d448fffdc7515abe79b: Neither blocks nor log segments found. Creating new log.
I20260630 12:25:49.990284  8300 tablet_bootstrap.cc:492] T 3b5835fe6c26465ab3ae10f3dd6a933d P 36d42b71a2724c979baa405eb8f5cd2e: Bootstrap starting.
I20260630 12:25:49.995971  8300 tablet_bootstrap.cc:654] T 3b5835fe6c26465ab3ae10f3dd6a933d P 36d42b71a2724c979baa405eb8f5cd2e: Neither blocks nor log segments found. Creating new log.
I20260630 12:25:50.003894  8301 tablet_bootstrap.cc:492] T 3b5835fe6c26465ab3ae10f3dd6a933d P 6ff551cb049443dda9a026f5b15b188a: Bootstrap starting.
I20260630 12:25:50.008074  8166 tablet_service.cc:1511] Processing CreateTablet for tablet b503fe03314a47c6944a808ffd17d60d (DEFAULT_TABLE table=test-workload [id=226ebe35b19949478f612498e25abc99]), partition=RANGE (key) PARTITION 1610612730 <= VALUES < 1879048185
I20260630 12:25:50.009517  8166 data_dirs.cc:400] Could only allocate 1 dirs of requested 3 for tablet b503fe03314a47c6944a808ffd17d60d. 1 dirs total, 0 dirs full, 0 dirs failed
I20260630 12:25:50.015107  8242 tablet_service.cc:1511] Processing CreateTablet for tablet b503fe03314a47c6944a808ffd17d60d (DEFAULT_TABLE table=test-workload [id=226ebe35b19949478f612498e25abc99]), partition=RANGE (key) PARTITION 1610612730 <= VALUES < 1879048185
I20260630 12:25:50.017107  8300 tablet_bootstrap.cc:492] T 3b5835fe6c26465ab3ae10f3dd6a933d P 36d42b71a2724c979baa405eb8f5cd2e: No bootstrap required, opened a new log
I20260630 12:25:50.018282  8300 ts_tablet_manager.cc:1403] T 3b5835fe6c26465ab3ae10f3dd6a933d P 36d42b71a2724c979baa405eb8f5cd2e: Time spent bootstrapping tablet: real 0.028s	user 0.014s	sys 0.000s
I20260630 12:25:50.020438  8301 tablet_bootstrap.cc:654] T 3b5835fe6c26465ab3ae10f3dd6a933d P 6ff551cb049443dda9a026f5b15b188a: Neither blocks nor log segments found. Creating new log.
I20260630 12:25:50.017782  8242 data_dirs.cc:400] Could only allocate 1 dirs of requested 3 for tablet b503fe03314a47c6944a808ffd17d60d. 1 dirs total, 0 dirs full, 0 dirs failed
I20260630 12:25:50.023850  8165 tablet_service.cc:1511] Processing CreateTablet for tablet 9ed5fcd520af44e89563e1c39090e92d (DEFAULT_TABLE table=test-workload [id=226ebe35b19949478f612498e25abc99]), partition=RANGE (key) PARTITION 1879048185 <= VALUES
I20260630 12:25:50.025066  8165 data_dirs.cc:400] Could only allocate 1 dirs of requested 3 for tablet 9ed5fcd520af44e89563e1c39090e92d. 1 dirs total, 0 dirs full, 0 dirs failed
I20260630 12:25:50.026101  8240 tablet_service.cc:1511] Processing CreateTablet for tablet 9ed5fcd520af44e89563e1c39090e92d (DEFAULT_TABLE table=test-workload [id=226ebe35b19949478f612498e25abc99]), partition=RANGE (key) PARTITION 1879048185 <= VALUES
I20260630 12:25:50.028077  8240 data_dirs.cc:400] Could only allocate 1 dirs of requested 3 for tablet 9ed5fcd520af44e89563e1c39090e92d. 1 dirs total, 0 dirs full, 0 dirs failed
I20260630 12:25:50.021849  8090 tablet_service.cc:1511] Processing CreateTablet for tablet 9ed5fcd520af44e89563e1c39090e92d (DEFAULT_TABLE table=test-workload [id=226ebe35b19949478f612498e25abc99]), partition=RANGE (key) PARTITION 1879048185 <= VALUES
I20260630 12:25:50.031960  8090 data_dirs.cc:400] Could only allocate 1 dirs of requested 3 for tablet 9ed5fcd520af44e89563e1c39090e92d. 1 dirs total, 0 dirs full, 0 dirs failed
I20260630 12:25:50.020131  8299 tablet_bootstrap.cc:492] T 3b5835fe6c26465ab3ae10f3dd6a933d P 9cb74f3784ab4d448fffdc7515abe79b: No bootstrap required, opened a new log
I20260630 12:25:50.035516  8299 ts_tablet_manager.cc:1403] T 3b5835fe6c26465ab3ae10f3dd6a933d P 9cb74f3784ab4d448fffdc7515abe79b: Time spent bootstrapping tablet: real 0.087s	user 0.011s	sys 0.011s
I20260630 12:25:50.037674  8300 raft_consensus.cc:359] T 3b5835fe6c26465ab3ae10f3dd6a933d P 36d42b71a2724c979baa405eb8f5cd2e [term 0 FOLLOWER]: Replica starting. Triggering 0 pending ops. Active config: opid_index: -1 OBSOLETE_local: false peers { permanent_uuid: "36d42b71a2724c979baa405eb8f5cd2e" member_type: VOTER last_known_addr { host: "127.7.67.1" port: 35191 } } peers { permanent_uuid: "6ff551cb049443dda9a026f5b15b188a" member_type: VOTER last_known_addr { host: "127.7.67.2" port: 34021 } } peers { permanent_uuid: "9cb74f3784ab4d448fffdc7515abe79b" member_type: VOTER last_known_addr { host: "127.7.67.3" port: 34567 } }
I20260630 12:25:50.038481  8300 raft_consensus.cc:385] T 3b5835fe6c26465ab3ae10f3dd6a933d P 36d42b71a2724c979baa405eb8f5cd2e [term 0 FOLLOWER]: Consensus starting up: Expiring failure detector timer to make a prompt election more likely
I20260630 12:25:50.038807  8300 raft_consensus.cc:740] T 3b5835fe6c26465ab3ae10f3dd6a933d P 36d42b71a2724c979baa405eb8f5cd2e [term 0 FOLLOWER]: Becoming Follower/Learner. State: Replica: 36d42b71a2724c979baa405eb8f5cd2e, State: Initialized, Role: FOLLOWER
I20260630 12:25:50.039562  8300 consensus_queue.cc:260] T 3b5835fe6c26465ab3ae10f3dd6a933d P 36d42b71a2724c979baa405eb8f5cd2e [NON_LEADER]: Queue going to NON_LEADER mode. State: All replicated index: 0, Majority replicated index: 0, Committed index: 0, Last appended: 0.0, Last appended by leader: 0, Current term: 0, Majority size: -1, State: 0, Mode: NON_LEADER, active raft config: opid_index: -1 OBSOLETE_local: false peers { permanent_uuid: "36d42b71a2724c979baa405eb8f5cd2e" member_type: VOTER last_known_addr { host: "127.7.67.1" port: 35191 } } peers { permanent_uuid: "6ff551cb049443dda9a026f5b15b188a" member_type: VOTER last_known_addr { host: "127.7.67.2" port: 34021 } } peers { permanent_uuid: "9cb74f3784ab4d448fffdc7515abe79b" member_type: VOTER last_known_addr { host: "127.7.67.3" port: 34567 } }
I20260630 12:25:50.042148  8299 raft_consensus.cc:359] T 3b5835fe6c26465ab3ae10f3dd6a933d P 9cb74f3784ab4d448fffdc7515abe79b [term 0 FOLLOWER]: Replica starting. Triggering 0 pending ops. Active config: opid_index: -1 OBSOLETE_local: false peers { permanent_uuid: "36d42b71a2724c979baa405eb8f5cd2e" member_type: VOTER last_known_addr { host: "127.7.67.1" port: 35191 } } peers { permanent_uuid: "6ff551cb049443dda9a026f5b15b188a" member_type: VOTER last_known_addr { host: "127.7.67.2" port: 34021 } } peers { permanent_uuid: "9cb74f3784ab4d448fffdc7515abe79b" member_type: VOTER last_known_addr { host: "127.7.67.3" port: 34567 } }
I20260630 12:25:50.042739  8299 raft_consensus.cc:385] T 3b5835fe6c26465ab3ae10f3dd6a933d P 9cb74f3784ab4d448fffdc7515abe79b [term 0 FOLLOWER]: Consensus starting up: Expiring failure detector timer to make a prompt election more likely
I20260630 12:25:50.043009  8299 raft_consensus.cc:740] T 3b5835fe6c26465ab3ae10f3dd6a933d P 9cb74f3784ab4d448fffdc7515abe79b [term 0 FOLLOWER]: Becoming Follower/Learner. State: Replica: 9cb74f3784ab4d448fffdc7515abe79b, State: Initialized, Role: FOLLOWER
I20260630 12:25:50.043833  8299 consensus_queue.cc:260] T 3b5835fe6c26465ab3ae10f3dd6a933d P 9cb74f3784ab4d448fffdc7515abe79b [NON_LEADER]: Queue going to NON_LEADER mode. State: All replicated index: 0, Majority replicated index: 0, Committed index: 0, Last appended: 0.0, Last appended by leader: 0, Current term: 0, Majority size: -1, State: 0, Mode: NON_LEADER, active raft config: opid_index: -1 OBSOLETE_local: false peers { permanent_uuid: "36d42b71a2724c979baa405eb8f5cd2e" member_type: VOTER last_known_addr { host: "127.7.67.1" port: 35191 } } peers { permanent_uuid: "6ff551cb049443dda9a026f5b15b188a" member_type: VOTER last_known_addr { host: "127.7.67.2" port: 34021 } } peers { permanent_uuid: "9cb74f3784ab4d448fffdc7515abe79b" member_type: VOTER last_known_addr { host: "127.7.67.3" port: 34567 } }
I20260630 12:25:50.049597  8301 tablet_bootstrap.cc:492] T 3b5835fe6c26465ab3ae10f3dd6a933d P 6ff551cb049443dda9a026f5b15b188a: No bootstrap required, opened a new log
I20260630 12:25:50.050108  8301 ts_tablet_manager.cc:1403] T 3b5835fe6c26465ab3ae10f3dd6a933d P 6ff551cb049443dda9a026f5b15b188a: Time spent bootstrapping tablet: real 0.046s	user 0.009s	sys 0.005s
I20260630 12:25:50.053586  8299 ts_tablet_manager.cc:1434] T 3b5835fe6c26465ab3ae10f3dd6a933d P 9cb74f3784ab4d448fffdc7515abe79b: Time spent starting tablet: real 0.018s	user 0.005s	sys 0.007s
I20260630 12:25:50.053210  8301 raft_consensus.cc:359] T 3b5835fe6c26465ab3ae10f3dd6a933d P 6ff551cb049443dda9a026f5b15b188a [term 0 FOLLOWER]: Replica starting. Triggering 0 pending ops. Active config: opid_index: -1 OBSOLETE_local: false peers { permanent_uuid: "36d42b71a2724c979baa405eb8f5cd2e" member_type: VOTER last_known_addr { host: "127.7.67.1" port: 35191 } } peers { permanent_uuid: "6ff551cb049443dda9a026f5b15b188a" member_type: VOTER last_known_addr { host: "127.7.67.2" port: 34021 } } peers { permanent_uuid: "9cb74f3784ab4d448fffdc7515abe79b" member_type: VOTER last_known_addr { host: "127.7.67.3" port: 34567 } }
I20260630 12:25:50.054082  8301 raft_consensus.cc:385] T 3b5835fe6c26465ab3ae10f3dd6a933d P 6ff551cb049443dda9a026f5b15b188a [term 0 FOLLOWER]: Consensus starting up: Expiring failure detector timer to make a prompt election more likely
I20260630 12:25:50.054486  8301 raft_consensus.cc:740] T 3b5835fe6c26465ab3ae10f3dd6a933d P 6ff551cb049443dda9a026f5b15b188a [term 0 FOLLOWER]: Becoming Follower/Learner. State: Replica: 6ff551cb049443dda9a026f5b15b188a, State: Initialized, Role: FOLLOWER
I20260630 12:25:50.054936  8299 tablet_bootstrap.cc:492] T cccb3398d0c24494b08c397e5abfd1c6 P 9cb74f3784ab4d448fffdc7515abe79b: Bootstrap starting.
I20260630 12:25:50.056866  8300 ts_tablet_manager.cc:1434] T 3b5835fe6c26465ab3ae10f3dd6a933d P 36d42b71a2724c979baa405eb8f5cd2e: Time spent starting tablet: real 0.036s	user 0.005s	sys 0.005s
I20260630 12:25:50.058019  8300 tablet_bootstrap.cc:492] T 151e7932819e49c29962766a56c1c20c P 36d42b71a2724c979baa405eb8f5cd2e: Bootstrap starting.
I20260630 12:25:50.055600  8301 consensus_queue.cc:260] T 3b5835fe6c26465ab3ae10f3dd6a933d P 6ff551cb049443dda9a026f5b15b188a [NON_LEADER]: Queue going to NON_LEADER mode. State: All replicated index: 0, Majority replicated index: 0, Committed index: 0, Last appended: 0.0, Last appended by leader: 0, Current term: 0, Majority size: -1, State: 0, Mode: NON_LEADER, active raft config: opid_index: -1 OBSOLETE_local: false peers { permanent_uuid: "36d42b71a2724c979baa405eb8f5cd2e" member_type: VOTER last_known_addr { host: "127.7.67.1" port: 35191 } } peers { permanent_uuid: "6ff551cb049443dda9a026f5b15b188a" member_type: VOTER last_known_addr { host: "127.7.67.2" port: 34021 } } peers { permanent_uuid: "9cb74f3784ab4d448fffdc7515abe79b" member_type: VOTER last_known_addr { host: "127.7.67.3" port: 34567 } }
I20260630 12:25:50.063864  8299 tablet_bootstrap.cc:654] T cccb3398d0c24494b08c397e5abfd1c6 P 9cb74f3784ab4d448fffdc7515abe79b: Neither blocks nor log segments found. Creating new log.
I20260630 12:25:50.069940  8300 tablet_bootstrap.cc:654] T 151e7932819e49c29962766a56c1c20c P 36d42b71a2724c979baa405eb8f5cd2e: Neither blocks nor log segments found. Creating new log.
I20260630 12:25:50.070803  8301 ts_tablet_manager.cc:1434] T 3b5835fe6c26465ab3ae10f3dd6a933d P 6ff551cb049443dda9a026f5b15b188a: Time spent starting tablet: real 0.020s	user 0.004s	sys 0.004s
I20260630 12:25:50.073639  8301 tablet_bootstrap.cc:492] T 151e7932819e49c29962766a56c1c20c P 6ff551cb049443dda9a026f5b15b188a: Bootstrap starting.
I20260630 12:25:50.078965  8299 tablet_bootstrap.cc:492] T cccb3398d0c24494b08c397e5abfd1c6 P 9cb74f3784ab4d448fffdc7515abe79b: No bootstrap required, opened a new log
I20260630 12:25:50.079520  8299 ts_tablet_manager.cc:1403] T cccb3398d0c24494b08c397e5abfd1c6 P 9cb74f3784ab4d448fffdc7515abe79b: Time spent bootstrapping tablet: real 0.025s	user 0.005s	sys 0.015s
I20260630 12:25:50.080325  8301 tablet_bootstrap.cc:654] T 151e7932819e49c29962766a56c1c20c P 6ff551cb049443dda9a026f5b15b188a: Neither blocks nor log segments found. Creating new log.
I20260630 12:25:50.081039  8300 tablet_bootstrap.cc:492] T 151e7932819e49c29962766a56c1c20c P 36d42b71a2724c979baa405eb8f5cd2e: No bootstrap required, opened a new log
I20260630 12:25:50.081466  8300 ts_tablet_manager.cc:1403] T 151e7932819e49c29962766a56c1c20c P 36d42b71a2724c979baa405eb8f5cd2e: Time spent bootstrapping tablet: real 0.024s	user 0.014s	sys 0.000s
