I20260630 12:27:11.115172 24869 raft_consensus.cc:2955] T 762ddbf628d9438a982a8b0859e70ca5 P 4c2cb47a5da948118cb605c2addd9904 [term 1 FOLLOWER]: Committing config change with OpId 1.3: config changed from index 2 to 3, 3fd6a01011e4422082325f11274a6eed (127.21.76.68) changed from NON_VOTER to VOTER. New config: { opid_index: 3 OBSOLETE_local: false peers { permanent_uuid: "ba0c2303b6a646078521a874f7f10933" member_type: VOTER last_known_addr { host: "127.21.76.65" port: 37195 } } peers { permanent_uuid: "4c2cb47a5da948118cb605c2addd9904" member_type: VOTER last_known_addr { host: "127.21.76.66" port: 36685 } } peers { permanent_uuid: "b227aa267c934cf481af0705d06abc83" member_type: VOTER last_known_addr { host: "127.21.76.67" port: 46501 } attrs { replace: true } } peers { permanent_uuid: "3fd6a01011e4422082325f11274a6eed" member_type: VOTER last_known_addr { host: "127.21.76.68" port: 41027 } attrs { promote: false } } }
I20260630 12:27:11.129277 24794 consensus_queue.cc:237] T 762ddbf628d9438a982a8b0859e70ca5 P ba0c2303b6a646078521a874f7f10933 [LEADER]: Queue going to LEADER mode. State: All replicated index: 0, Majority replicated index: 3, Committed index: 3, Last appended: 1.3, Last appended by leader: 0, Current term: 1, Majority size: 2, State: 0, Mode: LEADER, active raft config: opid_index: 4 OBSOLETE_local: false peers { permanent_uuid: "ba0c2303b6a646078521a874f7f10933" member_type: VOTER last_known_addr { host: "127.21.76.65" port: 37195 } } peers { permanent_uuid: "4c2cb47a5da948118cb605c2addd9904" member_type: VOTER last_known_addr { host: "127.21.76.66" port: 36685 } } peers { permanent_uuid: "3fd6a01011e4422082325f11274a6eed" member_type: VOTER last_known_addr { host: "127.21.76.68" port: 41027 } attrs { promote: false } }
I20260630 12:27:11.139297 24869 raft_consensus.cc:1275] T 762ddbf628d9438a982a8b0859e70ca5 P 4c2cb47a5da948118cb605c2addd9904 [term 1 FOLLOWER]: Refusing update from remote peer ba0c2303b6a646078521a874f7f10933: Log matching property violated. Preceding OpId in replica: term: 1 index: 3. Preceding OpId from leader: term: 1 index: 4. (index mismatch)
I20260630 12:27:11.139299 25097 raft_consensus.cc:1275] T 762ddbf628d9438a982a8b0859e70ca5 P 3fd6a01011e4422082325f11274a6eed [term 1 FOLLOWER]: Refusing update from remote peer ba0c2303b6a646078521a874f7f10933: Log matching property violated. Preceding OpId in replica: term: 1 index: 3. Preceding OpId from leader: term: 1 index: 4. (index mismatch)
I20260630 12:27:11.140677 25227 consensus_queue.cc:1048] T 762ddbf628d9438a982a8b0859e70ca5 P ba0c2303b6a646078521a874f7f10933 [LEADER]: Connected to new peer: Peer: permanent_uuid: "3fd6a01011e4422082325f11274a6eed" member_type: VOTER last_known_addr { host: "127.21.76.68" port: 41027 } attrs { promote: false }, Status: LMP_MISMATCH, Last received: 0.0, Next index: 4, Last known committed idx: 3, Time since last communication: 0.000s
I20260630 12:27:11.141371 25229 consensus_queue.cc:1048] T 762ddbf628d9438a982a8b0859e70ca5 P ba0c2303b6a646078521a874f7f10933 [LEADER]: Connected to new peer: Peer: permanent_uuid: "4c2cb47a5da948118cb605c2addd9904" member_type: VOTER last_known_addr { host: "127.21.76.66" port: 36685 }, Status: LMP_MISMATCH, Last received: 0.0, Next index: 4, Last known committed idx: 3, Time since last communication: 0.000s
I20260630 12:27:11.149220 25229 raft_consensus.cc:2955] T 762ddbf628d9438a982a8b0859e70ca5 P ba0c2303b6a646078521a874f7f10933 [term 1 LEADER]: Committing config change with OpId 1.4: config changed from index 3 to 4, VOTER b227aa267c934cf481af0705d06abc83 (127.21.76.67) evicted. New config: { opid_index: 4 OBSOLETE_local: false peers { permanent_uuid: "ba0c2303b6a646078521a874f7f10933" member_type: VOTER last_known_addr { host: "127.21.76.65" port: 37195 } } peers { permanent_uuid: "4c2cb47a5da948118cb605c2addd9904" member_type: VOTER last_known_addr { host: "127.21.76.66" port: 36685 } } peers { permanent_uuid: "3fd6a01011e4422082325f11274a6eed" member_type: VOTER last_known_addr { host: "127.21.76.68" port: 41027 } attrs { promote: false } } }
I20260630 12:27:11.154384 24869 raft_consensus.cc:2955] T 762ddbf628d9438a982a8b0859e70ca5 P 4c2cb47a5da948118cb605c2addd9904 [term 1 FOLLOWER]: Committing config change with OpId 1.4: config changed from index 3 to 4, VOTER b227aa267c934cf481af0705d06abc83 (127.21.76.67) evicted. New config: { opid_index: 4 OBSOLETE_local: false peers { permanent_uuid: "ba0c2303b6a646078521a874f7f10933" member_type: VOTER last_known_addr { host: "127.21.76.65" port: 37195 } } peers { permanent_uuid: "4c2cb47a5da948118cb605c2addd9904" member_type: VOTER last_known_addr { host: "127.21.76.66" port: 36685 } } peers { permanent_uuid: "3fd6a01011e4422082325f11274a6eed" member_type: VOTER last_known_addr { host: "127.21.76.68" port: 41027 } attrs { promote: false } } }
I20260630 12:27:11.158888 25097 raft_consensus.cc:2955] T 762ddbf628d9438a982a8b0859e70ca5 P 3fd6a01011e4422082325f11274a6eed [term 1 FOLLOWER]: Committing config change with OpId 1.4: config changed from index 3 to 4, VOTER b227aa267c934cf481af0705d06abc83 (127.21.76.67) evicted. New config: { opid_index: 4 OBSOLETE_local: false peers { permanent_uuid: "ba0c2303b6a646078521a874f7f10933" member_type: VOTER last_known_addr { host: "127.21.76.65" port: 37195 } } peers { permanent_uuid: "4c2cb47a5da948118cb605c2addd9904" member_type: VOTER last_known_addr { host: "127.21.76.66" port: 36685 } } peers { permanent_uuid: "3fd6a01011e4422082325f11274a6eed" member_type: VOTER last_known_addr { host: "127.21.76.68" port: 41027 } attrs { promote: false } } }
I20260630 12:27:11.159696 24678 catalog_manager.cc:5210] ChangeConfig:REMOVE_PEER RPC for tablet 762ddbf628d9438a982a8b0859e70ca5 with cas_config_opid_index 3: ChangeConfig:REMOVE_PEER succeeded (attempt 1)
I20260630 12:27:11.161963 24692 catalog_manager.cc:5697] T 762ddbf628d9438a982a8b0859e70ca5 P ba0c2303b6a646078521a874f7f10933 reported cstate change: config changed from index 3 to 4, VOTER b227aa267c934cf481af0705d06abc83 (127.21.76.67) evicted. New cstate: current_term: 1 leader_uuid: "ba0c2303b6a646078521a874f7f10933" committed_config { opid_index: 4 OBSOLETE_local: false peers { permanent_uuid: "ba0c2303b6a646078521a874f7f10933" member_type: VOTER last_known_addr { host: "127.21.76.65" port: 37195 } health_report { overall_health: HEALTHY } } peers { permanent_uuid: "4c2cb47a5da948118cb605c2addd9904" member_type: VOTER last_known_addr { host: "127.21.76.66" port: 36685 } health_report { overall_health: HEALTHY } } peers { permanent_uuid: "3fd6a01011e4422082325f11274a6eed" member_type: VOTER last_known_addr { host: "127.21.76.68" port: 41027 } attrs { promote: false } health_report { overall_health: HEALTHY } } }
I20260630 12:27:11.174451 24927 tablet_service.cc:1558] Processing DeleteTablet for tablet 762ddbf628d9438a982a8b0859e70ca5 with delete_type TABLET_DATA_TOMBSTONED (TS b227aa267c934cf481af0705d06abc83 not found in new config with opid_index 4) from {username='slave'} at 127.0.0.1:45368
I20260630 12:27:11.182176 25269 tablet_replica.cc:333] T 762ddbf628d9438a982a8b0859e70ca5 P b227aa267c934cf481af0705d06abc83: stopping tablet replica
I20260630 12:27:11.183147 25269 raft_consensus.cc:2243] T 762ddbf628d9438a982a8b0859e70ca5 P b227aa267c934cf481af0705d06abc83 [term 1 FOLLOWER]: Raft consensus shutting down.
I20260630 12:27:11.184002 25269 raft_consensus.cc:2272] T 762ddbf628d9438a982a8b0859e70ca5 P b227aa267c934cf481af0705d06abc83 [term 1 FOLLOWER]: Raft consensus is shut down!
I20260630 12:27:11.186419 25269 ts_tablet_manager.cc:1916] T 762ddbf628d9438a982a8b0859e70ca5 P b227aa267c934cf481af0705d06abc83: Deleting tablet data with delete state TABLET_DATA_TOMBSTONED
I20260630 12:27:11.197806 25269 ts_tablet_manager.cc:1929] T 762ddbf628d9438a982a8b0859e70ca5 P b227aa267c934cf481af0705d06abc83: tablet deleted with delete type TABLET_DATA_TOMBSTONED: last-logged OpId 1.3
I20260630 12:27:11.198151 25269 log.cc:1199] T 762ddbf628d9438a982a8b0859e70ca5 P b227aa267c934cf481af0705d06abc83: Deleting WAL directory at /tmp/dist-test-taskH4PhYd/test-tmp/auto_rebalancer-test.0.AutoRebalancerTest.RangeAwareRebalancesNewRangeReplicas.1782822337567965-21809-0/minicluster-data/ts-2-root/wals/762ddbf628d9438a982a8b0859e70ca5
I20260630 12:27:11.199538 24678 catalog_manager.cc:5028] TS b227aa267c934cf481af0705d06abc83 (127.21.76.67:46501): tablet 762ddbf628d9438a982a8b0859e70ca5 (table range_aware_rebalance_new_range [id=7f24a5a3ed604784ad4e193ccfbe0c80]) successfully deleted
I20260630 12:27:11.257107 24994 raft_consensus.cc:1064] T 284c64ed2abc408f86bdaee321a9d3a1 P b227aa267c934cf481af0705d06abc83: attempting to promote NON_VOTER 3fd6a01011e4422082325f11274a6eed to VOTER
I20260630 12:27:11.259338 24994 consensus_queue.cc:237] T 284c64ed2abc408f86bdaee321a9d3a1 P b227aa267c934cf481af0705d06abc83 [LEADER]: Queue going to LEADER mode. State: All replicated index: 0, Majority replicated index: 2, Committed index: 2, Last appended: 1.2, Last appended by leader: 0, Current term: 1, Majority size: 3, State: 0, Mode: LEADER, active raft config: opid_index: 3 OBSOLETE_local: false peers { permanent_uuid: "4c2cb47a5da948118cb605c2addd9904" member_type: VOTER last_known_addr { host: "127.21.76.66" port: 36685 } } peers { permanent_uuid: "ba0c2303b6a646078521a874f7f10933" member_type: VOTER last_known_addr { host: "127.21.76.65" port: 37195 } attrs { replace: true } } peers { permanent_uuid: "b227aa267c934cf481af0705d06abc83" member_type: VOTER last_known_addr { host: "127.21.76.67" port: 46501 } } peers { permanent_uuid: "3fd6a01011e4422082325f11274a6eed" member_type: VOTER last_known_addr { host: "127.21.76.68" port: 41027 } attrs { promote: false } }
I20260630 12:27:11.265169 25097 raft_consensus.cc:1275] T 284c64ed2abc408f86bdaee321a9d3a1 P 3fd6a01011e4422082325f11274a6eed [term 1 LEARNER]: Refusing update from remote peer b227aa267c934cf481af0705d06abc83: Log matching property violated. Preceding OpId in replica: term: 1 index: 2. Preceding OpId from leader: term: 1 index: 3. (index mismatch)
I20260630 12:27:11.266891 24794 raft_consensus.cc:1275] T 284c64ed2abc408f86bdaee321a9d3a1 P ba0c2303b6a646078521a874f7f10933 [term 1 FOLLOWER]: Refusing update from remote peer b227aa267c934cf481af0705d06abc83: Log matching property violated. Preceding OpId in replica: term: 1 index: 2. Preceding OpId from leader: term: 1 index: 3. (index mismatch)
I20260630 12:27:11.266680 25262 consensus_queue.cc:1048] T 284c64ed2abc408f86bdaee321a9d3a1 P b227aa267c934cf481af0705d06abc83 [LEADER]: Connected to new peer: Peer: permanent_uuid: "3fd6a01011e4422082325f11274a6eed" member_type: VOTER last_known_addr { host: "127.21.76.68" port: 41027 } attrs { promote: false }, Status: LMP_MISMATCH, Last received: 0.0, Next index: 3, Last known committed idx: 2, Time since last communication: 0.000s
I20260630 12:27:11.267738 24869 raft_consensus.cc:1275] T 284c64ed2abc408f86bdaee321a9d3a1 P 4c2cb47a5da948118cb605c2addd9904 [term 1 FOLLOWER]: Refusing update from remote peer b227aa267c934cf481af0705d06abc83: Log matching property violated. Preceding OpId in replica: term: 1 index: 2. Preceding OpId from leader: term: 1 index: 3. (index mismatch)
I20260630 12:27:11.268502 25262 consensus_queue.cc:1048] T 284c64ed2abc408f86bdaee321a9d3a1 P b227aa267c934cf481af0705d06abc83 [LEADER]: Connected to new peer: Peer: permanent_uuid: "ba0c2303b6a646078521a874f7f10933" member_type: VOTER last_known_addr { host: "127.21.76.65" port: 37195 } attrs { replace: true }, Status: LMP_MISMATCH, Last received: 0.0, Next index: 3, Last known committed idx: 2, Time since last communication: 0.000s
I20260630 12:27:11.271350 24994 consensus_queue.cc:1048] T 284c64ed2abc408f86bdaee321a9d3a1 P b227aa267c934cf481af0705d06abc83 [LEADER]: Connected to new peer: Peer: permanent_uuid: "4c2cb47a5da948118cb605c2addd9904" member_type: VOTER last_known_addr { host: "127.21.76.66" port: 36685 }, Status: LMP_MISMATCH, Last received: 0.0, Next index: 3, Last known committed idx: 2, Time since last communication: 0.000s
I20260630 12:27:11.280988 24745 auto_leader_rebalancer.cc:141] leader rebalance for table range_aware_rebalance_new_range
I20260630 12:27:11.298277 25028 raft_consensus.cc:2955] T 284c64ed2abc408f86bdaee321a9d3a1 P b227aa267c934cf481af0705d06abc83 [term 1 LEADER]: Committing config change with OpId 1.3: config changed from index 2 to 3, 3fd6a01011e4422082325f11274a6eed (127.21.76.68) changed from NON_VOTER to VOTER. New config: { opid_index: 3 OBSOLETE_local: false peers { permanent_uuid: "4c2cb47a5da948118cb605c2addd9904" member_type: VOTER last_known_addr { host: "127.21.76.66" port: 36685 } } peers { permanent_uuid: "ba0c2303b6a646078521a874f7f10933" member_type: VOTER last_known_addr { host: "127.21.76.65" port: 37195 } attrs { replace: true } } peers { permanent_uuid: "b227aa267c934cf481af0705d06abc83" member_type: VOTER last_known_addr { host: "127.21.76.67" port: 46501 } } peers { permanent_uuid: "3fd6a01011e4422082325f11274a6eed" member_type: VOTER last_known_addr { host: "127.21.76.68" port: 41027 } attrs { promote: false } } }
I20260630 12:27:11.299558 25097 raft_consensus.cc:2955] T 284c64ed2abc408f86bdaee321a9d3a1 P 3fd6a01011e4422082325f11274a6eed [term 1 FOLLOWER]: Committing config change with OpId 1.3: config changed from index 2 to 3, 3fd6a01011e4422082325f11274a6eed (127.21.76.68) changed from NON_VOTER to VOTER. New config: { opid_index: 3 OBSOLETE_local: false peers { permanent_uuid: "4c2cb47a5da948118cb605c2addd9904" member_type: VOTER last_known_addr { host: "127.21.76.66" port: 36685 } } peers { permanent_uuid: "ba0c2303b6a646078521a874f7f10933" member_type: VOTER last_known_addr { host: "127.21.76.65" port: 37195 } attrs { replace: true } } peers { permanent_uuid: "b227aa267c934cf481af0705d06abc83" member_type: VOTER last_known_addr { host: "127.21.76.67" port: 46501 } } peers { permanent_uuid: "3fd6a01011e4422082325f11274a6eed" member_type: VOTER last_known_addr { host: "127.21.76.68" port: 41027 } attrs { promote: false } } }
I20260630 12:27:11.304550 24794 raft_consensus.cc:2955] T 284c64ed2abc408f86bdaee321a9d3a1 P ba0c2303b6a646078521a874f7f10933 [term 1 FOLLOWER]: Committing config change with OpId 1.3: config changed from index 2 to 3, 3fd6a01011e4422082325f11274a6eed (127.21.76.68) changed from NON_VOTER to VOTER. New config: { opid_index: 3 OBSOLETE_local: false peers { permanent_uuid: "4c2cb47a5da948118cb605c2addd9904" member_type: VOTER last_known_addr { host: "127.21.76.66" port: 36685 } } peers { permanent_uuid: "ba0c2303b6a646078521a874f7f10933" member_type: VOTER last_known_addr { host: "127.21.76.65" port: 37195 } attrs { replace: true } } peers { permanent_uuid: "b227aa267c934cf481af0705d06abc83" member_type: VOTER last_known_addr { host: "127.21.76.67" port: 46501 } } peers { permanent_uuid: "3fd6a01011e4422082325f11274a6eed" member_type: VOTER last_known_addr { host: "127.21.76.68" port: 41027 } attrs { promote: false } } }
I20260630 12:27:11.313205 24692 catalog_manager.cc:5697] T 284c64ed2abc408f86bdaee321a9d3a1 P 3fd6a01011e4422082325f11274a6eed reported cstate change: config changed from index 2 to 3, 3fd6a01011e4422082325f11274a6eed (127.21.76.68) changed from NON_VOTER to VOTER. New cstate: current_term: 1 leader_uuid: "b227aa267c934cf481af0705d06abc83" committed_config { opid_index: 3 OBSOLETE_local: false peers { permanent_uuid: "4c2cb47a5da948118cb605c2addd9904" member_type: VOTER last_known_addr { host: "127.21.76.66" port: 36685 } } peers { permanent_uuid: "ba0c2303b6a646078521a874f7f10933" member_type: VOTER last_known_addr { host: "127.21.76.65" port: 37195 } attrs { replace: true } } peers { permanent_uuid: "b227aa267c934cf481af0705d06abc83" member_type: VOTER last_known_addr { host: "127.21.76.67" port: 46501 } } peers { permanent_uuid: "3fd6a01011e4422082325f11274a6eed" member_type: VOTER last_known_addr { host: "127.21.76.68" port: 41027 } attrs { promote: false } } }
I20260630 12:27:11.328476 24869 raft_consensus.cc:2955] T 284c64ed2abc408f86bdaee321a9d3a1 P 4c2cb47a5da948118cb605c2addd9904 [term 1 FOLLOWER]: Committing config change with OpId 1.3: config changed from index 2 to 3, 3fd6a01011e4422082325f11274a6eed (127.21.76.68) changed from NON_VOTER to VOTER. New config: { opid_index: 3 OBSOLETE_local: false peers { permanent_uuid: "4c2cb47a5da948118cb605c2addd9904" member_type: VOTER last_known_addr { host: "127.21.76.66" port: 36685 } } peers { permanent_uuid: "ba0c2303b6a646078521a874f7f10933" member_type: VOTER last_known_addr { host: "127.21.76.65" port: 37195 } attrs { replace: true } } peers { permanent_uuid: "b227aa267c934cf481af0705d06abc83" member_type: VOTER last_known_addr { host: "127.21.76.67" port: 46501 } } peers { permanent_uuid: "3fd6a01011e4422082325f11274a6eed" member_type: VOTER last_known_addr { host: "127.21.76.68" port: 41027 } attrs { promote: false } } }
I20260630 12:27:11.336170 24943 consensus_queue.cc:237] T 284c64ed2abc408f86bdaee321a9d3a1 P b227aa267c934cf481af0705d06abc83 [LEADER]: Queue going to LEADER mode. State: All replicated index: 0, Majority replicated index: 3, Committed index: 3, Last appended: 1.3, Last appended by leader: 0, Current term: 1, Majority size: 2, State: 0, Mode: LEADER, active raft config: opid_index: 4 OBSOLETE_local: false peers { permanent_uuid: "4c2cb47a5da948118cb605c2addd9904" member_type: VOTER last_known_addr { host: "127.21.76.66" port: 36685 } } peers { permanent_uuid: "b227aa267c934cf481af0705d06abc83" member_type: VOTER last_known_addr { host: "127.21.76.67" port: 46501 } } peers { permanent_uuid: "3fd6a01011e4422082325f11274a6eed" member_type: VOTER last_known_addr { host: "127.21.76.68" port: 41027 } attrs { promote: false } }
I20260630 12:27:11.348320 25097 raft_consensus.cc:1275] T 284c64ed2abc408f86bdaee321a9d3a1 P 3fd6a01011e4422082325f11274a6eed [term 1 FOLLOWER]: Refusing update from remote peer b227aa267c934cf481af0705d06abc83: Log matching property violated. Preceding OpId in replica: term: 1 index: 3. Preceding OpId from leader: term: 1 index: 4. (index mismatch)
I20260630 12:27:11.349812 25028 consensus_queue.cc:1048] T 284c64ed2abc408f86bdaee321a9d3a1 P b227aa267c934cf481af0705d06abc83 [LEADER]: Connected to new peer: Peer: permanent_uuid: "3fd6a01011e4422082325f11274a6eed" member_type: VOTER last_known_addr { host: "127.21.76.68" port: 41027 } attrs { promote: false }, Status: LMP_MISMATCH, Last received: 0.0, Next index: 4, Last known committed idx: 3, Time since last communication: 0.000s
I20260630 12:27:11.351567 24865 raft_consensus.cc:1275] T 284c64ed2abc408f86bdaee321a9d3a1 P 4c2cb47a5da948118cb605c2addd9904 [term 1 FOLLOWER]: Refusing update from remote peer b227aa267c934cf481af0705d06abc83: Log matching property violated. Preceding OpId in replica: term: 1 index: 3. Preceding OpId from leader: term: 1 index: 4. (index mismatch)
I20260630 12:27:11.353143 24794 tablet_service.cc:2072] Received LeaderStepDown RPC: tablet_id: "762ddbf628d9438a982a8b0859e70ca5"
dest_uuid: "ba0c2303b6a646078521a874f7f10933"
mode: GRACEFUL
new_leader_uuid: "3fd6a01011e4422082325f11274a6eed"
 from {username='slave'} at 127.0.0.1:52368
I20260630 12:27:11.353730 24794 raft_consensus.cc:606] T 762ddbf628d9438a982a8b0859e70ca5 P ba0c2303b6a646078521a874f7f10933 [term 1 LEADER]: Received request to transfer leadership to TS 3fd6a01011e4422082325f11274a6eed
I20260630 12:27:11.354508 25028 consensus_queue.cc:1048] T 284c64ed2abc408f86bdaee321a9d3a1 P b227aa267c934cf481af0705d06abc83 [LEADER]: Connected to new peer: Peer: permanent_uuid: "4c2cb47a5da948118cb605c2addd9904" member_type: VOTER last_known_addr { host: "127.21.76.66" port: 36685 }, Status: LMP_MISMATCH, Last received: 0.0, Next index: 4, Last known committed idx: 3, Time since last communication: 0.000s
I20260630 12:27:11.355072 24745 auto_leader_rebalancer.cc:440] table: range_aware_rebalance_new_range, leader rebalance finish, leader transfer count: 1
I20260630 12:27:11.355849 24745 auto_leader_rebalancer.cc:515] All tables' leader rebalancing finished this round
I20260630 12:27:11.357904 25262 raft_consensus.cc:2955] T 284c64ed2abc408f86bdaee321a9d3a1 P b227aa267c934cf481af0705d06abc83 [term 1 LEADER]: Committing config change with OpId 1.4: config changed from index 3 to 4, VOTER ba0c2303b6a646078521a874f7f10933 (127.21.76.65) evicted. New config: { opid_index: 4 OBSOLETE_local: false peers { permanent_uuid: "4c2cb47a5da948118cb605c2addd9904" member_type: VOTER last_known_addr { host: "127.21.76.66" port: 36685 } } peers { permanent_uuid: "b227aa267c934cf481af0705d06abc83" member_type: VOTER last_known_addr { host: "127.21.76.67" port: 46501 } } peers { permanent_uuid: "3fd6a01011e4422082325f11274a6eed" member_type: VOTER last_known_addr { host: "127.21.76.68" port: 41027 } attrs { promote: false } } }
I20260630 12:27:11.364420 24865 raft_consensus.cc:2955] T 284c64ed2abc408f86bdaee321a9d3a1 P 4c2cb47a5da948118cb605c2addd9904 [term 1 FOLLOWER]: Committing config change with OpId 1.4: config changed from index 3 to 4, VOTER ba0c2303b6a646078521a874f7f10933 (127.21.76.65) evicted. New config: { opid_index: 4 OBSOLETE_local: false peers { permanent_uuid: "4c2cb47a5da948118cb605c2addd9904" member_type: VOTER last_known_addr { host: "127.21.76.66" port: 36685 } } peers { permanent_uuid: "b227aa267c934cf481af0705d06abc83" member_type: VOTER last_known_addr { host: "127.21.76.67" port: 46501 } } peers { permanent_uuid: "3fd6a01011e4422082325f11274a6eed" member_type: VOTER last_known_addr { host: "127.21.76.68" port: 41027 } attrs { promote: false } } }
I20260630 12:27:11.368443 24678 catalog_manager.cc:5210] ChangeConfig:REMOVE_PEER RPC for tablet 284c64ed2abc408f86bdaee321a9d3a1 with cas_config_opid_index 3: ChangeConfig:REMOVE_PEER succeeded (attempt 1)
I20260630 12:27:11.366997 25097 raft_consensus.cc:2955] T 284c64ed2abc408f86bdaee321a9d3a1 P 3fd6a01011e4422082325f11274a6eed [term 1 FOLLOWER]: Committing config change with OpId 1.4: config changed from index 3 to 4, VOTER ba0c2303b6a646078521a874f7f10933 (127.21.76.65) evicted. New config: { opid_index: 4 OBSOLETE_local: false peers { permanent_uuid: "4c2cb47a5da948118cb605c2addd9904" member_type: VOTER last_known_addr { host: "127.21.76.66" port: 36685 } } peers { permanent_uuid: "b227aa267c934cf481af0705d06abc83" member_type: VOTER last_known_addr { host: "127.21.76.67" port: 46501 } } peers { permanent_uuid: "3fd6a01011e4422082325f11274a6eed" member_type: VOTER last_known_addr { host: "127.21.76.68" port: 41027 } attrs { promote: false } } }
I20260630 12:27:11.374538 24692 catalog_manager.cc:5697] T 284c64ed2abc408f86bdaee321a9d3a1 P b227aa267c934cf481af0705d06abc83 reported cstate change: config changed from index 3 to 4, VOTER ba0c2303b6a646078521a874f7f10933 (127.21.76.65) evicted. New cstate: current_term: 1 leader_uuid: "b227aa267c934cf481af0705d06abc83" committed_config { opid_index: 4 OBSOLETE_local: false peers { permanent_uuid: "4c2cb47a5da948118cb605c2addd9904" member_type: VOTER last_known_addr { host: "127.21.76.66" port: 36685 } health_report { overall_health: HEALTHY } } peers { permanent_uuid: "b227aa267c934cf481af0705d06abc83" member_type: VOTER last_known_addr { host: "127.21.76.67" port: 46501 } health_report { overall_health: HEALTHY } } peers { permanent_uuid: "3fd6a01011e4422082325f11274a6eed" member_type: VOTER last_known_addr { host: "127.21.76.68" port: 41027 } attrs { promote: false } health_report { overall_health: HEALTHY } } }
I20260630 12:27:11.386989 24777 tablet_service.cc:1558] Processing DeleteTablet for tablet 284c64ed2abc408f86bdaee321a9d3a1 with delete_type TABLET_DATA_TOMBSTONED (TS ba0c2303b6a646078521a874f7f10933 not found in new config with opid_index 4) from {username='slave'} at 127.0.0.1:56612
I20260630 12:27:11.388600 25276 tablet_replica.cc:333] T 284c64ed2abc408f86bdaee321a9d3a1 P ba0c2303b6a646078521a874f7f10933: stopping tablet replica
I20260630 12:27:11.389494 25276 raft_consensus.cc:2243] T 284c64ed2abc408f86bdaee321a9d3a1 P ba0c2303b6a646078521a874f7f10933 [term 1 FOLLOWER]: Raft consensus shutting down.
I20260630 12:27:11.390138 25276 raft_consensus.cc:2272] T 284c64ed2abc408f86bdaee321a9d3a1 P ba0c2303b6a646078521a874f7f10933 [term 1 FOLLOWER]: Raft consensus is shut down!
I20260630 12:27:11.392851 25276 ts_tablet_manager.cc:1916] T 284c64ed2abc408f86bdaee321a9d3a1 P ba0c2303b6a646078521a874f7f10933: Deleting tablet data with delete state TABLET_DATA_TOMBSTONED
I20260630 12:27:11.403431 25276 ts_tablet_manager.cc:1929] T 284c64ed2abc408f86bdaee321a9d3a1 P ba0c2303b6a646078521a874f7f10933: tablet deleted with delete type TABLET_DATA_TOMBSTONED: last-logged OpId 1.3
I20260630 12:27:11.403724 25276 log.cc:1199] T 284c64ed2abc408f86bdaee321a9d3a1 P ba0c2303b6a646078521a874f7f10933: Deleting WAL directory at /tmp/dist-test-taskH4PhYd/test-tmp/auto_rebalancer-test.0.AutoRebalancerTest.RangeAwareRebalancesNewRangeReplicas.1782822337567965-21809-0/minicluster-data/ts-0-root/wals/284c64ed2abc408f86bdaee321a9d3a1
I20260630 12:27:11.404858 24678 catalog_manager.cc:5028] TS ba0c2303b6a646078521a874f7f10933 (127.21.76.65:37195): tablet 284c64ed2abc408f86bdaee321a9d3a1 (table range_aware_rebalance_new_range [id=7f24a5a3ed604784ad4e193ccfbe0c80]) successfully deleted
I20260630 12:27:11.740886 25229 raft_consensus.cc:993] T 762ddbf628d9438a982a8b0859e70ca5 P ba0c2303b6a646078521a874f7f10933: : Instructing follower 3fd6a01011e4422082325f11274a6eed to start an election
I20260630 12:27:11.741381 25277 raft_consensus.cc:1081] T 762ddbf628d9438a982a8b0859e70ca5 P ba0c2303b6a646078521a874f7f10933 [term 1 LEADER]: Signalling peer 3fd6a01011e4422082325f11274a6eed to start an election
I20260630 12:27:11.742883 25097 tablet_service.cc:2044] Received Run Leader Election RPC: tablet_id: "762ddbf628d9438a982a8b0859e70ca5"
dest_uuid: "3fd6a01011e4422082325f11274a6eed"
 from {username='slave'} at 127.0.0.1:35650
I20260630 12:27:11.743290 25097 raft_consensus.cc:493] T 762ddbf628d9438a982a8b0859e70ca5 P 3fd6a01011e4422082325f11274a6eed [term 1 FOLLOWER]: Starting forced leader election (received explicit request)
I20260630 12:27:11.743512 25097 raft_consensus.cc:3060] T 762ddbf628d9438a982a8b0859e70ca5 P 3fd6a01011e4422082325f11274a6eed [term 1 FOLLOWER]: Advancing to term 2
I20260630 12:27:11.747641 25097 raft_consensus.cc:515] T 762ddbf628d9438a982a8b0859e70ca5 P 3fd6a01011e4422082325f11274a6eed [term 2 FOLLOWER]: Starting forced leader election with config: opid_index: 4 OBSOLETE_local: false peers { permanent_uuid: "ba0c2303b6a646078521a874f7f10933" member_type: VOTER last_known_addr { host: "127.21.76.65" port: 37195 } } peers { permanent_uuid: "4c2cb47a5da948118cb605c2addd9904" member_type: VOTER last_known_addr { host: "127.21.76.66" port: 36685 } } peers { permanent_uuid: "3fd6a01011e4422082325f11274a6eed" member_type: VOTER last_known_addr { host: "127.21.76.68" port: 41027 } attrs { promote: false } }
I20260630 12:27:11.749099 25097 leader_election.cc:290] T 762ddbf628d9438a982a8b0859e70ca5 P 3fd6a01011e4422082325f11274a6eed [CANDIDATE]: Term 2 election: Requested vote from peers ba0c2303b6a646078521a874f7f10933 (127.21.76.65:37195), 4c2cb47a5da948118cb605c2addd9904 (127.21.76.66:36685)
I20260630 12:27:11.749856 24794 tablet_service.cc:1917] Received RequestConsensusVote() RPC: tablet_id: "762ddbf628d9438a982a8b0859e70ca5" candidate_uuid: "3fd6a01011e4422082325f11274a6eed" candidate_term: 2 candidate_status { last_received { term: 1 index: 4 } } ignore_live_leader: true dest_uuid: "ba0c2303b6a646078521a874f7f10933"
I20260630 12:27:11.750223 24865 tablet_service.cc:1917] Received RequestConsensusVote() RPC: tablet_id: "762ddbf628d9438a982a8b0859e70ca5" candidate_uuid: "3fd6a01011e4422082325f11274a6eed" candidate_term: 2 candidate_status { last_received { term: 1 index: 4 } } ignore_live_leader: true dest_uuid: "4c2cb47a5da948118cb605c2addd9904"
I20260630 12:27:11.750551 24794 raft_consensus.cc:3055] T 762ddbf628d9438a982a8b0859e70ca5 P ba0c2303b6a646078521a874f7f10933 [term 1 LEADER]: Stepping down as leader of term 1
I20260630 12:27:11.750929 24865 raft_consensus.cc:3060] T 762ddbf628d9438a982a8b0859e70ca5 P 4c2cb47a5da948118cb605c2addd9904 [term 1 FOLLOWER]: Advancing to term 2
I20260630 12:27:11.750926 24794 raft_consensus.cc:740] T 762ddbf628d9438a982a8b0859e70ca5 P ba0c2303b6a646078521a874f7f10933 [term 1 LEADER]: Becoming Follower/Learner. State: Replica: ba0c2303b6a646078521a874f7f10933, State: Running, Role: LEADER
I20260630 12:27:11.751888 24794 consensus_queue.cc:260] T 762ddbf628d9438a982a8b0859e70ca5 P ba0c2303b6a646078521a874f7f10933 [NON_LEADER]: Queue going to NON_LEADER mode. State: All replicated index: 0, Majority replicated index: 4, Committed index: 4, Last appended: 1.4, Last appended by leader: 4, Current term: 1, Majority size: -1, State: 0, Mode: NON_LEADER, active raft config: opid_index: 4 OBSOLETE_local: false peers { permanent_uuid: "ba0c2303b6a646078521a874f7f10933" member_type: VOTER last_known_addr { host: "127.21.76.65" port: 37195 } } peers { permanent_uuid: "4c2cb47a5da948118cb605c2addd9904" member_type: VOTER last_known_addr { host: "127.21.76.66" port: 36685 } } peers { permanent_uuid: "3fd6a01011e4422082325f11274a6eed" member_type: VOTER last_known_addr { host: "127.21.76.68" port: 41027 } attrs { promote: false } }
I20260630 12:27:11.752810 24794 raft_consensus.cc:3060] T 762ddbf628d9438a982a8b0859e70ca5 P ba0c2303b6a646078521a874f7f10933 [term 1 FOLLOWER]: Advancing to term 2
I20260630 12:27:11.755724 24865 raft_consensus.cc:2468] T 762ddbf628d9438a982a8b0859e70ca5 P 4c2cb47a5da948118cb605c2addd9904 [term 2 FOLLOWER]: Leader election vote request: Granting yes vote for candidate 3fd6a01011e4422082325f11274a6eed in term 2.
I20260630 12:27:11.756732 25055 leader_election.cc:304] T 762ddbf628d9438a982a8b0859e70ca5 P 3fd6a01011e4422082325f11274a6eed [CANDIDATE]: Term 2 election: Election decided. Result: candidate won. Election summary: received 2 responses out of 3 voters: 2 yes votes; 0 no votes. yes voters: 3fd6a01011e4422082325f11274a6eed, 4c2cb47a5da948118cb605c2addd9904; no voters: 
I20260630 12:27:11.757085 24794 raft_consensus.cc:2468] T 762ddbf628d9438a982a8b0859e70ca5 P ba0c2303b6a646078521a874f7f10933 [term 2 FOLLOWER]: Leader election vote request: Granting yes vote for candidate 3fd6a01011e4422082325f11274a6eed in term 2.
I20260630 12:27:11.757474 25266 raft_consensus.cc:2804] T 762ddbf628d9438a982a8b0859e70ca5 P 3fd6a01011e4422082325f11274a6eed [term 2 FOLLOWER]: Leader election won for term 2
I20260630 12:27:11.758430 25266 raft_consensus.cc:697] T 762ddbf628d9438a982a8b0859e70ca5 P 3fd6a01011e4422082325f11274a6eed [term 2 LEADER]: Becoming Leader. State: Replica: 3fd6a01011e4422082325f11274a6eed, State: Running, Role: LEADER
I20260630 12:27:11.759109 25266 consensus_queue.cc:237] T 762ddbf628d9438a982a8b0859e70ca5 P 3fd6a01011e4422082325f11274a6eed [LEADER]: Queue going to LEADER mode. State: All replicated index: 0, Majority replicated index: 4, Committed index: 4, Last appended: 1.4, Last appended by leader: 4, Current term: 2, Majority size: 2, State: 0, Mode: LEADER, active raft config: opid_index: 4 OBSOLETE_local: false peers { permanent_uuid: "ba0c2303b6a646078521a874f7f10933" member_type: VOTER last_known_addr { host: "127.21.76.65" port: 37195 } } peers { permanent_uuid: "4c2cb47a5da948118cb605c2addd9904" member_type: VOTER last_known_addr { host: "127.21.76.66" port: 36685 } } peers { permanent_uuid: "3fd6a01011e4422082325f11274a6eed" member_type: VOTER last_known_addr { host: "127.21.76.68" port: 41027 } attrs { promote: false } }
I20260630 12:27:11.765144 24692 catalog_manager.cc:5697] T 762ddbf628d9438a982a8b0859e70ca5 P 3fd6a01011e4422082325f11274a6eed reported cstate change: term changed from 1 to 2, leader changed from ba0c2303b6a646078521a874f7f10933 (127.21.76.65) to 3fd6a01011e4422082325f11274a6eed (127.21.76.68). New cstate: current_term: 2 leader_uuid: "3fd6a01011e4422082325f11274a6eed" committed_config { opid_index: 4 OBSOLETE_local: false peers { permanent_uuid: "ba0c2303b6a646078521a874f7f10933" member_type: VOTER last_known_addr { host: "127.21.76.65" port: 37195 } health_report { overall_health: UNKNOWN } } peers { permanent_uuid: "4c2cb47a5da948118cb605c2addd9904" member_type: VOTER last_known_addr { host: "127.21.76.66" port: 36685 } health_report { overall_health: UNKNOWN } } peers { permanent_uuid: "3fd6a01011e4422082325f11274a6eed" member_type: VOTER last_known_addr { host: "127.21.76.68" port: 41027 } attrs { promote: false } health_report { overall_health: HEALTHY } } }
I20260630 12:27:12.150480 24865 raft_consensus.cc:1275] T 762ddbf628d9438a982a8b0859e70ca5 P 4c2cb47a5da948118cb605c2addd9904 [term 2 FOLLOWER]: Refusing update from remote peer 3fd6a01011e4422082325f11274a6eed: Log matching property violated. Preceding OpId in replica: term: 1 index: 4. Preceding OpId from leader: term: 2 index: 5. (index mismatch)
I20260630 12:27:12.151908 25266 consensus_queue.cc:1048] T 762ddbf628d9438a982a8b0859e70ca5 P 3fd6a01011e4422082325f11274a6eed [LEADER]: Connected to new peer: Peer: permanent_uuid: "4c2cb47a5da948118cb605c2addd9904" member_type: VOTER last_known_addr { host: "127.21.76.66" port: 36685 }, Status: LMP_MISMATCH, Last received: 0.0, Next index: 5, Last known committed idx: 4, Time since last communication: 0.000s
I20260630 12:27:12.160853 24794 raft_consensus.cc:1275] T 762ddbf628d9438a982a8b0859e70ca5 P ba0c2303b6a646078521a874f7f10933 [term 2 FOLLOWER]: Refusing update from remote peer 3fd6a01011e4422082325f11274a6eed: Log matching property violated. Preceding OpId in replica: term: 1 index: 4. Preceding OpId from leader: term: 2 index: 5. (index mismatch)
I20260630 12:27:12.162873 25280 consensus_queue.cc:1048] T 762ddbf628d9438a982a8b0859e70ca5 P 3fd6a01011e4422082325f11274a6eed [LEADER]: Connected to new peer: Peer: permanent_uuid: "ba0c2303b6a646078521a874f7f10933" member_type: VOTER last_known_addr { host: "127.21.76.65" port: 37195 }, Status: LMP_MISMATCH, Last received: 0.0, Next index: 5, Last known committed idx: 4, Time since last communication: 0.000s
I20260630 12:27:12.405014 24794 consensus_queue.cc:237] T 22aef2e7af7f4b50a24315e2f4785a84 P ba0c2303b6a646078521a874f7f10933 [LEADER]: Queue going to LEADER mode. State: All replicated index: 0, Majority replicated index: 1, Committed index: 1, Last appended: 1.1, Last appended by leader: 0, Current term: 1, Majority size: 2, State: 0, Mode: LEADER, active raft config: opid_index: 2 OBSOLETE_local: false peers { permanent_uuid: "4c2cb47a5da948118cb605c2addd9904" member_type: VOTER last_known_addr { host: "127.21.76.66" port: 36685 } attrs { replace: true } } peers { permanent_uuid: "ba0c2303b6a646078521a874f7f10933" member_type: VOTER last_known_addr { host: "127.21.76.65" port: 37195 } } peers { permanent_uuid: "b227aa267c934cf481af0705d06abc83" member_type: VOTER last_known_addr { host: "127.21.76.67" port: 46501 } } peers { permanent_uuid: "3fd6a01011e4422082325f11274a6eed" member_type: NON_VOTER last_known_addr { host: "127.21.76.68" port: 41027 } attrs { promote: true } }
I20260630 12:27:12.411188 24943 raft_consensus.cc:1275] T 22aef2e7af7f4b50a24315e2f4785a84 P b227aa267c934cf481af0705d06abc83 [term 1 FOLLOWER]: Refusing update from remote peer ba0c2303b6a646078521a874f7f10933: Log matching property violated. Preceding OpId in replica: term: 1 index: 1. Preceding OpId from leader: term: 1 index: 2. (index mismatch)
W20260630 12:27:12.411783 24758 consensus_peers.cc:597] T 22aef2e7af7f4b50a24315e2f4785a84 P ba0c2303b6a646078521a874f7f10933 -> Peer 3fd6a01011e4422082325f11274a6eed (127.21.76.68:41027): Couldn't send request to peer 3fd6a01011e4422082325f11274a6eed. Error code: TABLET_NOT_FOUND (6). Status: Not found: Tablet not found: 22aef2e7af7f4b50a24315e2f4785a84. This is attempt 1: this message will repeat every 5th retry.
I20260630 12:27:12.412711 25229 consensus_queue.cc:1048] T 22aef2e7af7f4b50a24315e2f4785a84 P ba0c2303b6a646078521a874f7f10933 [LEADER]: Connected to new peer: Peer: permanent_uuid: "b227aa267c934cf481af0705d06abc83" member_type: VOTER last_known_addr { host: "127.21.76.67" port: 46501 }, Status: LMP_MISMATCH, Last received: 0.0, Next index: 2, Last known committed idx: 1, Time since last communication: 0.000s
I20260630 12:27:12.413029 24865 raft_consensus.cc:1275] T 22aef2e7af7f4b50a24315e2f4785a84 P 4c2cb47a5da948118cb605c2addd9904 [term 1 FOLLOWER]: Refusing update from remote peer ba0c2303b6a646078521a874f7f10933: Log matching property violated. Preceding OpId in replica: term: 1 index: 1. Preceding OpId from leader: term: 1 index: 2. (index mismatch)
I20260630 12:27:12.415381 25277 consensus_queue.cc:1048] T 22aef2e7af7f4b50a24315e2f4785a84 P ba0c2303b6a646078521a874f7f10933 [LEADER]: Connected to new peer: Peer: permanent_uuid: "4c2cb47a5da948118cb605c2addd9904" member_type: VOTER last_known_addr { host: "127.21.76.66" port: 36685 } attrs { replace: true }, Status: LMP_MISMATCH, Last received: 0.0, Next index: 2, Last known committed idx: 1, Time since last communication: 0.001s
I20260630 12:27:12.420508 25229 raft_consensus.cc:2955] T 22aef2e7af7f4b50a24315e2f4785a84 P ba0c2303b6a646078521a874f7f10933 [term 1 LEADER]: Committing config change with OpId 1.2: config changed from index -1 to 2, NON_VOTER 3fd6a01011e4422082325f11274a6eed (127.21.76.68) added. New config: { opid_index: 2 OBSOLETE_local: false peers { permanent_uuid: "4c2cb47a5da948118cb605c2addd9904" member_type: VOTER last_known_addr { host: "127.21.76.66" port: 36685 } attrs { replace: true } } peers { permanent_uuid: "ba0c2303b6a646078521a874f7f10933" member_type: VOTER last_known_addr { host: "127.21.76.65" port: 37195 } } peers { permanent_uuid: "b227aa267c934cf481af0705d06abc83" member_type: VOTER last_known_addr { host: "127.21.76.67" port: 46501 } } peers { permanent_uuid: "3fd6a01011e4422082325f11274a6eed" member_type: NON_VOTER last_known_addr { host: "127.21.76.68" port: 41027 } attrs { promote: true } } }
I20260630 12:27:12.423591 24943 raft_consensus.cc:2955] T 22aef2e7af7f4b50a24315e2f4785a84 P b227aa267c934cf481af0705d06abc83 [term 1 FOLLOWER]: Committing config change with OpId 1.2: config changed from index -1 to 2, NON_VOTER 3fd6a01011e4422082325f11274a6eed (127.21.76.68) added. New config: { opid_index: 2 OBSOLETE_local: false peers { permanent_uuid: "4c2cb47a5da948118cb605c2addd9904" member_type: VOTER last_known_addr { host: "127.21.76.66" port: 36685 } attrs { replace: true } } peers { permanent_uuid: "ba0c2303b6a646078521a874f7f10933" member_type: VOTER last_known_addr { host: "127.21.76.65" port: 37195 } } peers { permanent_uuid: "b227aa267c934cf481af0705d06abc83" member_type: VOTER last_known_addr { host: "127.21.76.67" port: 46501 } } peers { permanent_uuid: "3fd6a01011e4422082325f11274a6eed" member_type: NON_VOTER last_known_addr { host: "127.21.76.68" port: 41027 } attrs { promote: true } } }
I20260630 12:27:12.426939 24865 raft_consensus.cc:2955] T 22aef2e7af7f4b50a24315e2f4785a84 P 4c2cb47a5da948118cb605c2addd9904 [term 1 FOLLOWER]: Committing config change with OpId 1.2: config changed from index -1 to 2, NON_VOTER 3fd6a01011e4422082325f11274a6eed (127.21.76.68) added. New config: { opid_index: 2 OBSOLETE_local: false peers { permanent_uuid: "4c2cb47a5da948118cb605c2addd9904" member_type: VOTER last_known_addr { host: "127.21.76.66" port: 36685 } attrs { replace: true } } peers { permanent_uuid: "ba0c2303b6a646078521a874f7f10933" member_type: VOTER last_known_addr { host: "127.21.76.65" port: 37195 } } peers { permanent_uuid: "b227aa267c934cf481af0705d06abc83" member_type: VOTER last_known_addr { host: "127.21.76.67" port: 46501 } } peers { permanent_uuid: "3fd6a01011e4422082325f11274a6eed" member_type: NON_VOTER last_known_addr { host: "127.21.76.68" port: 41027 } attrs { promote: true } } }
I20260630 12:27:12.435935 24691 catalog_manager.cc:5697] T 22aef2e7af7f4b50a24315e2f4785a84 P b227aa267c934cf481af0705d06abc83 reported cstate change: config changed from index -1 to 2, NON_VOTER 3fd6a01011e4422082325f11274a6eed (127.21.76.68) added. New cstate: current_term: 1 leader_uuid: "ba0c2303b6a646078521a874f7f10933" committed_config { opid_index: 2 OBSOLETE_local: false peers { permanent_uuid: "4c2cb47a5da948118cb605c2addd9904" member_type: VOTER last_known_addr { host: "127.21.76.66" port: 36685 } attrs { replace: true } } peers { permanent_uuid: "ba0c2303b6a646078521a874f7f10933" member_type: VOTER last_known_addr { host: "127.21.76.65" port: 37195 } } peers { permanent_uuid: "b227aa267c934cf481af0705d06abc83" member_type: VOTER last_known_addr { host: "127.21.76.67" port: 46501 } } peers { permanent_uuid: "3fd6a01011e4422082325f11274a6eed" member_type: NON_VOTER last_known_addr { host: "127.21.76.68" port: 41027 } attrs { promote: true } } }
I20260630 12:27:12.457680 24865 consensus_queue.cc:237] T 12e2c1b4266d494b9dbfd034165d13eb P 4c2cb47a5da948118cb605c2addd9904 [LEADER]: Queue going to LEADER mode. State: All replicated index: 0, Majority replicated index: 1, Committed index: 1, Last appended: 1.1, Last appended by leader: 0, Current term: 1, Majority size: 2, State: 0, Mode: LEADER, active raft config: opid_index: 2 OBSOLETE_local: false peers { permanent_uuid: "3fd6a01011e4422082325f11274a6eed" member_type: VOTER last_known_addr { host: "127.21.76.68" port: 41027 } attrs { replace: true } } peers { permanent_uuid: "ba0c2303b6a646078521a874f7f10933" member_type: VOTER last_known_addr { host: "127.21.76.65" port: 37195 } } peers { permanent_uuid: "4c2cb47a5da948118cb605c2addd9904" member_type: VOTER last_known_addr { host: "127.21.76.66" port: 36685 } } peers { permanent_uuid: "b227aa267c934cf481af0705d06abc83" member_type: NON_VOTER last_known_addr { host: "127.21.76.67" port: 46501 } attrs { promote: true } }
I20260630 12:27:12.464160 24794 raft_consensus.cc:1275] T 12e2c1b4266d494b9dbfd034165d13eb P ba0c2303b6a646078521a874f7f10933 [term 1 FOLLOWER]: Refusing update from remote peer 4c2cb47a5da948118cb605c2addd9904: Log matching property violated. Preceding OpId in replica: term: 1 index: 1. Preceding OpId from leader: term: 1 index: 2. (index mismatch)
W20260630 12:27:12.464286 24834 consensus_peers.cc:597] T 12e2c1b4266d494b9dbfd034165d13eb P 4c2cb47a5da948118cb605c2addd9904 -> Peer b227aa267c934cf481af0705d06abc83 (127.21.76.67:46501): Couldn't send request to peer b227aa267c934cf481af0705d06abc83. Error code: TABLET_NOT_FOUND (6). Status: Not found: Tablet not found: 12e2c1b4266d494b9dbfd034165d13eb. This is attempt 1: this message will repeat every 5th retry.
I20260630 12:27:12.464294 25097 raft_consensus.cc:1275] T 12e2c1b4266d494b9dbfd034165d13eb P 3fd6a01011e4422082325f11274a6eed [term 1 FOLLOWER]: Refusing update from remote peer 4c2cb47a5da948118cb605c2addd9904: Log matching property violated. Preceding OpId in replica: term: 1 index: 1. Preceding OpId from leader: term: 1 index: 2. (index mismatch)
I20260630 12:27:12.465355 25294 consensus_queue.cc:1048] T 12e2c1b4266d494b9dbfd034165d13eb P 4c2cb47a5da948118cb605c2addd9904 [LEADER]: Connected to new peer: Peer: permanent_uuid: "ba0c2303b6a646078521a874f7f10933" member_type: VOTER last_known_addr { host: "127.21.76.65" port: 37195 }, Status: LMP_MISMATCH, Last received: 0.0, Next index: 2, Last known committed idx: 1, Time since last communication: 0.000s
I20260630 12:27:12.466177 25139 consensus_queue.cc:1048] T 12e2c1b4266d494b9dbfd034165d13eb P 4c2cb47a5da948118cb605c2addd9904 [LEADER]: Connected to new peer: Peer: permanent_uuid: "3fd6a01011e4422082325f11274a6eed" member_type: VOTER last_known_addr { host: "127.21.76.68" port: 41027 } attrs { replace: true }, Status: LMP_MISMATCH, Last received: 0.0, Next index: 2, Last known committed idx: 1, Time since last communication: 0.000s
I20260630 12:27:12.473704 25294 raft_consensus.cc:2955] T 12e2c1b4266d494b9dbfd034165d13eb P 4c2cb47a5da948118cb605c2addd9904 [term 1 LEADER]: Committing config change with OpId 1.2: config changed from index -1 to 2, NON_VOTER b227aa267c934cf481af0705d06abc83 (127.21.76.67) added. New config: { opid_index: 2 OBSOLETE_local: false peers { permanent_uuid: "3fd6a01011e4422082325f11274a6eed" member_type: VOTER last_known_addr { host: "127.21.76.68" port: 41027 } attrs { replace: true } } peers { permanent_uuid: "ba0c2303b6a646078521a874f7f10933" member_type: VOTER last_known_addr { host: "127.21.76.65" port: 37195 } } peers { permanent_uuid: "4c2cb47a5da948118cb605c2addd9904" member_type: VOTER last_known_addr { host: "127.21.76.66" port: 36685 } } peers { permanent_uuid: "b227aa267c934cf481af0705d06abc83" member_type: NON_VOTER last_known_addr { host: "127.21.76.67" port: 46501 } attrs { promote: true } } }
I20260630 12:27:12.474736 24794 raft_consensus.cc:2955] T 12e2c1b4266d494b9dbfd034165d13eb P ba0c2303b6a646078521a874f7f10933 [term 1 FOLLOWER]: Committing config change with OpId 1.2: config changed from index -1 to 2, NON_VOTER b227aa267c934cf481af0705d06abc83 (127.21.76.67) added. New config: { opid_index: 2 OBSOLETE_local: false peers { permanent_uuid: "3fd6a01011e4422082325f11274a6eed" member_type: VOTER last_known_addr { host: "127.21.76.68" port: 41027 } attrs { replace: true } } peers { permanent_uuid: "ba0c2303b6a646078521a874f7f10933" member_type: VOTER last_known_addr { host: "127.21.76.65" port: 37195 } } peers { permanent_uuid: "4c2cb47a5da948118cb605c2addd9904" member_type: VOTER last_known_addr { host: "127.21.76.66" port: 36685 } } peers { permanent_uuid: "b227aa267c934cf481af0705d06abc83" member_type: NON_VOTER last_known_addr { host: "127.21.76.67" port: 46501 } attrs { promote: true } } }
I20260630 12:27:12.475549 25097 raft_consensus.cc:2955] T 12e2c1b4266d494b9dbfd034165d13eb P 3fd6a01011e4422082325f11274a6eed [term 1 FOLLOWER]: Committing config change with OpId 1.2: config changed from index -1 to 2, NON_VOTER b227aa267c934cf481af0705d06abc83 (127.21.76.67) added. New config: { opid_index: 2 OBSOLETE_local: false peers { permanent_uuid: "3fd6a01011e4422082325f11274a6eed" member_type: VOTER last_known_addr { host: "127.21.76.68" port: 41027 } attrs { replace: true } } peers { permanent_uuid: "ba0c2303b6a646078521a874f7f10933" member_type: VOTER last_known_addr { host: "127.21.76.65" port: 37195 } } peers { permanent_uuid: "4c2cb47a5da948118cb605c2addd9904" member_type: VOTER last_known_addr { host: "127.21.76.66" port: 36685 } } peers { permanent_uuid: "b227aa267c934cf481af0705d06abc83" member_type: NON_VOTER last_known_addr { host: "127.21.76.67" port: 46501 } attrs { promote: true } } }
I20260630 12:27:12.486266 24689 catalog_manager.cc:5697] T 12e2c1b4266d494b9dbfd034165d13eb P ba0c2303b6a646078521a874f7f10933 reported cstate change: config changed from index -1 to 2, NON_VOTER b227aa267c934cf481af0705d06abc83 (127.21.76.67) added. New cstate: current_term: 1 leader_uuid: "4c2cb47a5da948118cb605c2addd9904" committed_config { opid_index: 2 OBSOLETE_local: false peers { permanent_uuid: "3fd6a01011e4422082325f11274a6eed" member_type: VOTER last_known_addr { host: "127.21.76.68" port: 41027 } attrs { replace: true } } peers { permanent_uuid: "ba0c2303b6a646078521a874f7f10933" member_type: VOTER last_known_addr { host: "127.21.76.65" port: 37195 } } peers { permanent_uuid: "4c2cb47a5da948118cb605c2addd9904" member_type: VOTER last_known_addr { host: "127.21.76.66" port: 36685 } } peers { permanent_uuid: "b227aa267c934cf481af0705d06abc83" member_type: NON_VOTER last_known_addr { host: "127.21.76.67" port: 46501 } attrs { promote: true } } }
I20260630 12:27:12.489015 24865 consensus_queue.cc:237] T 309d23ee7e994012889260ff937dd35b P 4c2cb47a5da948118cb605c2addd9904 [LEADER]: Queue going to LEADER mode. State: All replicated index: 0, Majority replicated index: 1, Committed index: 1, Last appended: 1.1, Last appended by leader: 0, Current term: 1, Majority size: 2, State: 0, Mode: LEADER, active raft config: opid_index: 2 OBSOLETE_local: false peers { permanent_uuid: "4c2cb47a5da948118cb605c2addd9904" member_type: VOTER last_known_addr { host: "127.21.76.66" port: 36685 } } peers { permanent_uuid: "ba0c2303b6a646078521a874f7f10933" member_type: VOTER last_known_addr { host: "127.21.76.65" port: 37195 } } peers { permanent_uuid: "b227aa267c934cf481af0705d06abc83" member_type: VOTER last_known_addr { host: "127.21.76.67" port: 46501 } attrs { replace: true } } peers { permanent_uuid: "3fd6a01011e4422082325f11274a6eed" member_type: NON_VOTER last_known_addr { host: "127.21.76.68" port: 41027 } attrs { promote: true } }
I20260630 12:27:12.506019 24943 raft_consensus.cc:1275] T 309d23ee7e994012889260ff937dd35b P b227aa267c934cf481af0705d06abc83 [term 1 FOLLOWER]: Refusing update from remote peer 4c2cb47a5da948118cb605c2addd9904: Log matching property violated. Preceding OpId in replica: term: 1 index: 1. Preceding OpId from leader: term: 1 index: 2. (index mismatch)
W20260630 12:27:12.506402 24833 consensus_peers.cc:597] T 309d23ee7e994012889260ff937dd35b P 4c2cb47a5da948118cb605c2addd9904 -> Peer 3fd6a01011e4422082325f11274a6eed (127.21.76.68:41027): Couldn't send request to peer 3fd6a01011e4422082325f11274a6eed. Error code: TABLET_NOT_FOUND (6). Status: Not found: Tablet not found: 309d23ee7e994012889260ff937dd35b. This is attempt 1: this message will repeat every 5th retry.
I20260630 12:27:12.506955 24793 raft_consensus.cc:1275] T 309d23ee7e994012889260ff937dd35b P ba0c2303b6a646078521a874f7f10933 [term 1 FOLLOWER]: Refusing update from remote peer 4c2cb47a5da948118cb605c2addd9904: Log matching property violated. Preceding OpId in replica: term: 1 index: 1. Preceding OpId from leader: term: 1 index: 2. (index mismatch)
