I20260630 12:25:40.087009  7817 sys_catalog.cc:458] T 00000000000000000000000000000000 P bbf9c1ed9085478a844fb2248cbe6857 [sys.catalog]: This master's current role is: LEADER
I20260630 12:25:40.094161  7580 fs_manager.cc:696] Time spent creating directory manager: real 0.007s	user 0.004s	sys 0.002s
I20260630 12:25:40.100802  7842 log_block_manager.cc:4031] Time spent loading block containers with low live blocks: real 0.000s	user 0.000s	sys 0.000s
I20260630 12:25:40.101969  7580 fs_manager.cc:730] Time spent opening block manager: real 0.005s	user 0.001s	sys 0.005s
I20260630 12:25:40.102269  7580 fs_manager.cc:647] Opened local filesystem: /tmp/dist-test-taskAPrlKE/test-tmp/auto_rebalancer-test.0.AutoRebalancerTest.OnlyLeaderDoesAutoRebalancing.1782822337677515-7580-0/minicluster-data/ts-0-root
uuid: "f568e4e8eac24c2594a4675802e77351"
format_stamp: "Formatted at 2026-06-30 12:25:40 on dist-test-slave-8nk5"
I20260630 12:25:40.102581  7580 fs_report.cc:389] FS layout report
--------------------
wal directory: /tmp/dist-test-taskAPrlKE/test-tmp/auto_rebalancer-test.0.AutoRebalancerTest.OnlyLeaderDoesAutoRebalancing.1782822337677515-7580-0/minicluster-data/ts-0-root
metadata directory: /tmp/dist-test-taskAPrlKE/test-tmp/auto_rebalancer-test.0.AutoRebalancerTest.OnlyLeaderDoesAutoRebalancing.1782822337677515-7580-0/minicluster-data/ts-0-root
1 data directories: /tmp/dist-test-taskAPrlKE/test-tmp/auto_rebalancer-test.0.AutoRebalancerTest.OnlyLeaderDoesAutoRebalancing.1782822337677515-7580-0/minicluster-data/ts-0-root/data
Total live blocks: 0
Total live bytes: 0
Total live bytes (after alignment): 0
Total number of LBM containers: 0 (0 full)
Did not check for missing blocks
Did not check for orphaned blocks
Total full LBM containers with extra space: 0 (0 repaired)
Total full LBM container extra space in bytes: 0 (0 repaired)
Total incomplete LBM containers: 0 (0 repaired)
Total LBM partial records: 0 (0 repaired)
Total corrupted LBM metadata records in RocksDB: 0 (0 repaired)
I20260630 12:25:40.119119  7824 catalog_manager.cc:1406] Generated new certificate authority record
I20260630 12:25:40.121630  7824 catalog_manager.cc:1540] Loading token signing keys...
I20260630 12:25:40.158721  7580 rpc_server.cc:225] running with OpenSSL 1.1.1  11 Sep 2018
I20260630 12:25:40.158735  7824 catalog_manager.cc:6070] T 00000000000000000000000000000000 P bbf9c1ed9085478a844fb2248cbe6857: Generated new TSK 0
I20260630 12:25:40.160876  7824 catalog_manager.cc:1550] Initializing in-progress tserver states...
I20260630 12:25:40.161484  7580 kserver.cc:163] Server-wide thread pool size limit: 3276
I20260630 12:25:40.165251  7580 txn_system_client.cc:432] TxnSystemClient initialization is disabled...
I20260630 12:25:40.171204  7580 ts_tablet_manager.cc:585] Loaded tablet metadata (0 total tablets, 0 live tablets)
I20260630 12:25:40.171557  7580 ts_tablet_manager.cc:531] Time spent load tablet metadata: real 0.000s	user 0.000s	sys 0.000s
I20260630 12:25:40.171941  7580 ts_tablet_manager.cc:616] Registered 0 tablets
I20260630 12:25:40.172174  7580 ts_tablet_manager.cc:595] Time spent register tablets: real 0.000s	user 0.000s	sys 0.000s
I20260630 12:25:40.303469  7580 rpc_server.cc:307] RPC server started. Bound to: 127.7.103.1:37973
I20260630 12:25:40.303542  7905 acceptor_pool.cc:272] collecting diagnostics on the listening RPC socket 127.7.103.1:37973 every 8 connection(s)
I20260630 12:25:40.328514  7580 file_cache.cc:492] Constructed file cache file cache with capacity 419430
I20260630 12:25:40.348289  7906 heartbeater.cc:344] Connected to a master server at 127.7.103.60:45855
I20260630 12:25:40.349269  7906 heartbeater.cc:461] Registering TS with master...
I20260630 12:25:40.351323  7906 heartbeater.cc:507] Master 127.7.103.60:45855 requested a full tablet report, sending...
I20260630 12:25:40.358486  7742 ts_manager.cc:194] Registered new tserver with Master: f568e4e8eac24c2594a4675802e77351 (127.7.103.1:37973)
I20260630 12:25:40.359293  7907 heartbeater.cc:344] Connected to a master server at 127.7.103.61:42717
I20260630 12:25:40.359781  7907 heartbeater.cc:461] Registering TS with master...
W20260630 12:25:40.360745  7915 instance_detector.cc:116] could not retrieve AWS instance metadata: Network error: curl error: HTTP response code said error: The requested URL returned error: 404
I20260630 12:25:40.360934  7907 heartbeater.cc:507] Master 127.7.103.61:42717 requested a full tablet report, sending...
I20260630 12:25:40.363240  7908 heartbeater.cc:344] Connected to a master server at 127.7.103.62:36705
I20260630 12:25:40.363910  7908 heartbeater.cc:461] Registering TS with master...
I20260630 12:25:40.364549  7677 ts_manager.cc:194] Registered new tserver with Master: f568e4e8eac24c2594a4675802e77351 (127.7.103.1:37973)
I20260630 12:25:40.365465  7908 heartbeater.cc:507] Master 127.7.103.62:36705 requested a full tablet report, sending...
I20260630 12:25:40.367782  7677 master_service.cc:502] Signed X509 certificate for tserver {username='slave'} at 127.0.0.1:57546
I20260630 12:25:40.373386  7612 ts_manager.cc:194] Registered new tserver with Master: f568e4e8eac24c2594a4675802e77351 (127.7.103.1:37973)
W20260630 12:25:40.374627  7916 instance_detector.cc:116] could not retrieve Azure instance metadata: Network error: curl error: HTTP response code said error: The requested URL returned error: 404
W20260630 12:25:40.380839  7918 instance_detector.cc:116] could not retrieve OpenStack instance metadata: Network error: curl error: HTTP response code said error: The requested URL returned error: 404
I20260630 12:25:40.381996  7580 server_base.cc:1061] running on GCE node
I20260630 12:25:40.382936  7580 hybrid_clock.cc:584] initializing the hybrid clock with 'system_unsync' time source
W20260630 12:25:40.383142  7580 system_unsync_time.cc:38] NTP support is disabled. Clock error bounds will not be accurate. This configuration is not suitable for distributed clusters.
I20260630 12:25:40.383383  7580 hybrid_clock.cc:648] HybridClock initialized: now 1782822340383345 us; error 0 us; skew 500 ppm
I20260630 12:25:40.383940  7580 server_base.cc:861] Flag tcmalloc_max_total_thread_cache_bytes is not working since tcmalloc is not enabled.
I20260630 12:25:40.386819  7580 webserver.cc:533] Webserver started at http://127.7.103.2:40795/ using document root <none> and password file <none>
I20260630 12:25:40.387338  7580 fs_manager.cc:362] Metadata directory not provided
I20260630 12:25:40.387516  7580 fs_manager.cc:368] Using write-ahead log directory (fs_wal_dir) as metadata directory
I20260630 12:25:40.387844  7580 server_base.cc:909] This appears to be a new deployment of Kudu; creating new FS layout
I20260630 12:25:40.388919  7580 fs_manager.cc:1068] Generated new instance metadata in path /tmp/dist-test-taskAPrlKE/test-tmp/auto_rebalancer-test.0.AutoRebalancerTest.OnlyLeaderDoesAutoRebalancing.1782822337677515-7580-0/minicluster-data/ts-1-root/instance:
uuid: "9882f87eaaa44ea7bc4c32fd819da85c"
format_stamp: "Formatted at 2026-06-30 12:25:40 on dist-test-slave-8nk5"
I20260630 12:25:40.393988  7580 fs_manager.cc:696] Time spent creating directory manager: real 0.004s	user 0.003s	sys 0.004s
I20260630 12:25:40.398046  7923 log_block_manager.cc:4031] Time spent loading block containers with low live blocks: real 0.000s	user 0.000s	sys 0.000s
I20260630 12:25:40.399333  7580 fs_manager.cc:730] Time spent opening block manager: real 0.003s	user 0.004s	sys 0.000s
I20260630 12:25:40.399751  7580 fs_manager.cc:647] Opened local filesystem: /tmp/dist-test-taskAPrlKE/test-tmp/auto_rebalancer-test.0.AutoRebalancerTest.OnlyLeaderDoesAutoRebalancing.1782822337677515-7580-0/minicluster-data/ts-1-root
uuid: "9882f87eaaa44ea7bc4c32fd819da85c"
format_stamp: "Formatted at 2026-06-30 12:25:40 on dist-test-slave-8nk5"
I20260630 12:25:40.400151  7580 fs_report.cc:389] FS layout report
--------------------
wal directory: /tmp/dist-test-taskAPrlKE/test-tmp/auto_rebalancer-test.0.AutoRebalancerTest.OnlyLeaderDoesAutoRebalancing.1782822337677515-7580-0/minicluster-data/ts-1-root
metadata directory: /tmp/dist-test-taskAPrlKE/test-tmp/auto_rebalancer-test.0.AutoRebalancerTest.OnlyLeaderDoesAutoRebalancing.1782822337677515-7580-0/minicluster-data/ts-1-root
1 data directories: /tmp/dist-test-taskAPrlKE/test-tmp/auto_rebalancer-test.0.AutoRebalancerTest.OnlyLeaderDoesAutoRebalancing.1782822337677515-7580-0/minicluster-data/ts-1-root/data
Total live blocks: 0
Total live bytes: 0
Total live bytes (after alignment): 0
Total number of LBM containers: 0 (0 full)
Did not check for missing blocks
Did not check for orphaned blocks
Total full LBM containers with extra space: 0 (0 repaired)
Total full LBM container extra space in bytes: 0 (0 repaired)
Total incomplete LBM containers: 0 (0 repaired)
Total LBM partial records: 0 (0 repaired)
Total corrupted LBM metadata records in RocksDB: 0 (0 repaired)
I20260630 12:25:40.430478  7580 rpc_server.cc:225] running with OpenSSL 1.1.1  11 Sep 2018
I20260630 12:25:40.431778  7580 kserver.cc:163] Server-wide thread pool size limit: 3276
I20260630 12:25:40.433589  7580 txn_system_client.cc:432] TxnSystemClient initialization is disabled...
I20260630 12:25:40.437641  7580 ts_tablet_manager.cc:585] Loaded tablet metadata (0 total tablets, 0 live tablets)
I20260630 12:25:40.437922  7580 ts_tablet_manager.cc:531] Time spent load tablet metadata: real 0.000s	user 0.000s	sys 0.001s
I20260630 12:25:40.438185  7580 ts_tablet_manager.cc:616] Registered 0 tablets
I20260630 12:25:40.438375  7580 ts_tablet_manager.cc:595] Time spent register tablets: real 0.000s	user 0.000s	sys 0.000s
I20260630 12:25:40.547137  7580 rpc_server.cc:307] RPC server started. Bound to: 127.7.103.2:40625
I20260630 12:25:40.547374  7985 acceptor_pool.cc:272] collecting diagnostics on the listening RPC socket 127.7.103.2:40625 every 8 connection(s)
I20260630 12:25:40.578156  7580 file_cache.cc:492] Constructed file cache file cache with capacity 419430
I20260630 12:25:40.584822  7986 heartbeater.cc:344] Connected to a master server at 127.7.103.60:45855
I20260630 12:25:40.585872  7986 heartbeater.cc:461] Registering TS with master...
I20260630 12:25:40.586966  7986 heartbeater.cc:507] Master 127.7.103.60:45855 requested a full tablet report, sending...
I20260630 12:25:40.591444  7742 ts_manager.cc:194] Registered new tserver with Master: 9882f87eaaa44ea7bc4c32fd819da85c (127.7.103.2:40625)
W20260630 12:25:40.602749  7993 instance_detector.cc:116] could not retrieve AWS instance metadata: Network error: curl error: HTTP response code said error: The requested URL returned error: 404
I20260630 12:25:40.603089  7987 heartbeater.cc:344] Connected to a master server at 127.7.103.61:42717
I20260630 12:25:40.603608  7987 heartbeater.cc:461] Registering TS with master...
I20260630 12:25:40.603669  7989 heartbeater.cc:344] Connected to a master server at 127.7.103.62:36705
I20260630 12:25:40.604249  7989 heartbeater.cc:461] Registering TS with master...
I20260630 12:25:40.604653  7987 heartbeater.cc:507] Master 127.7.103.61:42717 requested a full tablet report, sending...
I20260630 12:25:40.605419  7989 heartbeater.cc:507] Master 127.7.103.62:36705 requested a full tablet report, sending...
I20260630 12:25:40.607460  7677 ts_manager.cc:194] Registered new tserver with Master: 9882f87eaaa44ea7bc4c32fd819da85c (127.7.103.2:40625)
I20260630 12:25:40.609508  7677 master_service.cc:502] Signed X509 certificate for tserver {username='slave'} at 127.0.0.1:57556
W20260630 12:25:40.611749  7994 instance_detector.cc:116] could not retrieve Azure instance metadata: Network error: curl error: HTTP response code said error: The requested URL returned error: 404
I20260630 12:25:40.612651  7612 ts_manager.cc:194] Registered new tserver with Master: 9882f87eaaa44ea7bc4c32fd819da85c (127.7.103.2:40625)
I20260630 12:25:40.614085  7580 server_base.cc:1061] running on GCE node
W20260630 12:25:40.614763  7996 instance_detector.cc:116] could not retrieve OpenStack instance metadata: Network error: curl error: HTTP response code said error: The requested URL returned error: 404
I20260630 12:25:40.616670  7580 hybrid_clock.cc:584] initializing the hybrid clock with 'system_unsync' time source
W20260630 12:25:40.617033  7580 system_unsync_time.cc:38] NTP support is disabled. Clock error bounds will not be accurate. This configuration is not suitable for distributed clusters.
I20260630 12:25:40.617275  7580 hybrid_clock.cc:648] HybridClock initialized: now 1782822340617257 us; error 0 us; skew 500 ppm
I20260630 12:25:40.618126  7580 server_base.cc:861] Flag tcmalloc_max_total_thread_cache_bytes is not working since tcmalloc is not enabled.
I20260630 12:25:40.621984  7580 webserver.cc:533] Webserver started at http://127.7.103.3:42177/ using document root <none> and password file <none>
I20260630 12:25:40.622905  7580 fs_manager.cc:362] Metadata directory not provided
I20260630 12:25:40.623247  7580 fs_manager.cc:368] Using write-ahead log directory (fs_wal_dir) as metadata directory
I20260630 12:25:40.623631  7580 server_base.cc:909] This appears to be a new deployment of Kudu; creating new FS layout
I20260630 12:25:40.625277  7580 fs_manager.cc:1068] Generated new instance metadata in path /tmp/dist-test-taskAPrlKE/test-tmp/auto_rebalancer-test.0.AutoRebalancerTest.OnlyLeaderDoesAutoRebalancing.1782822337677515-7580-0/minicluster-data/ts-2-root/instance:
uuid: "3c81c78bfba748e78bc450ba0059963a"
format_stamp: "Formatted at 2026-06-30 12:25:40 on dist-test-slave-8nk5"
I20260630 12:25:40.632836  7580 fs_manager.cc:696] Time spent creating directory manager: real 0.006s	user 0.005s	sys 0.001s
I20260630 12:25:40.638337  8001 log_block_manager.cc:4031] Time spent loading block containers with low live blocks: real 0.000s	user 0.000s	sys 0.000s
I20260630 12:25:40.639531  7580 fs_manager.cc:730] Time spent opening block manager: real 0.003s	user 0.001s	sys 0.000s
I20260630 12:25:40.639853  7580 fs_manager.cc:647] Opened local filesystem: /tmp/dist-test-taskAPrlKE/test-tmp/auto_rebalancer-test.0.AutoRebalancerTest.OnlyLeaderDoesAutoRebalancing.1782822337677515-7580-0/minicluster-data/ts-2-root
uuid: "3c81c78bfba748e78bc450ba0059963a"
format_stamp: "Formatted at 2026-06-30 12:25:40 on dist-test-slave-8nk5"
I20260630 12:25:40.640172  7580 fs_report.cc:389] FS layout report
--------------------
wal directory: /tmp/dist-test-taskAPrlKE/test-tmp/auto_rebalancer-test.0.AutoRebalancerTest.OnlyLeaderDoesAutoRebalancing.1782822337677515-7580-0/minicluster-data/ts-2-root
metadata directory: /tmp/dist-test-taskAPrlKE/test-tmp/auto_rebalancer-test.0.AutoRebalancerTest.OnlyLeaderDoesAutoRebalancing.1782822337677515-7580-0/minicluster-data/ts-2-root
1 data directories: /tmp/dist-test-taskAPrlKE/test-tmp/auto_rebalancer-test.0.AutoRebalancerTest.OnlyLeaderDoesAutoRebalancing.1782822337677515-7580-0/minicluster-data/ts-2-root/data
Total live blocks: 0
Total live bytes: 0
Total live bytes (after alignment): 0
Total number of LBM containers: 0 (0 full)
Did not check for missing blocks
Did not check for orphaned blocks
Total full LBM containers with extra space: 0 (0 repaired)
Total full LBM container extra space in bytes: 0 (0 repaired)
Total incomplete LBM containers: 0 (0 repaired)
Total LBM partial records: 0 (0 repaired)
Total corrupted LBM metadata records in RocksDB: 0 (0 repaired)
I20260630 12:25:41.569411  7823 catalog_manager.cc:1295] Loaded cluster ID: 06a99784964d4d7db1874257cd272056
I20260630 12:25:41.570734  7823 catalog_manager.cc:1588] T 00000000000000000000000000000000 P ebc7dd9254394a80a1e651098f6d8e1a: loading cluster ID for follower catalog manager: success
I20260630 12:25:41.579558  7823 catalog_manager.cc:1610] T 00000000000000000000000000000000 P ebc7dd9254394a80a1e651098f6d8e1a: acquiring CA information for follower catalog manager: success
I20260630 12:25:41.590512  7823 catalog_manager.cc:1638] T 00000000000000000000000000000000 P ebc7dd9254394a80a1e651098f6d8e1a: importing token verification keys for follower catalog manager: success; most recent TSK sequence number 0
W20260630 12:25:41.593883  7580 net_util.cc:726] Time spent look up canonical hostname for localhost 'dist-test-slave-8nk5': real 0.937s	user 0.009s	sys 0.009s
I20260630 12:25:41.597448  7580 rpc_server.cc:225] running with OpenSSL 1.1.1  11 Sep 2018
I20260630 12:25:41.599277  7580 kserver.cc:163] Server-wide thread pool size limit: 3276
I20260630 12:25:41.601203  7580 txn_system_client.cc:432] TxnSystemClient initialization is disabled...
I20260630 12:25:41.613298  7987 heartbeater.cc:499] Master 127.7.103.61:42717 was elected leader, sending a full tablet report...
I20260630 12:25:41.614791  7580 ts_tablet_manager.cc:585] Loaded tablet metadata (0 total tablets, 0 live tablets)
I20260630 12:25:41.615353  7580 ts_tablet_manager.cc:531] Time spent load tablet metadata: real 0.001s	user 0.000s	sys 0.000s
I20260630 12:25:41.615783  7580 ts_tablet_manager.cc:616] Registered 0 tablets
I20260630 12:25:41.616058  7580 ts_tablet_manager.cc:595] Time spent register tablets: real 0.000s	user 0.000s	sys 0.000s
I20260630 12:25:41.627983  7819 catalog_manager.cc:1295] Loaded cluster ID: 06a99784964d4d7db1874257cd272056
I20260630 12:25:41.628424  7819 catalog_manager.cc:1588] T 00000000000000000000000000000000 P 93b11b71b27e46c3952677aff8814fb0: loading cluster ID for follower catalog manager: success
I20260630 12:25:41.639428  7819 catalog_manager.cc:1610] T 00000000000000000000000000000000 P 93b11b71b27e46c3952677aff8814fb0: acquiring CA information for follower catalog manager: success
I20260630 12:25:41.645061  7819 catalog_manager.cc:1638] T 00000000000000000000000000000000 P 93b11b71b27e46c3952677aff8814fb0: importing token verification keys for follower catalog manager: success; most recent TSK sequence number 0
I20260630 12:25:41.651558  7907 heartbeater.cc:499] Master 127.7.103.61:42717 was elected leader, sending a full tablet report...
W20260630 12:25:41.761029  7773 debug-util.cc:398] Leaking SignalData structure 0x7b08000ec060 after lost signal to thread 7583
W20260630 12:25:41.762014  7773 debug-util.cc:398] Leaking SignalData structure 0x7b08000ec740 after lost signal to thread 7646
W20260630 12:25:41.762869  7773 debug-util.cc:398] Leaking SignalData structure 0x7b08000ece00 after lost signal to thread 7711
W20260630 12:25:41.763716  7773 debug-util.cc:398] Leaking SignalData structure 0x7b0800132b20 after lost signal to thread 7776
W20260630 12:25:41.764955  7773 debug-util.cc:398] Leaking SignalData structure 0x7b080013ec40 after lost signal to thread 7905
W20260630 12:25:41.765944  7773 debug-util.cc:398] Leaking SignalData structure 0x7b0800140560 after lost signal to thread 7985
I20260630 12:25:41.838636  7807 auto_leader_rebalancer.cc:515] All tables' leader rebalancing finished this round
I20260630 12:25:42.032965  7580 rpc_server.cc:307] RPC server started. Bound to: 127.7.103.3:44719
I20260630 12:25:42.033264  8064 acceptor_pool.cc:272] collecting diagnostics on the listening RPC socket 127.7.103.3:44719 every 8 connection(s)
I20260630 12:25:42.085728  8066 heartbeater.cc:344] Connected to a master server at 127.7.103.61:42717
I20260630 12:25:42.086339  8066 heartbeater.cc:461] Registering TS with master...
I20260630 12:25:42.087440  8066 heartbeater.cc:507] Master 127.7.103.61:42717 requested a full tablet report, sending...
I20260630 12:25:42.088145  8065 heartbeater.cc:344] Connected to a master server at 127.7.103.60:45855
I20260630 12:25:42.088572  8065 heartbeater.cc:461] Registering TS with master...
I20260630 12:25:42.089579  8065 heartbeater.cc:507] Master 127.7.103.60:45855 requested a full tablet report, sending...
I20260630 12:25:42.093189  7742 ts_manager.cc:194] Registered new tserver with Master: 3c81c78bfba748e78bc450ba0059963a (127.7.103.3:44719)
I20260630 12:25:42.095701  7677 ts_manager.cc:194] Registered new tserver with Master: 3c81c78bfba748e78bc450ba0059963a (127.7.103.3:44719)
I20260630 12:25:42.098086  7677 master_service.cc:502] Signed X509 certificate for tserver {username='slave'} at 127.0.0.1:57562
I20260630 12:25:42.105336  8069 heartbeater.cc:344] Connected to a master server at 127.7.103.62:36705
I20260630 12:25:42.105934  8069 heartbeater.cc:461] Registering TS with master...
I20260630 12:25:42.106950  8069 heartbeater.cc:507] Master 127.7.103.62:36705 requested a full tablet report, sending...
I20260630 12:25:42.109688  7612 ts_manager.cc:194] Registered new tserver with Master: 3c81c78bfba748e78bc450ba0059963a (127.7.103.3:44719)
I20260630 12:25:42.109795  7580 internal_mini_cluster.cc:371] 3 TS(s) registered with all masters after 0.045733689s
I20260630 12:25:42.213941  7677 catalog_manager.cc:2283] Servicing CreateTable request from {username='slave'} at 127.0.0.1:57564:
name: "test-workload"
schema {
  columns {
    name: "key"
    type: INT32
    is_key: true
    is_nullable: false
    encoding: AUTO_ENCODING
    compression: DEFAULT_COMPRESSION
    cfile_block_size: 0
    immutable: false
  }
  columns {
    name: "int_val"
    type: INT32
    is_key: false
    is_nullable: false
    encoding: AUTO_ENCODING
    compression: DEFAULT_COMPRESSION
    cfile_block_size: 0
    immutable: false
  }
  columns {
    name: "string_val"
    type: STRING
    is_key: false
    is_nullable: true
    encoding: AUTO_ENCODING
    compression: DEFAULT_COMPRESSION
    cfile_block_size: 0
    immutable: false
  }
}
num_replicas: 1
split_rows_range_bounds {
  rows: "\004\001\000\377\377\377\037\004\001\000\376\377\377?\004\001\000\375\377\377_""\004\001\000\377\377\377\037\004\001\000\376\377\377?\004\001\000\375\377\377_"
  indirect_data: """"
}
partition_schema {
  range_schema {
    columns {
      name: "key"
    }
  }
}
I20260630 12:25:42.405994  7951 tablet_service.cc:1511] Processing CreateTablet for tablet 096be9502e7c41a08682e161d921106d (DEFAULT_TABLE table=test-workload [id=9cf71a970c514f709ef1ed24cd7e3876]), partition=RANGE (key) PARTITION 1073741822 <= VALUES < 1610612733
I20260630 12:25:42.408887  7951 data_dirs.cc:400] Could only allocate 1 dirs of requested 3 for tablet 096be9502e7c41a08682e161d921106d. 1 dirs total, 0 dirs full, 0 dirs failed
I20260630 12:25:42.430779  8030 tablet_service.cc:1511] Processing CreateTablet for tablet c3a22baacf4947019cc5eacfedc5b575 (DEFAULT_TABLE table=test-workload [id=9cf71a970c514f709ef1ed24cd7e3876]), partition=RANGE (key) PARTITION VALUES < 536870911
I20260630 12:25:42.434734  8030 data_dirs.cc:400] Could only allocate 1 dirs of requested 3 for tablet c3a22baacf4947019cc5eacfedc5b575. 1 dirs total, 0 dirs full, 0 dirs failed
I20260630 12:25:42.460958  7871 tablet_service.cc:1511] Processing CreateTablet for tablet 8aaf7bb2116046fd9f8989619719efcf (DEFAULT_TABLE table=test-workload [id=9cf71a970c514f709ef1ed24cd7e3876]), partition=RANGE (key) PARTITION 536870911 <= VALUES < 1073741822
I20260630 12:25:42.462669  7871 data_dirs.cc:400] Could only allocate 1 dirs of requested 3 for tablet 8aaf7bb2116046fd9f8989619719efcf. 1 dirs total, 0 dirs full, 0 dirs failed
I20260630 12:25:42.467280  7870 tablet_service.cc:1511] Processing CreateTablet for tablet 27ce5d0862c44a9fa8ac39220c194a03 (DEFAULT_TABLE table=test-workload [id=9cf71a970c514f709ef1ed24cd7e3876]), partition=RANGE (key) PARTITION 1610612733 <= VALUES
I20260630 12:25:42.468887  7870 data_dirs.cc:400] Could only allocate 1 dirs of requested 3 for tablet 27ce5d0862c44a9fa8ac39220c194a03. 1 dirs total, 0 dirs full, 0 dirs failed
I20260630 12:25:42.483390  8100 tablet_bootstrap.cc:492] T c3a22baacf4947019cc5eacfedc5b575 P 3c81c78bfba748e78bc450ba0059963a: Bootstrap starting.
I20260630 12:25:42.494310  8100 tablet_bootstrap.cc:654] T c3a22baacf4947019cc5eacfedc5b575 P 3c81c78bfba748e78bc450ba0059963a: Neither blocks nor log segments found. Creating new log.
I20260630 12:25:42.496254  8099 tablet_bootstrap.cc:492] T 096be9502e7c41a08682e161d921106d P 9882f87eaaa44ea7bc4c32fd819da85c: Bootstrap starting.
I20260630 12:25:42.513738  8101 tablet_bootstrap.cc:492] T 27ce5d0862c44a9fa8ac39220c194a03 P f568e4e8eac24c2594a4675802e77351: Bootstrap starting.
I20260630 12:25:42.523976  8101 tablet_bootstrap.cc:654] T 27ce5d0862c44a9fa8ac39220c194a03 P f568e4e8eac24c2594a4675802e77351: Neither blocks nor log segments found. Creating new log.
I20260630 12:25:42.523765  8099 tablet_bootstrap.cc:654] T 096be9502e7c41a08682e161d921106d P 9882f87eaaa44ea7bc4c32fd819da85c: Neither blocks nor log segments found. Creating new log.
I20260630 12:25:42.537117  8101 tablet_bootstrap.cc:492] T 27ce5d0862c44a9fa8ac39220c194a03 P f568e4e8eac24c2594a4675802e77351: No bootstrap required, opened a new log
I20260630 12:25:42.537957  8101 ts_tablet_manager.cc:1403] T 27ce5d0862c44a9fa8ac39220c194a03 P f568e4e8eac24c2594a4675802e77351: Time spent bootstrapping tablet: real 0.025s	user 0.011s	sys 0.011s
I20260630 12:25:42.537046  8100 tablet_bootstrap.cc:492] T c3a22baacf4947019cc5eacfedc5b575 P 3c81c78bfba748e78bc450ba0059963a: No bootstrap required, opened a new log
I20260630 12:25:42.550256  8100 ts_tablet_manager.cc:1403] T c3a22baacf4947019cc5eacfedc5b575 P 3c81c78bfba748e78bc450ba0059963a: Time spent bootstrapping tablet: real 0.067s	user 0.007s	sys 0.016s
I20260630 12:25:42.550621  8099 tablet_bootstrap.cc:492] T 096be9502e7c41a08682e161d921106d P 9882f87eaaa44ea7bc4c32fd819da85c: No bootstrap required, opened a new log
I20260630 12:25:42.551118  8099 ts_tablet_manager.cc:1403] T 096be9502e7c41a08682e161d921106d P 9882f87eaaa44ea7bc4c32fd819da85c: Time spent bootstrapping tablet: real 0.055s	user 0.016s	sys 0.003s
I20260630 12:25:42.547953  8101 raft_consensus.cc:359] T 27ce5d0862c44a9fa8ac39220c194a03 P f568e4e8eac24c2594a4675802e77351 [term 0 FOLLOWER]: Replica starting. Triggering 0 pending ops. Active config: opid_index: -1 OBSOLETE_local: true peers { permanent_uuid: "f568e4e8eac24c2594a4675802e77351" member_type: VOTER last_known_addr { host: "127.7.103.1" port: 37973 } }
I20260630 12:25:42.553213  8101 raft_consensus.cc:385] T 27ce5d0862c44a9fa8ac39220c194a03 P f568e4e8eac24c2594a4675802e77351 [term 0 FOLLOWER]: Consensus starting up: Expiring failure detector timer to make a prompt election more likely
I20260630 12:25:42.554047  8099 raft_consensus.cc:359] T 096be9502e7c41a08682e161d921106d P 9882f87eaaa44ea7bc4c32fd819da85c [term 0 FOLLOWER]: Replica starting. Triggering 0 pending ops. Active config: opid_index: -1 OBSOLETE_local: true peers { permanent_uuid: "9882f87eaaa44ea7bc4c32fd819da85c" member_type: VOTER last_known_addr { host: "127.7.103.2" port: 40625 } }
I20260630 12:25:42.554661  8099 raft_consensus.cc:385] T 096be9502e7c41a08682e161d921106d P 9882f87eaaa44ea7bc4c32fd819da85c [term 0 FOLLOWER]: Consensus starting up: Expiring failure detector timer to make a prompt election more likely
I20260630 12:25:42.554818  8100 raft_consensus.cc:359] T c3a22baacf4947019cc5eacfedc5b575 P 3c81c78bfba748e78bc450ba0059963a [term 0 FOLLOWER]: Replica starting. Triggering 0 pending ops. Active config: opid_index: -1 OBSOLETE_local: true peers { permanent_uuid: "3c81c78bfba748e78bc450ba0059963a" member_type: VOTER last_known_addr { host: "127.7.103.3" port: 44719 } }
I20260630 12:25:42.555009  8099 raft_consensus.cc:740] T 096be9502e7c41a08682e161d921106d P 9882f87eaaa44ea7bc4c32fd819da85c [term 0 FOLLOWER]: Becoming Follower/Learner. State: Replica: 9882f87eaaa44ea7bc4c32fd819da85c, State: Initialized, Role: FOLLOWER
I20260630 12:25:42.555439  8100 raft_consensus.cc:385] T c3a22baacf4947019cc5eacfedc5b575 P 3c81c78bfba748e78bc450ba0059963a [term 0 FOLLOWER]: Consensus starting up: Expiring failure detector timer to make a prompt election more likely
I20260630 12:25:42.555786  8100 raft_consensus.cc:740] T c3a22baacf4947019cc5eacfedc5b575 P 3c81c78bfba748e78bc450ba0059963a [term 0 FOLLOWER]: Becoming Follower/Learner. State: Replica: 3c81c78bfba748e78bc450ba0059963a, State: Initialized, Role: FOLLOWER
I20260630 12:25:42.553567  8101 raft_consensus.cc:740] T 27ce5d0862c44a9fa8ac39220c194a03 P f568e4e8eac24c2594a4675802e77351 [term 0 FOLLOWER]: Becoming Follower/Learner. State: Replica: f568e4e8eac24c2594a4675802e77351, State: Initialized, Role: FOLLOWER
I20260630 12:25:42.556072  8099 consensus_queue.cc:260] T 096be9502e7c41a08682e161d921106d P 9882f87eaaa44ea7bc4c32fd819da85c [NON_LEADER]: Queue going to NON_LEADER mode. State: All replicated index: 0, Majority replicated index: 0, Committed index: 0, Last appended: 0.0, Last appended by leader: 0, Current term: 0, Majority size: -1, State: 0, Mode: NON_LEADER, active raft config: opid_index: -1 OBSOLETE_local: true peers { permanent_uuid: "9882f87eaaa44ea7bc4c32fd819da85c" member_type: VOTER last_known_addr { host: "127.7.103.2" port: 40625 } }
I20260630 12:25:42.556775  8099 raft_consensus.cc:399] T 096be9502e7c41a08682e161d921106d P 9882f87eaaa44ea7bc4c32fd819da85c [term 0 FOLLOWER]: Only one voter in the Raft config. Triggering election immediately
I20260630 12:25:42.557147  8099 raft_consensus.cc:493] T 096be9502e7c41a08682e161d921106d P 9882f87eaaa44ea7bc4c32fd819da85c [term 0 FOLLOWER]: Starting leader election (initial election of a single-replica configuration)
I20260630 12:25:42.557365  8100 consensus_queue.cc:260] T c3a22baacf4947019cc5eacfedc5b575 P 3c81c78bfba748e78bc450ba0059963a [NON_LEADER]: Queue going to NON_LEADER mode. State: All replicated index: 0, Majority replicated index: 0, Committed index: 0, Last appended: 0.0, Last appended by leader: 0, Current term: 0, Majority size: -1, State: 0, Mode: NON_LEADER, active raft config: opid_index: -1 OBSOLETE_local: true peers { permanent_uuid: "3c81c78bfba748e78bc450ba0059963a" member_type: VOTER last_known_addr { host: "127.7.103.3" port: 44719 } }
I20260630 12:25:42.557544  8099 raft_consensus.cc:3060] T 096be9502e7c41a08682e161d921106d P 9882f87eaaa44ea7bc4c32fd819da85c [term 0 FOLLOWER]: Advancing to term 1
I20260630 12:25:42.558257  8100 raft_consensus.cc:399] T c3a22baacf4947019cc5eacfedc5b575 P 3c81c78bfba748e78bc450ba0059963a [term 0 FOLLOWER]: Only one voter in the Raft config. Triggering election immediately
I20260630 12:25:42.558621  8100 raft_consensus.cc:493] T c3a22baacf4947019cc5eacfedc5b575 P 3c81c78bfba748e78bc450ba0059963a [term 0 FOLLOWER]: Starting leader election (initial election of a single-replica configuration)
I20260630 12:25:42.559013  8100 raft_consensus.cc:3060] T c3a22baacf4947019cc5eacfedc5b575 P 3c81c78bfba748e78bc450ba0059963a [term 0 FOLLOWER]: Advancing to term 1
I20260630 12:25:42.557161  8101 consensus_queue.cc:260] T 27ce5d0862c44a9fa8ac39220c194a03 P f568e4e8eac24c2594a4675802e77351 [NON_LEADER]: Queue going to NON_LEADER mode. State: All replicated index: 0, Majority replicated index: 0, Committed index: 0, Last appended: 0.0, Last appended by leader: 0, Current term: 0, Majority size: -1, State: 0, Mode: NON_LEADER, active raft config: opid_index: -1 OBSOLETE_local: true peers { permanent_uuid: "f568e4e8eac24c2594a4675802e77351" member_type: VOTER last_known_addr { host: "127.7.103.1" port: 37973 } }
I20260630 12:25:42.562690  8101 raft_consensus.cc:399] T 27ce5d0862c44a9fa8ac39220c194a03 P f568e4e8eac24c2594a4675802e77351 [term 0 FOLLOWER]: Only one voter in the Raft config. Triggering election immediately
I20260630 12:25:42.563055  8101 raft_consensus.cc:493] T 27ce5d0862c44a9fa8ac39220c194a03 P f568e4e8eac24c2594a4675802e77351 [term 0 FOLLOWER]: Starting leader election (initial election of a single-replica configuration)
I20260630 12:25:42.563449  8101 raft_consensus.cc:3060] T 27ce5d0862c44a9fa8ac39220c194a03 P f568e4e8eac24c2594a4675802e77351 [term 0 FOLLOWER]: Advancing to term 1
I20260630 12:25:42.565613  8099 raft_consensus.cc:515] T 096be9502e7c41a08682e161d921106d P 9882f87eaaa44ea7bc4c32fd819da85c [term 1 FOLLOWER]: Starting leader election with config: opid_index: -1 OBSOLETE_local: true peers { permanent_uuid: "9882f87eaaa44ea7bc4c32fd819da85c" member_type: VOTER last_known_addr { host: "127.7.103.2" port: 40625 } }
I20260630 12:25:42.566488  8099 leader_election.cc:304] T 096be9502e7c41a08682e161d921106d P 9882f87eaaa44ea7bc4c32fd819da85c [CANDIDATE]: Term 1 election: Election decided. Result: candidate won. Election summary: received 1 responses out of 1 voters: 1 yes votes; 0 no votes. yes voters: 9882f87eaaa44ea7bc4c32fd819da85c; no voters: 
I20260630 12:25:42.571128  8101 raft_consensus.cc:515] T 27ce5d0862c44a9fa8ac39220c194a03 P f568e4e8eac24c2594a4675802e77351 [term 1 FOLLOWER]: Starting leader election with config: opid_index: -1 OBSOLETE_local: true peers { permanent_uuid: "f568e4e8eac24c2594a4675802e77351" member_type: VOTER last_known_addr { host: "127.7.103.1" port: 37973 } }
I20260630 12:25:42.572027  8101 leader_election.cc:304] T 27ce5d0862c44a9fa8ac39220c194a03 P f568e4e8eac24c2594a4675802e77351 [CANDIDATE]: Term 1 election: Election decided. Result: candidate won. Election summary: received 1 responses out of 1 voters: 1 yes votes; 0 no votes. yes voters: f568e4e8eac24c2594a4675802e77351; no voters: 
I20260630 12:25:42.572305  8100 raft_consensus.cc:515] T c3a22baacf4947019cc5eacfedc5b575 P 3c81c78bfba748e78bc450ba0059963a [term 1 FOLLOWER]: Starting leader election with config: opid_index: -1 OBSOLETE_local: true peers { permanent_uuid: "3c81c78bfba748e78bc450ba0059963a" member_type: VOTER last_known_addr { host: "127.7.103.3" port: 44719 } }
I20260630 12:25:42.573766  8100 leader_election.cc:304] T c3a22baacf4947019cc5eacfedc5b575 P 3c81c78bfba748e78bc450ba0059963a [CANDIDATE]: Term 1 election: Election decided. Result: candidate won. Election summary: received 1 responses out of 1 voters: 1 yes votes; 0 no votes. yes voters: 3c81c78bfba748e78bc450ba0059963a; no voters: 
I20260630 12:25:42.578989  8099 leader_election.cc:290] T 096be9502e7c41a08682e161d921106d P 9882f87eaaa44ea7bc4c32fd819da85c [CANDIDATE]: Term 1 election: Requested vote from peers 
I20260630 12:25:42.582836  8101 leader_election.cc:290] T 27ce5d0862c44a9fa8ac39220c194a03 P f568e4e8eac24c2594a4675802e77351 [CANDIDATE]: Term 1 election: Requested vote from peers 
I20260630 12:25:42.583015  8105 raft_consensus.cc:2804] T 096be9502e7c41a08682e161d921106d P 9882f87eaaa44ea7bc4c32fd819da85c [term 1 FOLLOWER]: Leader election won for term 1
I20260630 12:25:42.584931  8100 leader_election.cc:290] T c3a22baacf4947019cc5eacfedc5b575 P 3c81c78bfba748e78bc450ba0059963a [CANDIDATE]: Term 1 election: Requested vote from peers 
I20260630 12:25:42.585959  8106 raft_consensus.cc:2804] T 27ce5d0862c44a9fa8ac39220c194a03 P f568e4e8eac24c2594a4675802e77351 [term 1 FOLLOWER]: Leader election won for term 1
I20260630 12:25:42.587215  8107 raft_consensus.cc:2804] T c3a22baacf4947019cc5eacfedc5b575 P 3c81c78bfba748e78bc450ba0059963a [term 1 FOLLOWER]: Leader election won for term 1
I20260630 12:25:42.603574  8099 ts_tablet_manager.cc:1434] T 096be9502e7c41a08682e161d921106d P 9882f87eaaa44ea7bc4c32fd819da85c: Time spent starting tablet: real 0.052s	user 0.019s	sys 0.011s
I20260630 12:25:42.611413  8105 raft_consensus.cc:697] T 096be9502e7c41a08682e161d921106d P 9882f87eaaa44ea7bc4c32fd819da85c [term 1 LEADER]: Becoming Leader. State: Replica: 9882f87eaaa44ea7bc4c32fd819da85c, State: Running, Role: LEADER
I20260630 12:25:42.616051  8066 heartbeater.cc:499] Master 127.7.103.61:42717 was elected leader, sending a full tablet report...
I20260630 12:25:42.615252  8105 consensus_queue.cc:237] T 096be9502e7c41a08682e161d921106d P 9882f87eaaa44ea7bc4c32fd819da85c [LEADER]: Queue going to LEADER mode. State: All replicated index: 0, Majority replicated index: 0, Committed index: 0, Last appended: 0.0, Last appended by leader: 0, Current term: 1, Majority size: 1, State: 0, Mode: LEADER, active raft config: opid_index: -1 OBSOLETE_local: true peers { permanent_uuid: "9882f87eaaa44ea7bc4c32fd819da85c" member_type: VOTER last_known_addr { host: "127.7.103.2" port: 40625 } }
I20260630 12:25:42.621565  8107 raft_consensus.cc:697] T c3a22baacf4947019cc5eacfedc5b575 P 3c81c78bfba748e78bc450ba0059963a [term 1 LEADER]: Becoming Leader. State: Replica: 3c81c78bfba748e78bc450ba0059963a, State: Running, Role: LEADER
I20260630 12:25:42.625862  8100 ts_tablet_manager.cc:1434] T c3a22baacf4947019cc5eacfedc5b575 P 3c81c78bfba748e78bc450ba0059963a: Time spent starting tablet: real 0.075s	user 0.012s	sys 0.020s
I20260630 12:25:42.625483  8107 consensus_queue.cc:237] T c3a22baacf4947019cc5eacfedc5b575 P 3c81c78bfba748e78bc450ba0059963a [LEADER]: Queue going to LEADER mode. State: All replicated index: 0, Majority replicated index: 0, Committed index: 0, Last appended: 0.0, Last appended by leader: 0, Current term: 1, Majority size: 1, State: 0, Mode: LEADER, active raft config: opid_index: -1 OBSOLETE_local: true peers { permanent_uuid: "3c81c78bfba748e78bc450ba0059963a" member_type: VOTER last_known_addr { host: "127.7.103.3" port: 44719 } }
I20260630 12:25:42.626479  8101 ts_tablet_manager.cc:1434] T 27ce5d0862c44a9fa8ac39220c194a03 P f568e4e8eac24c2594a4675802e77351: Time spent starting tablet: real 0.088s	user 0.020s	sys 0.029s
I20260630 12:25:42.627197  8106 raft_consensus.cc:697] T 27ce5d0862c44a9fa8ac39220c194a03 P f568e4e8eac24c2594a4675802e77351 [term 1 LEADER]: Becoming Leader. State: Replica: f568e4e8eac24c2594a4675802e77351, State: Running, Role: LEADER
I20260630 12:25:42.631304  8101 tablet_bootstrap.cc:492] T 8aaf7bb2116046fd9f8989619719efcf P f568e4e8eac24c2594a4675802e77351: Bootstrap starting.
I20260630 12:25:42.631379  8106 consensus_queue.cc:237] T 27ce5d0862c44a9fa8ac39220c194a03 P f568e4e8eac24c2594a4675802e77351 [LEADER]: Queue going to LEADER mode. State: All replicated index: 0, Majority replicated index: 0, Committed index: 0, Last appended: 0.0, Last appended by leader: 0, Current term: 1, Majority size: 1, State: 0, Mode: LEADER, active raft config: opid_index: -1 OBSOLETE_local: true peers { permanent_uuid: "f568e4e8eac24c2594a4675802e77351" member_type: VOTER last_known_addr { host: "127.7.103.1" port: 37973 } }
I20260630 12:25:42.647847  7677 catalog_manager.cc:5697] T 096be9502e7c41a08682e161d921106d P 9882f87eaaa44ea7bc4c32fd819da85c reported cstate change: term changed from 0 to 1, leader changed from <none> to 9882f87eaaa44ea7bc4c32fd819da85c (127.7.103.2). New cstate: current_term: 1 leader_uuid: "9882f87eaaa44ea7bc4c32fd819da85c" committed_config { opid_index: -1 OBSOLETE_local: true peers { permanent_uuid: "9882f87eaaa44ea7bc4c32fd819da85c" member_type: VOTER last_known_addr { host: "127.7.103.2" port: 40625 } health_report { overall_health: HEALTHY } } }
I20260630 12:25:42.659093  8101 tablet_bootstrap.cc:654] T 8aaf7bb2116046fd9f8989619719efcf P f568e4e8eac24c2594a4675802e77351: Neither blocks nor log segments found. Creating new log.
W20260630 12:25:42.697086  7798 auto_rebalancer.cc:298] Could not retrieve cluster info: Service unavailable: Tablet not running
I20260630 12:25:42.728986  7676 catalog_manager.cc:5697] T c3a22baacf4947019cc5eacfedc5b575 P 3c81c78bfba748e78bc450ba0059963a reported cstate change: term changed from 0 to 1, leader changed from <none> to 3c81c78bfba748e78bc450ba0059963a (127.7.103.3). New cstate: current_term: 1 leader_uuid: "3c81c78bfba748e78bc450ba0059963a" committed_config { opid_index: -1 OBSOLETE_local: true peers { permanent_uuid: "3c81c78bfba748e78bc450ba0059963a" member_type: VOTER last_known_addr { host: "127.7.103.3" port: 44719 } health_report { overall_health: HEALTHY } } }
I20260630 12:25:42.725059  7675 catalog_manager.cc:5697] T 27ce5d0862c44a9fa8ac39220c194a03 P f568e4e8eac24c2594a4675802e77351 reported cstate change: term changed from 0 to 1, leader changed from <none> to f568e4e8eac24c2594a4675802e77351 (127.7.103.1). New cstate: current_term: 1 leader_uuid: "f568e4e8eac24c2594a4675802e77351" committed_config { opid_index: -1 OBSOLETE_local: true peers { permanent_uuid: "f568e4e8eac24c2594a4675802e77351" member_type: VOTER last_known_addr { host: "127.7.103.1" port: 37973 } health_report { overall_health: HEALTHY } } }
I20260630 12:25:42.759356  8101 tablet_bootstrap.cc:492] T 8aaf7bb2116046fd9f8989619719efcf P f568e4e8eac24c2594a4675802e77351: No bootstrap required, opened a new log
I20260630 12:25:42.759990  8101 ts_tablet_manager.cc:1403] T 8aaf7bb2116046fd9f8989619719efcf P f568e4e8eac24c2594a4675802e77351: Time spent bootstrapping tablet: real 0.129s	user 0.006s	sys 0.025s
I20260630 12:25:42.763450  8101 raft_consensus.cc:359] T 8aaf7bb2116046fd9f8989619719efcf P f568e4e8eac24c2594a4675802e77351 [term 0 FOLLOWER]: Replica starting. Triggering 0 pending ops. Active config: opid_index: -1 OBSOLETE_local: true peers { permanent_uuid: "f568e4e8eac24c2594a4675802e77351" member_type: VOTER last_known_addr { host: "127.7.103.1" port: 37973 } }
I20260630 12:25:42.764117  8101 raft_consensus.cc:385] T 8aaf7bb2116046fd9f8989619719efcf P f568e4e8eac24c2594a4675802e77351 [term 0 FOLLOWER]: Consensus starting up: Expiring failure detector timer to make a prompt election more likely
I20260630 12:25:42.764441  8101 raft_consensus.cc:740] T 8aaf7bb2116046fd9f8989619719efcf P f568e4e8eac24c2594a4675802e77351 [term 0 FOLLOWER]: Becoming Follower/Learner. State: Replica: f568e4e8eac24c2594a4675802e77351, State: Initialized, Role: FOLLOWER
I20260630 12:25:42.765350  8101 consensus_queue.cc:260] T 8aaf7bb2116046fd9f8989619719efcf P f568e4e8eac24c2594a4675802e77351 [NON_LEADER]: Queue going to NON_LEADER mode. State: All replicated index: 0, Majority replicated index: 0, Committed index: 0, Last appended: 0.0, Last appended by leader: 0, Current term: 0, Majority size: -1, State: 0, Mode: NON_LEADER, active raft config: opid_index: -1 OBSOLETE_local: true peers { permanent_uuid: "f568e4e8eac24c2594a4675802e77351" member_type: VOTER last_known_addr { host: "127.7.103.1" port: 37973 } }
I20260630 12:25:42.766126  8101 raft_consensus.cc:399] T 8aaf7bb2116046fd9f8989619719efcf P f568e4e8eac24c2594a4675802e77351 [term 0 FOLLOWER]: Only one voter in the Raft config. Triggering election immediately
I20260630 12:25:42.766465  8101 raft_consensus.cc:493] T 8aaf7bb2116046fd9f8989619719efcf P f568e4e8eac24c2594a4675802e77351 [term 0 FOLLOWER]: Starting leader election (initial election of a single-replica configuration)
I20260630 12:25:42.766832  8101 raft_consensus.cc:3060] T 8aaf7bb2116046fd9f8989619719efcf P f568e4e8eac24c2594a4675802e77351 [term 0 FOLLOWER]: Advancing to term 1
I20260630 12:25:42.781631  8101 raft_consensus.cc:515] T 8aaf7bb2116046fd9f8989619719efcf P f568e4e8eac24c2594a4675802e77351 [term 1 FOLLOWER]: Starting leader election with config: opid_index: -1 OBSOLETE_local: true peers { permanent_uuid: "f568e4e8eac24c2594a4675802e77351" member_type: VOTER last_known_addr { host: "127.7.103.1" port: 37973 } }
I20260630 12:25:42.783967  8101 leader_election.cc:304] T 8aaf7bb2116046fd9f8989619719efcf P f568e4e8eac24c2594a4675802e77351 [CANDIDATE]: Term 1 election: Election decided. Result: candidate won. Election summary: received 1 responses out of 1 voters: 1 yes votes; 0 no votes. yes voters: f568e4e8eac24c2594a4675802e77351; no voters: 
I20260630 12:25:42.786834  8106 raft_consensus.cc:2804] T 8aaf7bb2116046fd9f8989619719efcf P f568e4e8eac24c2594a4675802e77351 [term 1 FOLLOWER]: Leader election won for term 1
I20260630 12:25:42.787384  8106 raft_consensus.cc:697] T 8aaf7bb2116046fd9f8989619719efcf P f568e4e8eac24c2594a4675802e77351 [term 1 LEADER]: Becoming Leader. State: Replica: f568e4e8eac24c2594a4675802e77351, State: Running, Role: LEADER
I20260630 12:25:42.788147  8106 consensus_queue.cc:237] T 8aaf7bb2116046fd9f8989619719efcf P f568e4e8eac24c2594a4675802e77351 [LEADER]: Queue going to LEADER mode. State: All replicated index: 0, Majority replicated index: 0, Committed index: 0, Last appended: 0.0, Last appended by leader: 0, Current term: 1, Majority size: 1, State: 0, Mode: LEADER, active raft config: opid_index: -1 OBSOLETE_local: true peers { permanent_uuid: "f568e4e8eac24c2594a4675802e77351" member_type: VOTER last_known_addr { host: "127.7.103.1" port: 37973 } }
I20260630 12:25:42.792721  8101 leader_election.cc:290] T 8aaf7bb2116046fd9f8989619719efcf P f568e4e8eac24c2594a4675802e77351 [CANDIDATE]: Term 1 election: Requested vote from peers 
I20260630 12:25:42.796021  8101 ts_tablet_manager.cc:1434] T 8aaf7bb2116046fd9f8989619719efcf P f568e4e8eac24c2594a4675802e77351: Time spent starting tablet: real 0.036s	user 0.018s	sys 0.000s
I20260630 12:25:42.810274  7676 catalog_manager.cc:5697] T 8aaf7bb2116046fd9f8989619719efcf P f568e4e8eac24c2594a4675802e77351 reported cstate change: term changed from 0 to 1, leader changed from <none> to f568e4e8eac24c2594a4675802e77351 (127.7.103.1). New cstate: current_term: 1 leader_uuid: "f568e4e8eac24c2594a4675802e77351" committed_config { opid_index: -1 OBSOLETE_local: true peers { permanent_uuid: "f568e4e8eac24c2594a4675802e77351" member_type: VOTER last_known_addr { host: "127.7.103.1" port: 37973 } health_report { overall_health: HEALTHY } } }
I20260630 12:25:43.840620  7807 auto_leader_rebalancer.cc:141] leader rebalance for table test-workload
I20260630 12:25:43.846691  7807 auto_leader_rebalancer.cc:515] All tables' leader rebalancing finished this round
I20260630 12:25:44.864187  7580 tablet_server.cc:179] TabletServer@127.7.103.1:0 shutting down...
I20260630 12:25:44.901990  7580 ts_tablet_manager.cc:1507] Shutting down tablet manager...
I20260630 12:25:44.902851  7580 tablet_replica.cc:333] T 8aaf7bb2116046fd9f8989619719efcf P f568e4e8eac24c2594a4675802e77351: stopping tablet replica
I20260630 12:25:44.903618  7580 raft_consensus.cc:2243] T 8aaf7bb2116046fd9f8989619719efcf P f568e4e8eac24c2594a4675802e77351 [term 1 LEADER]: Raft consensus shutting down.
I20260630 12:25:44.904253  7580 raft_consensus.cc:2272] T 8aaf7bb2116046fd9f8989619719efcf P f568e4e8eac24c2594a4675802e77351 [term 1 FOLLOWER]: Raft consensus is shut down!
I20260630 12:25:44.906903  7580 tablet_replica.cc:333] T 27ce5d0862c44a9fa8ac39220c194a03 P f568e4e8eac24c2594a4675802e77351: stopping tablet replica
I20260630 12:25:44.907626  7580 raft_consensus.cc:2243] T 27ce5d0862c44a9fa8ac39220c194a03 P f568e4e8eac24c2594a4675802e77351 [term 1 LEADER]: Raft consensus shutting down.
I20260630 12:25:44.908058  7580 raft_consensus.cc:2272] T 27ce5d0862c44a9fa8ac39220c194a03 P f568e4e8eac24c2594a4675802e77351 [term 1 FOLLOWER]: Raft consensus is shut down!
I20260630 12:25:45.045001  7580 tablet_server.cc:196] TabletServer@127.7.103.1:0 shutdown complete.
I20260630 12:25:45.058787  7580 tablet_server.cc:179] TabletServer@127.7.103.2:0 shutting down...
I20260630 12:25:45.094261  7580 ts_tablet_manager.cc:1507] Shutting down tablet manager...
I20260630 12:25:45.095053  7580 tablet_replica.cc:333] T 096be9502e7c41a08682e161d921106d P 9882f87eaaa44ea7bc4c32fd819da85c: stopping tablet replica
I20260630 12:25:45.095672  7580 raft_consensus.cc:2243] T 096be9502e7c41a08682e161d921106d P 9882f87eaaa44ea7bc4c32fd819da85c [term 1 LEADER]: Raft consensus shutting down.
I20260630 12:25:45.096200  7580 raft_consensus.cc:2272] T 096be9502e7c41a08682e161d921106d P 9882f87eaaa44ea7bc4c32fd819da85c [term 1 FOLLOWER]: Raft consensus is shut down!
I20260630 12:25:45.118549  7580 tablet_server.cc:196] TabletServer@127.7.103.2:0 shutdown complete.
I20260630 12:25:45.129314  7580 tablet_server.cc:179] TabletServer@127.7.103.3:0 shutting down...
I20260630 12:25:45.160043  7580 ts_tablet_manager.cc:1507] Shutting down tablet manager...
I20260630 12:25:45.161109  7580 tablet_replica.cc:333] T c3a22baacf4947019cc5eacfedc5b575 P 3c81c78bfba748e78bc450ba0059963a: stopping tablet replica
I20260630 12:25:45.161720  7580 raft_consensus.cc:2243] T c3a22baacf4947019cc5eacfedc5b575 P 3c81c78bfba748e78bc450ba0059963a [term 1 LEADER]: Raft consensus shutting down.
I20260630 12:25:45.162292  7580 raft_consensus.cc:2272] T c3a22baacf4947019cc5eacfedc5b575 P 3c81c78bfba748e78bc450ba0059963a [term 1 FOLLOWER]: Raft consensus is shut down!
I20260630 12:25:45.183488  7580 tablet_server.cc:196] TabletServer@127.7.103.3:0 shutdown complete.
I20260630 12:25:45.195736  7580 master.cc:562] Master@127.7.103.62:36705 shutting down...
I20260630 12:25:45.296136  7580 raft_consensus.cc:2243] T 00000000000000000000000000000000 P 93b11b71b27e46c3952677aff8814fb0 [term 1 FOLLOWER]: Raft consensus shutting down.
I20260630 12:25:45.296911  7580 raft_consensus.cc:2272] T 00000000000000000000000000000000 P 93b11b71b27e46c3952677aff8814fb0 [term 1 FOLLOWER]: Raft consensus is shut down!
I20260630 12:25:45.297428  7580 tablet_replica.cc:333] T 00000000000000000000000000000000 P 93b11b71b27e46c3952677aff8814fb0: stopping tablet replica
I20260630 12:25:45.321080  7580 master.cc:584] Master@127.7.103.62:36705 shutdown complete.
I20260630 12:25:45.340581  7580 master.cc:562] Master@127.7.103.61:42717 shutting down...
I20260630 12:25:45.368709  7580 raft_consensus.cc:2243] T 00000000000000000000000000000000 P bbf9c1ed9085478a844fb2248cbe6857 [term 1 LEADER]: Raft consensus shutting down.
I20260630 12:25:45.370164  7580 raft_consensus.cc:2272] T 00000000000000000000000000000000 P bbf9c1ed9085478a844fb2248cbe6857 [term 1 FOLLOWER]: Raft consensus is shut down!
I20260630 12:25:45.370700  7580 tablet_replica.cc:333] T 00000000000000000000000000000000 P bbf9c1ed9085478a844fb2248cbe6857: stopping tablet replica
I20260630 12:25:45.478586  7580 master.cc:584] Master@127.7.103.61:42717 shutdown complete.
I20260630 12:25:45.493261  7580 master.cc:562] Master@127.7.103.60:45855 shutting down...
I20260630 12:25:45.519012  7580 raft_consensus.cc:2243] T 00000000000000000000000000000000 P ebc7dd9254394a80a1e651098f6d8e1a [term 1 FOLLOWER]: Raft consensus shutting down.
I20260630 12:25:45.519604  7580 raft_consensus.cc:2272] T 00000000000000000000000000000000 P ebc7dd9254394a80a1e651098f6d8e1a [term 1 FOLLOWER]: Raft consensus is shut down!
I20260630 12:25:45.519935  7580 tablet_replica.cc:333] T 00000000000000000000000000000000 P ebc7dd9254394a80a1e651098f6d8e1a: stopping tablet replica
