I20260630 12:26:59.347244 14146 raft_consensus.cc:385] T e799ec6ea1e44f75abd5edcdfaf4fbff P b741ff194cf143f8b03b114fd9789625 [term 0 FOLLOWER]: Consensus starting up: Expiring failure detector timer to make a prompt election more likely
W20260630 12:26:59.347285 13901 auto_leader_rebalancer.cc:524] the master instance isn't leader: Service unavailable: Tablet not running
I20260630 12:26:59.347780 14146 raft_consensus.cc:740] T e799ec6ea1e44f75abd5edcdfaf4fbff P b741ff194cf143f8b03b114fd9789625 [term 0 FOLLOWER]: Becoming Follower/Learner. State: Replica: b741ff194cf143f8b03b114fd9789625, State: Initialized, Role: FOLLOWER
I20260630 12:26:59.348763 14146 consensus_queue.cc:260] T e799ec6ea1e44f75abd5edcdfaf4fbff P b741ff194cf143f8b03b114fd9789625 [NON_LEADER]: Queue going to NON_LEADER mode. State: All replicated index: 0, Majority replicated index: 0, Committed index: 0, Last appended: 0.0, Last appended by leader: 0, Current term: 0, Majority size: -1, State: 0, Mode: NON_LEADER, active raft config: opid_index: -1 OBSOLETE_local: false peers { permanent_uuid: "7bf0bef4dcbe4ec5a09cc075656f0ea2" member_type: VOTER last_known_addr { host: "127.10.179.65" port: 36971 } } peers { permanent_uuid: "7e6e87402f4048398ad696fc322132d4" member_type: VOTER last_known_addr { host: "127.10.179.66" port: 35427 } } peers { permanent_uuid: "b741ff194cf143f8b03b114fd9789625" member_type: VOTER last_known_addr { host: "127.10.179.67" port: 35287 } }
I20260630 12:26:59.350272 13950 tablet_service.cc:1917] Received RequestConsensusVote() RPC: tablet_id: "49fa857d34254322bfd64db6046becf2" candidate_uuid: "b741ff194cf143f8b03b114fd9789625" candidate_term: 1 candidate_status { last_received { term: 0 index: 0 } } ignore_live_leader: false dest_uuid: "7bf0bef4dcbe4ec5a09cc075656f0ea2"
I20260630 12:26:59.351101 13950 raft_consensus.cc:3060] T 49fa857d34254322bfd64db6046becf2 P 7bf0bef4dcbe4ec5a09cc075656f0ea2 [term 0 FOLLOWER]: Advancing to term 1
I20260630 12:26:59.345345 13988 leader_election.cc:304] T 00c2d878838d4599a789ec968665e857 P 7e6e87402f4048398ad696fc322132d4 [CANDIDATE]: Term 1 pre-election: Election decided. Result: candidate won. Election summary: received 3 responses out of 3 voters: 2 yes votes; 1 no votes. yes voters: 7bf0bef4dcbe4ec5a09cc075656f0ea2, 7e6e87402f4048398ad696fc322132d4; no voters: b741ff194cf143f8b03b114fd9789625
I20260630 12:26:59.352876 14149 raft_consensus.cc:2804] T 00c2d878838d4599a789ec968665e857 P 7e6e87402f4048398ad696fc322132d4 [term 0 FOLLOWER]: Leader pre-election won for term 1
I20260630 12:26:59.353255 14149 raft_consensus.cc:493] T 00c2d878838d4599a789ec968665e857 P 7e6e87402f4048398ad696fc322132d4 [term 0 FOLLOWER]: Starting leader election (no leader contacted us within the election timeout)
I20260630 12:26:59.353619 14149 raft_consensus.cc:3060] T 00c2d878838d4599a789ec968665e857 P 7e6e87402f4048398ad696fc322132d4 [term 0 FOLLOWER]: Advancing to term 1
I20260630 12:26:59.356350 14025 tablet_service.cc:1917] Received RequestConsensusVote() RPC: tablet_id: "70dd168b767441d09685f6412c896152" candidate_uuid: "b741ff194cf143f8b03b114fd9789625" candidate_term: 1 candidate_status { last_received { term: 0 index: 0 } } ignore_live_leader: false dest_uuid: "7e6e87402f4048398ad696fc322132d4" is_pre_election: true
I20260630 12:26:59.357048 14025 raft_consensus.cc:2468] T 70dd168b767441d09685f6412c896152 P 7e6e87402f4048398ad696fc322132d4 [term 0 FOLLOWER]: Leader pre-election vote request: Granting yes vote for candidate b741ff194cf143f8b03b114fd9789625 in term 0.
I20260630 12:26:59.358497 14024 tablet_service.cc:1917] Received RequestConsensusVote() RPC: tablet_id: "49fa857d34254322bfd64db6046becf2" candidate_uuid: "b741ff194cf143f8b03b114fd9789625" candidate_term: 1 candidate_status { last_received { term: 0 index: 0 } } ignore_live_leader: false dest_uuid: "7e6e87402f4048398ad696fc322132d4" is_pre_election: true
I20260630 12:26:59.359241 14024 raft_consensus.cc:2468] T 49fa857d34254322bfd64db6046becf2 P 7e6e87402f4048398ad696fc322132d4 [term 0 FOLLOWER]: Leader pre-election vote request: Granting yes vote for candidate b741ff194cf143f8b03b114fd9789625 in term 0.
I20260630 12:26:59.361877 14063 leader_election.cc:304] T 70dd168b767441d09685f6412c896152 P b741ff194cf143f8b03b114fd9789625 [CANDIDATE]: Term 1 pre-election: Election decided. Result: candidate won. Election summary: received 3 responses out of 3 voters: 2 yes votes; 1 no votes. yes voters: 7e6e87402f4048398ad696fc322132d4, b741ff194cf143f8b03b114fd9789625; no voters: 7bf0bef4dcbe4ec5a09cc075656f0ea2
I20260630 12:26:59.363071 14152 raft_consensus.cc:2804] T 70dd168b767441d09685f6412c896152 P b741ff194cf143f8b03b114fd9789625 [term 0 FOLLOWER]: Leader pre-election won for term 1
I20260630 12:26:59.363236 14143 tablet_bootstrap.cc:492] T e799ec6ea1e44f75abd5edcdfaf4fbff P 7e6e87402f4048398ad696fc322132d4: Bootstrap starting.
I20260630 12:26:59.363487 14152 raft_consensus.cc:493] T 70dd168b767441d09685f6412c896152 P b741ff194cf143f8b03b114fd9789625 [term 0 FOLLOWER]: Starting leader election (no leader contacted us within the election timeout)
I20260630 12:26:59.363866 14152 raft_consensus.cc:3060] T 70dd168b767441d09685f6412c896152 P b741ff194cf143f8b03b114fd9789625 [term 0 FOLLOWER]: Advancing to term 1
I20260630 12:26:59.371026 14143 tablet_bootstrap.cc:654] T e799ec6ea1e44f75abd5edcdfaf4fbff P 7e6e87402f4048398ad696fc322132d4: Neither blocks nor log segments found. Creating new log.
I20260630 12:26:59.362015 14149 raft_consensus.cc:515] T 00c2d878838d4599a789ec968665e857 P 7e6e87402f4048398ad696fc322132d4 [term 1 FOLLOWER]: Starting leader election with config: opid_index: -1 OBSOLETE_local: false peers { permanent_uuid: "7e6e87402f4048398ad696fc322132d4" member_type: VOTER last_known_addr { host: "127.10.179.66" port: 35427 } } peers { permanent_uuid: "b741ff194cf143f8b03b114fd9789625" member_type: VOTER last_known_addr { host: "127.10.179.67" port: 35287 } } peers { permanent_uuid: "7bf0bef4dcbe4ec5a09cc075656f0ea2" member_type: VOTER last_known_addr { host: "127.10.179.65" port: 36971 } }
I20260630 12:26:59.374408 14144 tablet_bootstrap.cc:492] T c9278450b5304286bb02691dded7d28f P 7bf0bef4dcbe4ec5a09cc075656f0ea2: No bootstrap required, opened a new log
I20260630 12:26:59.374979 14144 ts_tablet_manager.cc:1403] T c9278450b5304286bb02691dded7d28f P 7bf0bef4dcbe4ec5a09cc075656f0ea2: Time spent bootstrapping tablet: real 0.092s	user 0.014s	sys 0.060s
I20260630 12:26:59.374302 14164 leader_election.cc:290] T 49fa857d34254322bfd64db6046becf2 P b741ff194cf143f8b03b114fd9789625 [CANDIDATE]: Term 1 election: Requested vote from peers 7bf0bef4dcbe4ec5a09cc075656f0ea2 (127.10.179.65:36971), 7e6e87402f4048398ad696fc322132d4 (127.10.179.66:35427)
I20260630 12:26:59.375109 13950 raft_consensus.cc:2468] T 49fa857d34254322bfd64db6046becf2 P 7bf0bef4dcbe4ec5a09cc075656f0ea2 [term 1 FOLLOWER]: Leader election vote request: Granting yes vote for candidate b741ff194cf143f8b03b114fd9789625 in term 1.
I20260630 12:26:59.375695 14025 tablet_service.cc:1917] Received RequestConsensusVote() RPC: tablet_id: "49fa857d34254322bfd64db6046becf2" candidate_uuid: "b741ff194cf143f8b03b114fd9789625" candidate_term: 1 candidate_status { last_received { term: 0 index: 0 } } ignore_live_leader: false dest_uuid: "7e6e87402f4048398ad696fc322132d4"
I20260630 12:26:59.376354 14025 raft_consensus.cc:3060] T 49fa857d34254322bfd64db6046becf2 P 7e6e87402f4048398ad696fc322132d4 [term 0 FOLLOWER]: Advancing to term 1
I20260630 12:26:59.376720 14062 leader_election.cc:304] T 49fa857d34254322bfd64db6046becf2 P b741ff194cf143f8b03b114fd9789625 [CANDIDATE]: Term 1 election: Election decided. Result: candidate won. Election summary: received 2 responses out of 3 voters: 2 yes votes; 0 no votes. yes voters: 7bf0bef4dcbe4ec5a09cc075656f0ea2, b741ff194cf143f8b03b114fd9789625; no voters: 
I20260630 12:26:59.378557 14099 tablet_service.cc:1917] Received RequestConsensusVote() RPC: tablet_id: "00c2d878838d4599a789ec968665e857" candidate_uuid: "7e6e87402f4048398ad696fc322132d4" candidate_term: 1 candidate_status { last_received { term: 0 index: 0 } } ignore_live_leader: false dest_uuid: "b741ff194cf143f8b03b114fd9789625"
I20260630 12:26:59.378330 14144 raft_consensus.cc:359] T c9278450b5304286bb02691dded7d28f P 7bf0bef4dcbe4ec5a09cc075656f0ea2 [term 0 FOLLOWER]: Replica starting. Triggering 0 pending ops. Active config: opid_index: -1 OBSOLETE_local: false peers { permanent_uuid: "7bf0bef4dcbe4ec5a09cc075656f0ea2" member_type: VOTER last_known_addr { host: "127.10.179.65" port: 36971 } } peers { permanent_uuid: "7e6e87402f4048398ad696fc322132d4" member_type: VOTER last_known_addr { host: "127.10.179.66" port: 35427 } } peers { permanent_uuid: "b741ff194cf143f8b03b114fd9789625" member_type: VOTER last_known_addr { host: "127.10.179.67" port: 35287 } }
I20260630 12:26:59.379107 14144 raft_consensus.cc:385] T c9278450b5304286bb02691dded7d28f P 7bf0bef4dcbe4ec5a09cc075656f0ea2 [term 0 FOLLOWER]: Consensus starting up: Expiring failure detector timer to make a prompt election more likely
I20260630 12:26:59.378950 13949 tablet_service.cc:1917] Received RequestConsensusVote() RPC: tablet_id: "00c2d878838d4599a789ec968665e857" candidate_uuid: "7e6e87402f4048398ad696fc322132d4" candidate_term: 1 candidate_status { last_received { term: 0 index: 0 } } ignore_live_leader: false dest_uuid: "7bf0bef4dcbe4ec5a09cc075656f0ea2"
I20260630 12:26:59.379431 14144 raft_consensus.cc:740] T c9278450b5304286bb02691dded7d28f P 7bf0bef4dcbe4ec5a09cc075656f0ea2 [term 0 FOLLOWER]: Becoming Follower/Learner. State: Replica: 7bf0bef4dcbe4ec5a09cc075656f0ea2, State: Initialized, Role: FOLLOWER
I20260630 12:26:59.379665 13949 raft_consensus.cc:3060] T 00c2d878838d4599a789ec968665e857 P 7bf0bef4dcbe4ec5a09cc075656f0ea2 [term 0 FOLLOWER]: Advancing to term 1
W20260630 12:26:59.380020 13988 leader_election.cc:343] T 00c2d878838d4599a789ec968665e857 P 7e6e87402f4048398ad696fc322132d4 [CANDIDATE]: Term 1 election: Tablet error from VoteRequest() call to peer b741ff194cf143f8b03b114fd9789625 (127.10.179.67:35287): Illegal state: must be running to vote when last-logged opid is not known
I20260630 12:26:59.380718 14164 raft_consensus.cc:2804] T 49fa857d34254322bfd64db6046becf2 P b741ff194cf143f8b03b114fd9789625 [term 1 FOLLOWER]: Leader election won for term 1
I20260630 12:26:59.380388 14144 consensus_queue.cc:260] T c9278450b5304286bb02691dded7d28f P 7bf0bef4dcbe4ec5a09cc075656f0ea2 [NON_LEADER]: Queue going to NON_LEADER mode. State: All replicated index: 0, Majority replicated index: 0, Committed index: 0, Last appended: 0.0, Last appended by leader: 0, Current term: 0, Majority size: -1, State: 0, Mode: NON_LEADER, active raft config: opid_index: -1 OBSOLETE_local: false peers { permanent_uuid: "7bf0bef4dcbe4ec5a09cc075656f0ea2" member_type: VOTER last_known_addr { host: "127.10.179.65" port: 36971 } } peers { permanent_uuid: "7e6e87402f4048398ad696fc322132d4" member_type: VOTER last_known_addr { host: "127.10.179.66" port: 35427 } } peers { permanent_uuid: "b741ff194cf143f8b03b114fd9789625" member_type: VOTER last_known_addr { host: "127.10.179.67" port: 35287 } }
I20260630 12:26:59.385779 14149 leader_election.cc:290] T 00c2d878838d4599a789ec968665e857 P 7e6e87402f4048398ad696fc322132d4 [CANDIDATE]: Term 1 election: Requested vote from peers b741ff194cf143f8b03b114fd9789625 (127.10.179.67:35287), 7bf0bef4dcbe4ec5a09cc075656f0ea2 (127.10.179.65:36971)
I20260630 12:26:59.386668 14144 ts_tablet_manager.cc:1434] T c9278450b5304286bb02691dded7d28f P 7bf0bef4dcbe4ec5a09cc075656f0ea2: Time spent starting tablet: real 0.011s	user 0.008s	sys 0.000s
I20260630 12:26:59.388195 14144 tablet_bootstrap.cc:492] T d0eab49e2a1f475f9ba78fc4ca99e6f4 P 7bf0bef4dcbe4ec5a09cc075656f0ea2: Bootstrap starting.
I20260630 12:26:59.391534 13949 raft_consensus.cc:2468] T 00c2d878838d4599a789ec968665e857 P 7bf0bef4dcbe4ec5a09cc075656f0ea2 [term 1 FOLLOWER]: Leader election vote request: Granting yes vote for candidate 7e6e87402f4048398ad696fc322132d4 in term 1.
I20260630 12:26:59.392748 13988 leader_election.cc:304] T 00c2d878838d4599a789ec968665e857 P 7e6e87402f4048398ad696fc322132d4 [CANDIDATE]: Term 1 election: Election decided. Result: candidate won. Election summary: received 3 responses out of 3 voters: 2 yes votes; 1 no votes. yes voters: 7bf0bef4dcbe4ec5a09cc075656f0ea2, 7e6e87402f4048398ad696fc322132d4; no voters: b741ff194cf143f8b03b114fd9789625
I20260630 12:26:59.394098 14149 raft_consensus.cc:2804] T 00c2d878838d4599a789ec968665e857 P 7e6e87402f4048398ad696fc322132d4 [term 1 FOLLOWER]: Leader election won for term 1
I20260630 12:26:59.371788 14152 raft_consensus.cc:515] T 70dd168b767441d09685f6412c896152 P b741ff194cf143f8b03b114fd9789625 [term 1 FOLLOWER]: Starting leader election with config: opid_index: -1 OBSOLETE_local: false peers { permanent_uuid: "7bf0bef4dcbe4ec5a09cc075656f0ea2" member_type: VOTER last_known_addr { host: "127.10.179.65" port: 36971 } } peers { permanent_uuid: "7e6e87402f4048398ad696fc322132d4" member_type: VOTER last_known_addr { host: "127.10.179.66" port: 35427 } } peers { permanent_uuid: "b741ff194cf143f8b03b114fd9789625" member_type: VOTER last_known_addr { host: "127.10.179.67" port: 35287 } }
I20260630 12:26:59.396210 14143 tablet_bootstrap.cc:492] T e799ec6ea1e44f75abd5edcdfaf4fbff P 7e6e87402f4048398ad696fc322132d4: No bootstrap required, opened a new log
I20260630 12:26:59.397034 14143 ts_tablet_manager.cc:1403] T e799ec6ea1e44f75abd5edcdfaf4fbff P 7e6e87402f4048398ad696fc322132d4: Time spent bootstrapping tablet: real 0.034s	user 0.003s	sys 0.010s
I20260630 12:26:59.398581 14144 tablet_bootstrap.cc:654] T d0eab49e2a1f475f9ba78fc4ca99e6f4 P 7bf0bef4dcbe4ec5a09cc075656f0ea2: Neither blocks nor log segments found. Creating new log.
I20260630 12:26:59.397578 14164 raft_consensus.cc:697] T 49fa857d34254322bfd64db6046becf2 P b741ff194cf143f8b03b114fd9789625 [term 1 LEADER]: Becoming Leader. State: Replica: b741ff194cf143f8b03b114fd9789625, State: Running, Role: LEADER
I20260630 12:26:59.399070 13949 tablet_service.cc:1917] Received RequestConsensusVote() RPC: tablet_id: "70dd168b767441d09685f6412c896152" candidate_uuid: "b741ff194cf143f8b03b114fd9789625" candidate_term: 1 candidate_status { last_received { term: 0 index: 0 } } ignore_live_leader: false dest_uuid: "7bf0bef4dcbe4ec5a09cc075656f0ea2"
I20260630 12:26:59.399456 14025 raft_consensus.cc:2468] T 49fa857d34254322bfd64db6046becf2 P 7e6e87402f4048398ad696fc322132d4 [term 1 FOLLOWER]: Leader election vote request: Granting yes vote for candidate b741ff194cf143f8b03b114fd9789625 in term 1.
W20260630 12:26:59.400656 14062 leader_election.cc:343] T 70dd168b767441d09685f6412c896152 P b741ff194cf143f8b03b114fd9789625 [CANDIDATE]: Term 1 election: Tablet error from VoteRequest() call to peer 7bf0bef4dcbe4ec5a09cc075656f0ea2 (127.10.179.65:36971): Illegal state: must be running to vote when last-logged opid is not known
I20260630 12:26:59.402364 14024 tablet_service.cc:1917] Received RequestConsensusVote() RPC: tablet_id: "70dd168b767441d09685f6412c896152" candidate_uuid: "b741ff194cf143f8b03b114fd9789625" candidate_term: 1 candidate_status { last_received { term: 0 index: 0 } } ignore_live_leader: false dest_uuid: "7e6e87402f4048398ad696fc322132d4"
I20260630 12:26:59.402585 14149 raft_consensus.cc:697] T 00c2d878838d4599a789ec968665e857 P 7e6e87402f4048398ad696fc322132d4 [term 1 LEADER]: Becoming Leader. State: Replica: 7e6e87402f4048398ad696fc322132d4, State: Running, Role: LEADER
I20260630 12:26:59.403036 14024 raft_consensus.cc:3060] T 70dd168b767441d09685f6412c896152 P 7e6e87402f4048398ad696fc322132d4 [term 0 FOLLOWER]: Advancing to term 1
I20260630 12:26:59.403462 14143 raft_consensus.cc:359] T e799ec6ea1e44f75abd5edcdfaf4fbff P 7e6e87402f4048398ad696fc322132d4 [term 0 FOLLOWER]: Replica starting. Triggering 0 pending ops. Active config: opid_index: -1 OBSOLETE_local: false peers { permanent_uuid: "7bf0bef4dcbe4ec5a09cc075656f0ea2" member_type: VOTER last_known_addr { host: "127.10.179.65" port: 36971 } } peers { permanent_uuid: "7e6e87402f4048398ad696fc322132d4" member_type: VOTER last_known_addr { host: "127.10.179.66" port: 35427 } } peers { permanent_uuid: "b741ff194cf143f8b03b114fd9789625" member_type: VOTER last_known_addr { host: "127.10.179.67" port: 35287 } }
I20260630 12:26:59.404387 14143 raft_consensus.cc:385] T e799ec6ea1e44f75abd5edcdfaf4fbff P 7e6e87402f4048398ad696fc322132d4 [term 0 FOLLOWER]: Consensus starting up: Expiring failure detector timer to make a prompt election more likely
I20260630 12:26:59.399879 14164 consensus_queue.cc:237] T 49fa857d34254322bfd64db6046becf2 P b741ff194cf143f8b03b114fd9789625 [LEADER]: Queue going to LEADER mode. State: All replicated index: 0, Majority replicated index: 0, Committed index: 0, Last appended: 0.0, Last appended by leader: 0, Current term: 1, Majority size: 2, State: 0, Mode: LEADER, active raft config: opid_index: -1 OBSOLETE_local: false peers { permanent_uuid: "7bf0bef4dcbe4ec5a09cc075656f0ea2" member_type: VOTER last_known_addr { host: "127.10.179.65" port: 36971 } } peers { permanent_uuid: "7e6e87402f4048398ad696fc322132d4" member_type: VOTER last_known_addr { host: "127.10.179.66" port: 35427 } } peers { permanent_uuid: "b741ff194cf143f8b03b114fd9789625" member_type: VOTER last_known_addr { host: "127.10.179.67" port: 35287 } }
I20260630 12:26:59.404758 14143 raft_consensus.cc:740] T e799ec6ea1e44f75abd5edcdfaf4fbff P 7e6e87402f4048398ad696fc322132d4 [term 0 FOLLOWER]: Becoming Follower/Learner. State: Replica: 7e6e87402f4048398ad696fc322132d4, State: Initialized, Role: FOLLOWER
I20260630 12:26:59.405819 14143 consensus_queue.cc:260] T e799ec6ea1e44f75abd5edcdfaf4fbff P 7e6e87402f4048398ad696fc322132d4 [NON_LEADER]: Queue going to NON_LEADER mode. State: All replicated index: 0, Majority replicated index: 0, Committed index: 0, Last appended: 0.0, Last appended by leader: 0, Current term: 0, Majority size: -1, State: 0, Mode: NON_LEADER, active raft config: opid_index: -1 OBSOLETE_local: false peers { permanent_uuid: "7bf0bef4dcbe4ec5a09cc075656f0ea2" member_type: VOTER last_known_addr { host: "127.10.179.65" port: 36971 } } peers { permanent_uuid: "7e6e87402f4048398ad696fc322132d4" member_type: VOTER last_known_addr { host: "127.10.179.66" port: 35427 } } peers { permanent_uuid: "b741ff194cf143f8b03b114fd9789625" member_type: VOTER last_known_addr { host: "127.10.179.67" port: 35287 } }
I20260630 12:26:59.403542 14149 consensus_queue.cc:237] T 00c2d878838d4599a789ec968665e857 P 7e6e87402f4048398ad696fc322132d4 [LEADER]: Queue going to LEADER mode. State: All replicated index: 0, Majority replicated index: 0, Committed index: 0, Last appended: 0.0, Last appended by leader: 0, Current term: 1, Majority size: 2, State: 0, Mode: LEADER, active raft config: opid_index: -1 OBSOLETE_local: false peers { permanent_uuid: "7e6e87402f4048398ad696fc322132d4" member_type: VOTER last_known_addr { host: "127.10.179.66" port: 35427 } } peers { permanent_uuid: "b741ff194cf143f8b03b114fd9789625" member_type: VOTER last_known_addr { host: "127.10.179.67" port: 35287 } } peers { permanent_uuid: "7bf0bef4dcbe4ec5a09cc075656f0ea2" member_type: VOTER last_known_addr { host: "127.10.179.65" port: 36971 } }
I20260630 12:26:59.408475 14143 ts_tablet_manager.cc:1434] T e799ec6ea1e44f75abd5edcdfaf4fbff P 7e6e87402f4048398ad696fc322132d4: Time spent starting tablet: real 0.011s	user 0.000s	sys 0.006s
I20260630 12:26:59.409639 14143 tablet_bootstrap.cc:492] T d0eab49e2a1f475f9ba78fc4ca99e6f4 P 7e6e87402f4048398ad696fc322132d4: Bootstrap starting.
I20260630 12:26:59.411109 14024 raft_consensus.cc:2468] T 70dd168b767441d09685f6412c896152 P 7e6e87402f4048398ad696fc322132d4 [term 1 FOLLOWER]: Leader election vote request: Granting yes vote for candidate b741ff194cf143f8b03b114fd9789625 in term 1.
I20260630 12:26:59.411964 14152 leader_election.cc:290] T 70dd168b767441d09685f6412c896152 P b741ff194cf143f8b03b114fd9789625 [CANDIDATE]: Term 1 election: Requested vote from peers 7bf0bef4dcbe4ec5a09cc075656f0ea2 (127.10.179.65:36971), 7e6e87402f4048398ad696fc322132d4 (127.10.179.66:35427)
I20260630 12:26:59.398684 14146 ts_tablet_manager.cc:1434] T e799ec6ea1e44f75abd5edcdfaf4fbff P b741ff194cf143f8b03b114fd9789625: Time spent starting tablet: real 0.061s	user 0.005s	sys 0.003s
I20260630 12:26:59.412475 14063 leader_election.cc:304] T 70dd168b767441d09685f6412c896152 P b741ff194cf143f8b03b114fd9789625 [CANDIDATE]: Term 1 election: Election decided. Result: candidate won. Election summary: received 3 responses out of 3 voters: 2 yes votes; 1 no votes. yes voters: 7e6e87402f4048398ad696fc322132d4, b741ff194cf143f8b03b114fd9789625; no voters: 7bf0bef4dcbe4ec5a09cc075656f0ea2
I20260630 12:26:59.413697 14146 tablet_bootstrap.cc:492] T 00c2d878838d4599a789ec968665e857 P b741ff194cf143f8b03b114fd9789625: Bootstrap starting.
I20260630 12:26:59.415592 14173 raft_consensus.cc:493] T e799ec6ea1e44f75abd5edcdfaf4fbff P 7e6e87402f4048398ad696fc322132d4 [term 0 FOLLOWER]: Starting pre-election (no leader contacted us within the election timeout)
I20260630 12:26:59.416138 14173 raft_consensus.cc:515] T e799ec6ea1e44f75abd5edcdfaf4fbff P 7e6e87402f4048398ad696fc322132d4 [term 0 FOLLOWER]: Starting pre-election with config: opid_index: -1 OBSOLETE_local: false peers { permanent_uuid: "7bf0bef4dcbe4ec5a09cc075656f0ea2" member_type: VOTER last_known_addr { host: "127.10.179.65" port: 36971 } } peers { permanent_uuid: "7e6e87402f4048398ad696fc322132d4" member_type: VOTER last_known_addr { host: "127.10.179.66" port: 35427 } } peers { permanent_uuid: "b741ff194cf143f8b03b114fd9789625" member_type: VOTER last_known_addr { host: "127.10.179.67" port: 35287 } }
I20260630 12:26:59.417470 14152 raft_consensus.cc:2804] T 70dd168b767441d09685f6412c896152 P b741ff194cf143f8b03b114fd9789625 [term 1 FOLLOWER]: Leader election won for term 1
I20260630 12:26:59.418030 14152 raft_consensus.cc:697] T 70dd168b767441d09685f6412c896152 P b741ff194cf143f8b03b114fd9789625 [term 1 LEADER]: Becoming Leader. State: Replica: b741ff194cf143f8b03b114fd9789625, State: Running, Role: LEADER
I20260630 12:26:59.418286 14173 leader_election.cc:290] T e799ec6ea1e44f75abd5edcdfaf4fbff P 7e6e87402f4048398ad696fc322132d4 [CANDIDATE]: Term 1 pre-election: Requested pre-vote from peers 7bf0bef4dcbe4ec5a09cc075656f0ea2 (127.10.179.65:36971), b741ff194cf143f8b03b114fd9789625 (127.10.179.67:35287)
I20260630 12:26:59.419035 14143 tablet_bootstrap.cc:654] T d0eab49e2a1f475f9ba78fc4ca99e6f4 P 7e6e87402f4048398ad696fc322132d4: Neither blocks nor log segments found. Creating new log.
I20260630 12:26:59.419005 14152 consensus_queue.cc:237] T 70dd168b767441d09685f6412c896152 P b741ff194cf143f8b03b114fd9789625 [LEADER]: Queue going to LEADER mode. State: All replicated index: 0, Majority replicated index: 0, Committed index: 0, Last appended: 0.0, Last appended by leader: 0, Current term: 1, Majority size: 2, State: 0, Mode: LEADER, active raft config: opid_index: -1 OBSOLETE_local: false peers { permanent_uuid: "7bf0bef4dcbe4ec5a09cc075656f0ea2" member_type: VOTER last_known_addr { host: "127.10.179.65" port: 36971 } } peers { permanent_uuid: "7e6e87402f4048398ad696fc322132d4" member_type: VOTER last_known_addr { host: "127.10.179.66" port: 35427 } } peers { permanent_uuid: "b741ff194cf143f8b03b114fd9789625" member_type: VOTER last_known_addr { host: "127.10.179.67" port: 35287 } }
I20260630 12:26:59.420470 13949 tablet_service.cc:1917] Received RequestConsensusVote() RPC: tablet_id: "e799ec6ea1e44f75abd5edcdfaf4fbff" candidate_uuid: "7e6e87402f4048398ad696fc322132d4" candidate_term: 1 candidate_status { last_received { term: 0 index: 0 } } ignore_live_leader: false dest_uuid: "7bf0bef4dcbe4ec5a09cc075656f0ea2" is_pre_election: true
I20260630 12:26:59.421003 14099 tablet_service.cc:1917] Received RequestConsensusVote() RPC: tablet_id: "e799ec6ea1e44f75abd5edcdfaf4fbff" candidate_uuid: "7e6e87402f4048398ad696fc322132d4" candidate_term: 1 candidate_status { last_received { term: 0 index: 0 } } ignore_live_leader: false dest_uuid: "b741ff194cf143f8b03b114fd9789625" is_pre_election: true
I20260630 12:26:59.421175 13949 raft_consensus.cc:2468] T e799ec6ea1e44f75abd5edcdfaf4fbff P 7bf0bef4dcbe4ec5a09cc075656f0ea2 [term 0 FOLLOWER]: Leader pre-election vote request: Granting yes vote for candidate 7e6e87402f4048398ad696fc322132d4 in term 0.
I20260630 12:26:59.421939 14099 raft_consensus.cc:2468] T e799ec6ea1e44f75abd5edcdfaf4fbff P b741ff194cf143f8b03b114fd9789625 [term 0 FOLLOWER]: Leader pre-election vote request: Granting yes vote for candidate 7e6e87402f4048398ad696fc322132d4 in term 0.
I20260630 12:26:59.422837 13988 leader_election.cc:304] T e799ec6ea1e44f75abd5edcdfaf4fbff P 7e6e87402f4048398ad696fc322132d4 [CANDIDATE]: Term 1 pre-election: Election decided. Result: candidate won. Election summary: received 2 responses out of 3 voters: 2 yes votes; 0 no votes. yes voters: 7bf0bef4dcbe4ec5a09cc075656f0ea2, 7e6e87402f4048398ad696fc322132d4; no voters: 
I20260630 12:26:59.423308 13847 catalog_manager.cc:5697] T 00c2d878838d4599a789ec968665e857 P 7e6e87402f4048398ad696fc322132d4 reported cstate change: term changed from 0 to 1, leader changed from <none> to 7e6e87402f4048398ad696fc322132d4 (127.10.179.66). New cstate: current_term: 1 leader_uuid: "7e6e87402f4048398ad696fc322132d4" committed_config { opid_index: -1 OBSOLETE_local: false peers { permanent_uuid: "7e6e87402f4048398ad696fc322132d4" member_type: VOTER last_known_addr { host: "127.10.179.66" port: 35427 } health_report { overall_health: HEALTHY } } peers { permanent_uuid: "b741ff194cf143f8b03b114fd9789625" member_type: VOTER last_known_addr { host: "127.10.179.67" port: 35287 } health_report { overall_health: UNKNOWN } } peers { permanent_uuid: "7bf0bef4dcbe4ec5a09cc075656f0ea2" member_type: VOTER last_known_addr { host: "127.10.179.65" port: 36971 } health_report { overall_health: UNKNOWN } } }
I20260630 12:26:59.424495 14173 raft_consensus.cc:2804] T e799ec6ea1e44f75abd5edcdfaf4fbff P 7e6e87402f4048398ad696fc322132d4 [term 0 FOLLOWER]: Leader pre-election won for term 1
I20260630 12:26:59.424899 14173 raft_consensus.cc:493] T e799ec6ea1e44f75abd5edcdfaf4fbff P 7e6e87402f4048398ad696fc322132d4 [term 0 FOLLOWER]: Starting leader election (no leader contacted us within the election timeout)
I20260630 12:26:59.425266 14173 raft_consensus.cc:3060] T e799ec6ea1e44f75abd5edcdfaf4fbff P 7e6e87402f4048398ad696fc322132d4 [term 0 FOLLOWER]: Advancing to term 1
I20260630 12:26:59.426501 14146 tablet_bootstrap.cc:654] T 00c2d878838d4599a789ec968665e857 P b741ff194cf143f8b03b114fd9789625: Neither blocks nor log segments found. Creating new log.
I20260630 12:26:59.437357 14146 tablet_bootstrap.cc:492] T 00c2d878838d4599a789ec968665e857 P b741ff194cf143f8b03b114fd9789625: No bootstrap required, opened a new log
I20260630 12:26:59.435710 13845 catalog_manager.cc:5697] T 49fa857d34254322bfd64db6046becf2 P b741ff194cf143f8b03b114fd9789625 reported cstate change: term changed from 0 to 1, leader changed from <none> to b741ff194cf143f8b03b114fd9789625 (127.10.179.67). New cstate: current_term: 1 leader_uuid: "b741ff194cf143f8b03b114fd9789625" committed_config { opid_index: -1 OBSOLETE_local: false peers { permanent_uuid: "7bf0bef4dcbe4ec5a09cc075656f0ea2" member_type: VOTER last_known_addr { host: "127.10.179.65" port: 36971 } health_report { overall_health: UNKNOWN } } peers { permanent_uuid: "7e6e87402f4048398ad696fc322132d4" member_type: VOTER last_known_addr { host: "127.10.179.66" port: 35427 } health_report { overall_health: UNKNOWN } } peers { permanent_uuid: "b741ff194cf143f8b03b114fd9789625" member_type: VOTER last_known_addr { host: "127.10.179.67" port: 35287 } health_report { overall_health: HEALTHY } } }
I20260630 12:26:59.438053 14173 raft_consensus.cc:515] T e799ec6ea1e44f75abd5edcdfaf4fbff P 7e6e87402f4048398ad696fc322132d4 [term 1 FOLLOWER]: Starting leader election with config: opid_index: -1 OBSOLETE_local: false peers { permanent_uuid: "7bf0bef4dcbe4ec5a09cc075656f0ea2" member_type: VOTER last_known_addr { host: "127.10.179.65" port: 36971 } } peers { permanent_uuid: "7e6e87402f4048398ad696fc322132d4" member_type: VOTER last_known_addr { host: "127.10.179.66" port: 35427 } } peers { permanent_uuid: "b741ff194cf143f8b03b114fd9789625" member_type: VOTER last_known_addr { host: "127.10.179.67" port: 35287 } }
I20260630 12:26:59.437981 14146 ts_tablet_manager.cc:1403] T 00c2d878838d4599a789ec968665e857 P b741ff194cf143f8b03b114fd9789625: Time spent bootstrapping tablet: real 0.025s	user 0.013s	sys 0.000s
I20260630 12:26:59.442039 14144 tablet_bootstrap.cc:492] T d0eab49e2a1f475f9ba78fc4ca99e6f4 P 7bf0bef4dcbe4ec5a09cc075656f0ea2: No bootstrap required, opened a new log
I20260630 12:26:59.442615 14144 ts_tablet_manager.cc:1403] T d0eab49e2a1f475f9ba78fc4ca99e6f4 P 7bf0bef4dcbe4ec5a09cc075656f0ea2: Time spent bootstrapping tablet: real 0.055s	user 0.017s	sys 0.021s
I20260630 12:26:59.442852 14146 raft_consensus.cc:359] T 00c2d878838d4599a789ec968665e857 P b741ff194cf143f8b03b114fd9789625 [term 0 FOLLOWER]: Replica starting. Triggering 0 pending ops. Active config: opid_index: -1 OBSOLETE_local: false peers { permanent_uuid: "7e6e87402f4048398ad696fc322132d4" member_type: VOTER last_known_addr { host: "127.10.179.66" port: 35427 } } peers { permanent_uuid: "b741ff194cf143f8b03b114fd9789625" member_type: VOTER last_known_addr { host: "127.10.179.67" port: 35287 } } peers { permanent_uuid: "7bf0bef4dcbe4ec5a09cc075656f0ea2" member_type: VOTER last_known_addr { host: "127.10.179.65" port: 36971 } }
I20260630 12:26:59.443640 14146 raft_consensus.cc:385] T 00c2d878838d4599a789ec968665e857 P b741ff194cf143f8b03b114fd9789625 [term 0 FOLLOWER]: Consensus starting up: Expiring failure detector timer to make a prompt election more likely
I20260630 12:26:59.444006 14146 raft_consensus.cc:740] T 00c2d878838d4599a789ec968665e857 P b741ff194cf143f8b03b114fd9789625 [term 0 FOLLOWER]: Becoming Follower/Learner. State: Replica: b741ff194cf143f8b03b114fd9789625, State: Initialized, Role: FOLLOWER
I20260630 12:26:59.450506 14152 raft_consensus.cc:493] T e548dc1b8c714f618bd7c5a380067f4b P b741ff194cf143f8b03b114fd9789625 [term 0 FOLLOWER]: Starting pre-election (no leader contacted us within the election timeout)
I20260630 12:26:59.448163 14144 raft_consensus.cc:359] T d0eab49e2a1f475f9ba78fc4ca99e6f4 P 7bf0bef4dcbe4ec5a09cc075656f0ea2 [term 0 FOLLOWER]: Replica starting. Triggering 0 pending ops. Active config: opid_index: -1 OBSOLETE_local: false peers { permanent_uuid: "7bf0bef4dcbe4ec5a09cc075656f0ea2" member_type: VOTER last_known_addr { host: "127.10.179.65" port: 36971 } } peers { permanent_uuid: "7e6e87402f4048398ad696fc322132d4" member_type: VOTER last_known_addr { host: "127.10.179.66" port: 35427 } } peers { permanent_uuid: "b741ff194cf143f8b03b114fd9789625" member_type: VOTER last_known_addr { host: "127.10.179.67" port: 35287 } }
I20260630 12:26:59.447360 14146 consensus_queue.cc:260] T 00c2d878838d4599a789ec968665e857 P b741ff194cf143f8b03b114fd9789625 [NON_LEADER]: Queue going to NON_LEADER mode. State: All replicated index: 0, Majority replicated index: 0, Committed index: 0, Last appended: 0.0, Last appended by leader: 0, Current term: 0, Majority size: -1, State: 0, Mode: NON_LEADER, active raft config: opid_index: -1 OBSOLETE_local: false peers { permanent_uuid: "7e6e87402f4048398ad696fc322132d4" member_type: VOTER last_known_addr { host: "127.10.179.66" port: 35427 } } peers { permanent_uuid: "b741ff194cf143f8b03b114fd9789625" member_type: VOTER last_known_addr { host: "127.10.179.67" port: 35287 } } peers { permanent_uuid: "7bf0bef4dcbe4ec5a09cc075656f0ea2" member_type: VOTER last_known_addr { host: "127.10.179.65" port: 36971 } }
I20260630 12:26:59.453549 14144 raft_consensus.cc:385] T d0eab49e2a1f475f9ba78fc4ca99e6f4 P 7bf0bef4dcbe4ec5a09cc075656f0ea2 [term 0 FOLLOWER]: Consensus starting up: Expiring failure detector timer to make a prompt election more likely
I20260630 12:26:59.454828 14144 raft_consensus.cc:740] T d0eab49e2a1f475f9ba78fc4ca99e6f4 P 7bf0bef4dcbe4ec5a09cc075656f0ea2 [term 0 FOLLOWER]: Becoming Follower/Learner. State: Replica: 7bf0bef4dcbe4ec5a09cc075656f0ea2, State: Initialized, Role: FOLLOWER
I20260630 12:26:59.452618 14152 raft_consensus.cc:515] T e548dc1b8c714f618bd7c5a380067f4b P b741ff194cf143f8b03b114fd9789625 [term 0 FOLLOWER]: Starting pre-election with config: opid_index: -1 OBSOLETE_local: false peers { permanent_uuid: "7bf0bef4dcbe4ec5a09cc075656f0ea2" member_type: VOTER last_known_addr { host: "127.10.179.65" port: 36971 } } peers { permanent_uuid: "7e6e87402f4048398ad696fc322132d4" member_type: VOTER last_known_addr { host: "127.10.179.66" port: 35427 } } peers { permanent_uuid: "b741ff194cf143f8b03b114fd9789625" member_type: VOTER last_known_addr { host: "127.10.179.67" port: 35287 } }
I20260630 12:26:59.457463 14143 tablet_bootstrap.cc:492] T d0eab49e2a1f475f9ba78fc4ca99e6f4 P 7e6e87402f4048398ad696fc322132d4: No bootstrap required, opened a new log
I20260630 12:26:59.457765 13949 tablet_service.cc:1917] Received RequestConsensusVote() RPC: tablet_id: "e799ec6ea1e44f75abd5edcdfaf4fbff" candidate_uuid: "7e6e87402f4048398ad696fc322132d4" candidate_term: 1 candidate_status { last_received { term: 0 index: 0 } } ignore_live_leader: false dest_uuid: "7bf0bef4dcbe4ec5a09cc075656f0ea2"
I20260630 12:26:59.457453 14144 consensus_queue.cc:260] T d0eab49e2a1f475f9ba78fc4ca99e6f4 P 7bf0bef4dcbe4ec5a09cc075656f0ea2 [NON_LEADER]: Queue going to NON_LEADER mode. State: All replicated index: 0, Majority replicated index: 0, Committed index: 0, Last appended: 0.0, Last appended by leader: 0, Current term: 0, Majority size: -1, State: 0, Mode: NON_LEADER, active raft config: opid_index: -1 OBSOLETE_local: false peers { permanent_uuid: "7bf0bef4dcbe4ec5a09cc075656f0ea2" member_type: VOTER last_known_addr { host: "127.10.179.65" port: 36971 } } peers { permanent_uuid: "7e6e87402f4048398ad696fc322132d4" member_type: VOTER last_known_addr { host: "127.10.179.66" port: 35427 } } peers { permanent_uuid: "b741ff194cf143f8b03b114fd9789625" member_type: VOTER last_known_addr { host: "127.10.179.67" port: 35287 } }
I20260630 12:26:59.458236 14143 ts_tablet_manager.cc:1403] T d0eab49e2a1f475f9ba78fc4ca99e6f4 P 7e6e87402f4048398ad696fc322132d4: Time spent bootstrapping tablet: real 0.049s	user 0.011s	sys 0.005s
I20260630 12:26:59.458389 13949 raft_consensus.cc:3060] T e799ec6ea1e44f75abd5edcdfaf4fbff P 7bf0bef4dcbe4ec5a09cc075656f0ea2 [term 0 FOLLOWER]: Advancing to term 1
I20260630 12:26:59.460029 14144 ts_tablet_manager.cc:1434] T d0eab49e2a1f475f9ba78fc4ca99e6f4 P 7bf0bef4dcbe4ec5a09cc075656f0ea2: Time spent starting tablet: real 0.017s	user 0.008s	sys 0.000s
I20260630 12:26:59.460892 13950 tablet_service.cc:1917] Received RequestConsensusVote() RPC: tablet_id: "e548dc1b8c714f618bd7c5a380067f4b" candidate_uuid: "b741ff194cf143f8b03b114fd9789625" candidate_term: 1 candidate_status { last_received { term: 0 index: 0 } } ignore_live_leader: false dest_uuid: "7bf0bef4dcbe4ec5a09cc075656f0ea2" is_pre_election: true
I20260630 12:26:59.461113 14144 tablet_bootstrap.cc:492] T 70dd168b767441d09685f6412c896152 P 7bf0bef4dcbe4ec5a09cc075656f0ea2: Bootstrap starting.
I20260630 12:26:59.461586 13950 raft_consensus.cc:2468] T e548dc1b8c714f618bd7c5a380067f4b P 7bf0bef4dcbe4ec5a09cc075656f0ea2 [term 0 FOLLOWER]: Leader pre-election vote request: Granting yes vote for candidate b741ff194cf143f8b03b114fd9789625 in term 0.
I20260630 12:26:59.462498 14025 tablet_service.cc:1917] Received RequestConsensusVote() RPC: tablet_id: "e548dc1b8c714f618bd7c5a380067f4b" candidate_uuid: "b741ff194cf143f8b03b114fd9789625" candidate_term: 1 candidate_status { last_received { term: 0 index: 0 } } ignore_live_leader: false dest_uuid: "7e6e87402f4048398ad696fc322132d4" is_pre_election: true
I20260630 12:26:59.464092 14062 leader_election.cc:304] T e548dc1b8c714f618bd7c5a380067f4b P b741ff194cf143f8b03b114fd9789625 [CANDIDATE]: Term 1 pre-election: Election decided. Result: candidate won. Election summary: received 2 responses out of 3 voters: 2 yes votes; 0 no votes. yes voters: 7bf0bef4dcbe4ec5a09cc075656f0ea2, b741ff194cf143f8b03b114fd9789625; no voters: 
I20260630 12:26:59.465075 14025 raft_consensus.cc:2468] T e548dc1b8c714f618bd7c5a380067f4b P 7e6e87402f4048398ad696fc322132d4 [term 0 FOLLOWER]: Leader pre-election vote request: Granting yes vote for candidate b741ff194cf143f8b03b114fd9789625 in term 0.
I20260630 12:26:59.465365 14164 raft_consensus.cc:2804] T e548dc1b8c714f618bd7c5a380067f4b P b741ff194cf143f8b03b114fd9789625 [term 0 FOLLOWER]: Leader pre-election won for term 1
I20260630 12:26:59.465761 14164 raft_consensus.cc:493] T e548dc1b8c714f618bd7c5a380067f4b P b741ff194cf143f8b03b114fd9789625 [term 0 FOLLOWER]: Starting leader election (no leader contacted us within the election timeout)
I20260630 12:26:59.466185 14146 ts_tablet_manager.cc:1434] T 00c2d878838d4599a789ec968665e857 P b741ff194cf143f8b03b114fd9789625: Time spent starting tablet: real 0.027s	user 0.008s	sys 0.000s
I20260630 12:26:59.466145 14164 raft_consensus.cc:3060] T e548dc1b8c714f618bd7c5a380067f4b P b741ff194cf143f8b03b114fd9789625 [term 0 FOLLOWER]: Advancing to term 1
I20260630 12:26:59.462949 14152 leader_election.cc:290] T e548dc1b8c714f618bd7c5a380067f4b P b741ff194cf143f8b03b114fd9789625 [CANDIDATE]: Term 1 pre-election: Requested pre-vote from peers 7bf0bef4dcbe4ec5a09cc075656f0ea2 (127.10.179.65:36971), 7e6e87402f4048398ad696fc322132d4 (127.10.179.66:35427)
I20260630 12:26:59.467494 14146 tablet_bootstrap.cc:492] T d0eab49e2a1f475f9ba78fc4ca99e6f4 P b741ff194cf143f8b03b114fd9789625: Bootstrap starting.
I20260630 12:26:59.469487 14144 tablet_bootstrap.cc:654] T 70dd168b767441d09685f6412c896152 P 7bf0bef4dcbe4ec5a09cc075656f0ea2: Neither blocks nor log segments found. Creating new log.
I20260630 12:26:59.470499 14173 leader_election.cc:290] T e799ec6ea1e44f75abd5edcdfaf4fbff P 7e6e87402f4048398ad696fc322132d4 [CANDIDATE]: Term 1 election: Requested vote from peers 7bf0bef4dcbe4ec5a09cc075656f0ea2 (127.10.179.65:36971), b741ff194cf143f8b03b114fd9789625 (127.10.179.67:35287)
I20260630 12:26:59.470902 14099 tablet_service.cc:1917] Received RequestConsensusVote() RPC: tablet_id: "e799ec6ea1e44f75abd5edcdfaf4fbff" candidate_uuid: "7e6e87402f4048398ad696fc322132d4" candidate_term: 1 candidate_status { last_received { term: 0 index: 0 } } ignore_live_leader: false dest_uuid: "b741ff194cf143f8b03b114fd9789625"
I20260630 12:26:59.471506 14099 raft_consensus.cc:3060] T e799ec6ea1e44f75abd5edcdfaf4fbff P b741ff194cf143f8b03b114fd9789625 [term 0 FOLLOWER]: Advancing to term 1
I20260630 12:26:59.472442 14143 raft_consensus.cc:359] T d0eab49e2a1f475f9ba78fc4ca99e6f4 P 7e6e87402f4048398ad696fc322132d4 [term 0 FOLLOWER]: Replica starting. Triggering 0 pending ops. Active config: opid_index: -1 OBSOLETE_local: false peers { permanent_uuid: "7bf0bef4dcbe4ec5a09cc075656f0ea2" member_type: VOTER last_known_addr { host: "127.10.179.65" port: 36971 } } peers { permanent_uuid: "7e6e87402f4048398ad696fc322132d4" member_type: VOTER last_known_addr { host: "127.10.179.66" port: 35427 } } peers { permanent_uuid: "b741ff194cf143f8b03b114fd9789625" member_type: VOTER last_known_addr { host: "127.10.179.67" port: 35287 } }
I20260630 12:26:59.473217 14143 raft_consensus.cc:385] T d0eab49e2a1f475f9ba78fc4ca99e6f4 P 7e6e87402f4048398ad696fc322132d4 [term 0 FOLLOWER]: Consensus starting up: Expiring failure detector timer to make a prompt election more likely
I20260630 12:26:59.473553 14143 raft_consensus.cc:740] T d0eab49e2a1f475f9ba78fc4ca99e6f4 P 7e6e87402f4048398ad696fc322132d4 [term 0 FOLLOWER]: Becoming Follower/Learner. State: Replica: 7e6e87402f4048398ad696fc322132d4, State: Initialized, Role: FOLLOWER
I20260630 12:26:59.474514 14143 consensus_queue.cc:260] T d0eab49e2a1f475f9ba78fc4ca99e6f4 P 7e6e87402f4048398ad696fc322132d4 [NON_LEADER]: Queue going to NON_LEADER mode. State: All replicated index: 0, Majority replicated index: 0, Committed index: 0, Last appended: 0.0, Last appended by leader: 0, Current term: 0, Majority size: -1, State: 0, Mode: NON_LEADER, active raft config: opid_index: -1 OBSOLETE_local: false peers { permanent_uuid: "7bf0bef4dcbe4ec5a09cc075656f0ea2" member_type: VOTER last_known_addr { host: "127.10.179.65" port: 36971 } } peers { permanent_uuid: "7e6e87402f4048398ad696fc322132d4" member_type: VOTER last_known_addr { host: "127.10.179.66" port: 35427 } } peers { permanent_uuid: "b741ff194cf143f8b03b114fd9789625" member_type: VOTER last_known_addr { host: "127.10.179.67" port: 35287 } }
I20260630 12:26:59.477216 14143 ts_tablet_manager.cc:1434] T d0eab49e2a1f475f9ba78fc4ca99e6f4 P 7e6e87402f4048398ad696fc322132d4: Time spent starting tablet: real 0.019s	user 0.007s	sys 0.000s
I20260630 12:26:59.478503 14143 tablet_bootstrap.cc:492] T c9278450b5304286bb02691dded7d28f P 7e6e87402f4048398ad696fc322132d4: Bootstrap starting.
I20260630 12:26:59.477452 13949 raft_consensus.cc:2468] T e799ec6ea1e44f75abd5edcdfaf4fbff P 7bf0bef4dcbe4ec5a09cc075656f0ea2 [term 1 FOLLOWER]: Leader election vote request: Granting yes vote for candidate 7e6e87402f4048398ad696fc322132d4 in term 1.
I20260630 12:26:59.482667 13988 leader_election.cc:304] T e799ec6ea1e44f75abd5edcdfaf4fbff P 7e6e87402f4048398ad696fc322132d4 [CANDIDATE]: Term 1 election: Election decided. Result: candidate won. Election summary: received 2 responses out of 3 voters: 2 yes votes; 0 no votes. yes voters: 7bf0bef4dcbe4ec5a09cc075656f0ea2, 7e6e87402f4048398ad696fc322132d4; no voters: 
I20260630 12:26:59.483606 14173 raft_consensus.cc:2804] T e799ec6ea1e44f75abd5edcdfaf4fbff P 7e6e87402f4048398ad696fc322132d4 [term 1 FOLLOWER]: Leader election won for term 1
I20260630 12:26:59.484090 14173 raft_consensus.cc:697] T e799ec6ea1e44f75abd5edcdfaf4fbff P 7e6e87402f4048398ad696fc322132d4 [term 1 LEADER]: Becoming Leader. State: Replica: 7e6e87402f4048398ad696fc322132d4, State: Running, Role: LEADER
I20260630 12:26:59.484922 14173 consensus_queue.cc:237] T e799ec6ea1e44f75abd5edcdfaf4fbff P 7e6e87402f4048398ad696fc322132d4 [LEADER]: Queue going to LEADER mode. State: All replicated index: 0, Majority replicated index: 0, Committed index: 0, Last appended: 0.0, Last appended by leader: 0, Current term: 1, Majority size: 2, State: 0, Mode: LEADER, active raft config: opid_index: -1 OBSOLETE_local: false peers { permanent_uuid: "7bf0bef4dcbe4ec5a09cc075656f0ea2" member_type: VOTER last_known_addr { host: "127.10.179.65" port: 36971 } } peers { permanent_uuid: "7e6e87402f4048398ad696fc322132d4" member_type: VOTER last_known_addr { host: "127.10.179.66" port: 35427 } } peers { permanent_uuid: "b741ff194cf143f8b03b114fd9789625" member_type: VOTER last_known_addr { host: "127.10.179.67" port: 35287 } }
I20260630 12:26:59.480486 14164 raft_consensus.cc:515] T e548dc1b8c714f618bd7c5a380067f4b P b741ff194cf143f8b03b114fd9789625 [term 1 FOLLOWER]: Starting leader election with config: opid_index: -1 OBSOLETE_local: false peers { permanent_uuid: "7bf0bef4dcbe4ec5a09cc075656f0ea2" member_type: VOTER last_known_addr { host: "127.10.179.65" port: 36971 } } peers { permanent_uuid: "7e6e87402f4048398ad696fc322132d4" member_type: VOTER last_known_addr { host: "127.10.179.66" port: 35427 } } peers { permanent_uuid: "b741ff194cf143f8b03b114fd9789625" member_type: VOTER last_known_addr { host: "127.10.179.67" port: 35287 } }
I20260630 12:26:59.495716 14146 tablet_bootstrap.cc:654] T d0eab49e2a1f475f9ba78fc4ca99e6f4 P b741ff194cf143f8b03b114fd9789625: Neither blocks nor log segments found. Creating new log.
I20260630 12:26:59.501758 14099 raft_consensus.cc:2468] T e799ec6ea1e44f75abd5edcdfaf4fbff P b741ff194cf143f8b03b114fd9789625 [term 1 FOLLOWER]: Leader election vote request: Granting yes vote for candidate 7e6e87402f4048398ad696fc322132d4 in term 1.
I20260630 12:26:59.512754 14144 tablet_bootstrap.cc:492] T 70dd168b767441d09685f6412c896152 P 7bf0bef4dcbe4ec5a09cc075656f0ea2: No bootstrap required, opened a new log
I20260630 12:26:59.513314 14143 tablet_bootstrap.cc:654] T c9278450b5304286bb02691dded7d28f P 7e6e87402f4048398ad696fc322132d4: Neither blocks nor log segments found. Creating new log.
I20260630 12:26:59.513998 14144 ts_tablet_manager.cc:1403] T 70dd168b767441d09685f6412c896152 P 7bf0bef4dcbe4ec5a09cc075656f0ea2: Time spent bootstrapping tablet: real 0.053s	user 0.016s	sys 0.024s
I20260630 12:26:59.514853 13949 tablet_service.cc:1917] Received RequestConsensusVote() RPC: tablet_id: "e548dc1b8c714f618bd7c5a380067f4b" candidate_uuid: "b741ff194cf143f8b03b114fd9789625" candidate_term: 1 candidate_status { last_received { term: 0 index: 0 } } ignore_live_leader: false dest_uuid: "7bf0bef4dcbe4ec5a09cc075656f0ea2"
I20260630 12:26:59.515556 13949 raft_consensus.cc:3060] T e548dc1b8c714f618bd7c5a380067f4b P 7bf0bef4dcbe4ec5a09cc075656f0ea2 [term 0 FOLLOWER]: Advancing to term 1
I20260630 12:26:59.517560 14144 raft_consensus.cc:359] T 70dd168b767441d09685f6412c896152 P 7bf0bef4dcbe4ec5a09cc075656f0ea2 [term 0 FOLLOWER]: Replica starting. Triggering 0 pending ops. Active config: opid_index: -1 OBSOLETE_local: false peers { permanent_uuid: "7bf0bef4dcbe4ec5a09cc075656f0ea2" member_type: VOTER last_known_addr { host: "127.10.179.65" port: 36971 } } peers { permanent_uuid: "7e6e87402f4048398ad696fc322132d4" member_type: VOTER last_known_addr { host: "127.10.179.66" port: 35427 } } peers { permanent_uuid: "b741ff194cf143f8b03b114fd9789625" member_type: VOTER last_known_addr { host: "127.10.179.67" port: 35287 } }
I20260630 12:26:59.518347 14144 raft_consensus.cc:385] T 70dd168b767441d09685f6412c896152 P 7bf0bef4dcbe4ec5a09cc075656f0ea2 [term 0 FOLLOWER]: Consensus starting up: Expiring failure detector timer to make a prompt election more likely
I20260630 12:26:59.519939 14144 raft_consensus.cc:740] T 70dd168b767441d09685f6412c896152 P 7bf0bef4dcbe4ec5a09cc075656f0ea2 [term 0 FOLLOWER]: Becoming Follower/Learner. State: Replica: 7bf0bef4dcbe4ec5a09cc075656f0ea2, State: Initialized, Role: FOLLOWER
I20260630 12:26:59.520771 14144 consensus_queue.cc:260] T 70dd168b767441d09685f6412c896152 P 7bf0bef4dcbe4ec5a09cc075656f0ea2 [NON_LEADER]: Queue going to NON_LEADER mode. State: All replicated index: 0, Majority replicated index: 0, Committed index: 0, Last appended: 0.0, Last appended by leader: 0, Current term: 0, Majority size: -1, State: 0, Mode: NON_LEADER, active raft config: opid_index: -1 OBSOLETE_local: false peers { permanent_uuid: "7bf0bef4dcbe4ec5a09cc075656f0ea2" member_type: VOTER last_known_addr { host: "127.10.179.65" port: 36971 } } peers { permanent_uuid: "7e6e87402f4048398ad696fc322132d4" member_type: VOTER last_known_addr { host: "127.10.179.66" port: 35427 } } peers { permanent_uuid: "b741ff194cf143f8b03b114fd9789625" member_type: VOTER last_known_addr { host: "127.10.179.67" port: 35287 } }
I20260630 12:26:59.523332 14144 ts_tablet_manager.cc:1434] T 70dd168b767441d09685f6412c896152 P 7bf0bef4dcbe4ec5a09cc075656f0ea2: Time spent starting tablet: real 0.009s	user 0.006s	sys 0.000s
I20260630 12:26:59.524513 14144 tablet_bootstrap.cc:492] T 5b287e82e42b479e8b75d79d540c5322 P 7bf0bef4dcbe4ec5a09cc075656f0ea2: Bootstrap starting.
I20260630 12:26:59.525302 13847 catalog_manager.cc:5697] T e799ec6ea1e44f75abd5edcdfaf4fbff P 7e6e87402f4048398ad696fc322132d4 reported cstate change: term changed from 0 to 1, leader changed from <none> to 7e6e87402f4048398ad696fc322132d4 (127.10.179.66). New cstate: current_term: 1 leader_uuid: "7e6e87402f4048398ad696fc322132d4" committed_config { opid_index: -1 OBSOLETE_local: false peers { permanent_uuid: "7bf0bef4dcbe4ec5a09cc075656f0ea2" member_type: VOTER last_known_addr { host: "127.10.179.65" port: 36971 } health_report { overall_health: UNKNOWN } } peers { permanent_uuid: "7e6e87402f4048398ad696fc322132d4" member_type: VOTER last_known_addr { host: "127.10.179.66" port: 35427 } health_report { overall_health: HEALTHY } } peers { permanent_uuid: "b741ff194cf143f8b03b114fd9789625" member_type: VOTER last_known_addr { host: "127.10.179.67" port: 35287 } health_report { overall_health: UNKNOWN } } }
I20260630 12:26:59.527302 14143 tablet_bootstrap.cc:492] T c9278450b5304286bb02691dded7d28f P 7e6e87402f4048398ad696fc322132d4: No bootstrap required, opened a new log
I20260630 12:26:59.527910 14143 ts_tablet_manager.cc:1403] T c9278450b5304286bb02691dded7d28f P 7e6e87402f4048398ad696fc322132d4: Time spent bootstrapping tablet: real 0.050s	user 0.012s	sys 0.008s
I20260630 12:26:59.531265 14143 raft_consensus.cc:359] T c9278450b5304286bb02691dded7d28f P 7e6e87402f4048398ad696fc322132d4 [term 0 FOLLOWER]: Replica starting. Triggering 0 pending ops. Active config: opid_index: -1 OBSOLETE_local: false peers { permanent_uuid: "7bf0bef4dcbe4ec5a09cc075656f0ea2" member_type: VOTER last_known_addr { host: "127.10.179.65" port: 36971 } } peers { permanent_uuid: "7e6e87402f4048398ad696fc322132d4" member_type: VOTER last_known_addr { host: "127.10.179.66" port: 35427 } } peers { permanent_uuid: "b741ff194cf143f8b03b114fd9789625" member_type: VOTER last_known_addr { host: "127.10.179.67" port: 35287 } }
I20260630 12:26:59.532176 14143 raft_consensus.cc:385] T c9278450b5304286bb02691dded7d28f P 7e6e87402f4048398ad696fc322132d4 [term 0 FOLLOWER]: Consensus starting up: Expiring failure detector timer to make a prompt election more likely
I20260630 12:26:59.532528 14143 raft_consensus.cc:740] T c9278450b5304286bb02691dded7d28f P 7e6e87402f4048398ad696fc322132d4 [term 0 FOLLOWER]: Becoming Follower/Learner. State: Replica: 7e6e87402f4048398ad696fc322132d4, State: Initialized, Role: FOLLOWER
