I20260630 12:25:43.566844 10957 internal_mini_cluster.cc:156] Creating distributed mini masters. Addrs: 127.10.179.126:43993
I20260630 12:25:43.568030 10957 file_cache.cc:492] Constructed file cache file cache with capacity 419430
W20260630 12:25:43.573062 11497 instance_detector.cc:116] could not retrieve AWS instance metadata: Network error: curl error: HTTP response code said error: The requested URL returned error: 404
W20260630 12:25:43.573568 11498 instance_detector.cc:116] could not retrieve Azure instance metadata: Network error: curl error: HTTP response code said error: The requested URL returned error: 404
W20260630 12:25:43.574640 11500 instance_detector.cc:116] could not retrieve OpenStack instance metadata: Network error: curl error: HTTP response code said error: The requested URL returned error: 404
I20260630 12:25:43.575997 10957 server_base.cc:1061] running on GCE node
I20260630 12:25:43.576797 10957 hybrid_clock.cc:584] initializing the hybrid clock with 'system_unsync' time source
W20260630 12:25:43.576997 10957 system_unsync_time.cc:38] NTP support is disabled. Clock error bounds will not be accurate. This configuration is not suitable for distributed clusters.
I20260630 12:25:43.577165 10957 hybrid_clock.cc:648] HybridClock initialized: now 1782822343577131 us; error 0 us; skew 500 ppm
I20260630 12:25:43.577975 10957 server_base.cc:861] Flag tcmalloc_max_total_thread_cache_bytes is not working since tcmalloc is not enabled.
I20260630 12:25:43.580339 10957 webserver.cc:533] Webserver started at http://127.10.179.126:36697/ using document root <none> and password file <none>
I20260630 12:25:43.580825 10957 fs_manager.cc:362] Metadata directory not provided
I20260630 12:25:43.581025 10957 fs_manager.cc:368] Using write-ahead log directory (fs_wal_dir) as metadata directory
I20260630 12:25:43.581323 10957 server_base.cc:909] This appears to be a new deployment of Kudu; creating new FS layout
I20260630 12:25:43.582485 10957 fs_manager.cc:1068] Generated new instance metadata in path /tmp/dist-test-taskwc0Iw5/test-tmp/auto_rebalancer-test.0.AutoRebalancerTest.AutoRebalancingTurnOffAndOn.1782822336386798-10957-0/minicluster-data/master-0-root/instance:
uuid: "8c5dedf5e2e44027aa83332269f08d5b"
format_stamp: "Formatted at 2026-06-30 12:25:43 on dist-test-slave-69xz"
I20260630 12:25:43.586936 10957 fs_manager.cc:696] Time spent creating directory manager: real 0.004s	user 0.005s	sys 0.000s
I20260630 12:25:43.590191 11505 log_block_manager.cc:4031] Time spent loading block containers with low live blocks: real 0.000s	user 0.000s	sys 0.000s
I20260630 12:25:43.590899 10957 fs_manager.cc:730] Time spent opening block manager: real 0.002s	user 0.003s	sys 0.000s
I20260630 12:25:43.591182 10957 fs_manager.cc:647] Opened local filesystem: /tmp/dist-test-taskwc0Iw5/test-tmp/auto_rebalancer-test.0.AutoRebalancerTest.AutoRebalancingTurnOffAndOn.1782822336386798-10957-0/minicluster-data/master-0-root
uuid: "8c5dedf5e2e44027aa83332269f08d5b"
format_stamp: "Formatted at 2026-06-30 12:25:43 on dist-test-slave-69xz"
I20260630 12:25:43.591470 10957 fs_report.cc:389] FS layout report
--------------------
wal directory: /tmp/dist-test-taskwc0Iw5/test-tmp/auto_rebalancer-test.0.AutoRebalancerTest.AutoRebalancingTurnOffAndOn.1782822336386798-10957-0/minicluster-data/master-0-root
metadata directory: /tmp/dist-test-taskwc0Iw5/test-tmp/auto_rebalancer-test.0.AutoRebalancerTest.AutoRebalancingTurnOffAndOn.1782822336386798-10957-0/minicluster-data/master-0-root
1 data directories: /tmp/dist-test-taskwc0Iw5/test-tmp/auto_rebalancer-test.0.AutoRebalancerTest.AutoRebalancingTurnOffAndOn.1782822336386798-10957-0/minicluster-data/master-0-root/data
Total live blocks: 0
Total live bytes: 0
Total live bytes (after alignment): 0
Total number of LBM containers: 0 (0 full)
Did not check for missing blocks
Did not check for orphaned blocks
Total full LBM containers with extra space: 0 (0 repaired)
Total full LBM container extra space in bytes: 0 (0 repaired)
Total incomplete LBM containers: 0 (0 repaired)
Total LBM partial records: 0 (0 repaired)
Total corrupted LBM metadata records in RocksDB: 0 (0 repaired)
I20260630 12:25:43.626046 10957 rpc_server.cc:225] running with OpenSSL 1.1.1  11 Sep 2018
I20260630 12:25:43.627197 10957 kserver.cc:163] Server-wide thread pool size limit: 3276
I20260630 12:25:43.664669 10957 rpc_server.cc:307] RPC server started. Bound to: 127.10.179.126:43993
I20260630 12:25:43.664754 11556 acceptor_pool.cc:272] collecting diagnostics on the listening RPC socket 127.10.179.126:43993 every 8 connection(s)
I20260630 12:25:43.669153 11557 data_dirs.cc:400] Could only allocate 1 dirs of requested 3 for tablet 00000000000000000000000000000000. 1 dirs total, 0 dirs full, 0 dirs failed
I20260630 12:25:43.679098 11557 tablet_bootstrap.cc:492] T 00000000000000000000000000000000 P 8c5dedf5e2e44027aa83332269f08d5b: Bootstrap starting.
I20260630 12:25:43.683620 11557 tablet_bootstrap.cc:654] T 00000000000000000000000000000000 P 8c5dedf5e2e44027aa83332269f08d5b: Neither blocks nor log segments found. Creating new log.
I20260630 12:25:43.687845 11557 tablet_bootstrap.cc:492] T 00000000000000000000000000000000 P 8c5dedf5e2e44027aa83332269f08d5b: No bootstrap required, opened a new log
I20260630 12:25:43.689977 11557 raft_consensus.cc:359] T 00000000000000000000000000000000 P 8c5dedf5e2e44027aa83332269f08d5b [term 0 FOLLOWER]: Replica starting. Triggering 0 pending ops. Active config: opid_index: -1 OBSOLETE_local: true peers { permanent_uuid: "8c5dedf5e2e44027aa83332269f08d5b" member_type: VOTER }
I20260630 12:25:43.690384 11557 raft_consensus.cc:385] T 00000000000000000000000000000000 P 8c5dedf5e2e44027aa83332269f08d5b [term 0 FOLLOWER]: Consensus starting up: Expiring failure detector timer to make a prompt election more likely
I20260630 12:25:43.690650 11557 raft_consensus.cc:740] T 00000000000000000000000000000000 P 8c5dedf5e2e44027aa83332269f08d5b [term 0 FOLLOWER]: Becoming Follower/Learner. State: Replica: 8c5dedf5e2e44027aa83332269f08d5b, State: Initialized, Role: FOLLOWER
I20260630 12:25:43.691249 11557 consensus_queue.cc:260] T 00000000000000000000000000000000 P 8c5dedf5e2e44027aa83332269f08d5b [NON_LEADER]: Queue going to NON_LEADER mode. State: All replicated index: 0, Majority replicated index: 0, Committed index: 0, Last appended: 0.0, Last appended by leader: 0, Current term: 0, Majority size: -1, State: 0, Mode: NON_LEADER, active raft config: opid_index: -1 OBSOLETE_local: true peers { permanent_uuid: "8c5dedf5e2e44027aa83332269f08d5b" member_type: VOTER }
I20260630 12:25:43.691694 11557 raft_consensus.cc:399] T 00000000000000000000000000000000 P 8c5dedf5e2e44027aa83332269f08d5b [term 0 FOLLOWER]: Only one voter in the Raft config. Triggering election immediately
I20260630 12:25:43.691936 11557 raft_consensus.cc:493] T 00000000000000000000000000000000 P 8c5dedf5e2e44027aa83332269f08d5b [term 0 FOLLOWER]: Starting leader election (initial election of a single-replica configuration)
I20260630 12:25:43.692202 11557 raft_consensus.cc:3060] T 00000000000000000000000000000000 P 8c5dedf5e2e44027aa83332269f08d5b [term 0 FOLLOWER]: Advancing to term 1
I20260630 12:25:43.696751 11557 raft_consensus.cc:515] T 00000000000000000000000000000000 P 8c5dedf5e2e44027aa83332269f08d5b [term 1 FOLLOWER]: Starting leader election with config: opid_index: -1 OBSOLETE_local: true peers { permanent_uuid: "8c5dedf5e2e44027aa83332269f08d5b" member_type: VOTER }
I20260630 12:25:43.697284 11557 leader_election.cc:304] T 00000000000000000000000000000000 P 8c5dedf5e2e44027aa83332269f08d5b [CANDIDATE]: Term 1 election: Election decided. Result: candidate won. Election summary: received 1 responses out of 1 voters: 1 yes votes; 0 no votes. yes voters: 8c5dedf5e2e44027aa83332269f08d5b; no voters: 
I20260630 12:25:43.698705 11557 leader_election.cc:290] T 00000000000000000000000000000000 P 8c5dedf5e2e44027aa83332269f08d5b [CANDIDATE]: Term 1 election: Requested vote from peers 
I20260630 12:25:43.698868 11560 raft_consensus.cc:2804] T 00000000000000000000000000000000 P 8c5dedf5e2e44027aa83332269f08d5b [term 1 FOLLOWER]: Leader election won for term 1
I20260630 12:25:43.700516 11560 raft_consensus.cc:697] T 00000000000000000000000000000000 P 8c5dedf5e2e44027aa83332269f08d5b [term 1 LEADER]: Becoming Leader. State: Replica: 8c5dedf5e2e44027aa83332269f08d5b, State: Running, Role: LEADER
I20260630 12:25:43.701186 11560 consensus_queue.cc:237] T 00000000000000000000000000000000 P 8c5dedf5e2e44027aa83332269f08d5b [LEADER]: Queue going to LEADER mode. State: All replicated index: 0, Majority replicated index: 0, Committed index: 0, Last appended: 0.0, Last appended by leader: 0, Current term: 1, Majority size: 1, State: 0, Mode: LEADER, active raft config: opid_index: -1 OBSOLETE_local: true peers { permanent_uuid: "8c5dedf5e2e44027aa83332269f08d5b" member_type: VOTER }
I20260630 12:25:43.702158 11557 sys_catalog.cc:565] T 00000000000000000000000000000000 P 8c5dedf5e2e44027aa83332269f08d5b [sys.catalog]: configured and running, proceeding with master startup.
I20260630 12:25:43.705466 11561 sys_catalog.cc:455] T 00000000000000000000000000000000 P 8c5dedf5e2e44027aa83332269f08d5b [sys.catalog]: SysCatalogTable state changed. Reason: RaftConsensus started. Latest consensus state: current_term: 1 leader_uuid: "8c5dedf5e2e44027aa83332269f08d5b" committed_config { opid_index: -1 OBSOLETE_local: true peers { permanent_uuid: "8c5dedf5e2e44027aa83332269f08d5b" member_type: VOTER } }
I20260630 12:25:43.705698 11562 sys_catalog.cc:455] T 00000000000000000000000000000000 P 8c5dedf5e2e44027aa83332269f08d5b [sys.catalog]: SysCatalogTable state changed. Reason: New leader 8c5dedf5e2e44027aa83332269f08d5b. Latest consensus state: current_term: 1 leader_uuid: "8c5dedf5e2e44027aa83332269f08d5b" committed_config { opid_index: -1 OBSOLETE_local: true peers { permanent_uuid: "8c5dedf5e2e44027aa83332269f08d5b" member_type: VOTER } }
I20260630 12:25:43.706329 11561 sys_catalog.cc:458] T 00000000000000000000000000000000 P 8c5dedf5e2e44027aa83332269f08d5b [sys.catalog]: This master's current role is: LEADER
I20260630 12:25:43.706521 11562 sys_catalog.cc:458] T 00000000000000000000000000000000 P 8c5dedf5e2e44027aa83332269f08d5b [sys.catalog]: This master's current role is: LEADER
I20260630 12:25:43.709278 11566 catalog_manager.cc:1511] Loading table and tablet metadata into memory...
I20260630 12:25:43.714432 11566 catalog_manager.cc:1520] Initializing Kudu cluster ID...
I20260630 12:25:43.719676 10957 internal_mini_cluster.cc:184] Waiting to initialize catalog manager on master 0
I20260630 12:25:43.723897 11566 catalog_manager.cc:1383] Generated new cluster ID: 97c5c524ec024487a81e1a575ada3d5f
I20260630 12:25:43.724201 11566 catalog_manager.cc:1531] Initializing Kudu internal certificate authority...
I20260630 12:25:43.751946 11566 catalog_manager.cc:1406] Generated new certificate authority record
I20260630 12:25:43.753319 11566 catalog_manager.cc:1540] Loading token signing keys...
I20260630 12:25:43.774595 11566 catalog_manager.cc:6070] T 00000000000000000000000000000000 P 8c5dedf5e2e44027aa83332269f08d5b: Generated new TSK 0
I20260630 12:25:43.775583 11566 catalog_manager.cc:1550] Initializing in-progress tserver states...
I20260630 12:25:43.787483 10957 file_cache.cc:492] Constructed file cache file cache with capacity 419430
W20260630 12:25:43.793634 11578 instance_detector.cc:116] could not retrieve AWS instance metadata: Network error: curl error: HTTP response code said error: The requested URL returned error: 404
W20260630 12:25:43.795387 11579 instance_detector.cc:116] could not retrieve Azure instance metadata: Network error: curl error: HTTP response code said error: The requested URL returned error: 404
W20260630 12:25:43.796514 11581 instance_detector.cc:116] could not retrieve OpenStack instance metadata: Network error: curl error: HTTP response code said error: The requested URL returned error: 404
I20260630 12:25:43.796852 10957 server_base.cc:1061] running on GCE node
I20260630 12:25:43.797909 10957 hybrid_clock.cc:584] initializing the hybrid clock with 'system_unsync' time source
W20260630 12:25:43.798123 10957 system_unsync_time.cc:38] NTP support is disabled. Clock error bounds will not be accurate. This configuration is not suitable for distributed clusters.
I20260630 12:25:43.798303 10957 hybrid_clock.cc:648] HybridClock initialized: now 1782822343798280 us; error 0 us; skew 500 ppm
I20260630 12:25:43.798862 10957 server_base.cc:861] Flag tcmalloc_max_total_thread_cache_bytes is not working since tcmalloc is not enabled.
I20260630 12:25:43.801270 10957 webserver.cc:533] Webserver started at http://127.10.179.65:44383/ using document root <none> and password file <none>
I20260630 12:25:43.801826 10957 fs_manager.cc:362] Metadata directory not provided
I20260630 12:25:43.802035 10957 fs_manager.cc:368] Using write-ahead log directory (fs_wal_dir) as metadata directory
I20260630 12:25:43.802323 10957 server_base.cc:909] This appears to be a new deployment of Kudu; creating new FS layout
I20260630 12:25:43.803468 10957 fs_manager.cc:1068] Generated new instance metadata in path /tmp/dist-test-taskwc0Iw5/test-tmp/auto_rebalancer-test.0.AutoRebalancerTest.AutoRebalancingTurnOffAndOn.1782822336386798-10957-0/minicluster-data/ts-0-root/instance:
uuid: "86197f2c02db4e4789ef17c601eef095"
format_stamp: "Formatted at 2026-06-30 12:25:43 on dist-test-slave-69xz"
I20260630 12:25:43.808074 10957 fs_manager.cc:696] Time spent creating directory manager: real 0.004s	user 0.006s	sys 0.000s
I20260630 12:25:43.811482 11586 log_block_manager.cc:4031] Time spent loading block containers with low live blocks: real 0.000s	user 0.000s	sys 0.000s
I20260630 12:25:43.812217 10957 fs_manager.cc:730] Time spent opening block manager: real 0.002s	user 0.001s	sys 0.000s
I20260630 12:25:43.812512 10957 fs_manager.cc:647] Opened local filesystem: /tmp/dist-test-taskwc0Iw5/test-tmp/auto_rebalancer-test.0.AutoRebalancerTest.AutoRebalancingTurnOffAndOn.1782822336386798-10957-0/minicluster-data/ts-0-root
uuid: "86197f2c02db4e4789ef17c601eef095"
format_stamp: "Formatted at 2026-06-30 12:25:43 on dist-test-slave-69xz"
I20260630 12:25:43.812814 10957 fs_report.cc:389] FS layout report
--------------------
wal directory: /tmp/dist-test-taskwc0Iw5/test-tmp/auto_rebalancer-test.0.AutoRebalancerTest.AutoRebalancingTurnOffAndOn.1782822336386798-10957-0/minicluster-data/ts-0-root
metadata directory: /tmp/dist-test-taskwc0Iw5/test-tmp/auto_rebalancer-test.0.AutoRebalancerTest.AutoRebalancingTurnOffAndOn.1782822336386798-10957-0/minicluster-data/ts-0-root
1 data directories: /tmp/dist-test-taskwc0Iw5/test-tmp/auto_rebalancer-test.0.AutoRebalancerTest.AutoRebalancingTurnOffAndOn.1782822336386798-10957-0/minicluster-data/ts-0-root/data
Total live blocks: 0
Total live bytes: 0
Total live bytes (after alignment): 0
Total number of LBM containers: 0 (0 full)
Did not check for missing blocks
Did not check for orphaned blocks
Total full LBM containers with extra space: 0 (0 repaired)
Total full LBM container extra space in bytes: 0 (0 repaired)
Total incomplete LBM containers: 0 (0 repaired)
Total LBM partial records: 0 (0 repaired)
Total corrupted LBM metadata records in RocksDB: 0 (0 repaired)
I20260630 12:25:43.830727 10957 rpc_server.cc:225] running with OpenSSL 1.1.1  11 Sep 2018
I20260630 12:25:43.831826 10957 kserver.cc:163] Server-wide thread pool size limit: 3276
I20260630 12:25:43.833390 10957 txn_system_client.cc:432] TxnSystemClient initialization is disabled...
I20260630 12:25:43.836215 10957 ts_tablet_manager.cc:585] Loaded tablet metadata (0 total tablets, 0 live tablets)
I20260630 12:25:43.836463 10957 ts_tablet_manager.cc:531] Time spent load tablet metadata: real 0.000s	user 0.000s	sys 0.000s
I20260630 12:25:43.836730 10957 ts_tablet_manager.cc:616] Registered 0 tablets
I20260630 12:25:43.836906 10957 ts_tablet_manager.cc:595] Time spent register tablets: real 0.000s	user 0.000s	sys 0.000s
I20260630 12:25:43.879729 10957 rpc_server.cc:307] RPC server started. Bound to: 127.10.179.65:39833
I20260630 12:25:43.879820 11648 acceptor_pool.cc:272] collecting diagnostics on the listening RPC socket 127.10.179.65:39833 every 8 connection(s)
I20260630 12:25:43.885448 10957 file_cache.cc:492] Constructed file cache file cache with capacity 419430
W20260630 12:25:43.893220 11653 instance_detector.cc:116] could not retrieve AWS instance metadata: Network error: curl error: HTTP response code said error: The requested URL returned error: 404
W20260630 12:25:43.895725 11654 instance_detector.cc:116] could not retrieve Azure instance metadata: Network error: curl error: HTTP response code said error: The requested URL returned error: 404
W20260630 12:25:43.896878 11656 instance_detector.cc:116] could not retrieve OpenStack instance metadata: Network error: curl error: HTTP response code said error: The requested URL returned error: 404
I20260630 12:25:43.897646 10957 server_base.cc:1061] running on GCE node
I20260630 12:25:43.898728 10957 hybrid_clock.cc:584] initializing the hybrid clock with 'system_unsync' time source
W20260630 12:25:43.898940 10957 system_unsync_time.cc:38] NTP support is disabled. Clock error bounds will not be accurate. This configuration is not suitable for distributed clusters.
I20260630 12:25:43.899202 10957 hybrid_clock.cc:648] HybridClock initialized: now 1782822343899177 us; error 0 us; skew 500 ppm
I20260630 12:25:43.899752 10957 server_base.cc:861] Flag tcmalloc_max_total_thread_cache_bytes is not working since tcmalloc is not enabled.
I20260630 12:25:43.902642 10957 webserver.cc:533] Webserver started at http://127.10.179.66:33571/ using document root <none> and password file <none>
I20260630 12:25:43.903224 10957 fs_manager.cc:362] Metadata directory not provided
I20260630 12:25:43.903455 10957 fs_manager.cc:368] Using write-ahead log directory (fs_wal_dir) as metadata directory
I20260630 12:25:43.903759 10957 server_base.cc:909] This appears to be a new deployment of Kudu; creating new FS layout
I20260630 12:25:43.905725 10957 fs_manager.cc:1068] Generated new instance metadata in path /tmp/dist-test-taskwc0Iw5/test-tmp/auto_rebalancer-test.0.AutoRebalancerTest.AutoRebalancingTurnOffAndOn.1782822336386798-10957-0/minicluster-data/ts-1-root/instance:
uuid: "bc19c3ce204d425382bae4b226dba428"
format_stamp: "Formatted at 2026-06-30 12:25:43 on dist-test-slave-69xz"
I20260630 12:25:43.905802 11649 heartbeater.cc:344] Connected to a master server at 127.10.179.126:43993
I20260630 12:25:43.906235 11649 heartbeater.cc:461] Registering TS with master...
I20260630 12:25:43.907011 11649 heartbeater.cc:507] Master 127.10.179.126:43993 requested a full tablet report, sending...
I20260630 12:25:43.909606 11522 ts_manager.cc:194] Registered new tserver with Master: 86197f2c02db4e4789ef17c601eef095 (127.10.179.65:39833)
I20260630 12:25:43.911010 10957 fs_manager.cc:696] Time spent creating directory manager: real 0.005s	user 0.003s	sys 0.001s
I20260630 12:25:43.911521 11522 master_service.cc:502] Signed X509 certificate for tserver {username='slave'} at 127.0.0.1:36020
I20260630 12:25:43.914990 11661 log_block_manager.cc:4031] Time spent loading block containers with low live blocks: real 0.000s	user 0.000s	sys 0.000s
I20260630 12:25:43.915875 10957 fs_manager.cc:730] Time spent opening block manager: real 0.003s	user 0.002s	sys 0.002s
I20260630 12:25:43.916131 10957 fs_manager.cc:647] Opened local filesystem: /tmp/dist-test-taskwc0Iw5/test-tmp/auto_rebalancer-test.0.AutoRebalancerTest.AutoRebalancingTurnOffAndOn.1782822336386798-10957-0/minicluster-data/ts-1-root
uuid: "bc19c3ce204d425382bae4b226dba428"
format_stamp: "Formatted at 2026-06-30 12:25:43 on dist-test-slave-69xz"
I20260630 12:25:43.916458 10957 fs_report.cc:389] FS layout report
--------------------
wal directory: /tmp/dist-test-taskwc0Iw5/test-tmp/auto_rebalancer-test.0.AutoRebalancerTest.AutoRebalancingTurnOffAndOn.1782822336386798-10957-0/minicluster-data/ts-1-root
metadata directory: /tmp/dist-test-taskwc0Iw5/test-tmp/auto_rebalancer-test.0.AutoRebalancerTest.AutoRebalancingTurnOffAndOn.1782822336386798-10957-0/minicluster-data/ts-1-root
1 data directories: /tmp/dist-test-taskwc0Iw5/test-tmp/auto_rebalancer-test.0.AutoRebalancerTest.AutoRebalancingTurnOffAndOn.1782822336386798-10957-0/minicluster-data/ts-1-root/data
Total live blocks: 0
Total live bytes: 0
Total live bytes (after alignment): 0
Total number of LBM containers: 0 (0 full)
Did not check for missing blocks
Did not check for orphaned blocks
Total full LBM containers with extra space: 0 (0 repaired)
Total full LBM container extra space in bytes: 0 (0 repaired)
Total incomplete LBM containers: 0 (0 repaired)
Total LBM partial records: 0 (0 repaired)
Total corrupted LBM metadata records in RocksDB: 0 (0 repaired)
I20260630 12:25:43.949853 10957 rpc_server.cc:225] running with OpenSSL 1.1.1  11 Sep 2018
I20260630 12:25:43.950999 10957 kserver.cc:163] Server-wide thread pool size limit: 3276
I20260630 12:25:43.952466 10957 txn_system_client.cc:432] TxnSystemClient initialization is disabled...
I20260630 12:25:43.954947 10957 ts_tablet_manager.cc:585] Loaded tablet metadata (0 total tablets, 0 live tablets)
I20260630 12:25:43.955133 10957 ts_tablet_manager.cc:531] Time spent load tablet metadata: real 0.000s	user 0.000s	sys 0.000s
I20260630 12:25:43.955626 10957 ts_tablet_manager.cc:616] Registered 0 tablets
I20260630 12:25:43.955796 10957 ts_tablet_manager.cc:595] Time spent register tablets: real 0.000s	user 0.000s	sys 0.000s
I20260630 12:25:43.998597 10957 rpc_server.cc:307] RPC server started. Bound to: 127.10.179.66:33157
I20260630 12:25:43.998723 11723 acceptor_pool.cc:272] collecting diagnostics on the listening RPC socket 127.10.179.66:33157 every 8 connection(s)
I20260630 12:25:44.003571 10957 file_cache.cc:492] Constructed file cache file cache with capacity 419430
W20260630 12:25:44.010526 11727 instance_detector.cc:116] could not retrieve AWS instance metadata: Network error: curl error: HTTP response code said error: The requested URL returned error: 404
W20260630 12:25:44.010829 11728 instance_detector.cc:116] could not retrieve Azure instance metadata: Network error: curl error: HTTP response code said error: The requested URL returned error: 404
I20260630 12:25:44.013883 10957 server_base.cc:1061] running on GCE node
W20260630 12:25:44.014520 11731 instance_detector.cc:116] could not retrieve OpenStack instance metadata: Network error: curl error: HTTP response code said error: The requested URL returned error: 404
I20260630 12:25:44.016371 11724 heartbeater.cc:344] Connected to a master server at 127.10.179.126:43993
I20260630 12:25:44.016415 10957 hybrid_clock.cc:584] initializing the hybrid clock with 'system_unsync' time source
W20260630 12:25:44.016812 10957 system_unsync_time.cc:38] NTP support is disabled. Clock error bounds will not be accurate. This configuration is not suitable for distributed clusters.
I20260630 12:25:44.016994 10957 hybrid_clock.cc:648] HybridClock initialized: now 1782822344016978 us; error 0 us; skew 500 ppm
I20260630 12:25:44.016860 11724 heartbeater.cc:461] Registering TS with master...
I20260630 12:25:44.017874 10957 server_base.cc:861] Flag tcmalloc_max_total_thread_cache_bytes is not working since tcmalloc is not enabled.
I20260630 12:25:44.018378 11724 heartbeater.cc:507] Master 127.10.179.126:43993 requested a full tablet report, sending...
I20260630 12:25:44.020599 11522 ts_manager.cc:194] Registered new tserver with Master: bc19c3ce204d425382bae4b226dba428 (127.10.179.66:33157)
I20260630 12:25:44.020915 10957 webserver.cc:533] Webserver started at http://127.10.179.67:40153/ using document root <none> and password file <none>
I20260630 12:25:44.021473 10957 fs_manager.cc:362] Metadata directory not provided
I20260630 12:25:44.021752 10957 fs_manager.cc:368] Using write-ahead log directory (fs_wal_dir) as metadata directory
I20260630 12:25:44.022030 10957 server_base.cc:909] This appears to be a new deployment of Kudu; creating new FS layout
I20260630 12:25:44.022857 11522 master_service.cc:502] Signed X509 certificate for tserver {username='slave'} at 127.0.0.1:36026
I20260630 12:25:44.023149 10957 fs_manager.cc:1068] Generated new instance metadata in path /tmp/dist-test-taskwc0Iw5/test-tmp/auto_rebalancer-test.0.AutoRebalancerTest.AutoRebalancingTurnOffAndOn.1782822336386798-10957-0/minicluster-data/ts-2-root/instance:
uuid: "9d245f630f534ded83842dfe7052b5d8"
format_stamp: "Formatted at 2026-06-30 12:25:44 on dist-test-slave-69xz"
I20260630 12:25:44.028086 10957 fs_manager.cc:696] Time spent creating directory manager: real 0.004s	user 0.004s	sys 0.000s
I20260630 12:25:44.031742 11735 log_block_manager.cc:4031] Time spent loading block containers with low live blocks: real 0.000s	user 0.000s	sys 0.000s
I20260630 12:25:44.032841 10957 fs_manager.cc:730] Time spent opening block manager: real 0.003s	user 0.002s	sys 0.000s
I20260630 12:25:44.033169 10957 fs_manager.cc:647] Opened local filesystem: /tmp/dist-test-taskwc0Iw5/test-tmp/auto_rebalancer-test.0.AutoRebalancerTest.AutoRebalancingTurnOffAndOn.1782822336386798-10957-0/minicluster-data/ts-2-root
uuid: "9d245f630f534ded83842dfe7052b5d8"
format_stamp: "Formatted at 2026-06-30 12:25:44 on dist-test-slave-69xz"
I20260630 12:25:44.033529 10957 fs_report.cc:389] FS layout report
--------------------
wal directory: /tmp/dist-test-taskwc0Iw5/test-tmp/auto_rebalancer-test.0.AutoRebalancerTest.AutoRebalancingTurnOffAndOn.1782822336386798-10957-0/minicluster-data/ts-2-root
metadata directory: /tmp/dist-test-taskwc0Iw5/test-tmp/auto_rebalancer-test.0.AutoRebalancerTest.AutoRebalancingTurnOffAndOn.1782822336386798-10957-0/minicluster-data/ts-2-root
1 data directories: /tmp/dist-test-taskwc0Iw5/test-tmp/auto_rebalancer-test.0.AutoRebalancerTest.AutoRebalancingTurnOffAndOn.1782822336386798-10957-0/minicluster-data/ts-2-root/data
Total live blocks: 0
Total live bytes: 0
Total live bytes (after alignment): 0
Total number of LBM containers: 0 (0 full)
Did not check for missing blocks
Did not check for orphaned blocks
Total full LBM containers with extra space: 0 (0 repaired)
Total full LBM container extra space in bytes: 0 (0 repaired)
Total incomplete LBM containers: 0 (0 repaired)
Total LBM partial records: 0 (0 repaired)
Total corrupted LBM metadata records in RocksDB: 0 (0 repaired)
I20260630 12:25:44.065603 10957 rpc_server.cc:225] running with OpenSSL 1.1.1  11 Sep 2018
I20260630 12:25:44.066783 10957 kserver.cc:163] Server-wide thread pool size limit: 3276
I20260630 12:25:44.068315 10957 txn_system_client.cc:432] TxnSystemClient initialization is disabled...
I20260630 12:25:44.070705 10957 ts_tablet_manager.cc:585] Loaded tablet metadata (0 total tablets, 0 live tablets)
I20260630 12:25:44.070935 10957 ts_tablet_manager.cc:531] Time spent load tablet metadata: real 0.000s	user 0.000s	sys 0.000s
I20260630 12:25:44.071187 10957 ts_tablet_manager.cc:616] Registered 0 tablets
I20260630 12:25:44.071362 10957 ts_tablet_manager.cc:595] Time spent register tablets: real 0.000s	user 0.000s	sys 0.000s
I20260630 12:25:44.114228 10957 rpc_server.cc:307] RPC server started. Bound to: 127.10.179.67:35233
I20260630 12:25:44.114326 11797 acceptor_pool.cc:272] collecting diagnostics on the listening RPC socket 127.10.179.67:35233 every 8 connection(s)
I20260630 12:25:44.131902 11798 heartbeater.cc:344] Connected to a master server at 127.10.179.126:43993
I20260630 12:25:44.132390 11798 heartbeater.cc:461] Registering TS with master...
I20260630 12:25:44.133288 11798 heartbeater.cc:507] Master 127.10.179.126:43993 requested a full tablet report, sending...
I20260630 12:25:44.135581 11522 ts_manager.cc:194] Registered new tserver with Master: 9d245f630f534ded83842dfe7052b5d8 (127.10.179.67:35233)
I20260630 12:25:44.136377 10957 internal_mini_cluster.cc:371] 3 TS(s) registered with all masters after 0.018456564s
I20260630 12:25:44.137113 11522 master_service.cc:502] Signed X509 certificate for tserver {username='slave'} at 127.0.0.1:36042
I20260630 12:25:44.914690 11649 heartbeater.cc:499] Master 127.10.179.126:43993 was elected leader, sending a full tablet report...
I20260630 12:25:45.025920 11724 heartbeater.cc:499] Master 127.10.179.126:43993 was elected leader, sending a full tablet report...
I20260630 12:25:45.139940 11798 heartbeater.cc:499] Master 127.10.179.126:43993 was elected leader, sending a full tablet report...
I20260630 12:25:45.194710 11522 catalog_manager.cc:2283] Servicing CreateTable request from {username='slave'} at 127.0.0.1:36046:
name: "test-workload"
schema {
  columns {
    name: "key"
    type: INT32
    is_key: true
    is_nullable: false
    encoding: AUTO_ENCODING
    compression: DEFAULT_COMPRESSION
    cfile_block_size: 0
    immutable: false
  }
  columns {
    name: "int_val"
    type: INT32
    is_key: false
    is_nullable: false
    encoding: AUTO_ENCODING
    compression: DEFAULT_COMPRESSION
    cfile_block_size: 0
    immutable: false
  }
  columns {
    name: "string_val"
    type: STRING
    is_key: false
    is_nullable: true
    encoding: AUTO_ENCODING
    compression: DEFAULT_COMPRESSION
    cfile_block_size: 0
    immutable: false
  }
}
num_replicas: 3
split_rows_range_bounds {
  rows: "\004\001\000\377\377\377\017\004\001\000\376\377\377\037\004\001\000\375\377\377/\004\001\000\374\377\377?\004\001\000\373\377\377O\004\001\000\372\377\377_\004\001\000\371\377\377o""\004\001\000\377\377\377\017\004\001\000\376\377\377\037\004\001\000\375\377\377/\004\001\000\374\377\377?\004\001\000\373\377\377O\004\001\000\372\377\377_\004\001\000\371\377\377o"
  indirect_data: """"
}
partition_schema {
  range_schema {
    columns {
      name: "key"
    }
  }
}
W20260630 12:25:45.197404 11522 catalog_manager.cc:7077] The number of live tablet servers is not enough to re-replicate a tablet replica of the newly created table test-workload in case of a server failure: 4 tablet servers would be needed, 3 are available. Consider bringing up more tablet servers.
I20260630 12:25:45.265595 11763 tablet_service.cc:1511] Processing CreateTablet for tablet aeca44b330dc4141ad70fa2cbee5818c (DEFAULT_TABLE table=test-workload [id=eb003f5aa8524e5ab5bd2418f7fb897c]), partition=RANGE (key) PARTITION VALUES < 268435455
I20260630 12:25:45.266558 11761 tablet_service.cc:1511] Processing CreateTablet for tablet b4e28848d895475f8839a5de13ffdec6 (DEFAULT_TABLE table=test-workload [id=eb003f5aa8524e5ab5bd2418f7fb897c]), partition=RANGE (key) PARTITION 536870910 <= VALUES < 805306365
I20260630 12:25:45.267150 11763 data_dirs.cc:400] Could only allocate 1 dirs of requested 3 for tablet aeca44b330dc4141ad70fa2cbee5818c. 1 dirs total, 0 dirs full, 0 dirs failed
I20260630 12:25:45.268481 11762 tablet_service.cc:1511] Processing CreateTablet for tablet bdf5f193f76643f89af3222bd6999321 (DEFAULT_TABLE table=test-workload [id=eb003f5aa8524e5ab5bd2418f7fb897c]), partition=RANGE (key) PARTITION 268435455 <= VALUES < 536870910
I20260630 12:25:45.269023 11761 data_dirs.cc:400] Could only allocate 1 dirs of requested 3 for tablet b4e28848d895475f8839a5de13ffdec6. 1 dirs total, 0 dirs full, 0 dirs failed
I20260630 12:25:45.270047 11762 data_dirs.cc:400] Could only allocate 1 dirs of requested 3 for tablet bdf5f193f76643f89af3222bd6999321. 1 dirs total, 0 dirs full, 0 dirs failed
I20260630 12:25:45.275353 11614 tablet_service.cc:1511] Processing CreateTablet for tablet aeca44b330dc4141ad70fa2cbee5818c (DEFAULT_TABLE table=test-workload [id=eb003f5aa8524e5ab5bd2418f7fb897c]), partition=RANGE (key) PARTITION VALUES < 268435455
I20260630 12:25:45.276734 11614 data_dirs.cc:400] Could only allocate 1 dirs of requested 3 for tablet aeca44b330dc4141ad70fa2cbee5818c. 1 dirs total, 0 dirs full, 0 dirs failed
I20260630 12:25:45.278756 11613 tablet_service.cc:1511] Processing CreateTablet for tablet bdf5f193f76643f89af3222bd6999321 (DEFAULT_TABLE table=test-workload [id=eb003f5aa8524e5ab5bd2418f7fb897c]), partition=RANGE (key) PARTITION 268435455 <= VALUES < 536870910
I20260630 12:25:45.279398 11612 tablet_service.cc:1511] Processing CreateTablet for tablet b4e28848d895475f8839a5de13ffdec6 (DEFAULT_TABLE table=test-workload [id=eb003f5aa8524e5ab5bd2418f7fb897c]), partition=RANGE (key) PARTITION 536870910 <= VALUES < 805306365
I20260630 12:25:45.280171 11613 data_dirs.cc:400] Could only allocate 1 dirs of requested 3 for tablet bdf5f193f76643f89af3222bd6999321. 1 dirs total, 0 dirs full, 0 dirs failed
I20260630 12:25:45.281771 11612 data_dirs.cc:400] Could only allocate 1 dirs of requested 3 for tablet b4e28848d895475f8839a5de13ffdec6. 1 dirs total, 0 dirs full, 0 dirs failed
I20260630 12:25:45.285312 11760 tablet_service.cc:1511] Processing CreateTablet for tablet d6af4af810354d55bd692f61f2ba2669 (DEFAULT_TABLE table=test-workload [id=eb003f5aa8524e5ab5bd2418f7fb897c]), partition=RANGE (key) PARTITION 805306365 <= VALUES < 1073741820
I20260630 12:25:45.286774 11760 data_dirs.cc:400] Could only allocate 1 dirs of requested 3 for tablet d6af4af810354d55bd692f61f2ba2669. 1 dirs total, 0 dirs full, 0 dirs failed
I20260630 12:25:45.291594 11759 tablet_service.cc:1511] Processing CreateTablet for tablet 1bc6536262ab42a7a650e0b911c2c76f (DEFAULT_TABLE table=test-workload [id=eb003f5aa8524e5ab5bd2418f7fb897c]), partition=RANGE (key) PARTITION 1073741820 <= VALUES < 1342177275
I20260630 12:25:45.292965 11759 data_dirs.cc:400] Could only allocate 1 dirs of requested 3 for tablet 1bc6536262ab42a7a650e0b911c2c76f. 1 dirs total, 0 dirs full, 0 dirs failed
I20260630 12:25:45.294664 11611 tablet_service.cc:1511] Processing CreateTablet for tablet d6af4af810354d55bd692f61f2ba2669 (DEFAULT_TABLE table=test-workload [id=eb003f5aa8524e5ab5bd2418f7fb897c]), partition=RANGE (key) PARTITION 805306365 <= VALUES < 1073741820
I20260630 12:25:45.296034 11609 tablet_service.cc:1511] Processing CreateTablet for tablet b201c25eabec478c841a58b6ad4a9aac (DEFAULT_TABLE table=test-workload [id=eb003f5aa8524e5ab5bd2418f7fb897c]), partition=RANGE (key) PARTITION 1342177275 <= VALUES < 1610612730
I20260630 12:25:45.297159 11610 tablet_service.cc:1511] Processing CreateTablet for tablet 1bc6536262ab42a7a650e0b911c2c76f (DEFAULT_TABLE table=test-workload [id=eb003f5aa8524e5ab5bd2418f7fb897c]), partition=RANGE (key) PARTITION 1073741820 <= VALUES < 1342177275
I20260630 12:25:45.296042 11611 data_dirs.cc:400] Could only allocate 1 dirs of requested 3 for tablet d6af4af810354d55bd692f61f2ba2669. 1 dirs total, 0 dirs full, 0 dirs failed
I20260630 12:25:45.300449 11609 data_dirs.cc:400] Could only allocate 1 dirs of requested 3 for tablet b201c25eabec478c841a58b6ad4a9aac. 1 dirs total, 0 dirs full, 0 dirs failed
I20260630 12:25:45.303622 11610 data_dirs.cc:400] Could only allocate 1 dirs of requested 3 for tablet 1bc6536262ab42a7a650e0b911c2c76f. 1 dirs total, 0 dirs full, 0 dirs failed
I20260630 12:25:45.334430 11608 tablet_service.cc:1511] Processing CreateTablet for tablet 238e85a50b7f4177b8857bc893f388b2 (DEFAULT_TABLE table=test-workload [id=eb003f5aa8524e5ab5bd2418f7fb897c]), partition=RANGE (key) PARTITION 1610612730 <= VALUES < 1879048185
I20260630 12:25:45.336006 11608 data_dirs.cc:400] Could only allocate 1 dirs of requested 3 for tablet 238e85a50b7f4177b8857bc893f388b2. 1 dirs total, 0 dirs full, 0 dirs failed
I20260630 12:25:45.337343 11763 tablet_service.cc:1511] Processing CreateTablet for tablet b201c25eabec478c841a58b6ad4a9aac (DEFAULT_TABLE table=test-workload [id=eb003f5aa8524e5ab5bd2418f7fb897c]), partition=RANGE (key) PARTITION 1342177275 <= VALUES < 1610612730
I20260630 12:25:45.339027 11819 tablet_bootstrap.cc:492] T b201c25eabec478c841a58b6ad4a9aac P 86197f2c02db4e4789ef17c601eef095: Bootstrap starting.
I20260630 12:25:45.346302 11688 tablet_service.cc:1511] Processing CreateTablet for tablet bdf5f193f76643f89af3222bd6999321 (DEFAULT_TABLE table=test-workload [id=eb003f5aa8524e5ab5bd2418f7fb897c]), partition=RANGE (key) PARTITION 268435455 <= VALUES < 536870910
I20260630 12:25:45.347048 11689 tablet_service.cc:1511] Processing CreateTablet for tablet aeca44b330dc4141ad70fa2cbee5818c (DEFAULT_TABLE table=test-workload [id=eb003f5aa8524e5ab5bd2418f7fb897c]), partition=RANGE (key) PARTITION VALUES < 268435455
I20260630 12:25:45.347716 11688 data_dirs.cc:400] Could only allocate 1 dirs of requested 3 for tablet bdf5f193f76643f89af3222bd6999321. 1 dirs total, 0 dirs full, 0 dirs failed
I20260630 12:25:45.348832 11689 data_dirs.cc:400] Could only allocate 1 dirs of requested 3 for tablet aeca44b330dc4141ad70fa2cbee5818c. 1 dirs total, 0 dirs full, 0 dirs failed
I20260630 12:25:45.351774 11686 tablet_service.cc:1511] Processing CreateTablet for tablet d6af4af810354d55bd692f61f2ba2669 (DEFAULT_TABLE table=test-workload [id=eb003f5aa8524e5ab5bd2418f7fb897c]), partition=RANGE (key) PARTITION 805306365 <= VALUES < 1073741820
I20260630 12:25:45.353176 11686 data_dirs.cc:400] Could only allocate 1 dirs of requested 3 for tablet d6af4af810354d55bd692f61f2ba2669. 1 dirs total, 0 dirs full, 0 dirs failed
I20260630 12:25:45.352850 11687 tablet_service.cc:1511] Processing CreateTablet for tablet b4e28848d895475f8839a5de13ffdec6 (DEFAULT_TABLE table=test-workload [id=eb003f5aa8524e5ab5bd2418f7fb897c]), partition=RANGE (key) PARTITION 536870910 <= VALUES < 805306365
I20260630 12:25:45.354691 11687 data_dirs.cc:400] Could only allocate 1 dirs of requested 3 for tablet b4e28848d895475f8839a5de13ffdec6. 1 dirs total, 0 dirs full, 0 dirs failed
I20260630 12:25:45.354568 11685 tablet_service.cc:1511] Processing CreateTablet for tablet 1bc6536262ab42a7a650e0b911c2c76f (DEFAULT_TABLE table=test-workload [id=eb003f5aa8524e5ab5bd2418f7fb897c]), partition=RANGE (key) PARTITION 1073741820 <= VALUES < 1342177275
I20260630 12:25:45.355917 11685 data_dirs.cc:400] Could only allocate 1 dirs of requested 3 for tablet 1bc6536262ab42a7a650e0b911c2c76f. 1 dirs total, 0 dirs full, 0 dirs failed
I20260630 12:25:45.358934 11684 tablet_service.cc:1511] Processing CreateTablet for tablet b201c25eabec478c841a58b6ad4a9aac (DEFAULT_TABLE table=test-workload [id=eb003f5aa8524e5ab5bd2418f7fb897c]), partition=RANGE (key) PARTITION 1342177275 <= VALUES < 1610612730
I20260630 12:25:45.360499 11684 data_dirs.cc:400] Could only allocate 1 dirs of requested 3 for tablet b201c25eabec478c841a58b6ad4a9aac. 1 dirs total, 0 dirs full, 0 dirs failed
I20260630 12:25:45.369232 11763 data_dirs.cc:400] Could only allocate 1 dirs of requested 3 for tablet b201c25eabec478c841a58b6ad4a9aac. 1 dirs total, 0 dirs full, 0 dirs failed
I20260630 12:25:45.390700 11818 tablet_bootstrap.cc:492] T b4e28848d895475f8839a5de13ffdec6 P 9d245f630f534ded83842dfe7052b5d8: Bootstrap starting.
I20260630 12:25:45.392653 11819 tablet_bootstrap.cc:654] T b201c25eabec478c841a58b6ad4a9aac P 86197f2c02db4e4789ef17c601eef095: Neither blocks nor log segments found. Creating new log.
I20260630 12:25:45.406005 11683 tablet_service.cc:1511] Processing CreateTablet for tablet 238e85a50b7f4177b8857bc893f388b2 (DEFAULT_TABLE table=test-workload [id=eb003f5aa8524e5ab5bd2418f7fb897c]), partition=RANGE (key) PARTITION 1610612730 <= VALUES < 1879048185
I20260630 12:25:45.407649 11683 data_dirs.cc:400] Could only allocate 1 dirs of requested 3 for tablet 238e85a50b7f4177b8857bc893f388b2. 1 dirs total, 0 dirs full, 0 dirs failed
I20260630 12:25:45.414863 11818 tablet_bootstrap.cc:654] T b4e28848d895475f8839a5de13ffdec6 P 9d245f630f534ded83842dfe7052b5d8: Neither blocks nor log segments found. Creating new log.
I20260630 12:25:45.418629 11760 tablet_service.cc:1511] Processing CreateTablet for tablet 238e85a50b7f4177b8857bc893f388b2 (DEFAULT_TABLE table=test-workload [id=eb003f5aa8524e5ab5bd2418f7fb897c]), partition=RANGE (key) PARTITION 1610612730 <= VALUES < 1879048185
I20260630 12:25:45.420161 11760 data_dirs.cc:400] Could only allocate 1 dirs of requested 3 for tablet 238e85a50b7f4177b8857bc893f388b2. 1 dirs total, 0 dirs full, 0 dirs failed
I20260630 12:25:45.423766 11611 tablet_service.cc:1511] Processing CreateTablet for tablet 016b6a9b8747486cb9434b8d0234ca1e (DEFAULT_TABLE table=test-workload [id=eb003f5aa8524e5ab5bd2418f7fb897c]), partition=RANGE (key) PARTITION 1879048185 <= VALUES
I20260630 12:25:45.426023 11611 data_dirs.cc:400] Could only allocate 1 dirs of requested 3 for tablet 016b6a9b8747486cb9434b8d0234ca1e. 1 dirs total, 0 dirs full, 0 dirs failed
I20260630 12:25:45.427399 11759 tablet_service.cc:1511] Processing CreateTablet for tablet 016b6a9b8747486cb9434b8d0234ca1e (DEFAULT_TABLE table=test-workload [id=eb003f5aa8524e5ab5bd2418f7fb897c]), partition=RANGE (key) PARTITION 1879048185 <= VALUES
I20260630 12:25:45.428723 11759 data_dirs.cc:400] Could only allocate 1 dirs of requested 3 for tablet 016b6a9b8747486cb9434b8d0234ca1e. 1 dirs total, 0 dirs full, 0 dirs failed
I20260630 12:25:45.433472 11821 tablet_bootstrap.cc:492] T b4e28848d895475f8839a5de13ffdec6 P bc19c3ce204d425382bae4b226dba428: Bootstrap starting.
I20260630 12:25:45.442291 11821 tablet_bootstrap.cc:654] T b4e28848d895475f8839a5de13ffdec6 P bc19c3ce204d425382bae4b226dba428: Neither blocks nor log segments found. Creating new log.
I20260630 12:25:45.442894 11819 tablet_bootstrap.cc:492] T b201c25eabec478c841a58b6ad4a9aac P 86197f2c02db4e4789ef17c601eef095: No bootstrap required, opened a new log
I20260630 12:25:45.443410 11819 ts_tablet_manager.cc:1403] T b201c25eabec478c841a58b6ad4a9aac P 86197f2c02db4e4789ef17c601eef095: Time spent bootstrapping tablet: real 0.105s	user 0.020s	sys 0.013s
I20260630 12:25:45.445749 11687 tablet_service.cc:1511] Processing CreateTablet for tablet 016b6a9b8747486cb9434b8d0234ca1e (DEFAULT_TABLE table=test-workload [id=eb003f5aa8524e5ab5bd2418f7fb897c]), partition=RANGE (key) PARTITION 1879048185 <= VALUES
I20260630 12:25:45.447111 11687 data_dirs.cc:400] Could only allocate 1 dirs of requested 3 for tablet 016b6a9b8747486cb9434b8d0234ca1e. 1 dirs total, 0 dirs full, 0 dirs failed
I20260630 12:25:45.446662 11819 raft_consensus.cc:359] T b201c25eabec478c841a58b6ad4a9aac P 86197f2c02db4e4789ef17c601eef095 [term 0 FOLLOWER]: Replica starting. Triggering 0 pending ops. Active config: opid_index: -1 OBSOLETE_local: false peers { permanent_uuid: "86197f2c02db4e4789ef17c601eef095" member_type: VOTER last_known_addr { host: "127.10.179.65" port: 39833 } } peers { permanent_uuid: "bc19c3ce204d425382bae4b226dba428" member_type: VOTER last_known_addr { host: "127.10.179.66" port: 33157 } } peers { permanent_uuid: "9d245f630f534ded83842dfe7052b5d8" member_type: VOTER last_known_addr { host: "127.10.179.67" port: 35233 } }
I20260630 12:25:45.447561 11819 raft_consensus.cc:385] T b201c25eabec478c841a58b6ad4a9aac P 86197f2c02db4e4789ef17c601eef095 [term 0 FOLLOWER]: Consensus starting up: Expiring failure detector timer to make a prompt election more likely
I20260630 12:25:45.447871 11819 raft_consensus.cc:740] T b201c25eabec478c841a58b6ad4a9aac P 86197f2c02db4e4789ef17c601eef095 [term 0 FOLLOWER]: Becoming Follower/Learner. State: Replica: 86197f2c02db4e4789ef17c601eef095, State: Initialized, Role: FOLLOWER
I20260630 12:25:45.448619 11819 consensus_queue.cc:260] T b201c25eabec478c841a58b6ad4a9aac P 86197f2c02db4e4789ef17c601eef095 [NON_LEADER]: Queue going to NON_LEADER mode. State: All replicated index: 0, Majority replicated index: 0, Committed index: 0, Last appended: 0.0, Last appended by leader: 0, Current term: 0, Majority size: -1, State: 0, Mode: NON_LEADER, active raft config: opid_index: -1 OBSOLETE_local: false peers { permanent_uuid: "86197f2c02db4e4789ef17c601eef095" member_type: VOTER last_known_addr { host: "127.10.179.65" port: 39833 } } peers { permanent_uuid: "bc19c3ce204d425382bae4b226dba428" member_type: VOTER last_known_addr { host: "127.10.179.66" port: 33157 } } peers { permanent_uuid: "9d245f630f534ded83842dfe7052b5d8" member_type: VOTER last_known_addr { host: "127.10.179.67" port: 35233 } }
I20260630 12:25:45.474673 11819 ts_tablet_manager.cc:1434] T b201c25eabec478c841a58b6ad4a9aac P 86197f2c02db4e4789ef17c601eef095: Time spent starting tablet: real 0.031s	user 0.013s	sys 0.017s
I20260630 12:25:45.475723 11819 tablet_bootstrap.cc:492] T b4e28848d895475f8839a5de13ffdec6 P 86197f2c02db4e4789ef17c601eef095: Bootstrap starting.
I20260630 12:25:45.481691 11819 tablet_bootstrap.cc:654] T b4e28848d895475f8839a5de13ffdec6 P 86197f2c02db4e4789ef17c601eef095: Neither blocks nor log segments found. Creating new log.
I20260630 12:25:45.490854 11818 tablet_bootstrap.cc:492] T b4e28848d895475f8839a5de13ffdec6 P 9d245f630f534ded83842dfe7052b5d8: No bootstrap required, opened a new log
I20260630 12:25:45.491503 11818 ts_tablet_manager.cc:1403] T b4e28848d895475f8839a5de13ffdec6 P 9d245f630f534ded83842dfe7052b5d8: Time spent bootstrapping tablet: real 0.101s	user 0.008s	sys 0.008s
I20260630 12:25:45.494714 11821 tablet_bootstrap.cc:492] T b4e28848d895475f8839a5de13ffdec6 P bc19c3ce204d425382bae4b226dba428: No bootstrap required, opened a new log
I20260630 12:25:45.495128 11821 ts_tablet_manager.cc:1403] T b4e28848d895475f8839a5de13ffdec6 P bc19c3ce204d425382bae4b226dba428: Time spent bootstrapping tablet: real 0.062s	user 0.010s	sys 0.004s
I20260630 12:25:45.495088 11818 raft_consensus.cc:359] T b4e28848d895475f8839a5de13ffdec6 P 9d245f630f534ded83842dfe7052b5d8 [term 0 FOLLOWER]: Replica starting. Triggering 0 pending ops. Active config: opid_index: -1 OBSOLETE_local: false peers { permanent_uuid: "86197f2c02db4e4789ef17c601eef095" member_type: VOTER last_known_addr { host: "127.10.179.65" port: 39833 } } peers { permanent_uuid: "bc19c3ce204d425382bae4b226dba428" member_type: VOTER last_known_addr { host: "127.10.179.66" port: 33157 } } peers { permanent_uuid: "9d245f630f534ded83842dfe7052b5d8" member_type: VOTER last_known_addr { host: "127.10.179.67" port: 35233 } }
I20260630 12:25:45.496266 11818 raft_consensus.cc:385] T b4e28848d895475f8839a5de13ffdec6 P 9d245f630f534ded83842dfe7052b5d8 [term 0 FOLLOWER]: Consensus starting up: Expiring failure detector timer to make a prompt election more likely
I20260630 12:25:45.496543 11818 raft_consensus.cc:740] T b4e28848d895475f8839a5de13ffdec6 P 9d245f630f534ded83842dfe7052b5d8 [term 0 FOLLOWER]: Becoming Follower/Learner. State: Replica: 9d245f630f534ded83842dfe7052b5d8, State: Initialized, Role: FOLLOWER
I20260630 12:25:45.497325 11818 consensus_queue.cc:260] T b4e28848d895475f8839a5de13ffdec6 P 9d245f630f534ded83842dfe7052b5d8 [NON_LEADER]: Queue going to NON_LEADER mode. State: All replicated index: 0, Majority replicated index: 0, Committed index: 0, Last appended: 0.0, Last appended by leader: 0, Current term: 0, Majority size: -1, State: 0, Mode: NON_LEADER, active raft config: opid_index: -1 OBSOLETE_local: false peers { permanent_uuid: "86197f2c02db4e4789ef17c601eef095" member_type: VOTER last_known_addr { host: "127.10.179.65" port: 39833 } } peers { permanent_uuid: "bc19c3ce204d425382bae4b226dba428" member_type: VOTER last_known_addr { host: "127.10.179.66" port: 33157 } } peers { permanent_uuid: "9d245f630f534ded83842dfe7052b5d8" member_type: VOTER last_known_addr { host: "127.10.179.67" port: 35233 } }
I20260630 12:25:45.497942 11821 raft_consensus.cc:359] T b4e28848d895475f8839a5de13ffdec6 P bc19c3ce204d425382bae4b226dba428 [term 0 FOLLOWER]: Replica starting. Triggering 0 pending ops. Active config: opid_index: -1 OBSOLETE_local: false peers { permanent_uuid: "86197f2c02db4e4789ef17c601eef095" member_type: VOTER last_known_addr { host: "127.10.179.65" port: 39833 } } peers { permanent_uuid: "bc19c3ce204d425382bae4b226dba428" member_type: VOTER last_known_addr { host: "127.10.179.66" port: 33157 } } peers { permanent_uuid: "9d245f630f534ded83842dfe7052b5d8" member_type: VOTER last_known_addr { host: "127.10.179.67" port: 35233 } }
I20260630 12:25:45.498255 11819 tablet_bootstrap.cc:492] T b4e28848d895475f8839a5de13ffdec6 P 86197f2c02db4e4789ef17c601eef095: No bootstrap required, opened a new log
I20260630 12:25:45.498569 11821 raft_consensus.cc:385] T b4e28848d895475f8839a5de13ffdec6 P bc19c3ce204d425382bae4b226dba428 [term 0 FOLLOWER]: Consensus starting up: Expiring failure detector timer to make a prompt election more likely
I20260630 12:25:45.498945 11819 ts_tablet_manager.cc:1403] T b4e28848d895475f8839a5de13ffdec6 P 86197f2c02db4e4789ef17c601eef095: Time spent bootstrapping tablet: real 0.023s	user 0.005s	sys 0.017s
I20260630 12:25:45.498895 11821 raft_consensus.cc:740] T b4e28848d895475f8839a5de13ffdec6 P bc19c3ce204d425382bae4b226dba428 [term 0 FOLLOWER]: Becoming Follower/Learner. State: Replica: bc19c3ce204d425382bae4b226dba428, State: Initialized, Role: FOLLOWER
I20260630 12:25:45.500417 11818 ts_tablet_manager.cc:1434] T b4e28848d895475f8839a5de13ffdec6 P 9d245f630f534ded83842dfe7052b5d8: Time spent starting tablet: real 0.009s	user 0.009s	sys 0.000s
I20260630 12:25:45.499984 11821 consensus_queue.cc:260] T b4e28848d895475f8839a5de13ffdec6 P bc19c3ce204d425382bae4b226dba428 [NON_LEADER]: Queue going to NON_LEADER mode. State: All replicated index: 0, Majority replicated index: 0, Committed index: 0, Last appended: 0.0, Last appended by leader: 0, Current term: 0, Majority size: -1, State: 0, Mode: NON_LEADER, active raft config: opid_index: -1 OBSOLETE_local: false peers { permanent_uuid: "86197f2c02db4e4789ef17c601eef095" member_type: VOTER last_known_addr { host: "127.10.179.65" port: 39833 } } peers { permanent_uuid: "bc19c3ce204d425382bae4b226dba428" member_type: VOTER last_known_addr { host: "127.10.179.66" port: 33157 } } peers { permanent_uuid: "9d245f630f534ded83842dfe7052b5d8" member_type: VOTER last_known_addr { host: "127.10.179.67" port: 35233 } }
I20260630 12:25:45.501395 11818 tablet_bootstrap.cc:492] T aeca44b330dc4141ad70fa2cbee5818c P 9d245f630f534ded83842dfe7052b5d8: Bootstrap starting.
