I20260630 12:25:38.813270 10957 fs_manager.cc:647] Opened local filesystem: /tmp/dist-test-taskwc0Iw5/test-tmp/auto_rebalancer-test.0.AutoRebalancerTest.OnlyLeaderDoesAutoRebalancing.1782822336386798-10957-0/minicluster-data/ts-1-root
uuid: "51ef23351a0e43dfa0bffab56c0d183e"
format_stamp: "Formatted at 2026-06-30 12:25:38 on dist-test-slave-69xz"
I20260630 12:25:38.813647 10957 fs_report.cc:389] FS layout report
--------------------
wal directory: /tmp/dist-test-taskwc0Iw5/test-tmp/auto_rebalancer-test.0.AutoRebalancerTest.OnlyLeaderDoesAutoRebalancing.1782822336386798-10957-0/minicluster-data/ts-1-root
metadata directory: /tmp/dist-test-taskwc0Iw5/test-tmp/auto_rebalancer-test.0.AutoRebalancerTest.OnlyLeaderDoesAutoRebalancing.1782822336386798-10957-0/minicluster-data/ts-1-root
1 data directories: /tmp/dist-test-taskwc0Iw5/test-tmp/auto_rebalancer-test.0.AutoRebalancerTest.OnlyLeaderDoesAutoRebalancing.1782822336386798-10957-0/minicluster-data/ts-1-root/data
Total live blocks: 0
Total live bytes: 0
Total live bytes (after alignment): 0
Total number of LBM containers: 0 (0 full)
Did not check for missing blocks
Did not check for orphaned blocks
Total full LBM containers with extra space: 0 (0 repaired)
Total full LBM container extra space in bytes: 0 (0 repaired)
Total incomplete LBM containers: 0 (0 repaired)
Total LBM partial records: 0 (0 repaired)
Total corrupted LBM metadata records in RocksDB: 0 (0 repaired)
I20260630 12:25:38.814635 11129 raft_consensus.cc:1275] T 00000000000000000000000000000000 P 4c4e054f82f44a388e54f075852691d7 [term 1 FOLLOWER]: Refusing update from remote peer 56e253854f1a46c492dcb976272255d1: Log matching property violated. Preceding OpId in replica: term: 0 index: 0. Preceding OpId from leader: term: 1 index: 2. (index mismatch)
I20260630 12:25:38.814643 10999 raft_consensus.cc:1275] T 00000000000000000000000000000000 P b8a6cc1968dc45f499b80763ec1b2d7a [term 1 FOLLOWER]: Refusing update from remote peer 56e253854f1a46c492dcb976272255d1: Log matching property violated. Preceding OpId in replica: term: 0 index: 0. Preceding OpId from leader: term: 1 index: 2. (index mismatch)
I20260630 12:25:38.816489 11276 consensus_queue.cc:1048] T 00000000000000000000000000000000 P 56e253854f1a46c492dcb976272255d1 [LEADER]: Connected to new peer: Peer: permanent_uuid: "b8a6cc1968dc45f499b80763ec1b2d7a" member_type: VOTER last_known_addr { host: "127.10.179.126" port: 39131 }, Status: LMP_MISMATCH, Last received: 0.0, Next index: 1, Last known committed idx: 0, Time since last communication: 0.000s
I20260630 12:25:38.817193 11160 consensus_queue.cc:1048] T 00000000000000000000000000000000 P 56e253854f1a46c492dcb976272255d1 [LEADER]: Connected to new peer: Peer: permanent_uuid: "4c4e054f82f44a388e54f075852691d7" member_type: VOTER last_known_addr { host: "127.10.179.124" port: 35409 }, Status: LMP_MISMATCH, Last received: 0.0, Next index: 1, Last known committed idx: 0, Time since last communication: 0.000s
I20260630 12:25:38.855368 11186 sys_catalog.cc:455] T 00000000000000000000000000000000 P b8a6cc1968dc45f499b80763ec1b2d7a [sys.catalog]: SysCatalogTable state changed. Reason: New leader 56e253854f1a46c492dcb976272255d1. Latest consensus state: current_term: 1 leader_uuid: "56e253854f1a46c492dcb976272255d1" committed_config { opid_index: -1 OBSOLETE_local: false peers { permanent_uuid: "b8a6cc1968dc45f499b80763ec1b2d7a" member_type: VOTER last_known_addr { host: "127.10.179.126" port: 39131 } } peers { permanent_uuid: "56e253854f1a46c492dcb976272255d1" member_type: VOTER last_known_addr { host: "127.10.179.125" port: 36739 } } peers { permanent_uuid: "4c4e054f82f44a388e54f075852691d7" member_type: VOTER last_known_addr { host: "127.10.179.124" port: 35409 } } }
I20260630 12:25:38.856184 11186 sys_catalog.cc:458] T 00000000000000000000000000000000 P b8a6cc1968dc45f499b80763ec1b2d7a [sys.catalog]: This master's current role is: FOLLOWER
I20260630 12:25:38.860313 10957 rpc_server.cc:225] running with OpenSSL 1.1.1  11 Sep 2018
I20260630 12:25:38.860800 11161 sys_catalog.cc:455] T 00000000000000000000000000000000 P 4c4e054f82f44a388e54f075852691d7 [sys.catalog]: SysCatalogTable state changed. Reason: New leader 56e253854f1a46c492dcb976272255d1. Latest consensus state: current_term: 1 leader_uuid: "56e253854f1a46c492dcb976272255d1" committed_config { opid_index: -1 OBSOLETE_local: false peers { permanent_uuid: "b8a6cc1968dc45f499b80763ec1b2d7a" member_type: VOTER last_known_addr { host: "127.10.179.126" port: 39131 } } peers { permanent_uuid: "56e253854f1a46c492dcb976272255d1" member_type: VOTER last_known_addr { host: "127.10.179.125" port: 36739 } } peers { permanent_uuid: "4c4e054f82f44a388e54f075852691d7" member_type: VOTER last_known_addr { host: "127.10.179.124" port: 35409 } } }
I20260630 12:25:38.861812 11161 sys_catalog.cc:458] T 00000000000000000000000000000000 P 4c4e054f82f44a388e54f075852691d7 [sys.catalog]: This master's current role is: FOLLOWER
I20260630 12:25:38.862314 10957 kserver.cc:163] Server-wide thread pool size limit: 3276
I20260630 12:25:38.870715 10957 txn_system_client.cc:432] TxnSystemClient initialization is disabled...
I20260630 12:25:38.875106 11292 mvcc.cc:204] Tried to move back new op lower bound from 7302440299759308800 to 7302440299626860544. Current Snapshot: MvccSnapshot[applied={T|T < 7302440299759308800}]
I20260630 12:25:38.876533 11186 sys_catalog.cc:455] T 00000000000000000000000000000000 P b8a6cc1968dc45f499b80763ec1b2d7a [sys.catalog]: SysCatalogTable state changed. Reason: Replicated consensus-only round. Latest consensus state: current_term: 1 leader_uuid: "56e253854f1a46c492dcb976272255d1" committed_config { opid_index: -1 OBSOLETE_local: false peers { permanent_uuid: "b8a6cc1968dc45f499b80763ec1b2d7a" member_type: VOTER last_known_addr { host: "127.10.179.126" port: 39131 } } peers { permanent_uuid: "56e253854f1a46c492dcb976272255d1" member_type: VOTER last_known_addr { host: "127.10.179.125" port: 36739 } } peers { permanent_uuid: "4c4e054f82f44a388e54f075852691d7" member_type: VOTER last_known_addr { host: "127.10.179.124" port: 35409 } } }
I20260630 12:25:38.877347 11186 sys_catalog.cc:458] T 00000000000000000000000000000000 P b8a6cc1968dc45f499b80763ec1b2d7a [sys.catalog]: This master's current role is: FOLLOWER
I20260630 12:25:38.882860 11161 sys_catalog.cc:455] T 00000000000000000000000000000000 P 4c4e054f82f44a388e54f075852691d7 [sys.catalog]: SysCatalogTable state changed. Reason: Replicated consensus-only round. Latest consensus state: current_term: 1 leader_uuid: "56e253854f1a46c492dcb976272255d1" committed_config { opid_index: -1 OBSOLETE_local: false peers { permanent_uuid: "b8a6cc1968dc45f499b80763ec1b2d7a" member_type: VOTER last_known_addr { host: "127.10.179.126" port: 39131 } } peers { permanent_uuid: "56e253854f1a46c492dcb976272255d1" member_type: VOTER last_known_addr { host: "127.10.179.125" port: 36739 } } peers { permanent_uuid: "4c4e054f82f44a388e54f075852691d7" member_type: VOTER last_known_addr { host: "127.10.179.124" port: 35409 } } }
I20260630 12:25:38.883625 11161 sys_catalog.cc:458] T 00000000000000000000000000000000 P 4c4e054f82f44a388e54f075852691d7 [sys.catalog]: This master's current role is: FOLLOWER
I20260630 12:25:38.887864 11276 sys_catalog.cc:455] T 00000000000000000000000000000000 P 56e253854f1a46c492dcb976272255d1 [sys.catalog]: SysCatalogTable state changed. Reason: Peer health change. Latest consensus state: current_term: 1 leader_uuid: "56e253854f1a46c492dcb976272255d1" committed_config { opid_index: -1 OBSOLETE_local: false peers { permanent_uuid: "b8a6cc1968dc45f499b80763ec1b2d7a" member_type: VOTER last_known_addr { host: "127.10.179.126" port: 39131 } } peers { permanent_uuid: "56e253854f1a46c492dcb976272255d1" member_type: VOTER last_known_addr { host: "127.10.179.125" port: 36739 } } peers { permanent_uuid: "4c4e054f82f44a388e54f075852691d7" member_type: VOTER last_known_addr { host: "127.10.179.124" port: 35409 } } }
I20260630 12:25:38.888772 11276 sys_catalog.cc:458] T 00000000000000000000000000000000 P 56e253854f1a46c492dcb976272255d1 [sys.catalog]: This master's current role is: LEADER
I20260630 12:25:38.889600 11276 sys_catalog.cc:455] T 00000000000000000000000000000000 P 56e253854f1a46c492dcb976272255d1 [sys.catalog]: SysCatalogTable state changed. Reason: Peer health change. Latest consensus state: current_term: 1 leader_uuid: "56e253854f1a46c492dcb976272255d1" committed_config { opid_index: -1 OBSOLETE_local: false peers { permanent_uuid: "b8a6cc1968dc45f499b80763ec1b2d7a" member_type: VOTER last_known_addr { host: "127.10.179.126" port: 39131 } } peers { permanent_uuid: "56e253854f1a46c492dcb976272255d1" member_type: VOTER last_known_addr { host: "127.10.179.125" port: 36739 } } peers { permanent_uuid: "4c4e054f82f44a388e54f075852691d7" member_type: VOTER last_known_addr { host: "127.10.179.124" port: 35409 } } }
I20260630 12:25:38.890475 11276 sys_catalog.cc:458] T 00000000000000000000000000000000 P 56e253854f1a46c492dcb976272255d1 [sys.catalog]: This master's current role is: LEADER
I20260630 12:25:38.892993 11283 catalog_manager.cc:1383] Generated new cluster ID: a11a25c990a243498d3a45e2e16cd962
I20260630 12:25:38.893378 11283 catalog_manager.cc:1531] Initializing Kudu internal certificate authority...
I20260630 12:25:38.894323 10957 ts_tablet_manager.cc:585] Loaded tablet metadata (0 total tablets, 0 live tablets)
I20260630 12:25:38.894631 10957 ts_tablet_manager.cc:531] Time spent load tablet metadata: real 0.000s	user 0.000s	sys 0.000s
I20260630 12:25:38.894948 10957 ts_tablet_manager.cc:616] Registered 0 tablets
I20260630 12:25:38.895176 10957 ts_tablet_manager.cc:595] Time spent register tablets: real 0.000s	user 0.000s	sys 0.000s
I20260630 12:25:38.929067 11283 catalog_manager.cc:1406] Generated new certificate authority record
I20260630 12:25:38.931418 11283 catalog_manager.cc:1540] Loading token signing keys...
I20260630 12:25:38.966516 11283 catalog_manager.cc:6070] T 00000000000000000000000000000000 P 56e253854f1a46c492dcb976272255d1: Generated new TSK 0
I20260630 12:25:38.968148 11283 catalog_manager.cc:1550] Initializing in-progress tserver states...
I20260630 12:25:39.047346 10957 rpc_server.cc:307] RPC server started. Bound to: 127.10.179.66:38563
I20260630 12:25:39.047426 11358 acceptor_pool.cc:272] collecting diagnostics on the listening RPC socket 127.10.179.66:38563 every 8 connection(s)
I20260630 12:25:39.075415 11359 heartbeater.cc:344] Connected to a master server at 127.10.179.124:35409
I20260630 12:25:39.075951 11359 heartbeater.cc:461] Registering TS with master...
I20260630 12:25:39.078016 11359 heartbeater.cc:507] Master 127.10.179.124:35409 requested a full tablet report, sending...
I20260630 12:25:39.081866 11119 ts_manager.cc:194] Registered new tserver with Master: 51ef23351a0e43dfa0bffab56c0d183e (127.10.179.66:38563)
I20260630 12:25:39.088009 10957 file_cache.cc:492] Constructed file cache file cache with capacity 419430
I20260630 12:25:39.090684 11360 heartbeater.cc:344] Connected to a master server at 127.10.179.125:36739
I20260630 12:25:39.091127 11360 heartbeater.cc:461] Registering TS with master...
I20260630 12:25:39.092139 11360 heartbeater.cc:507] Master 127.10.179.125:36739 requested a full tablet report, sending...
I20260630 12:25:39.093293 11362 heartbeater.cc:344] Connected to a master server at 127.10.179.126:39131
I20260630 12:25:39.093726 11362 heartbeater.cc:461] Registering TS with master...
I20260630 12:25:39.094638 11362 heartbeater.cc:507] Master 127.10.179.126:39131 requested a full tablet report, sending...
I20260630 12:25:39.094693 11054 ts_manager.cc:194] Registered new tserver with Master: 51ef23351a0e43dfa0bffab56c0d183e (127.10.179.66:38563)
I20260630 12:25:39.097963 11054 master_service.cc:502] Signed X509 certificate for tserver {username='slave'} at 127.0.0.1:48106
I20260630 12:25:39.098394 10989 ts_manager.cc:194] Registered new tserver with Master: 51ef23351a0e43dfa0bffab56c0d183e (127.10.179.66:38563)
W20260630 12:25:39.104019 11365 instance_detector.cc:116] could not retrieve AWS instance metadata: Network error: curl error: HTTP response code said error: The requested URL returned error: 404
W20260630 12:25:39.106859 11366 instance_detector.cc:116] could not retrieve Azure instance metadata: Network error: curl error: HTTP response code said error: The requested URL returned error: 404
I20260630 12:25:39.111112 10957 server_base.cc:1061] running on GCE node
W20260630 12:25:39.111696 11368 instance_detector.cc:116] could not retrieve OpenStack instance metadata: Network error: curl error: HTTP response code said error: The requested URL returned error: 404
I20260630 12:25:39.112644 10957 hybrid_clock.cc:584] initializing the hybrid clock with 'system_unsync' time source
W20260630 12:25:39.112888 10957 system_unsync_time.cc:38] NTP support is disabled. Clock error bounds will not be accurate. This configuration is not suitable for distributed clusters.
I20260630 12:25:39.113096 10957 hybrid_clock.cc:648] HybridClock initialized: now 1782822339113075 us; error 0 us; skew 500 ppm
I20260630 12:25:39.113755 10957 server_base.cc:861] Flag tcmalloc_max_total_thread_cache_bytes is not working since tcmalloc is not enabled.
I20260630 12:25:39.116407 10957 webserver.cc:533] Webserver started at http://127.10.179.67:46719/ using document root <none> and password file <none>
I20260630 12:25:39.117053 10957 fs_manager.cc:362] Metadata directory not provided
I20260630 12:25:39.117264 10957 fs_manager.cc:368] Using write-ahead log directory (fs_wal_dir) as metadata directory
I20260630 12:25:39.117594 10957 server_base.cc:909] This appears to be a new deployment of Kudu; creating new FS layout
I20260630 12:25:39.118736 10957 fs_manager.cc:1068] Generated new instance metadata in path /tmp/dist-test-taskwc0Iw5/test-tmp/auto_rebalancer-test.0.AutoRebalancerTest.OnlyLeaderDoesAutoRebalancing.1782822336386798-10957-0/minicluster-data/ts-2-root/instance:
uuid: "8c62e8da62ae4aeb938c757ef6962b61"
format_stamp: "Formatted at 2026-06-30 12:25:39 on dist-test-slave-69xz"
I20260630 12:25:39.123665 10957 fs_manager.cc:696] Time spent creating directory manager: real 0.004s	user 0.005s	sys 0.000s
I20260630 12:25:39.127552 11373 log_block_manager.cc:4031] Time spent loading block containers with low live blocks: real 0.000s	user 0.000s	sys 0.000s
I20260630 12:25:39.128448 10957 fs_manager.cc:730] Time spent opening block manager: real 0.003s	user 0.001s	sys 0.000s
I20260630 12:25:39.128748 10957 fs_manager.cc:647] Opened local filesystem: /tmp/dist-test-taskwc0Iw5/test-tmp/auto_rebalancer-test.0.AutoRebalancerTest.OnlyLeaderDoesAutoRebalancing.1782822336386798-10957-0/minicluster-data/ts-2-root
uuid: "8c62e8da62ae4aeb938c757ef6962b61"
format_stamp: "Formatted at 2026-06-30 12:25:39 on dist-test-slave-69xz"
I20260630 12:25:39.129037 10957 fs_report.cc:389] FS layout report
--------------------
wal directory: /tmp/dist-test-taskwc0Iw5/test-tmp/auto_rebalancer-test.0.AutoRebalancerTest.OnlyLeaderDoesAutoRebalancing.1782822336386798-10957-0/minicluster-data/ts-2-root
metadata directory: /tmp/dist-test-taskwc0Iw5/test-tmp/auto_rebalancer-test.0.AutoRebalancerTest.OnlyLeaderDoesAutoRebalancing.1782822336386798-10957-0/minicluster-data/ts-2-root
1 data directories: /tmp/dist-test-taskwc0Iw5/test-tmp/auto_rebalancer-test.0.AutoRebalancerTest.OnlyLeaderDoesAutoRebalancing.1782822336386798-10957-0/minicluster-data/ts-2-root/data
Total live blocks: 0
Total live bytes: 0
Total live bytes (after alignment): 0
Total number of LBM containers: 0 (0 full)
Did not check for missing blocks
Did not check for orphaned blocks
Total full LBM containers with extra space: 0 (0 repaired)
Total full LBM container extra space in bytes: 0 (0 repaired)
Total incomplete LBM containers: 0 (0 repaired)
Total LBM partial records: 0 (0 repaired)
Total corrupted LBM metadata records in RocksDB: 0 (0 repaired)
I20260630 12:25:39.167927 10957 rpc_server.cc:225] running with OpenSSL 1.1.1  11 Sep 2018
I20260630 12:25:39.169399 10957 kserver.cc:163] Server-wide thread pool size limit: 3276
I20260630 12:25:39.172330 10957 txn_system_client.cc:432] TxnSystemClient initialization is disabled...
I20260630 12:25:39.175619 10957 ts_tablet_manager.cc:585] Loaded tablet metadata (0 total tablets, 0 live tablets)
I20260630 12:25:39.175805 10957 ts_tablet_manager.cc:531] Time spent load tablet metadata: real 0.000s	user 0.000s	sys 0.000s
I20260630 12:25:39.176086 10957 ts_tablet_manager.cc:616] Registered 0 tablets
I20260630 12:25:39.176251 10957 ts_tablet_manager.cc:595] Time spent register tablets: real 0.000s	user 0.000s	sys 0.000s
I20260630 12:25:39.289650 10957 rpc_server.cc:307] RPC server started. Bound to: 127.10.179.67:34129
I20260630 12:25:39.289929 11435 acceptor_pool.cc:272] collecting diagnostics on the listening RPC socket 127.10.179.67:34129 every 8 connection(s)
I20260630 12:25:39.328694 11437 heartbeater.cc:344] Connected to a master server at 127.10.179.125:36739
I20260630 12:25:39.329213 11437 heartbeater.cc:461] Registering TS with master...
I20260630 12:25:39.330374 11437 heartbeater.cc:507] Master 127.10.179.125:36739 requested a full tablet report, sending...
I20260630 12:25:39.332122 11436 heartbeater.cc:344] Connected to a master server at 127.10.179.124:35409
I20260630 12:25:39.332548 11436 heartbeater.cc:461] Registering TS with master...
I20260630 12:25:39.333524 11054 ts_manager.cc:194] Registered new tserver with Master: 8c62e8da62ae4aeb938c757ef6962b61 (127.10.179.67:34129)
I20260630 12:25:39.333657 11436 heartbeater.cc:507] Master 127.10.179.124:35409 requested a full tablet report, sending...
I20260630 12:25:39.335917 11054 master_service.cc:502] Signed X509 certificate for tserver {username='slave'} at 127.0.0.1:48118
I20260630 12:25:39.336524 11438 heartbeater.cc:344] Connected to a master server at 127.10.179.126:39131
I20260630 12:25:39.336738 11119 ts_manager.cc:194] Registered new tserver with Master: 8c62e8da62ae4aeb938c757ef6962b61 (127.10.179.67:34129)
I20260630 12:25:39.336936 11438 heartbeater.cc:461] Registering TS with master...
I20260630 12:25:39.338032 11438 heartbeater.cc:507] Master 127.10.179.126:39131 requested a full tablet report, sending...
I20260630 12:25:39.340749 10989 ts_manager.cc:194] Registered new tserver with Master: 8c62e8da62ae4aeb938c757ef6962b61 (127.10.179.67:34129)
I20260630 12:25:39.341261 10957 internal_mini_cluster.cc:371] 3 TS(s) registered with all masters after 0.012763134s
I20260630 12:25:39.465862 11183 catalog_manager.cc:1295] Loaded cluster ID: a11a25c990a243498d3a45e2e16cd962
I20260630 12:25:39.466240 11183 catalog_manager.cc:1588] T 00000000000000000000000000000000 P 4c4e054f82f44a388e54f075852691d7: loading cluster ID for follower catalog manager: success
I20260630 12:25:39.474035 11183 catalog_manager.cc:1610] T 00000000000000000000000000000000 P 4c4e054f82f44a388e54f075852691d7: acquiring CA information for follower catalog manager: success
I20260630 12:25:39.479918 11183 catalog_manager.cc:1638] T 00000000000000000000000000000000 P 4c4e054f82f44a388e54f075852691d7: importing token verification keys for follower catalog manager: success; most recent TSK sequence number 0
I20260630 12:25:39.514164 11197 catalog_manager.cc:1295] Loaded cluster ID: a11a25c990a243498d3a45e2e16cd962
I20260630 12:25:39.514503 11197 catalog_manager.cc:1588] T 00000000000000000000000000000000 P b8a6cc1968dc45f499b80763ec1b2d7a: loading cluster ID for follower catalog manager: success
I20260630 12:25:39.519887 11197 catalog_manager.cc:1610] T 00000000000000000000000000000000 P b8a6cc1968dc45f499b80763ec1b2d7a: acquiring CA information for follower catalog manager: success
I20260630 12:25:39.523928 11197 catalog_manager.cc:1638] T 00000000000000000000000000000000 P b8a6cc1968dc45f499b80763ec1b2d7a: importing token verification keys for follower catalog manager: success; most recent TSK sequence number 0
I20260630 12:25:39.741281 11054 master_service.cc:502] Signed X509 certificate for tserver {username='slave'} at 127.0.0.1:48104
I20260630 12:25:40.101819 11360 heartbeater.cc:499] Master 127.10.179.125:36739 was elected leader, sending a full tablet report...
I20260630 12:25:40.339231 11437 heartbeater.cc:499] Master 127.10.179.125:36739 was elected leader, sending a full tablet report...
I20260630 12:25:40.439566 11178 auto_leader_rebalancer.cc:515] All tables' leader rebalancing finished this round
I20260630 12:25:40.593145 11054 catalog_manager.cc:2283] Servicing CreateTable request from {username='slave'} at 127.0.0.1:48126:
name: "test-workload"
schema {
  columns {
    name: "key"
    type: INT32
    is_key: true
    is_nullable: false
    encoding: AUTO_ENCODING
    compression: DEFAULT_COMPRESSION
    cfile_block_size: 0
    immutable: false
  }
  columns {
    name: "int_val"
    type: INT32
    is_key: false
    is_nullable: false
    encoding: AUTO_ENCODING
    compression: DEFAULT_COMPRESSION
    cfile_block_size: 0
    immutable: false
  }
  columns {
    name: "string_val"
    type: STRING
    is_key: false
    is_nullable: true
    encoding: AUTO_ENCODING
    compression: DEFAULT_COMPRESSION
    cfile_block_size: 0
    immutable: false
  }
}
num_replicas: 1
split_rows_range_bounds {
  rows: "\004\001\000\377\377\377\037\004\001\000\376\377\377?\004\001\000\375\377\377_""\004\001\000\377\377\377\037\004\001\000\376\377\377?\004\001\000\375\377\377_"
  indirect_data: """"
}
partition_schema {
  range_schema {
    columns {
      name: "key"
    }
  }
}
I20260630 12:25:40.718449 11401 tablet_service.cc:1511] Processing CreateTablet for tablet 5050af9c7a41437690213baeaad8afc1 (DEFAULT_TABLE table=test-workload [id=15f2d01af226425fb4281f42e0c93554]), partition=RANGE (key) PARTITION VALUES < 536870911
I20260630 12:25:40.718449 11234 tablet_service.cc:1511] Processing CreateTablet for tablet 92f15e06f66b499d9e4f8d563880d5da (DEFAULT_TABLE table=test-workload [id=15f2d01af226425fb4281f42e0c93554]), partition=RANGE (key) PARTITION 1073741822 <= VALUES < 1610612733
I20260630 12:25:40.720541 11401 data_dirs.cc:400] Could only allocate 1 dirs of requested 3 for tablet 5050af9c7a41437690213baeaad8afc1. 1 dirs total, 0 dirs full, 0 dirs failed
I20260630 12:25:40.718525 11233 tablet_service.cc:1511] Processing CreateTablet for tablet d9db906df41a40b9b8e357d469133531 (DEFAULT_TABLE table=test-workload [id=15f2d01af226425fb4281f42e0c93554]), partition=RANGE (key) PARTITION 1610612733 <= VALUES
I20260630 12:25:40.720541 11234 data_dirs.cc:400] Could only allocate 1 dirs of requested 3 for tablet 92f15e06f66b499d9e4f8d563880d5da. 1 dirs total, 0 dirs full, 0 dirs failed
I20260630 12:25:40.722558 11233 data_dirs.cc:400] Could only allocate 1 dirs of requested 3 for tablet d9db906df41a40b9b8e357d469133531. 1 dirs total, 0 dirs full, 0 dirs failed
I20260630 12:25:40.731655 11324 tablet_service.cc:1511] Processing CreateTablet for tablet ad57e46f26e146d1b4cb6e5ba4f3fc85 (DEFAULT_TABLE table=test-workload [id=15f2d01af226425fb4281f42e0c93554]), partition=RANGE (key) PARTITION 536870911 <= VALUES < 1073741822
I20260630 12:25:40.733234 11324 data_dirs.cc:400] Could only allocate 1 dirs of requested 3 for tablet ad57e46f26e146d1b4cb6e5ba4f3fc85. 1 dirs total, 0 dirs full, 0 dirs failed
I20260630 12:25:40.744112 11270 heartbeater.cc:499] Master 127.10.179.125:36739 was elected leader, sending a full tablet report...
I20260630 12:25:40.747117 11473 tablet_bootstrap.cc:492] T d9db906df41a40b9b8e357d469133531 P 556eb270227548a1a3e53a3969ab9079: Bootstrap starting.
I20260630 12:25:40.754527 11472 tablet_bootstrap.cc:492] T 5050af9c7a41437690213baeaad8afc1 P 8c62e8da62ae4aeb938c757ef6962b61: Bootstrap starting.
I20260630 12:25:40.757377 11474 tablet_bootstrap.cc:492] T ad57e46f26e146d1b4cb6e5ba4f3fc85 P 51ef23351a0e43dfa0bffab56c0d183e: Bootstrap starting.
I20260630 12:25:40.762482 11473 tablet_bootstrap.cc:654] T d9db906df41a40b9b8e357d469133531 P 556eb270227548a1a3e53a3969ab9079: Neither blocks nor log segments found. Creating new log.
I20260630 12:25:40.766739 11472 tablet_bootstrap.cc:654] T 5050af9c7a41437690213baeaad8afc1 P 8c62e8da62ae4aeb938c757ef6962b61: Neither blocks nor log segments found. Creating new log.
I20260630 12:25:40.768285 11474 tablet_bootstrap.cc:654] T ad57e46f26e146d1b4cb6e5ba4f3fc85 P 51ef23351a0e43dfa0bffab56c0d183e: Neither blocks nor log segments found. Creating new log.
I20260630 12:25:40.777066 11473 tablet_bootstrap.cc:492] T d9db906df41a40b9b8e357d469133531 P 556eb270227548a1a3e53a3969ab9079: No bootstrap required, opened a new log
I20260630 12:25:40.777592 11473 ts_tablet_manager.cc:1403] T d9db906df41a40b9b8e357d469133531 P 556eb270227548a1a3e53a3969ab9079: Time spent bootstrapping tablet: real 0.031s	user 0.009s	sys 0.010s
I20260630 12:25:40.778290 11472 tablet_bootstrap.cc:492] T 5050af9c7a41437690213baeaad8afc1 P 8c62e8da62ae4aeb938c757ef6962b61: No bootstrap required, opened a new log
I20260630 12:25:40.779000 11472 ts_tablet_manager.cc:1403] T 5050af9c7a41437690213baeaad8afc1 P 8c62e8da62ae4aeb938c757ef6962b61: Time spent bootstrapping tablet: real 0.025s	user 0.021s	sys 0.000s
I20260630 12:25:40.780627 11473 raft_consensus.cc:359] T d9db906df41a40b9b8e357d469133531 P 556eb270227548a1a3e53a3969ab9079 [term 0 FOLLOWER]: Replica starting. Triggering 0 pending ops. Active config: opid_index: -1 OBSOLETE_local: true peers { permanent_uuid: "556eb270227548a1a3e53a3969ab9079" member_type: VOTER last_known_addr { host: "127.10.179.65" port: 41551 } }
I20260630 12:25:40.781195 11473 raft_consensus.cc:385] T d9db906df41a40b9b8e357d469133531 P 556eb270227548a1a3e53a3969ab9079 [term 0 FOLLOWER]: Consensus starting up: Expiring failure detector timer to make a prompt election more likely
I20260630 12:25:40.781482 11473 raft_consensus.cc:740] T d9db906df41a40b9b8e357d469133531 P 556eb270227548a1a3e53a3969ab9079 [term 0 FOLLOWER]: Becoming Follower/Learner. State: Replica: 556eb270227548a1a3e53a3969ab9079, State: Initialized, Role: FOLLOWER
I20260630 12:25:40.782284 11473 consensus_queue.cc:260] T d9db906df41a40b9b8e357d469133531 P 556eb270227548a1a3e53a3969ab9079 [NON_LEADER]: Queue going to NON_LEADER mode. State: All replicated index: 0, Majority replicated index: 0, Committed index: 0, Last appended: 0.0, Last appended by leader: 0, Current term: 0, Majority size: -1, State: 0, Mode: NON_LEADER, active raft config: opid_index: -1 OBSOLETE_local: true peers { permanent_uuid: "556eb270227548a1a3e53a3969ab9079" member_type: VOTER last_known_addr { host: "127.10.179.65" port: 41551 } }
I20260630 12:25:40.783046 11473 raft_consensus.cc:399] T d9db906df41a40b9b8e357d469133531 P 556eb270227548a1a3e53a3969ab9079 [term 0 FOLLOWER]: Only one voter in the Raft config. Triggering election immediately
I20260630 12:25:40.782843 11472 raft_consensus.cc:359] T 5050af9c7a41437690213baeaad8afc1 P 8c62e8da62ae4aeb938c757ef6962b61 [term 0 FOLLOWER]: Replica starting. Triggering 0 pending ops. Active config: opid_index: -1 OBSOLETE_local: true peers { permanent_uuid: "8c62e8da62ae4aeb938c757ef6962b61" member_type: VOTER last_known_addr { host: "127.10.179.67" port: 34129 } }
I20260630 12:25:40.783404 11473 raft_consensus.cc:493] T d9db906df41a40b9b8e357d469133531 P 556eb270227548a1a3e53a3969ab9079 [term 0 FOLLOWER]: Starting leader election (initial election of a single-replica configuration)
I20260630 12:25:40.783542 11472 raft_consensus.cc:385] T 5050af9c7a41437690213baeaad8afc1 P 8c62e8da62ae4aeb938c757ef6962b61 [term 0 FOLLOWER]: Consensus starting up: Expiring failure detector timer to make a prompt election more likely
I20260630 12:25:40.783777 11473 raft_consensus.cc:3060] T d9db906df41a40b9b8e357d469133531 P 556eb270227548a1a3e53a3969ab9079 [term 0 FOLLOWER]: Advancing to term 1
I20260630 12:25:40.783927 11472 raft_consensus.cc:740] T 5050af9c7a41437690213baeaad8afc1 P 8c62e8da62ae4aeb938c757ef6962b61 [term 0 FOLLOWER]: Becoming Follower/Learner. State: Replica: 8c62e8da62ae4aeb938c757ef6962b61, State: Initialized, Role: FOLLOWER
I20260630 12:25:40.784549 11474 tablet_bootstrap.cc:492] T ad57e46f26e146d1b4cb6e5ba4f3fc85 P 51ef23351a0e43dfa0bffab56c0d183e: No bootstrap required, opened a new log
I20260630 12:25:40.785039 11474 ts_tablet_manager.cc:1403] T ad57e46f26e146d1b4cb6e5ba4f3fc85 P 51ef23351a0e43dfa0bffab56c0d183e: Time spent bootstrapping tablet: real 0.032s	user 0.008s	sys 0.011s
I20260630 12:25:40.784789 11472 consensus_queue.cc:260] T 5050af9c7a41437690213baeaad8afc1 P 8c62e8da62ae4aeb938c757ef6962b61 [NON_LEADER]: Queue going to NON_LEADER mode. State: All replicated index: 0, Majority replicated index: 0, Committed index: 0, Last appended: 0.0, Last appended by leader: 0, Current term: 0, Majority size: -1, State: 0, Mode: NON_LEADER, active raft config: opid_index: -1 OBSOLETE_local: true peers { permanent_uuid: "8c62e8da62ae4aeb938c757ef6962b61" member_type: VOTER last_known_addr { host: "127.10.179.67" port: 34129 } }
I20260630 12:25:40.785496 11472 raft_consensus.cc:399] T 5050af9c7a41437690213baeaad8afc1 P 8c62e8da62ae4aeb938c757ef6962b61 [term 0 FOLLOWER]: Only one voter in the Raft config. Triggering election immediately
I20260630 12:25:40.785895 11472 raft_consensus.cc:493] T 5050af9c7a41437690213baeaad8afc1 P 8c62e8da62ae4aeb938c757ef6962b61 [term 0 FOLLOWER]: Starting leader election (initial election of a single-replica configuration)
I20260630 12:25:40.786252 11472 raft_consensus.cc:3060] T 5050af9c7a41437690213baeaad8afc1 P 8c62e8da62ae4aeb938c757ef6962b61 [term 0 FOLLOWER]: Advancing to term 1
I20260630 12:25:40.788136 11474 raft_consensus.cc:359] T ad57e46f26e146d1b4cb6e5ba4f3fc85 P 51ef23351a0e43dfa0bffab56c0d183e [term 0 FOLLOWER]: Replica starting. Triggering 0 pending ops. Active config: opid_index: -1 OBSOLETE_local: true peers { permanent_uuid: "51ef23351a0e43dfa0bffab56c0d183e" member_type: VOTER last_known_addr { host: "127.10.179.66" port: 38563 } }
I20260630 12:25:40.788717 11474 raft_consensus.cc:385] T ad57e46f26e146d1b4cb6e5ba4f3fc85 P 51ef23351a0e43dfa0bffab56c0d183e [term 0 FOLLOWER]: Consensus starting up: Expiring failure detector timer to make a prompt election more likely
I20260630 12:25:40.789052 11474 raft_consensus.cc:740] T ad57e46f26e146d1b4cb6e5ba4f3fc85 P 51ef23351a0e43dfa0bffab56c0d183e [term 0 FOLLOWER]: Becoming Follower/Learner. State: Replica: 51ef23351a0e43dfa0bffab56c0d183e, State: Initialized, Role: FOLLOWER
I20260630 12:25:40.789400 11473 raft_consensus.cc:515] T d9db906df41a40b9b8e357d469133531 P 556eb270227548a1a3e53a3969ab9079 [term 1 FOLLOWER]: Starting leader election with config: opid_index: -1 OBSOLETE_local: true peers { permanent_uuid: "556eb270227548a1a3e53a3969ab9079" member_type: VOTER last_known_addr { host: "127.10.179.65" port: 41551 } }
I20260630 12:25:40.789808 11474 consensus_queue.cc:260] T ad57e46f26e146d1b4cb6e5ba4f3fc85 P 51ef23351a0e43dfa0bffab56c0d183e [NON_LEADER]: Queue going to NON_LEADER mode. State: All replicated index: 0, Majority replicated index: 0, Committed index: 0, Last appended: 0.0, Last appended by leader: 0, Current term: 0, Majority size: -1, State: 0, Mode: NON_LEADER, active raft config: opid_index: -1 OBSOLETE_local: true peers { permanent_uuid: "51ef23351a0e43dfa0bffab56c0d183e" member_type: VOTER last_known_addr { host: "127.10.179.66" port: 38563 } }
I20260630 12:25:40.790123 11473 leader_election.cc:304] T d9db906df41a40b9b8e357d469133531 P 556eb270227548a1a3e53a3969ab9079 [CANDIDATE]: Term 1 election: Election decided. Result: candidate won. Election summary: received 1 responses out of 1 voters: 1 yes votes; 0 no votes. yes voters: 556eb270227548a1a3e53a3969ab9079; no voters: 
I20260630 12:25:40.790568 11474 raft_consensus.cc:399] T ad57e46f26e146d1b4cb6e5ba4f3fc85 P 51ef23351a0e43dfa0bffab56c0d183e [term 0 FOLLOWER]: Only one voter in the Raft config. Triggering election immediately
I20260630 12:25:40.790946 11474 raft_consensus.cc:493] T ad57e46f26e146d1b4cb6e5ba4f3fc85 P 51ef23351a0e43dfa0bffab56c0d183e [term 0 FOLLOWER]: Starting leader election (initial election of a single-replica configuration)
I20260630 12:25:40.791301 11474 raft_consensus.cc:3060] T ad57e46f26e146d1b4cb6e5ba4f3fc85 P 51ef23351a0e43dfa0bffab56c0d183e [term 0 FOLLOWER]: Advancing to term 1
I20260630 12:25:40.793583 11472 raft_consensus.cc:515] T 5050af9c7a41437690213baeaad8afc1 P 8c62e8da62ae4aeb938c757ef6962b61 [term 1 FOLLOWER]: Starting leader election with config: opid_index: -1 OBSOLETE_local: true peers { permanent_uuid: "8c62e8da62ae4aeb938c757ef6962b61" member_type: VOTER last_known_addr { host: "127.10.179.67" port: 34129 } }
I20260630 12:25:40.794385 11472 leader_election.cc:304] T 5050af9c7a41437690213baeaad8afc1 P 8c62e8da62ae4aeb938c757ef6962b61 [CANDIDATE]: Term 1 election: Election decided. Result: candidate won. Election summary: received 1 responses out of 1 voters: 1 yes votes; 0 no votes. yes voters: 8c62e8da62ae4aeb938c757ef6962b61; no voters: 
I20260630 12:25:40.800058 11474 raft_consensus.cc:515] T ad57e46f26e146d1b4cb6e5ba4f3fc85 P 51ef23351a0e43dfa0bffab56c0d183e [term 1 FOLLOWER]: Starting leader election with config: opid_index: -1 OBSOLETE_local: true peers { permanent_uuid: "51ef23351a0e43dfa0bffab56c0d183e" member_type: VOTER last_known_addr { host: "127.10.179.66" port: 38563 } }
I20260630 12:25:40.801084 11474 leader_election.cc:304] T ad57e46f26e146d1b4cb6e5ba4f3fc85 P 51ef23351a0e43dfa0bffab56c0d183e [CANDIDATE]: Term 1 election: Election decided. Result: candidate won. Election summary: received 1 responses out of 1 voters: 1 yes votes; 0 no votes. yes voters: 51ef23351a0e43dfa0bffab56c0d183e; no voters: 
I20260630 12:25:40.802970 11473 leader_election.cc:290] T d9db906df41a40b9b8e357d469133531 P 556eb270227548a1a3e53a3969ab9079 [CANDIDATE]: Term 1 election: Requested vote from peers 
I20260630 12:25:40.802314 11472 leader_election.cc:290] T 5050af9c7a41437690213baeaad8afc1 P 8c62e8da62ae4aeb938c757ef6962b61 [CANDIDATE]: Term 1 election: Requested vote from peers 
I20260630 12:25:40.803368 11479 raft_consensus.cc:2804] T 5050af9c7a41437690213baeaad8afc1 P 8c62e8da62ae4aeb938c757ef6962b61 [term 1 FOLLOWER]: Leader election won for term 1
I20260630 12:25:40.805579 11478 raft_consensus.cc:2804] T d9db906df41a40b9b8e357d469133531 P 556eb270227548a1a3e53a3969ab9079 [term 1 FOLLOWER]: Leader election won for term 1
I20260630 12:25:40.808806 11474 leader_election.cc:290] T ad57e46f26e146d1b4cb6e5ba4f3fc85 P 51ef23351a0e43dfa0bffab56c0d183e [CANDIDATE]: Term 1 election: Requested vote from peers 
I20260630 12:25:40.810422 11480 raft_consensus.cc:2804] T ad57e46f26e146d1b4cb6e5ba4f3fc85 P 51ef23351a0e43dfa0bffab56c0d183e [term 1 FOLLOWER]: Leader election won for term 1
I20260630 12:25:40.813676 11478 raft_consensus.cc:697] T d9db906df41a40b9b8e357d469133531 P 556eb270227548a1a3e53a3969ab9079 [term 1 LEADER]: Becoming Leader. State: Replica: 556eb270227548a1a3e53a3969ab9079, State: Running, Role: LEADER
I20260630 12:25:40.814693 11478 consensus_queue.cc:237] T d9db906df41a40b9b8e357d469133531 P 556eb270227548a1a3e53a3969ab9079 [LEADER]: Queue going to LEADER mode. State: All replicated index: 0, Majority replicated index: 0, Committed index: 0, Last appended: 0.0, Last appended by leader: 0, Current term: 1, Majority size: 1, State: 0, Mode: LEADER, active raft config: opid_index: -1 OBSOLETE_local: true peers { permanent_uuid: "556eb270227548a1a3e53a3969ab9079" member_type: VOTER last_known_addr { host: "127.10.179.65" port: 41551 } }
I20260630 12:25:40.815862 11472 ts_tablet_manager.cc:1434] T 5050af9c7a41437690213baeaad8afc1 P 8c62e8da62ae4aeb938c757ef6962b61: Time spent starting tablet: real 0.036s	user 0.026s	sys 0.000s
I20260630 12:25:40.823603 11473 ts_tablet_manager.cc:1434] T d9db906df41a40b9b8e357d469133531 P 556eb270227548a1a3e53a3969ab9079: Time spent starting tablet: real 0.046s	user 0.015s	sys 0.013s
I20260630 12:25:40.824450 11479 raft_consensus.cc:697] T 5050af9c7a41437690213baeaad8afc1 P 8c62e8da62ae4aeb938c757ef6962b61 [term 1 LEADER]: Becoming Leader. State: Replica: 8c62e8da62ae4aeb938c757ef6962b61, State: Running, Role: LEADER
I20260630 12:25:40.825248 11480 raft_consensus.cc:697] T ad57e46f26e146d1b4cb6e5ba4f3fc85 P 51ef23351a0e43dfa0bffab56c0d183e [term 1 LEADER]: Becoming Leader. State: Replica: 51ef23351a0e43dfa0bffab56c0d183e, State: Running, Role: LEADER
I20260630 12:25:40.826428 11473 tablet_bootstrap.cc:492] T 92f15e06f66b499d9e4f8d563880d5da P 556eb270227548a1a3e53a3969ab9079: Bootstrap starting.
I20260630 12:25:40.826261 11479 consensus_queue.cc:237] T 5050af9c7a41437690213baeaad8afc1 P 8c62e8da62ae4aeb938c757ef6962b61 [LEADER]: Queue going to LEADER mode. State: All replicated index: 0, Majority replicated index: 0, Committed index: 0, Last appended: 0.0, Last appended by leader: 0, Current term: 1, Majority size: 1, State: 0, Mode: LEADER, active raft config: opid_index: -1 OBSOLETE_local: true peers { permanent_uuid: "8c62e8da62ae4aeb938c757ef6962b61" member_type: VOTER last_known_addr { host: "127.10.179.67" port: 34129 } }
I20260630 12:25:40.826802 11480 consensus_queue.cc:237] T ad57e46f26e146d1b4cb6e5ba4f3fc85 P 51ef23351a0e43dfa0bffab56c0d183e [LEADER]: Queue going to LEADER mode. State: All replicated index: 0, Majority replicated index: 0, Committed index: 0, Last appended: 0.0, Last appended by leader: 0, Current term: 1, Majority size: 1, State: 0, Mode: LEADER, active raft config: opid_index: -1 OBSOLETE_local: true peers { permanent_uuid: "51ef23351a0e43dfa0bffab56c0d183e" member_type: VOTER last_known_addr { host: "127.10.179.66" port: 38563 } }
I20260630 12:25:40.846783 11054 catalog_manager.cc:5697] T d9db906df41a40b9b8e357d469133531 P 556eb270227548a1a3e53a3969ab9079 reported cstate change: term changed from 0 to 1, leader changed from <none> to 556eb270227548a1a3e53a3969ab9079 (127.10.179.65). New cstate: current_term: 1 leader_uuid: "556eb270227548a1a3e53a3969ab9079" committed_config { opid_index: -1 OBSOLETE_local: true peers { permanent_uuid: "556eb270227548a1a3e53a3969ab9079" member_type: VOTER last_known_addr { host: "127.10.179.65" port: 41551 } health_report { overall_health: HEALTHY } } }
I20260630 12:25:40.855350 11474 ts_tablet_manager.cc:1434] T ad57e46f26e146d1b4cb6e5ba4f3fc85 P 51ef23351a0e43dfa0bffab56c0d183e: Time spent starting tablet: real 0.070s	user 0.021s	sys 0.038s
I20260630 12:25:40.868950 11473 tablet_bootstrap.cc:654] T 92f15e06f66b499d9e4f8d563880d5da P 556eb270227548a1a3e53a3969ab9079: Neither blocks nor log segments found. Creating new log.
I20260630 12:25:40.872067 11053 catalog_manager.cc:5697] T ad57e46f26e146d1b4cb6e5ba4f3fc85 P 51ef23351a0e43dfa0bffab56c0d183e reported cstate change: term changed from 0 to 1, leader changed from <none> to 51ef23351a0e43dfa0bffab56c0d183e (127.10.179.66). New cstate: current_term: 1 leader_uuid: "51ef23351a0e43dfa0bffab56c0d183e" committed_config { opid_index: -1 OBSOLETE_local: true peers { permanent_uuid: "51ef23351a0e43dfa0bffab56c0d183e" member_type: VOTER last_known_addr { host: "127.10.179.66" port: 38563 } health_report { overall_health: HEALTHY } } }
I20260630 12:25:40.879773 11052 catalog_manager.cc:5697] T 5050af9c7a41437690213baeaad8afc1 P 8c62e8da62ae4aeb938c757ef6962b61 reported cstate change: term changed from 0 to 1, leader changed from <none> to 8c62e8da62ae4aeb938c757ef6962b61 (127.10.179.67). New cstate: current_term: 1 leader_uuid: "8c62e8da62ae4aeb938c757ef6962b61" committed_config { opid_index: -1 OBSOLETE_local: true peers { permanent_uuid: "8c62e8da62ae4aeb938c757ef6962b61" member_type: VOTER last_known_addr { host: "127.10.179.67" port: 34129 } health_report { overall_health: HEALTHY } } }
I20260630 12:25:40.932510 11473 tablet_bootstrap.cc:492] T 92f15e06f66b499d9e4f8d563880d5da P 556eb270227548a1a3e53a3969ab9079: No bootstrap required, opened a new log
I20260630 12:25:40.933486 11473 ts_tablet_manager.cc:1403] T 92f15e06f66b499d9e4f8d563880d5da P 556eb270227548a1a3e53a3969ab9079: Time spent bootstrapping tablet: real 0.107s	user 0.011s	sys 0.028s
I20260630 12:25:40.938563 11473 raft_consensus.cc:359] T 92f15e06f66b499d9e4f8d563880d5da P 556eb270227548a1a3e53a3969ab9079 [term 0 FOLLOWER]: Replica starting. Triggering 0 pending ops. Active config: opid_index: -1 OBSOLETE_local: true peers { permanent_uuid: "556eb270227548a1a3e53a3969ab9079" member_type: VOTER last_known_addr { host: "127.10.179.65" port: 41551 } }
I20260630 12:25:40.939182 11473 raft_consensus.cc:385] T 92f15e06f66b499d9e4f8d563880d5da P 556eb270227548a1a3e53a3969ab9079 [term 0 FOLLOWER]: Consensus starting up: Expiring failure detector timer to make a prompt election more likely
I20260630 12:25:40.939528 11473 raft_consensus.cc:740] T 92f15e06f66b499d9e4f8d563880d5da P 556eb270227548a1a3e53a3969ab9079 [term 0 FOLLOWER]: Becoming Follower/Learner. State: Replica: 556eb270227548a1a3e53a3969ab9079, State: Initialized, Role: FOLLOWER
I20260630 12:25:40.940305 11473 consensus_queue.cc:260] T 92f15e06f66b499d9e4f8d563880d5da P 556eb270227548a1a3e53a3969ab9079 [NON_LEADER]: Queue going to NON_LEADER mode. State: All replicated index: 0, Majority replicated index: 0, Committed index: 0, Last appended: 0.0, Last appended by leader: 0, Current term: 0, Majority size: -1, State: 0, Mode: NON_LEADER, active raft config: opid_index: -1 OBSOLETE_local: true peers { permanent_uuid: "556eb270227548a1a3e53a3969ab9079" member_type: VOTER last_known_addr { host: "127.10.179.65" port: 41551 } }
I20260630 12:25:40.941017 11473 raft_consensus.cc:399] T 92f15e06f66b499d9e4f8d563880d5da P 556eb270227548a1a3e53a3969ab9079 [term 0 FOLLOWER]: Only one voter in the Raft config. Triggering election immediately
I20260630 12:25:40.941360 11473 raft_consensus.cc:493] T 92f15e06f66b499d9e4f8d563880d5da P 556eb270227548a1a3e53a3969ab9079 [term 0 FOLLOWER]: Starting leader election (initial election of a single-replica configuration)
I20260630 12:25:40.941732 11473 raft_consensus.cc:3060] T 92f15e06f66b499d9e4f8d563880d5da P 556eb270227548a1a3e53a3969ab9079 [term 0 FOLLOWER]: Advancing to term 1
I20260630 12:25:40.949551 11473 raft_consensus.cc:515] T 92f15e06f66b499d9e4f8d563880d5da P 556eb270227548a1a3e53a3969ab9079 [term 1 FOLLOWER]: Starting leader election with config: opid_index: -1 OBSOLETE_local: true peers { permanent_uuid: "556eb270227548a1a3e53a3969ab9079" member_type: VOTER last_known_addr { host: "127.10.179.65" port: 41551 } }
I20260630 12:25:40.950258 11473 leader_election.cc:304] T 92f15e06f66b499d9e4f8d563880d5da P 556eb270227548a1a3e53a3969ab9079 [CANDIDATE]: Term 1 election: Election decided. Result: candidate won. Election summary: received 1 responses out of 1 voters: 1 yes votes; 0 no votes. yes voters: 556eb270227548a1a3e53a3969ab9079; no voters: 
I20260630 12:25:40.951046 11478 raft_consensus.cc:2804] T 92f15e06f66b499d9e4f8d563880d5da P 556eb270227548a1a3e53a3969ab9079 [term 1 FOLLOWER]: Leader election won for term 1
I20260630 12:25:40.951565 11478 raft_consensus.cc:697] T 92f15e06f66b499d9e4f8d563880d5da P 556eb270227548a1a3e53a3969ab9079 [term 1 LEADER]: Becoming Leader. State: Replica: 556eb270227548a1a3e53a3969ab9079, State: Running, Role: LEADER
I20260630 12:25:40.952260 11478 consensus_queue.cc:237] T 92f15e06f66b499d9e4f8d563880d5da P 556eb270227548a1a3e53a3969ab9079 [LEADER]: Queue going to LEADER mode. State: All replicated index: 0, Majority replicated index: 0, Committed index: 0, Last appended: 0.0, Last appended by leader: 0, Current term: 1, Majority size: 1, State: 0, Mode: LEADER, active raft config: opid_index: -1 OBSOLETE_local: true peers { permanent_uuid: "556eb270227548a1a3e53a3969ab9079" member_type: VOTER last_known_addr { host: "127.10.179.65" port: 41551 } }
I20260630 12:25:40.957496 11473 leader_election.cc:290] T 92f15e06f66b499d9e4f8d563880d5da P 556eb270227548a1a3e53a3969ab9079 [CANDIDATE]: Term 1 election: Requested vote from peers 
I20260630 12:25:40.959353 11473 ts_tablet_manager.cc:1434] T 92f15e06f66b499d9e4f8d563880d5da P 556eb270227548a1a3e53a3969ab9079: Time spent starting tablet: real 0.025s	user 0.009s	sys 0.007s
I20260630 12:25:40.984597 11051 catalog_manager.cc:5697] T 92f15e06f66b499d9e4f8d563880d5da P 556eb270227548a1a3e53a3969ab9079 reported cstate change: term changed from 0 to 1, leader changed from <none> to 556eb270227548a1a3e53a3969ab9079 (127.10.179.65). New cstate: current_term: 1 leader_uuid: "556eb270227548a1a3e53a3969ab9079" committed_config { opid_index: -1 OBSOLETE_local: true peers { permanent_uuid: "556eb270227548a1a3e53a3969ab9079" member_type: VOTER last_known_addr { host: "127.10.179.65" port: 41551 } health_report { overall_health: HEALTHY } } }
I20260630 12:25:42.440697 11178 auto_leader_rebalancer.cc:141] leader rebalance for table test-workload
I20260630 12:25:42.443295 11178 auto_leader_rebalancer.cc:515] All tables' leader rebalancing finished this round
I20260630 12:25:43.056943 10957 tablet_server.cc:179] TabletServer@127.10.179.65:0 shutting down...
I20260630 12:25:43.078253 10957 ts_tablet_manager.cc:1507] Shutting down tablet manager...
I20260630 12:25:43.079097 10957 tablet_replica.cc:333] T 92f15e06f66b499d9e4f8d563880d5da P 556eb270227548a1a3e53a3969ab9079: stopping tablet replica
I20260630 12:25:43.079756 10957 raft_consensus.cc:2243] T 92f15e06f66b499d9e4f8d563880d5da P 556eb270227548a1a3e53a3969ab9079 [term 1 LEADER]: Raft consensus shutting down.
I20260630 12:25:43.080262 10957 raft_consensus.cc:2272] T 92f15e06f66b499d9e4f8d563880d5da P 556eb270227548a1a3e53a3969ab9079 [term 1 FOLLOWER]: Raft consensus is shut down!
I20260630 12:25:43.082793 10957 tablet_replica.cc:333] T d9db906df41a40b9b8e357d469133531 P 556eb270227548a1a3e53a3969ab9079: stopping tablet replica
I20260630 12:25:43.083228 10957 raft_consensus.cc:2243] T d9db906df41a40b9b8e357d469133531 P 556eb270227548a1a3e53a3969ab9079 [term 1 LEADER]: Raft consensus shutting down.
I20260630 12:25:43.083596 10957 raft_consensus.cc:2272] T d9db906df41a40b9b8e357d469133531 P 556eb270227548a1a3e53a3969ab9079 [term 1 FOLLOWER]: Raft consensus is shut down!
I20260630 12:25:43.173957 10957 tablet_server.cc:196] TabletServer@127.10.179.65:0 shutdown complete.
I20260630 12:25:43.185626 10957 tablet_server.cc:179] TabletServer@127.10.179.66:0 shutting down...
I20260630 12:25:43.202806 10957 ts_tablet_manager.cc:1507] Shutting down tablet manager...
I20260630 12:25:43.203532 10957 tablet_replica.cc:333] T ad57e46f26e146d1b4cb6e5ba4f3fc85 P 51ef23351a0e43dfa0bffab56c0d183e: stopping tablet replica
I20260630 12:25:43.204088 10957 raft_consensus.cc:2243] T ad57e46f26e146d1b4cb6e5ba4f3fc85 P 51ef23351a0e43dfa0bffab56c0d183e [term 1 LEADER]: Raft consensus shutting down.
I20260630 12:25:43.204572 10957 raft_consensus.cc:2272] T ad57e46f26e146d1b4cb6e5ba4f3fc85 P 51ef23351a0e43dfa0bffab56c0d183e [term 1 FOLLOWER]: Raft consensus is shut down!
I20260630 12:25:43.223212 10957 tablet_server.cc:196] TabletServer@127.10.179.66:0 shutdown complete.
I20260630 12:25:43.232517 10957 tablet_server.cc:179] TabletServer@127.10.179.67:0 shutting down...
I20260630 12:25:43.250334 10957 ts_tablet_manager.cc:1507] Shutting down tablet manager...
I20260630 12:25:43.251114 10957 tablet_replica.cc:333] T 5050af9c7a41437690213baeaad8afc1 P 8c62e8da62ae4aeb938c757ef6962b61: stopping tablet replica
I20260630 12:25:43.251694 10957 raft_consensus.cc:2243] T 5050af9c7a41437690213baeaad8afc1 P 8c62e8da62ae4aeb938c757ef6962b61 [term 1 LEADER]: Raft consensus shutting down.
I20260630 12:25:43.252195 10957 raft_consensus.cc:2272] T 5050af9c7a41437690213baeaad8afc1 P 8c62e8da62ae4aeb938c757ef6962b61 [term 1 FOLLOWER]: Raft consensus is shut down!
I20260630 12:25:43.271250 10957 tablet_server.cc:196] TabletServer@127.10.179.67:0 shutdown complete.
I20260630 12:25:43.281234 10957 master.cc:562] Master@127.10.179.126:39131 shutting down...
I20260630 12:25:43.389571 10957 raft_consensus.cc:2243] T 00000000000000000000000000000000 P b8a6cc1968dc45f499b80763ec1b2d7a [term 1 FOLLOWER]: Raft consensus shutting down.
I20260630 12:25:43.390201 10957 raft_consensus.cc:2272] T 00000000000000000000000000000000 P b8a6cc1968dc45f499b80763ec1b2d7a [term 1 FOLLOWER]: Raft consensus is shut down!
I20260630 12:25:43.390561 10957 tablet_replica.cc:333] T 00000000000000000000000000000000 P b8a6cc1968dc45f499b80763ec1b2d7a: stopping tablet replica
I20260630 12:25:43.409435 10957 master.cc:584] Master@127.10.179.126:39131 shutdown complete.
I20260630 12:25:43.421990 10957 master.cc:562] Master@127.10.179.125:36739 shutting down...
I20260630 12:25:43.437489 10957 raft_consensus.cc:2243] T 00000000000000000000000000000000 P 56e253854f1a46c492dcb976272255d1 [term 1 LEADER]: Raft consensus shutting down.
I20260630 12:25:43.438520 10957 raft_consensus.cc:2272] T 00000000000000000000000000000000 P 56e253854f1a46c492dcb976272255d1 [term 1 FOLLOWER]: Raft consensus is shut down!
I20260630 12:25:43.438931 10957 tablet_replica.cc:333] T 00000000000000000000000000000000 P 56e253854f1a46c492dcb976272255d1: stopping tablet replica
I20260630 12:25:43.492772 10957 master.cc:584] Master@127.10.179.125:36739 shutdown complete.
I20260630 12:25:43.505008 10957 master.cc:562] Master@127.10.179.124:35409 shutting down...
I20260630 12:25:43.520813 10957 raft_consensus.cc:2243] T 00000000000000000000000000000000 P 4c4e054f82f44a388e54f075852691d7 [term 1 FOLLOWER]: Raft consensus shutting down.
I20260630 12:25:43.521355 10957 raft_consensus.cc:2272] T 00000000000000000000000000000000 P 4c4e054f82f44a388e54f075852691d7 [term 1 FOLLOWER]: Raft consensus is shut down!
I20260630 12:25:43.521682 10957 tablet_replica.cc:333] T 00000000000000000000000000000000 P 4c4e054f82f44a388e54f075852691d7: stopping tablet replica
I20260630 12:25:43.539228 10957 master.cc:584] Master@127.10.179.124:35409 shutdown complete.
[       OK ] AutoRebalancerTest.OnlyLeaderDoesAutoRebalancing (7007 ms)
[ RUN      ] AutoRebalancerTest.AutoRebalancingTurnOffAndOn
