I20260630 12:11:00.831629   637 sys_catalog.cc:458] T 00000000000000000000000000000000 P 6ee346d989364edbb20b87d18b3c0f5c [sys.catalog]: This master's current role is: LEADER
I20260630 12:11:00.833621   749 heartbeater.cc:507] Master 127.0.107.253:46633 requested a full tablet report, sending...
I20260630 12:11:00.832034   638 sys_catalog.cc:455] T 00000000000000000000000000000000 P 760f7c4803e34730b99fab20ad4ff7e5 [sys.catalog]: SysCatalogTable state changed. Reason: Replicated consensus-only round. Latest consensus state: current_term: 1 leader_uuid: "6ee346d989364edbb20b87d18b3c0f5c" committed_config { opid_index: -1 OBSOLETE_local: false peers { permanent_uuid: "760f7c4803e34730b99fab20ad4ff7e5" member_type: VOTER last_known_addr { host: "127.0.107.254" port: 34039 } } peers { permanent_uuid: "6ee346d989364edbb20b87d18b3c0f5c" member_type: VOTER last_known_addr { host: "127.0.107.253" port: 46633 } } peers { permanent_uuid: "8336a9f4cbe7483e941e915c56b05283" member_type: VOTER last_known_addr { host: "127.0.107.252" port: 36281 } } }
I20260630 12:11:00.836354   638 sys_catalog.cc:458] T 00000000000000000000000000000000 P 760f7c4803e34730b99fab20ad4ff7e5 [sys.catalog]: This master's current role is: FOLLOWER
I20260630 12:11:00.835455   636 sys_catalog.cc:455] T 00000000000000000000000000000000 P 8336a9f4cbe7483e941e915c56b05283 [sys.catalog]: SysCatalogTable state changed. Reason: Replicated consensus-only round. Latest consensus state: current_term: 1 leader_uuid: "6ee346d989364edbb20b87d18b3c0f5c" committed_config { opid_index: -1 OBSOLETE_local: false peers { permanent_uuid: "760f7c4803e34730b99fab20ad4ff7e5" member_type: VOTER last_known_addr { host: "127.0.107.254" port: 34039 } } peers { permanent_uuid: "6ee346d989364edbb20b87d18b3c0f5c" member_type: VOTER last_known_addr { host: "127.0.107.253" port: 46633 } } peers { permanent_uuid: "8336a9f4cbe7483e941e915c56b05283" member_type: VOTER last_known_addr { host: "127.0.107.252" port: 36281 } } }
I20260630 12:11:00.833060   637 sys_catalog.cc:455] T 00000000000000000000000000000000 P 6ee346d989364edbb20b87d18b3c0f5c [sys.catalog]: SysCatalogTable state changed. Reason: Peer health change. Latest consensus state: current_term: 1 leader_uuid: "6ee346d989364edbb20b87d18b3c0f5c" committed_config { opid_index: -1 OBSOLETE_local: false peers { permanent_uuid: "760f7c4803e34730b99fab20ad4ff7e5" member_type: VOTER last_known_addr { host: "127.0.107.254" port: 34039 } } peers { permanent_uuid: "6ee346d989364edbb20b87d18b3c0f5c" member_type: VOTER last_known_addr { host: "127.0.107.253" port: 46633 } } peers { permanent_uuid: "8336a9f4cbe7483e941e915c56b05283" member_type: VOTER last_known_addr { host: "127.0.107.252" port: 36281 } } }
I20260630 12:11:00.841288   636 sys_catalog.cc:458] T 00000000000000000000000000000000 P 8336a9f4cbe7483e941e915c56b05283 [sys.catalog]: This master's current role is: FOLLOWER
I20260630 12:11:00.843827   528 ts_manager.cc:194] Registered new tserver with Master: 3cc68e80303d4f0a9c98307ff1734db1 (127.0.107.193:45269)
I20260630 12:11:00.844231   593 ts_manager.cc:194] Registered new tserver with Master: 3cc68e80303d4f0a9c98307ff1734db1 (127.0.107.193:45269)
I20260630 12:11:00.843572   637 sys_catalog.cc:458] T 00000000000000000000000000000000 P 6ee346d989364edbb20b87d18b3c0f5c [sys.catalog]: This master's current role is: LEADER
I20260630 12:11:00.847234   732 catalog_manager.cc:1383] Generated new cluster ID: 3ad00b99d34647a396da1b5e47abb87e
I20260630 12:11:00.847959   732 catalog_manager.cc:1531] Initializing Kudu internal certificate authority...
I20260630 12:11:00.847965   463 ts_manager.cc:194] Registered new tserver with Master: 3cc68e80303d4f0a9c98307ff1734db1 (127.0.107.193:45269)
W20260630 12:11:00.854614   764 instance_detector.cc:116] could not retrieve AWS instance metadata: Network error: curl error: HTTP response code said error: The requested URL returned error: 404
W20260630 12:11:00.859032   765 instance_detector.cc:116] could not retrieve Azure instance metadata: Network error: curl error: HTTP response code said error: The requested URL returned error: 404
W20260630 12:11:00.870033   767 instance_detector.cc:116] could not retrieve OpenStack instance metadata: Network error: curl error: HTTP response code said error: The requested URL returned error: 404
I20260630 12:11:00.870723   431 server_base.cc:1061] running on GCE node
I20260630 12:11:00.871554   431 hybrid_clock.cc:584] initializing the hybrid clock with 'system_unsync' time source
W20260630 12:11:00.871785   431 system_unsync_time.cc:38] NTP support is disabled. Clock error bounds will not be accurate. This configuration is not suitable for distributed clusters.
I20260630 12:11:00.871984   431 hybrid_clock.cc:648] HybridClock initialized: now 1782821460871967 us; error 0 us; skew 500 ppm
I20260630 12:11:00.872588   431 server_base.cc:861] Flag tcmalloc_max_total_thread_cache_bytes is not working since tcmalloc is not enabled.
I20260630 12:11:00.878034   431 webserver.cc:533] Webserver started at http://127.0.107.194:38503/ using document root <none> and password file <none>
I20260630 12:11:00.878634   431 fs_manager.cc:362] Metadata directory not provided
I20260630 12:11:00.878876   431 fs_manager.cc:368] Using write-ahead log directory (fs_wal_dir) as metadata directory
I20260630 12:11:00.879194   431 server_base.cc:909] This appears to be a new deployment of Kudu; creating new FS layout
I20260630 12:11:00.880573   431 fs_manager.cc:1068] Generated new instance metadata in path /tmp/dist-test-taskodLk2D/test-tmp/auto_rebalancer-test.0.AutoRebalancerTest.OnlyLeaderDoesAutoRebalancing.1782821458617829-431-0/minicluster-data/ts-1-root/instance:
uuid: "d363e45f608941a9b77ec0d43bf63bce"
format_stamp: "Formatted at 2026-06-30 12:11:00 on dist-test-slave-zr02"
I20260630 12:11:00.897856   732 catalog_manager.cc:1406] Generated new certificate authority record
I20260630 12:11:00.900010   732 catalog_manager.cc:1540] Loading token signing keys...
I20260630 12:11:00.900812   431 fs_manager.cc:696] Time spent creating directory manager: real 0.020s	user 0.010s	sys 0.010s
I20260630 12:11:00.904022   772 log_block_manager.cc:4031] Time spent loading block containers with low live blocks: real 0.000s	user 0.000s	sys 0.000s
I20260630 12:11:00.904894   431 fs_manager.cc:730] Time spent opening block manager: real 0.002s	user 0.001s	sys 0.002s
I20260630 12:11:00.905247   431 fs_manager.cc:647] Opened local filesystem: /tmp/dist-test-taskodLk2D/test-tmp/auto_rebalancer-test.0.AutoRebalancerTest.OnlyLeaderDoesAutoRebalancing.1782821458617829-431-0/minicluster-data/ts-1-root
uuid: "d363e45f608941a9b77ec0d43bf63bce"
format_stamp: "Formatted at 2026-06-30 12:11:00 on dist-test-slave-zr02"
I20260630 12:11:00.905532   431 fs_report.cc:389] FS layout report
--------------------
wal directory: /tmp/dist-test-taskodLk2D/test-tmp/auto_rebalancer-test.0.AutoRebalancerTest.OnlyLeaderDoesAutoRebalancing.1782821458617829-431-0/minicluster-data/ts-1-root
metadata directory: /tmp/dist-test-taskodLk2D/test-tmp/auto_rebalancer-test.0.AutoRebalancerTest.OnlyLeaderDoesAutoRebalancing.1782821458617829-431-0/minicluster-data/ts-1-root
1 data directories: /tmp/dist-test-taskodLk2D/test-tmp/auto_rebalancer-test.0.AutoRebalancerTest.OnlyLeaderDoesAutoRebalancing.1782821458617829-431-0/minicluster-data/ts-1-root/data
Total live blocks: 0
Total live bytes: 0
Total live bytes (after alignment): 0
Total number of LBM containers: 0 (0 full)
Did not check for missing blocks
Did not check for orphaned blocks
Total full LBM containers with extra space: 0 (0 repaired)
Total full LBM container extra space in bytes: 0 (0 repaired)
Total incomplete LBM containers: 0 (0 repaired)
Total LBM partial records: 0 (0 repaired)
Total corrupted LBM metadata records in RocksDB: 0 (0 repaired)
I20260630 12:11:00.929792   732 catalog_manager.cc:6070] T 00000000000000000000000000000000 P 6ee346d989364edbb20b87d18b3c0f5c: Generated new TSK 0
I20260630 12:11:00.930919   732 catalog_manager.cc:1550] Initializing in-progress tserver states...
I20260630 12:11:00.932435   431 rpc_server.cc:225] running with OpenSSL 1.1.1  11 Sep 2018
I20260630 12:11:00.933933   431 kserver.cc:163] Server-wide thread pool size limit: 3276
I20260630 12:11:00.935632   431 txn_system_client.cc:432] TxnSystemClient initialization is disabled...
I20260630 12:11:00.937805   431 ts_tablet_manager.cc:585] Loaded tablet metadata (0 total tablets, 0 live tablets)
I20260630 12:11:00.937971   431 ts_tablet_manager.cc:531] Time spent load tablet metadata: real 0.000s	user 0.000s	sys 0.000s
I20260630 12:11:00.938258   431 ts_tablet_manager.cc:616] Registered 0 tablets
I20260630 12:11:00.938428   431 ts_tablet_manager.cc:595] Time spent register tablets: real 0.000s	user 0.000s	sys 0.000s
I20260630 12:11:01.038106   431 rpc_server.cc:307] RPC server started. Bound to: 127.0.107.194:45401
I20260630 12:11:01.038209   834 acceptor_pool.cc:272] collecting diagnostics on the listening RPC socket 127.0.107.194:45401 every 8 connection(s)
I20260630 12:11:01.065346   836 heartbeater.cc:344] Connected to a master server at 127.0.107.253:46633
I20260630 12:11:01.065783   836 heartbeater.cc:461] Registering TS with master...
I20260630 12:11:01.066644   836 heartbeater.cc:507] Master 127.0.107.253:46633 requested a full tablet report, sending...
I20260630 12:11:01.068893   528 ts_manager.cc:194] Registered new tserver with Master: d363e45f608941a9b77ec0d43bf63bce (127.0.107.194:45401)
I20260630 12:11:01.070860   835 heartbeater.cc:344] Connected to a master server at 127.0.107.252:36281
I20260630 12:11:01.071259   835 heartbeater.cc:461] Registering TS with master...
I20260630 12:11:01.072146   835 heartbeater.cc:507] Master 127.0.107.252:36281 requested a full tablet report, sending...
I20260630 12:11:01.072296   431 file_cache.cc:492] Constructed file cache file cache with capacity 419430
I20260630 12:11:01.073554   528 master_service.cc:502] Signed X509 certificate for tserver {username='slave'} at 127.0.0.1:51282
I20260630 12:11:01.074856   593 ts_manager.cc:194] Registered new tserver with Master: d363e45f608941a9b77ec0d43bf63bce (127.0.107.194:45401)
I20260630 12:11:01.080719   837 heartbeater.cc:344] Connected to a master server at 127.0.107.254:34039
I20260630 12:11:01.081174   837 heartbeater.cc:461] Registering TS with master...
I20260630 12:11:01.081956   837 heartbeater.cc:507] Master 127.0.107.254:34039 requested a full tablet report, sending...
W20260630 12:11:01.085163   842 instance_detector.cc:116] could not retrieve AWS instance metadata: Network error: curl error: HTTP response code said error: The requested URL returned error: 404
I20260630 12:11:01.085615   463 ts_manager.cc:194] Registered new tserver with Master: d363e45f608941a9b77ec0d43bf63bce (127.0.107.194:45401)
W20260630 12:11:01.090440   843 instance_detector.cc:116] could not retrieve Azure instance metadata: Network error: curl error: HTTP response code said error: The requested URL returned error: 404
I20260630 12:11:01.096689   431 server_base.cc:1061] running on GCE node
W20260630 12:11:01.098182   845 instance_detector.cc:116] could not retrieve OpenStack instance metadata: Network error: curl error: HTTP response code said error: The requested URL returned error: 404
I20260630 12:11:01.099191   431 hybrid_clock.cc:584] initializing the hybrid clock with 'system_unsync' time source
W20260630 12:11:01.099387   431 system_unsync_time.cc:38] NTP support is disabled. Clock error bounds will not be accurate. This configuration is not suitable for distributed clusters.
I20260630 12:11:01.099584   431 hybrid_clock.cc:648] HybridClock initialized: now 1782821461099567 us; error 0 us; skew 500 ppm
I20260630 12:11:01.100069   431 server_base.cc:861] Flag tcmalloc_max_total_thread_cache_bytes is not working since tcmalloc is not enabled.
I20260630 12:11:01.102691   431 webserver.cc:533] Webserver started at http://127.0.107.195:43269/ using document root <none> and password file <none>
I20260630 12:11:01.103121   431 fs_manager.cc:362] Metadata directory not provided
I20260630 12:11:01.103302   431 fs_manager.cc:368] Using write-ahead log directory (fs_wal_dir) as metadata directory
I20260630 12:11:01.103569   431 server_base.cc:909] This appears to be a new deployment of Kudu; creating new FS layout
I20260630 12:11:01.104585   431 fs_manager.cc:1068] Generated new instance metadata in path /tmp/dist-test-taskodLk2D/test-tmp/auto_rebalancer-test.0.AutoRebalancerTest.OnlyLeaderDoesAutoRebalancing.1782821458617829-431-0/minicluster-data/ts-2-root/instance:
uuid: "93297b21410943c89bf856621080331a"
format_stamp: "Formatted at 2026-06-30 12:11:01 on dist-test-slave-zr02"
I20260630 12:11:01.108963   431 fs_manager.cc:696] Time spent creating directory manager: real 0.004s	user 0.001s	sys 0.003s
I20260630 12:11:01.112113   850 log_block_manager.cc:4031] Time spent loading block containers with low live blocks: real 0.000s	user 0.000s	sys 0.000s
I20260630 12:11:01.113040   431 fs_manager.cc:730] Time spent opening block manager: real 0.002s	user 0.001s	sys 0.002s
I20260630 12:11:01.113317   431 fs_manager.cc:647] Opened local filesystem: /tmp/dist-test-taskodLk2D/test-tmp/auto_rebalancer-test.0.AutoRebalancerTest.OnlyLeaderDoesAutoRebalancing.1782821458617829-431-0/minicluster-data/ts-2-root
uuid: "93297b21410943c89bf856621080331a"
format_stamp: "Formatted at 2026-06-30 12:11:01 on dist-test-slave-zr02"
I20260630 12:11:01.113618   431 fs_report.cc:389] FS layout report
--------------------
wal directory: /tmp/dist-test-taskodLk2D/test-tmp/auto_rebalancer-test.0.AutoRebalancerTest.OnlyLeaderDoesAutoRebalancing.1782821458617829-431-0/minicluster-data/ts-2-root
metadata directory: /tmp/dist-test-taskodLk2D/test-tmp/auto_rebalancer-test.0.AutoRebalancerTest.OnlyLeaderDoesAutoRebalancing.1782821458617829-431-0/minicluster-data/ts-2-root
1 data directories: /tmp/dist-test-taskodLk2D/test-tmp/auto_rebalancer-test.0.AutoRebalancerTest.OnlyLeaderDoesAutoRebalancing.1782821458617829-431-0/minicluster-data/ts-2-root/data
Total live blocks: 0
Total live bytes: 0
Total live bytes (after alignment): 0
Total number of LBM containers: 0 (0 full)
Did not check for missing blocks
Did not check for orphaned blocks
Total full LBM containers with extra space: 0 (0 repaired)
Total full LBM container extra space in bytes: 0 (0 repaired)
Total incomplete LBM containers: 0 (0 repaired)
Total LBM partial records: 0 (0 repaired)
Total corrupted LBM metadata records in RocksDB: 0 (0 repaired)
I20260630 12:11:01.140556   431 rpc_server.cc:225] running with OpenSSL 1.1.1  11 Sep 2018
I20260630 12:11:01.141834   431 kserver.cc:163] Server-wide thread pool size limit: 3276
I20260630 12:11:01.144601   431 txn_system_client.cc:432] TxnSystemClient initialization is disabled...
I20260630 12:11:01.148227   431 ts_tablet_manager.cc:585] Loaded tablet metadata (0 total tablets, 0 live tablets)
I20260630 12:11:01.148454   431 ts_tablet_manager.cc:531] Time spent load tablet metadata: real 0.000s	user 0.000s	sys 0.000s
I20260630 12:11:01.148687   431 ts_tablet_manager.cc:616] Registered 0 tablets
I20260630 12:11:01.148861   431 ts_tablet_manager.cc:595] Time spent register tablets: real 0.000s	user 0.000s	sys 0.000s
I20260630 12:11:01.253417   431 rpc_server.cc:307] RPC server started. Bound to: 127.0.107.195:44045
I20260630 12:11:01.253731   912 acceptor_pool.cc:272] collecting diagnostics on the listening RPC socket 127.0.107.195:44045 every 8 connection(s)
I20260630 12:11:01.293988   914 heartbeater.cc:344] Connected to a master server at 127.0.107.253:46633
I20260630 12:11:01.294452   914 heartbeater.cc:461] Registering TS with master...
I20260630 12:11:01.294478   913 heartbeater.cc:344] Connected to a master server at 127.0.107.252:36281
I20260630 12:11:01.294955   913 heartbeater.cc:461] Registering TS with master...
I20260630 12:11:01.295354   914 heartbeater.cc:507] Master 127.0.107.253:46633 requested a full tablet report, sending...
I20260630 12:11:01.295810   913 heartbeater.cc:507] Master 127.0.107.252:36281 requested a full tablet report, sending...
I20260630 12:11:01.298395   528 ts_manager.cc:194] Registered new tserver with Master: 93297b21410943c89bf856621080331a (127.0.107.195:44045)
I20260630 12:11:01.298895   593 ts_manager.cc:194] Registered new tserver with Master: 93297b21410943c89bf856621080331a (127.0.107.195:44045)
I20260630 12:11:01.300043   528 master_service.cc:502] Signed X509 certificate for tserver {username='slave'} at 127.0.0.1:51286
I20260630 12:11:01.301963   915 heartbeater.cc:344] Connected to a master server at 127.0.107.254:34039
I20260630 12:11:01.302296   915 heartbeater.cc:461] Registering TS with master...
I20260630 12:11:01.302814   915 heartbeater.cc:507] Master 127.0.107.254:34039 requested a full tablet report, sending...
I20260630 12:11:01.305230   463 ts_manager.cc:194] Registered new tserver with Master: 93297b21410943c89bf856621080331a (127.0.107.195:44045)
I20260630 12:11:01.306283   431 internal_mini_cluster.cc:371] 3 TS(s) registered with all masters after 0.016915085s
I20260630 12:11:01.492868   663 catalog_manager.cc:1295] Loaded cluster ID: 3ad00b99d34647a396da1b5e47abb87e
I20260630 12:11:01.493160   663 catalog_manager.cc:1588] T 00000000000000000000000000000000 P 8336a9f4cbe7483e941e915c56b05283: loading cluster ID for follower catalog manager: success
I20260630 12:11:01.497582   663 catalog_manager.cc:1610] T 00000000000000000000000000000000 P 8336a9f4cbe7483e941e915c56b05283: acquiring CA information for follower catalog manager: success
I20260630 12:11:01.501109   663 catalog_manager.cc:1638] T 00000000000000000000000000000000 P 8336a9f4cbe7483e941e915c56b05283: importing token verification keys for follower catalog manager: success; most recent TSK sequence number 0
I20260630 12:11:01.510046   672 catalog_manager.cc:1295] Loaded cluster ID: 3ad00b99d34647a396da1b5e47abb87e
I20260630 12:11:01.510299   672 catalog_manager.cc:1588] T 00000000000000000000000000000000 P 760f7c4803e34730b99fab20ad4ff7e5: loading cluster ID for follower catalog manager: success
I20260630 12:11:01.514930   672 catalog_manager.cc:1610] T 00000000000000000000000000000000 P 760f7c4803e34730b99fab20ad4ff7e5: acquiring CA information for follower catalog manager: success
I20260630 12:11:01.518057   672 catalog_manager.cc:1638] T 00000000000000000000000000000000 P 760f7c4803e34730b99fab20ad4ff7e5: importing token verification keys for follower catalog manager: success; most recent TSK sequence number 0
I20260630 12:11:01.850185   528 master_service.cc:502] Signed X509 certificate for tserver {username='slave'} at 127.0.0.1:51280
I20260630 12:11:02.078722   836 heartbeater.cc:499] Master 127.0.107.253:46633 was elected leader, sending a full tablet report...
I20260630 12:11:02.302888   914 heartbeater.cc:499] Master 127.0.107.253:46633 was elected leader, sending a full tablet report...
I20260630 12:11:02.484464   667 auto_leader_rebalancer.cc:515] All tables' leader rebalancing finished this round
I20260630 12:11:02.665620   528 catalog_manager.cc:2283] Servicing CreateTable request from {username='slave'} at 127.0.0.1:37626:
name: "test-workload"
schema {
  columns {
    name: "key"
    type: INT32
    is_key: true
    is_nullable: false
    encoding: AUTO_ENCODING
    compression: DEFAULT_COMPRESSION
    cfile_block_size: 0
    immutable: false
  }
  columns {
    name: "int_val"
    type: INT32
    is_key: false
    is_nullable: false
    encoding: AUTO_ENCODING
    compression: DEFAULT_COMPRESSION
    cfile_block_size: 0
    immutable: false
  }
  columns {
    name: "string_val"
    type: STRING
    is_key: false
    is_nullable: true
    encoding: AUTO_ENCODING
    compression: DEFAULT_COMPRESSION
    cfile_block_size: 0
    immutable: false
  }
}
num_replicas: 1
split_rows_range_bounds {
  rows: "\004\001\000\377\377\377\037\004\001\000\376\377\377?\004\001\000\375\377\377_""\004\001\000\377\377\377\037\004\001\000\376\377\377?\004\001\000\375\377\377_"
  indirect_data: """"
}
partition_schema {
  range_schema {
    columns {
      name: "key"
    }
  }
}
I20260630 12:11:02.749010   878 tablet_service.cc:1511] Processing CreateTablet for tablet 830eb7e08db94410bb940ea58e4c4d88 (DEFAULT_TABLE table=test-workload [id=e27125d6bd4e41448a99a031f47d7fdf]), partition=RANGE (key) PARTITION VALUES < 536870911
I20260630 12:11:02.750555   878 data_dirs.cc:400] Could only allocate 1 dirs of requested 3 for tablet 830eb7e08db94410bb940ea58e4c4d88. 1 dirs total, 0 dirs full, 0 dirs failed
I20260630 12:11:02.750445   709 tablet_service.cc:1511] Processing CreateTablet for tablet 4f3bb32c720d4910a9789318cae9c1c1 (DEFAULT_TABLE table=test-workload [id=e27125d6bd4e41448a99a031f47d7fdf]), partition=RANGE (key) PARTITION 536870911 <= VALUES < 1073741822
I20260630 12:11:02.751683   709 data_dirs.cc:400] Could only allocate 1 dirs of requested 3 for tablet 4f3bb32c720d4910a9789318cae9c1c1. 1 dirs total, 0 dirs full, 0 dirs failed
I20260630 12:11:02.754309   708 tablet_service.cc:1511] Processing CreateTablet for tablet 1df74974f99d48849a10bc3f420c2f0f (DEFAULT_TABLE table=test-workload [id=e27125d6bd4e41448a99a031f47d7fdf]), partition=RANGE (key) PARTITION 1610612733 <= VALUES
I20260630 12:11:02.754637   800 tablet_service.cc:1511] Processing CreateTablet for tablet 13cb7d2689974750a4a2730eb767bb7d (DEFAULT_TABLE table=test-workload [id=e27125d6bd4e41448a99a031f47d7fdf]), partition=RANGE (key) PARTITION 1073741822 <= VALUES < 1610612733
I20260630 12:11:02.756036   708 data_dirs.cc:400] Could only allocate 1 dirs of requested 3 for tablet 1df74974f99d48849a10bc3f420c2f0f. 1 dirs total, 0 dirs full, 0 dirs failed
I20260630 12:11:02.756680   800 data_dirs.cc:400] Could only allocate 1 dirs of requested 3 for tablet 13cb7d2689974750a4a2730eb767bb7d. 1 dirs total, 0 dirs full, 0 dirs failed
I20260630 12:11:02.775434   948 tablet_bootstrap.cc:492] T 4f3bb32c720d4910a9789318cae9c1c1 P 3cc68e80303d4f0a9c98307ff1734db1: Bootstrap starting.
I20260630 12:11:02.776597   949 tablet_bootstrap.cc:492] T 13cb7d2689974750a4a2730eb767bb7d P d363e45f608941a9b77ec0d43bf63bce: Bootstrap starting.
I20260630 12:11:02.781617   948 tablet_bootstrap.cc:654] T 4f3bb32c720d4910a9789318cae9c1c1 P 3cc68e80303d4f0a9c98307ff1734db1: Neither blocks nor log segments found. Creating new log.
I20260630 12:11:02.782240   950 tablet_bootstrap.cc:492] T 830eb7e08db94410bb940ea58e4c4d88 P 93297b21410943c89bf856621080331a: Bootstrap starting.
I20260630 12:11:02.784840   949 tablet_bootstrap.cc:654] T 13cb7d2689974750a4a2730eb767bb7d P d363e45f608941a9b77ec0d43bf63bce: Neither blocks nor log segments found. Creating new log.
I20260630 12:11:02.790127   950 tablet_bootstrap.cc:654] T 830eb7e08db94410bb940ea58e4c4d88 P 93297b21410943c89bf856621080331a: Neither blocks nor log segments found. Creating new log.
I20260630 12:11:02.791438   948 tablet_bootstrap.cc:492] T 4f3bb32c720d4910a9789318cae9c1c1 P 3cc68e80303d4f0a9c98307ff1734db1: No bootstrap required, opened a new log
I20260630 12:11:02.792048   948 ts_tablet_manager.cc:1403] T 4f3bb32c720d4910a9789318cae9c1c1 P 3cc68e80303d4f0a9c98307ff1734db1: Time spent bootstrapping tablet: real 0.017s	user 0.012s	sys 0.000s
I20260630 12:11:02.795320   950 tablet_bootstrap.cc:492] T 830eb7e08db94410bb940ea58e4c4d88 P 93297b21410943c89bf856621080331a: No bootstrap required, opened a new log
I20260630 12:11:02.795629   948 raft_consensus.cc:359] T 4f3bb32c720d4910a9789318cae9c1c1 P 3cc68e80303d4f0a9c98307ff1734db1 [term 0 FOLLOWER]: Replica starting. Triggering 0 pending ops. Active config: opid_index: -1 OBSOLETE_local: true peers { permanent_uuid: "3cc68e80303d4f0a9c98307ff1734db1" member_type: VOTER last_known_addr { host: "127.0.107.193" port: 45269 } }
I20260630 12:11:02.795753   950 ts_tablet_manager.cc:1403] T 830eb7e08db94410bb940ea58e4c4d88 P 93297b21410943c89bf856621080331a: Time spent bootstrapping tablet: real 0.014s	user 0.005s	sys 0.007s
I20260630 12:11:02.796495   948 raft_consensus.cc:385] T 4f3bb32c720d4910a9789318cae9c1c1 P 3cc68e80303d4f0a9c98307ff1734db1 [term 0 FOLLOWER]: Consensus starting up: Expiring failure detector timer to make a prompt election more likely
I20260630 12:11:02.796838   948 raft_consensus.cc:740] T 4f3bb32c720d4910a9789318cae9c1c1 P 3cc68e80303d4f0a9c98307ff1734db1 [term 0 FOLLOWER]: Becoming Follower/Learner. State: Replica: 3cc68e80303d4f0a9c98307ff1734db1, State: Initialized, Role: FOLLOWER
I20260630 12:11:02.797498   948 consensus_queue.cc:260] T 4f3bb32c720d4910a9789318cae9c1c1 P 3cc68e80303d4f0a9c98307ff1734db1 [NON_LEADER]: Queue going to NON_LEADER mode. State: All replicated index: 0, Majority replicated index: 0, Committed index: 0, Last appended: 0.0, Last appended by leader: 0, Current term: 0, Majority size: -1, State: 0, Mode: NON_LEADER, active raft config: opid_index: -1 OBSOLETE_local: true peers { permanent_uuid: "3cc68e80303d4f0a9c98307ff1734db1" member_type: VOTER last_known_addr { host: "127.0.107.193" port: 45269 } }
I20260630 12:11:02.798133   948 raft_consensus.cc:399] T 4f3bb32c720d4910a9789318cae9c1c1 P 3cc68e80303d4f0a9c98307ff1734db1 [term 0 FOLLOWER]: Only one voter in the Raft config. Triggering election immediately
I20260630 12:11:02.798475   949 tablet_bootstrap.cc:492] T 13cb7d2689974750a4a2730eb767bb7d P d363e45f608941a9b77ec0d43bf63bce: No bootstrap required, opened a new log
I20260630 12:11:02.798565   948 raft_consensus.cc:493] T 4f3bb32c720d4910a9789318cae9c1c1 P 3cc68e80303d4f0a9c98307ff1734db1 [term 0 FOLLOWER]: Starting leader election (initial election of a single-replica configuration)
I20260630 12:11:02.799218   950 raft_consensus.cc:359] T 830eb7e08db94410bb940ea58e4c4d88 P 93297b21410943c89bf856621080331a [term 0 FOLLOWER]: Replica starting. Triggering 0 pending ops. Active config: opid_index: -1 OBSOLETE_local: true peers { permanent_uuid: "93297b21410943c89bf856621080331a" member_type: VOTER last_known_addr { host: "127.0.107.195" port: 44045 } }
I20260630 12:11:02.799296   949 ts_tablet_manager.cc:1403] T 13cb7d2689974750a4a2730eb767bb7d P d363e45f608941a9b77ec0d43bf63bce: Time spent bootstrapping tablet: real 0.023s	user 0.007s	sys 0.015s
I20260630 12:11:02.799840   950 raft_consensus.cc:385] T 830eb7e08db94410bb940ea58e4c4d88 P 93297b21410943c89bf856621080331a [term 0 FOLLOWER]: Consensus starting up: Expiring failure detector timer to make a prompt election more likely
I20260630 12:11:02.800263   950 raft_consensus.cc:740] T 830eb7e08db94410bb940ea58e4c4d88 P 93297b21410943c89bf856621080331a [term 0 FOLLOWER]: Becoming Follower/Learner. State: Replica: 93297b21410943c89bf856621080331a, State: Initialized, Role: FOLLOWER
I20260630 12:11:02.800895   950 consensus_queue.cc:260] T 830eb7e08db94410bb940ea58e4c4d88 P 93297b21410943c89bf856621080331a [NON_LEADER]: Queue going to NON_LEADER mode. State: All replicated index: 0, Majority replicated index: 0, Committed index: 0, Last appended: 0.0, Last appended by leader: 0, Current term: 0, Majority size: -1, State: 0, Mode: NON_LEADER, active raft config: opid_index: -1 OBSOLETE_local: true peers { permanent_uuid: "93297b21410943c89bf856621080331a" member_type: VOTER last_known_addr { host: "127.0.107.195" port: 44045 } }
I20260630 12:11:02.801262   948 raft_consensus.cc:3060] T 4f3bb32c720d4910a9789318cae9c1c1 P 3cc68e80303d4f0a9c98307ff1734db1 [term 0 FOLLOWER]: Advancing to term 1
I20260630 12:11:02.801510   950 raft_consensus.cc:399] T 830eb7e08db94410bb940ea58e4c4d88 P 93297b21410943c89bf856621080331a [term 0 FOLLOWER]: Only one voter in the Raft config. Triggering election immediately
I20260630 12:11:02.801940   950 raft_consensus.cc:493] T 830eb7e08db94410bb940ea58e4c4d88 P 93297b21410943c89bf856621080331a [term 0 FOLLOWER]: Starting leader election (initial election of a single-replica configuration)
I20260630 12:11:02.802320   950 raft_consensus.cc:3060] T 830eb7e08db94410bb940ea58e4c4d88 P 93297b21410943c89bf856621080331a [term 0 FOLLOWER]: Advancing to term 1
I20260630 12:11:02.802440   949 raft_consensus.cc:359] T 13cb7d2689974750a4a2730eb767bb7d P d363e45f608941a9b77ec0d43bf63bce [term 0 FOLLOWER]: Replica starting. Triggering 0 pending ops. Active config: opid_index: -1 OBSOLETE_local: true peers { permanent_uuid: "d363e45f608941a9b77ec0d43bf63bce" member_type: VOTER last_known_addr { host: "127.0.107.194" port: 45401 } }
I20260630 12:11:02.802979   949 raft_consensus.cc:385] T 13cb7d2689974750a4a2730eb767bb7d P d363e45f608941a9b77ec0d43bf63bce [term 0 FOLLOWER]: Consensus starting up: Expiring failure detector timer to make a prompt election more likely
I20260630 12:11:02.803310   949 raft_consensus.cc:740] T 13cb7d2689974750a4a2730eb767bb7d P d363e45f608941a9b77ec0d43bf63bce [term 0 FOLLOWER]: Becoming Follower/Learner. State: Replica: d363e45f608941a9b77ec0d43bf63bce, State: Initialized, Role: FOLLOWER
I20260630 12:11:02.804023   949 consensus_queue.cc:260] T 13cb7d2689974750a4a2730eb767bb7d P d363e45f608941a9b77ec0d43bf63bce [NON_LEADER]: Queue going to NON_LEADER mode. State: All replicated index: 0, Majority replicated index: 0, Committed index: 0, Last appended: 0.0, Last appended by leader: 0, Current term: 0, Majority size: -1, State: 0, Mode: NON_LEADER, active raft config: opid_index: -1 OBSOLETE_local: true peers { permanent_uuid: "d363e45f608941a9b77ec0d43bf63bce" member_type: VOTER last_known_addr { host: "127.0.107.194" port: 45401 } }
I20260630 12:11:02.805066   949 raft_consensus.cc:399] T 13cb7d2689974750a4a2730eb767bb7d P d363e45f608941a9b77ec0d43bf63bce [term 0 FOLLOWER]: Only one voter in the Raft config. Triggering election immediately
I20260630 12:11:02.805356   949 raft_consensus.cc:493] T 13cb7d2689974750a4a2730eb767bb7d P d363e45f608941a9b77ec0d43bf63bce [term 0 FOLLOWER]: Starting leader election (initial election of a single-replica configuration)
I20260630 12:11:02.805708   949 raft_consensus.cc:3060] T 13cb7d2689974750a4a2730eb767bb7d P d363e45f608941a9b77ec0d43bf63bce [term 0 FOLLOWER]: Advancing to term 1
I20260630 12:11:02.807350   950 raft_consensus.cc:515] T 830eb7e08db94410bb940ea58e4c4d88 P 93297b21410943c89bf856621080331a [term 1 FOLLOWER]: Starting leader election with config: opid_index: -1 OBSOLETE_local: true peers { permanent_uuid: "93297b21410943c89bf856621080331a" member_type: VOTER last_known_addr { host: "127.0.107.195" port: 44045 } }
I20260630 12:11:02.808488   950 leader_election.cc:304] T 830eb7e08db94410bb940ea58e4c4d88 P 93297b21410943c89bf856621080331a [CANDIDATE]: Term 1 election: Election decided. Result: candidate won. Election summary: received 1 responses out of 1 voters: 1 yes votes; 0 no votes. yes voters: 93297b21410943c89bf856621080331a; no voters: 
I20260630 12:11:02.808956   948 raft_consensus.cc:515] T 4f3bb32c720d4910a9789318cae9c1c1 P 3cc68e80303d4f0a9c98307ff1734db1 [term 1 FOLLOWER]: Starting leader election with config: opid_index: -1 OBSOLETE_local: true peers { permanent_uuid: "3cc68e80303d4f0a9c98307ff1734db1" member_type: VOTER last_known_addr { host: "127.0.107.193" port: 45269 } }
I20260630 12:11:02.809662   948 leader_election.cc:304] T 4f3bb32c720d4910a9789318cae9c1c1 P 3cc68e80303d4f0a9c98307ff1734db1 [CANDIDATE]: Term 1 election: Election decided. Result: candidate won. Election summary: received 1 responses out of 1 voters: 1 yes votes; 0 no votes. yes voters: 3cc68e80303d4f0a9c98307ff1734db1; no voters: 
I20260630 12:11:02.812145   948 leader_election.cc:290] T 4f3bb32c720d4910a9789318cae9c1c1 P 3cc68e80303d4f0a9c98307ff1734db1 [CANDIDATE]: Term 1 election: Requested vote from peers 
I20260630 12:11:02.812301   949 raft_consensus.cc:515] T 13cb7d2689974750a4a2730eb767bb7d P d363e45f608941a9b77ec0d43bf63bce [term 1 FOLLOWER]: Starting leader election with config: opid_index: -1 OBSOLETE_local: true peers { permanent_uuid: "d363e45f608941a9b77ec0d43bf63bce" member_type: VOTER last_known_addr { host: "127.0.107.194" port: 45401 } }
I20260630 12:11:02.812709   955 raft_consensus.cc:2804] T 4f3bb32c720d4910a9789318cae9c1c1 P 3cc68e80303d4f0a9c98307ff1734db1 [term 1 FOLLOWER]: Leader election won for term 1
I20260630 12:11:02.812999   949 leader_election.cc:304] T 13cb7d2689974750a4a2730eb767bb7d P d363e45f608941a9b77ec0d43bf63bce [CANDIDATE]: Term 1 election: Election decided. Result: candidate won. Election summary: received 1 responses out of 1 voters: 1 yes votes; 0 no votes. yes voters: d363e45f608941a9b77ec0d43bf63bce; no voters: 
I20260630 12:11:02.816782   950 leader_election.cc:290] T 830eb7e08db94410bb940ea58e4c4d88 P 93297b21410943c89bf856621080331a [CANDIDATE]: Term 1 election: Requested vote from peers 
I20260630 12:11:02.817232   954 raft_consensus.cc:2804] T 830eb7e08db94410bb940ea58e4c4d88 P 93297b21410943c89bf856621080331a [term 1 FOLLOWER]: Leader election won for term 1
I20260630 12:11:02.822084   958 raft_consensus.cc:2804] T 13cb7d2689974750a4a2730eb767bb7d P d363e45f608941a9b77ec0d43bf63bce [term 1 FOLLOWER]: Leader election won for term 1
I20260630 12:11:02.822489   949 leader_election.cc:290] T 13cb7d2689974750a4a2730eb767bb7d P d363e45f608941a9b77ec0d43bf63bce [CANDIDATE]: Term 1 election: Requested vote from peers 
I20260630 12:11:02.822582   948 ts_tablet_manager.cc:1434] T 4f3bb32c720d4910a9789318cae9c1c1 P 3cc68e80303d4f0a9c98307ff1734db1: Time spent starting tablet: real 0.030s	user 0.012s	sys 0.013s
I20260630 12:11:02.824640   955 raft_consensus.cc:697] T 4f3bb32c720d4910a9789318cae9c1c1 P 3cc68e80303d4f0a9c98307ff1734db1 [term 1 LEADER]: Becoming Leader. State: Replica: 3cc68e80303d4f0a9c98307ff1734db1, State: Running, Role: LEADER
I20260630 12:11:02.824791   749 heartbeater.cc:499] Master 127.0.107.253:46633 was elected leader, sending a full tablet report...
I20260630 12:11:02.825361   955 consensus_queue.cc:237] T 4f3bb32c720d4910a9789318cae9c1c1 P 3cc68e80303d4f0a9c98307ff1734db1 [LEADER]: Queue going to LEADER mode. State: All replicated index: 0, Majority replicated index: 0, Committed index: 0, Last appended: 0.0, Last appended by leader: 0, Current term: 1, Majority size: 1, State: 0, Mode: LEADER, active raft config: opid_index: -1 OBSOLETE_local: true peers { permanent_uuid: "3cc68e80303d4f0a9c98307ff1734db1" member_type: VOTER last_known_addr { host: "127.0.107.193" port: 45269 } }
I20260630 12:11:02.825778   950 ts_tablet_manager.cc:1434] T 830eb7e08db94410bb940ea58e4c4d88 P 93297b21410943c89bf856621080331a: Time spent starting tablet: real 0.029s	user 0.017s	sys 0.008s
I20260630 12:11:02.828815   948 tablet_bootstrap.cc:492] T 1df74974f99d48849a10bc3f420c2f0f P 3cc68e80303d4f0a9c98307ff1734db1: Bootstrap starting.
I20260630 12:11:02.830884   958 raft_consensus.cc:697] T 13cb7d2689974750a4a2730eb767bb7d P d363e45f608941a9b77ec0d43bf63bce [term 1 LEADER]: Becoming Leader. State: Replica: d363e45f608941a9b77ec0d43bf63bce, State: Running, Role: LEADER
I20260630 12:11:02.832661   958 consensus_queue.cc:237] T 13cb7d2689974750a4a2730eb767bb7d P d363e45f608941a9b77ec0d43bf63bce [LEADER]: Queue going to LEADER mode. State: All replicated index: 0, Majority replicated index: 0, Committed index: 0, Last appended: 0.0, Last appended by leader: 0, Current term: 1, Majority size: 1, State: 0, Mode: LEADER, active raft config: opid_index: -1 OBSOLETE_local: true peers { permanent_uuid: "d363e45f608941a9b77ec0d43bf63bce" member_type: VOTER last_known_addr { host: "127.0.107.194" port: 45401 } }
I20260630 12:11:02.840991   949 ts_tablet_manager.cc:1434] T 13cb7d2689974750a4a2730eb767bb7d P d363e45f608941a9b77ec0d43bf63bce: Time spent starting tablet: real 0.041s	user 0.015s	sys 0.008s
I20260630 12:11:02.841375   528 catalog_manager.cc:5697] T 4f3bb32c720d4910a9789318cae9c1c1 P 3cc68e80303d4f0a9c98307ff1734db1 reported cstate change: term changed from 0 to 1, leader changed from <none> to 3cc68e80303d4f0a9c98307ff1734db1 (127.0.107.193). New cstate: current_term: 1 leader_uuid: "3cc68e80303d4f0a9c98307ff1734db1" committed_config { opid_index: -1 OBSOLETE_local: true peers { permanent_uuid: "3cc68e80303d4f0a9c98307ff1734db1" member_type: VOTER last_known_addr { host: "127.0.107.193" port: 45269 } health_report { overall_health: HEALTHY } } }
I20260630 12:11:02.848866   948 tablet_bootstrap.cc:654] T 1df74974f99d48849a10bc3f420c2f0f P 3cc68e80303d4f0a9c98307ff1734db1: Neither blocks nor log segments found. Creating new log.
I20260630 12:11:02.846889   954 raft_consensus.cc:697] T 830eb7e08db94410bb940ea58e4c4d88 P 93297b21410943c89bf856621080331a [term 1 LEADER]: Becoming Leader. State: Replica: 93297b21410943c89bf856621080331a, State: Running, Role: LEADER
I20260630 12:11:02.856033   527 catalog_manager.cc:5697] T 13cb7d2689974750a4a2730eb767bb7d P d363e45f608941a9b77ec0d43bf63bce reported cstate change: term changed from 0 to 1, leader changed from <none> to d363e45f608941a9b77ec0d43bf63bce (127.0.107.194). New cstate: current_term: 1 leader_uuid: "d363e45f608941a9b77ec0d43bf63bce" committed_config { opid_index: -1 OBSOLETE_local: true peers { permanent_uuid: "d363e45f608941a9b77ec0d43bf63bce" member_type: VOTER last_known_addr { host: "127.0.107.194" port: 45401 } health_report { overall_health: HEALTHY } } }
I20260630 12:11:02.861088   954 consensus_queue.cc:237] T 830eb7e08db94410bb940ea58e4c4d88 P 93297b21410943c89bf856621080331a [LEADER]: Queue going to LEADER mode. State: All replicated index: 0, Majority replicated index: 0, Committed index: 0, Last appended: 0.0, Last appended by leader: 0, Current term: 1, Majority size: 1, State: 0, Mode: LEADER, active raft config: opid_index: -1 OBSOLETE_local: true peers { permanent_uuid: "93297b21410943c89bf856621080331a" member_type: VOTER last_known_addr { host: "127.0.107.195" port: 44045 } }
I20260630 12:11:02.884735   948 tablet_bootstrap.cc:492] T 1df74974f99d48849a10bc3f420c2f0f P 3cc68e80303d4f0a9c98307ff1734db1: No bootstrap required, opened a new log
I20260630 12:11:02.885653   948 ts_tablet_manager.cc:1403] T 1df74974f99d48849a10bc3f420c2f0f P 3cc68e80303d4f0a9c98307ff1734db1: Time spent bootstrapping tablet: real 0.057s	user 0.020s	sys 0.011s
I20260630 12:11:02.895531   948 raft_consensus.cc:359] T 1df74974f99d48849a10bc3f420c2f0f P 3cc68e80303d4f0a9c98307ff1734db1 [term 0 FOLLOWER]: Replica starting. Triggering 0 pending ops. Active config: opid_index: -1 OBSOLETE_local: true peers { permanent_uuid: "3cc68e80303d4f0a9c98307ff1734db1" member_type: VOTER last_known_addr { host: "127.0.107.193" port: 45269 } }
I20260630 12:11:02.896070   948 raft_consensus.cc:385] T 1df74974f99d48849a10bc3f420c2f0f P 3cc68e80303d4f0a9c98307ff1734db1 [term 0 FOLLOWER]: Consensus starting up: Expiring failure detector timer to make a prompt election more likely
I20260630 12:11:02.896420   948 raft_consensus.cc:740] T 1df74974f99d48849a10bc3f420c2f0f P 3cc68e80303d4f0a9c98307ff1734db1 [term 0 FOLLOWER]: Becoming Follower/Learner. State: Replica: 3cc68e80303d4f0a9c98307ff1734db1, State: Initialized, Role: FOLLOWER
I20260630 12:11:02.898063   948 consensus_queue.cc:260] T 1df74974f99d48849a10bc3f420c2f0f P 3cc68e80303d4f0a9c98307ff1734db1 [NON_LEADER]: Queue going to NON_LEADER mode. State: All replicated index: 0, Majority replicated index: 0, Committed index: 0, Last appended: 0.0, Last appended by leader: 0, Current term: 0, Majority size: -1, State: 0, Mode: NON_LEADER, active raft config: opid_index: -1 OBSOLETE_local: true peers { permanent_uuid: "3cc68e80303d4f0a9c98307ff1734db1" member_type: VOTER last_known_addr { host: "127.0.107.193" port: 45269 } }
I20260630 12:11:02.898783   948 raft_consensus.cc:399] T 1df74974f99d48849a10bc3f420c2f0f P 3cc68e80303d4f0a9c98307ff1734db1 [term 0 FOLLOWER]: Only one voter in the Raft config. Triggering election immediately
I20260630 12:11:02.900276   948 raft_consensus.cc:493] T 1df74974f99d48849a10bc3f420c2f0f P 3cc68e80303d4f0a9c98307ff1734db1 [term 0 FOLLOWER]: Starting leader election (initial election of a single-replica configuration)
I20260630 12:11:02.900964   948 raft_consensus.cc:3060] T 1df74974f99d48849a10bc3f420c2f0f P 3cc68e80303d4f0a9c98307ff1734db1 [term 0 FOLLOWER]: Advancing to term 1
I20260630 12:11:02.908499   948 raft_consensus.cc:515] T 1df74974f99d48849a10bc3f420c2f0f P 3cc68e80303d4f0a9c98307ff1734db1 [term 1 FOLLOWER]: Starting leader election with config: opid_index: -1 OBSOLETE_local: true peers { permanent_uuid: "3cc68e80303d4f0a9c98307ff1734db1" member_type: VOTER last_known_addr { host: "127.0.107.193" port: 45269 } }
I20260630 12:11:02.909185   948 leader_election.cc:304] T 1df74974f99d48849a10bc3f420c2f0f P 3cc68e80303d4f0a9c98307ff1734db1 [CANDIDATE]: Term 1 election: Election decided. Result: candidate won. Election summary: received 1 responses out of 1 voters: 1 yes votes; 0 no votes. yes voters: 3cc68e80303d4f0a9c98307ff1734db1; no voters: 
I20260630 12:11:02.909848   948 leader_election.cc:290] T 1df74974f99d48849a10bc3f420c2f0f P 3cc68e80303d4f0a9c98307ff1734db1 [CANDIDATE]: Term 1 election: Requested vote from peers 
I20260630 12:11:02.910410   955 raft_consensus.cc:2804] T 1df74974f99d48849a10bc3f420c2f0f P 3cc68e80303d4f0a9c98307ff1734db1 [term 1 FOLLOWER]: Leader election won for term 1
I20260630 12:11:02.910936   955 raft_consensus.cc:697] T 1df74974f99d48849a10bc3f420c2f0f P 3cc68e80303d4f0a9c98307ff1734db1 [term 1 LEADER]: Becoming Leader. State: Replica: 3cc68e80303d4f0a9c98307ff1734db1, State: Running, Role: LEADER
I20260630 12:11:02.911448   948 ts_tablet_manager.cc:1434] T 1df74974f99d48849a10bc3f420c2f0f P 3cc68e80303d4f0a9c98307ff1734db1: Time spent starting tablet: real 0.025s	user 0.011s	sys 0.003s
I20260630 12:11:02.911573   955 consensus_queue.cc:237] T 1df74974f99d48849a10bc3f420c2f0f P 3cc68e80303d4f0a9c98307ff1734db1 [LEADER]: Queue going to LEADER mode. State: All replicated index: 0, Majority replicated index: 0, Committed index: 0, Last appended: 0.0, Last appended by leader: 0, Current term: 1, Majority size: 1, State: 0, Mode: LEADER, active raft config: opid_index: -1 OBSOLETE_local: true peers { permanent_uuid: "3cc68e80303d4f0a9c98307ff1734db1" member_type: VOTER last_known_addr { host: "127.0.107.193" port: 45269 } }
I20260630 12:11:02.916586   527 catalog_manager.cc:5697] T 830eb7e08db94410bb940ea58e4c4d88 P 93297b21410943c89bf856621080331a reported cstate change: term changed from 0 to 1, leader changed from <none> to 93297b21410943c89bf856621080331a (127.0.107.195). New cstate: current_term: 1 leader_uuid: "93297b21410943c89bf856621080331a" committed_config { opid_index: -1 OBSOLETE_local: true peers { permanent_uuid: "93297b21410943c89bf856621080331a" member_type: VOTER last_known_addr { host: "127.0.107.195" port: 44045 } health_report { overall_health: HEALTHY } } }
I20260630 12:11:02.918977   526 catalog_manager.cc:5697] T 1df74974f99d48849a10bc3f420c2f0f P 3cc68e80303d4f0a9c98307ff1734db1 reported cstate change: term changed from 0 to 1, leader changed from <none> to 3cc68e80303d4f0a9c98307ff1734db1 (127.0.107.193). New cstate: current_term: 1 leader_uuid: "3cc68e80303d4f0a9c98307ff1734db1" committed_config { opid_index: -1 OBSOLETE_local: true peers { permanent_uuid: "3cc68e80303d4f0a9c98307ff1734db1" member_type: VOTER last_known_addr { host: "127.0.107.193" port: 45269 } health_report { overall_health: HEALTHY } } }
I20260630 12:11:04.485441   667 auto_leader_rebalancer.cc:141] leader rebalance for table test-workload
I20260630 12:11:04.487728   667 auto_leader_rebalancer.cc:515] All tables' leader rebalancing finished this round
I20260630 12:11:04.978643   431 tablet_server.cc:179] TabletServer@127.0.107.193:0 shutting down...
I20260630 12:11:04.995437   431 ts_tablet_manager.cc:1507] Shutting down tablet manager...
I20260630 12:11:04.996039   431 tablet_replica.cc:333] T 1df74974f99d48849a10bc3f420c2f0f P 3cc68e80303d4f0a9c98307ff1734db1: stopping tablet replica
I20260630 12:11:04.996662   431 raft_consensus.cc:2243] T 1df74974f99d48849a10bc3f420c2f0f P 3cc68e80303d4f0a9c98307ff1734db1 [term 1 LEADER]: Raft consensus shutting down.
I20260630 12:11:04.997107   431 raft_consensus.cc:2272] T 1df74974f99d48849a10bc3f420c2f0f P 3cc68e80303d4f0a9c98307ff1734db1 [term 1 FOLLOWER]: Raft consensus is shut down!
I20260630 12:11:04.999038   431 tablet_replica.cc:333] T 4f3bb32c720d4910a9789318cae9c1c1 P 3cc68e80303d4f0a9c98307ff1734db1: stopping tablet replica
I20260630 12:11:04.999472   431 raft_consensus.cc:2243] T 4f3bb32c720d4910a9789318cae9c1c1 P 3cc68e80303d4f0a9c98307ff1734db1 [term 1 LEADER]: Raft consensus shutting down.
I20260630 12:11:04.999806   431 raft_consensus.cc:2272] T 4f3bb32c720d4910a9789318cae9c1c1 P 3cc68e80303d4f0a9c98307ff1734db1 [term 1 FOLLOWER]: Raft consensus is shut down!
I20260630 12:11:05.100970   431 tablet_server.cc:196] TabletServer@127.0.107.193:0 shutdown complete.
I20260630 12:11:05.110244   431 tablet_server.cc:179] TabletServer@127.0.107.194:0 shutting down...
I20260630 12:11:05.127140   431 ts_tablet_manager.cc:1507] Shutting down tablet manager...
I20260630 12:11:05.127727   431 tablet_replica.cc:333] T 13cb7d2689974750a4a2730eb767bb7d P d363e45f608941a9b77ec0d43bf63bce: stopping tablet replica
I20260630 12:11:05.128280   431 raft_consensus.cc:2243] T 13cb7d2689974750a4a2730eb767bb7d P d363e45f608941a9b77ec0d43bf63bce [term 1 LEADER]: Raft consensus shutting down.
I20260630 12:11:05.128712   431 raft_consensus.cc:2272] T 13cb7d2689974750a4a2730eb767bb7d P d363e45f608941a9b77ec0d43bf63bce [term 1 FOLLOWER]: Raft consensus is shut down!
I20260630 12:11:05.146438   431 tablet_server.cc:196] TabletServer@127.0.107.194:0 shutdown complete.
I20260630 12:11:05.153942   431 tablet_server.cc:179] TabletServer@127.0.107.195:0 shutting down...
I20260630 12:11:05.169987   431 ts_tablet_manager.cc:1507] Shutting down tablet manager...
I20260630 12:11:05.170621   431 tablet_replica.cc:333] T 830eb7e08db94410bb940ea58e4c4d88 P 93297b21410943c89bf856621080331a: stopping tablet replica
I20260630 12:11:05.171098   431 raft_consensus.cc:2243] T 830eb7e08db94410bb940ea58e4c4d88 P 93297b21410943c89bf856621080331a [term 1 LEADER]: Raft consensus shutting down.
I20260630 12:11:05.171542   431 raft_consensus.cc:2272] T 830eb7e08db94410bb940ea58e4c4d88 P 93297b21410943c89bf856621080331a [term 1 FOLLOWER]: Raft consensus is shut down!
I20260630 12:11:05.189538   431 tablet_server.cc:196] TabletServer@127.0.107.195:0 shutdown complete.
I20260630 12:11:05.197100   431 master.cc:562] Master@127.0.107.254:34039 shutting down...
I20260630 12:11:05.292809   431 raft_consensus.cc:2243] T 00000000000000000000000000000000 P 760f7c4803e34730b99fab20ad4ff7e5 [term 1 FOLLOWER]: Raft consensus shutting down.
I20260630 12:11:05.293350   431 raft_consensus.cc:2272] T 00000000000000000000000000000000 P 760f7c4803e34730b99fab20ad4ff7e5 [term 1 FOLLOWER]: Raft consensus is shut down!
I20260630 12:11:05.293704   431 tablet_replica.cc:333] T 00000000000000000000000000000000 P 760f7c4803e34730b99fab20ad4ff7e5: stopping tablet replica
I20260630 12:11:05.321117   431 master.cc:584] Master@127.0.107.254:34039 shutdown complete.
I20260630 12:11:05.333230   431 master.cc:562] Master@127.0.107.253:46633 shutting down...
I20260630 12:11:05.346653   431 raft_consensus.cc:2243] T 00000000000000000000000000000000 P 6ee346d989364edbb20b87d18b3c0f5c [term 1 LEADER]: Raft consensus shutting down.
I20260630 12:11:05.347522   431 raft_consensus.cc:2272] T 00000000000000000000000000000000 P 6ee346d989364edbb20b87d18b3c0f5c [term 1 FOLLOWER]: Raft consensus is shut down!
I20260630 12:11:05.347895   431 tablet_replica.cc:333] T 00000000000000000000000000000000 P 6ee346d989364edbb20b87d18b3c0f5c: stopping tablet replica
I20260630 12:11:05.399142   431 master.cc:584] Master@127.0.107.253:46633 shutdown complete.
I20260630 12:11:05.409832   431 master.cc:562] Master@127.0.107.252:36281 shutting down...
I20260630 12:11:05.424881   431 raft_consensus.cc:2243] T 00000000000000000000000000000000 P 8336a9f4cbe7483e941e915c56b05283 [term 1 FOLLOWER]: Raft consensus shutting down.
I20260630 12:11:05.425436   431 raft_consensus.cc:2272] T 00000000000000000000000000000000 P 8336a9f4cbe7483e941e915c56b05283 [term 1 FOLLOWER]: Raft consensus is shut down!
I20260630 12:11:05.425726   431 tablet_replica.cc:333] T 00000000000000000000000000000000 P 8336a9f4cbe7483e941e915c56b05283: stopping tablet replica
I20260630 12:11:05.442329   431 master.cc:584] Master@127.0.107.252:36281 shutdown complete.
[       OK ] AutoRebalancerTest.OnlyLeaderDoesAutoRebalancing (6702 ms)
[ RUN      ] AutoRebalancerTest.AutoRebalancingTurnOffAndOn
I20260630 12:11:05.468012   431 internal_mini_cluster.cc:156] Creating distributed mini masters. Addrs: 127.0.107.254:39401
I20260630 12:11:05.469165   431 file_cache.cc:492] Constructed file cache file cache with capacity 419430
W20260630 12:11:05.473811   972 instance_detector.cc:116] could not retrieve AWS instance metadata: Network error: curl error: HTTP response code said error: The requested URL returned error: 404
W20260630 12:11:05.474287   973 instance_detector.cc:116] could not retrieve Azure instance metadata: Network error: curl error: HTTP response code said error: The requested URL returned error: 404
W20260630 12:11:05.475627   975 instance_detector.cc:116] could not retrieve OpenStack instance metadata: Network error: curl error: HTTP response code said error: The requested URL returned error: 404
I20260630 12:11:05.476610   431 server_base.cc:1061] running on GCE node
I20260630 12:11:05.477422   431 hybrid_clock.cc:584] initializing the hybrid clock with 'system_unsync' time source
W20260630 12:11:05.477615   431 system_unsync_time.cc:38] NTP support is disabled. Clock error bounds will not be accurate. This configuration is not suitable for distributed clusters.
I20260630 12:11:05.477763   431 hybrid_clock.cc:648] HybridClock initialized: now 1782821465477750 us; error 0 us; skew 500 ppm
I20260630 12:11:05.478170   431 server_base.cc:861] Flag tcmalloc_max_total_thread_cache_bytes is not working since tcmalloc is not enabled.
