I20260630 12:11:15.465489  1211 leader_election.cc:304] T 0452bcca54f648afac543a8ee7f5b9a3 P fc60ad24c1b0492c83743be62ce89dd9 [CANDIDATE]: Term 2 election: Election decided. Result: candidate lost. Election summary: received 3 responses out of 3 voters: 1 yes votes; 2 no votes. yes voters: fc60ad24c1b0492c83743be62ce89dd9; no voters: 9f96343fd084447494d14e71707d8865, e54c3c726c9e47269a9588cbff57f6f6
I20260630 12:11:15.466109  1472 raft_consensus.cc:2749] T 0452bcca54f648afac543a8ee7f5b9a3 P fc60ad24c1b0492c83743be62ce89dd9 [term 2 FOLLOWER]: Leader election lost for term 2. Reason: could not achieve majority
I20260630 12:11:15.642644  1050 auto_leader_rebalancer.cc:141] leader rebalance for table test-workload
I20260630 12:11:15.653517  1248 tablet_service.cc:2072] Received LeaderStepDown RPC: tablet_id: "2a886ead13234080bdfba28068635e3f"
dest_uuid: "fc60ad24c1b0492c83743be62ce89dd9"
mode: GRACEFUL
new_leader_uuid: "9f96343fd084447494d14e71707d8865"
 from {username='slave'} at 127.0.0.1:58264
I20260630 12:11:15.654021  1248 raft_consensus.cc:606] T 2a886ead13234080bdfba28068635e3f P fc60ad24c1b0492c83743be62ce89dd9 [term 1 LEADER]: Received request to transfer leadership to TS 9f96343fd084447494d14e71707d8865
I20260630 12:11:15.682418  1173 tablet_service.cc:2072] Received LeaderStepDown RPC: tablet_id: "8df1379bbdeb4a5dbfab74b5c7701789"
dest_uuid: "9f96343fd084447494d14e71707d8865"
mode: GRACEFUL
new_leader_uuid: "e54c3c726c9e47269a9588cbff57f6f6"
 from {username='slave'} at 127.0.0.1:42122
I20260630 12:11:15.683025  1173 raft_consensus.cc:606] T 8df1379bbdeb4a5dbfab74b5c7701789 P 9f96343fd084447494d14e71707d8865 [term 1 LEADER]: Received request to transfer leadership to TS e54c3c726c9e47269a9588cbff57f6f6
I20260630 12:11:15.684212  1050 auto_leader_rebalancer.cc:440] table: test-workload, leader rebalance finish, leader transfer count: 2
I20260630 12:11:15.684772  1050 auto_leader_rebalancer.cc:515] All tables' leader rebalancing finished this round
I20260630 12:11:15.790179  1480 raft_consensus.cc:493] T c6670c6740334df7b2b37f4fa89bed1d P 9f96343fd084447494d14e71707d8865 [term 1 FOLLOWER]: Starting pre-election (detected failure of leader e54c3c726c9e47269a9588cbff57f6f6)
I20260630 12:11:15.790795  1480 raft_consensus.cc:515] T c6670c6740334df7b2b37f4fa89bed1d P 9f96343fd084447494d14e71707d8865 [term 1 FOLLOWER]: Starting pre-election with config: opid_index: 2 OBSOLETE_local: false peers { permanent_uuid: "e54c3c726c9e47269a9588cbff57f6f6" member_type: VOTER last_known_addr { host: "127.0.107.193" port: 44581 } } peers { permanent_uuid: "9f96343fd084447494d14e71707d8865" member_type: VOTER last_known_addr { host: "127.0.107.194" port: 34079 } attrs { replace: true } } peers { permanent_uuid: "fc60ad24c1b0492c83743be62ce89dd9" member_type: VOTER last_known_addr { host: "127.0.107.195" port: 46491 } } peers { permanent_uuid: "81c8b92e792a4fb0b67daade0fdbd78b" member_type: NON_VOTER last_known_addr { host: "127.0.107.196" port: 33279 } attrs { promote: true } }
I20260630 12:11:15.793045  1480 leader_election.cc:290] T c6670c6740334df7b2b37f4fa89bed1d P 9f96343fd084447494d14e71707d8865 [CANDIDATE]: Term 2 pre-election: Requested pre-vote from peers e54c3c726c9e47269a9588cbff57f6f6 (127.0.107.193:44581), fc60ad24c1b0492c83743be62ce89dd9 (127.0.107.195:46491)
I20260630 12:11:15.794662  1248 tablet_service.cc:1917] Received RequestConsensusVote() RPC: tablet_id: "c6670c6740334df7b2b37f4fa89bed1d" candidate_uuid: "9f96343fd084447494d14e71707d8865" candidate_term: 2 candidate_status { last_received { term: 1 index: 2 } } ignore_live_leader: false dest_uuid: "fc60ad24c1b0492c83743be62ce89dd9" is_pre_election: true
I20260630 12:11:15.795287  1248 raft_consensus.cc:2468] T c6670c6740334df7b2b37f4fa89bed1d P fc60ad24c1b0492c83743be62ce89dd9 [term 1 FOLLOWER]: Leader pre-election vote request: Granting yes vote for candidate 9f96343fd084447494d14e71707d8865 in term 1.
I20260630 12:11:15.796576  1139 leader_election.cc:304] T c6670c6740334df7b2b37f4fa89bed1d P 9f96343fd084447494d14e71707d8865 [CANDIDATE]: Term 2 pre-election: Election decided. Result: candidate won. Election summary: received 2 responses out of 3 voters: 2 yes votes; 0 no votes. yes voters: 9f96343fd084447494d14e71707d8865, fc60ad24c1b0492c83743be62ce89dd9; no voters: 
I20260630 12:11:15.797557  1480 raft_consensus.cc:2804] T c6670c6740334df7b2b37f4fa89bed1d P 9f96343fd084447494d14e71707d8865 [term 1 FOLLOWER]: Leader pre-election won for term 2
I20260630 12:11:15.797946  1480 raft_consensus.cc:493] T c6670c6740334df7b2b37f4fa89bed1d P 9f96343fd084447494d14e71707d8865 [term 1 FOLLOWER]: Starting leader election (detected failure of leader e54c3c726c9e47269a9588cbff57f6f6)
W20260630 12:11:15.797968  1137 leader_election.cc:336] T c6670c6740334df7b2b37f4fa89bed1d P 9f96343fd084447494d14e71707d8865 [CANDIDATE]: Term 2 pre-election: RPC error from VoteRequest() call to peer e54c3c726c9e47269a9588cbff57f6f6 (127.0.107.193:44581): Network error: Client connection negotiation failed: client connection to 127.0.107.193:44581: connect: Connection refused (error 111)
I20260630 12:11:15.798453  1480 raft_consensus.cc:3060] T c6670c6740334df7b2b37f4fa89bed1d P 9f96343fd084447494d14e71707d8865 [term 1 FOLLOWER]: Advancing to term 2
I20260630 12:11:15.805272  1480 raft_consensus.cc:515] T c6670c6740334df7b2b37f4fa89bed1d P 9f96343fd084447494d14e71707d8865 [term 2 FOLLOWER]: Starting leader election with config: opid_index: 2 OBSOLETE_local: false peers { permanent_uuid: "e54c3c726c9e47269a9588cbff57f6f6" member_type: VOTER last_known_addr { host: "127.0.107.193" port: 44581 } } peers { permanent_uuid: "9f96343fd084447494d14e71707d8865" member_type: VOTER last_known_addr { host: "127.0.107.194" port: 34079 } attrs { replace: true } } peers { permanent_uuid: "fc60ad24c1b0492c83743be62ce89dd9" member_type: VOTER last_known_addr { host: "127.0.107.195" port: 46491 } } peers { permanent_uuid: "81c8b92e792a4fb0b67daade0fdbd78b" member_type: NON_VOTER last_known_addr { host: "127.0.107.196" port: 33279 } attrs { promote: true } }
I20260630 12:11:15.811302  1248 tablet_service.cc:1917] Received RequestConsensusVote() RPC: tablet_id: "c6670c6740334df7b2b37f4fa89bed1d" candidate_uuid: "9f96343fd084447494d14e71707d8865" candidate_term: 2 candidate_status { last_received { term: 1 index: 2 } } ignore_live_leader: false dest_uuid: "fc60ad24c1b0492c83743be62ce89dd9"
I20260630 12:11:15.811820  1248 raft_consensus.cc:3060] T c6670c6740334df7b2b37f4fa89bed1d P fc60ad24c1b0492c83743be62ce89dd9 [term 1 FOLLOWER]: Advancing to term 2
W20260630 12:11:15.812233  1137 leader_election.cc:336] T c6670c6740334df7b2b37f4fa89bed1d P 9f96343fd084447494d14e71707d8865 [CANDIDATE]: Term 2 election: RPC error from VoteRequest() call to peer e54c3c726c9e47269a9588cbff57f6f6 (127.0.107.193:44581): Network error: Client connection negotiation failed: client connection to 127.0.107.193:44581: connect: Connection refused (error 111)
I20260630 12:11:15.812942  1480 leader_election.cc:290] T c6670c6740334df7b2b37f4fa89bed1d P 9f96343fd084447494d14e71707d8865 [CANDIDATE]: Term 2 election: Requested vote from peers e54c3c726c9e47269a9588cbff57f6f6 (127.0.107.193:44581), fc60ad24c1b0492c83743be62ce89dd9 (127.0.107.195:46491)
I20260630 12:11:15.818193  1248 raft_consensus.cc:2468] T c6670c6740334df7b2b37f4fa89bed1d P fc60ad24c1b0492c83743be62ce89dd9 [term 2 FOLLOWER]: Leader election vote request: Granting yes vote for candidate 9f96343fd084447494d14e71707d8865 in term 2.
I20260630 12:11:15.819456  1139 leader_election.cc:304] T c6670c6740334df7b2b37f4fa89bed1d P 9f96343fd084447494d14e71707d8865 [CANDIDATE]: Term 2 election: Election decided. Result: candidate won. Election summary: received 3 responses out of 3 voters: 2 yes votes; 1 no votes. yes voters: 9f96343fd084447494d14e71707d8865, fc60ad24c1b0492c83743be62ce89dd9; no voters: e54c3c726c9e47269a9588cbff57f6f6
I20260630 12:11:15.820240  1480 raft_consensus.cc:2804] T c6670c6740334df7b2b37f4fa89bed1d P 9f96343fd084447494d14e71707d8865 [term 2 FOLLOWER]: Leader election won for term 2
I20260630 12:11:15.821173  1480 raft_consensus.cc:697] T c6670c6740334df7b2b37f4fa89bed1d P 9f96343fd084447494d14e71707d8865 [term 2 LEADER]: Becoming Leader. State: Replica: 9f96343fd084447494d14e71707d8865, State: Running, Role: LEADER
I20260630 12:11:15.822005  1480 consensus_queue.cc:237] T c6670c6740334df7b2b37f4fa89bed1d P 9f96343fd084447494d14e71707d8865 [LEADER]: Queue going to LEADER mode. State: All replicated index: 0, Majority replicated index: 2, Committed index: 2, Last appended: 1.2, Last appended by leader: 2, Current term: 2, Majority size: 2, State: 0, Mode: LEADER, active raft config: opid_index: 2 OBSOLETE_local: false peers { permanent_uuid: "e54c3c726c9e47269a9588cbff57f6f6" member_type: VOTER last_known_addr { host: "127.0.107.193" port: 44581 } } peers { permanent_uuid: "9f96343fd084447494d14e71707d8865" member_type: VOTER last_known_addr { host: "127.0.107.194" port: 34079 } attrs { replace: true } } peers { permanent_uuid: "fc60ad24c1b0492c83743be62ce89dd9" member_type: VOTER last_known_addr { host: "127.0.107.195" port: 46491 } } peers { permanent_uuid: "81c8b92e792a4fb0b67daade0fdbd78b" member_type: NON_VOTER last_known_addr { host: "127.0.107.196" port: 33279 } attrs { promote: true } }
I20260630 12:11:15.829984   997 catalog_manager.cc:5697] T c6670c6740334df7b2b37f4fa89bed1d P 9f96343fd084447494d14e71707d8865 reported cstate change: term changed from 1 to 2, leader changed from e54c3c726c9e47269a9588cbff57f6f6 (127.0.107.193) to 9f96343fd084447494d14e71707d8865 (127.0.107.194). New cstate: current_term: 2 leader_uuid: "9f96343fd084447494d14e71707d8865" committed_config { opid_index: 2 OBSOLETE_local: false peers { permanent_uuid: "e54c3c726c9e47269a9588cbff57f6f6" member_type: VOTER last_known_addr { host: "127.0.107.193" port: 44581 } health_report { overall_health: UNKNOWN } } peers { permanent_uuid: "9f96343fd084447494d14e71707d8865" member_type: VOTER last_known_addr { host: "127.0.107.194" port: 34079 } attrs { replace: true } health_report { overall_health: HEALTHY } } peers { permanent_uuid: "fc60ad24c1b0492c83743be62ce89dd9" member_type: VOTER last_known_addr { host: "127.0.107.195" port: 46491 } health_report { overall_health: UNKNOWN } } peers { permanent_uuid: "81c8b92e792a4fb0b67daade0fdbd78b" member_type: NON_VOTER last_known_addr { host: "127.0.107.196" port: 33279 } attrs { promote: true } health_report { overall_health: UNKNOWN } } }
I20260630 12:11:15.840029  1173 tablet_service.cc:2072] Received LeaderStepDown RPC: tablet_id: "c6670c6740334df7b2b37f4fa89bed1d"
dest_uuid: "9f96343fd084447494d14e71707d8865"
mode: GRACEFUL
 from {username='slave'} at 127.0.0.1:40708
I20260630 12:11:15.840651  1173 raft_consensus.cc:606] T c6670c6740334df7b2b37f4fa89bed1d P 9f96343fd084447494d14e71707d8865 [term 2 LEADER]: Received request to transfer leadership
I20260630 12:11:15.843452  1173 tablet_service.cc:2072] Received LeaderStepDown RPC: tablet_id: "c6670c6740334df7b2b37f4fa89bed1d"
dest_uuid: "9f96343fd084447494d14e71707d8865"
mode: GRACEFUL
 from {username='slave'} at 127.0.0.1:40708
I20260630 12:11:15.843945  1173 raft_consensus.cc:606] T c6670c6740334df7b2b37f4fa89bed1d P 9f96343fd084447494d14e71707d8865 [term 2 LEADER]: Received request to transfer leadership
I20260630 12:11:15.846248  1173 tablet_service.cc:2072] Received LeaderStepDown RPC: tablet_id: "c6670c6740334df7b2b37f4fa89bed1d"
dest_uuid: "9f96343fd084447494d14e71707d8865"
mode: GRACEFUL
 from {username='slave'} at 127.0.0.1:40708
I20260630 12:11:15.846755  1173 raft_consensus.cc:606] T c6670c6740334df7b2b37f4fa89bed1d P 9f96343fd084447494d14e71707d8865 [term 2 LEADER]: Received request to transfer leadership
I20260630 12:11:15.860406  1516 raft_consensus.cc:993] T 2a886ead13234080bdfba28068635e3f P fc60ad24c1b0492c83743be62ce89dd9: : Instructing follower 9f96343fd084447494d14e71707d8865 to start an election
I20260630 12:11:15.860890  1472 raft_consensus.cc:1081] T 2a886ead13234080bdfba28068635e3f P fc60ad24c1b0492c83743be62ce89dd9 [term 1 LEADER]: Signalling peer 9f96343fd084447494d14e71707d8865 to start an election
I20260630 12:11:15.862337  1173 tablet_service.cc:2044] Received Run Leader Election RPC: tablet_id: "2a886ead13234080bdfba28068635e3f"
dest_uuid: "9f96343fd084447494d14e71707d8865"
 from {username='slave'} at 127.0.0.1:40716
I20260630 12:11:15.862769  1173 raft_consensus.cc:493] T 2a886ead13234080bdfba28068635e3f P 9f96343fd084447494d14e71707d8865 [term 1 FOLLOWER]: Starting forced leader election (received explicit request)
I20260630 12:11:15.863062  1173 raft_consensus.cc:3060] T 2a886ead13234080bdfba28068635e3f P 9f96343fd084447494d14e71707d8865 [term 1 FOLLOWER]: Advancing to term 2
I20260630 12:11:15.867102  1173 raft_consensus.cc:515] T 2a886ead13234080bdfba28068635e3f P 9f96343fd084447494d14e71707d8865 [term 2 FOLLOWER]: Starting forced leader election with config: opid_index: -1 OBSOLETE_local: false peers { permanent_uuid: "e54c3c726c9e47269a9588cbff57f6f6" member_type: VOTER last_known_addr { host: "127.0.107.193" port: 44581 } } peers { permanent_uuid: "fc60ad24c1b0492c83743be62ce89dd9" member_type: VOTER last_known_addr { host: "127.0.107.195" port: 46491 } } peers { permanent_uuid: "9f96343fd084447494d14e71707d8865" member_type: VOTER last_known_addr { host: "127.0.107.194" port: 34079 } }
I20260630 12:11:15.868695  1173 leader_election.cc:290] T 2a886ead13234080bdfba28068635e3f P 9f96343fd084447494d14e71707d8865 [CANDIDATE]: Term 2 election: Requested vote from peers e54c3c726c9e47269a9588cbff57f6f6 (127.0.107.193:44581), fc60ad24c1b0492c83743be62ce89dd9 (127.0.107.195:46491)
I20260630 12:11:15.869796  1248 tablet_service.cc:1917] Received RequestConsensusVote() RPC: tablet_id: "2a886ead13234080bdfba28068635e3f" candidate_uuid: "9f96343fd084447494d14e71707d8865" candidate_term: 2 candidate_status { last_received { term: 1 index: 1 } } ignore_live_leader: true dest_uuid: "fc60ad24c1b0492c83743be62ce89dd9"
I20260630 12:11:15.870311  1248 raft_consensus.cc:3055] T 2a886ead13234080bdfba28068635e3f P fc60ad24c1b0492c83743be62ce89dd9 [term 1 LEADER]: Stepping down as leader of term 1
I20260630 12:11:15.870639  1248 raft_consensus.cc:740] T 2a886ead13234080bdfba28068635e3f P fc60ad24c1b0492c83743be62ce89dd9 [term 1 LEADER]: Becoming Follower/Learner. State: Replica: fc60ad24c1b0492c83743be62ce89dd9, State: Running, Role: LEADER
I20260630 12:11:15.871272  1248 consensus_queue.cc:260] T 2a886ead13234080bdfba28068635e3f P fc60ad24c1b0492c83743be62ce89dd9 [NON_LEADER]: Queue going to NON_LEADER mode. State: All replicated index: 0, Majority replicated index: 1, Committed index: 1, Last appended: 1.1, Last appended by leader: 1, Current term: 1, Majority size: -1, State: 0, Mode: NON_LEADER, active raft config: opid_index: -1 OBSOLETE_local: false peers { permanent_uuid: "e54c3c726c9e47269a9588cbff57f6f6" member_type: VOTER last_known_addr { host: "127.0.107.193" port: 44581 } } peers { permanent_uuid: "fc60ad24c1b0492c83743be62ce89dd9" member_type: VOTER last_known_addr { host: "127.0.107.195" port: 46491 } } peers { permanent_uuid: "9f96343fd084447494d14e71707d8865" member_type: VOTER last_known_addr { host: "127.0.107.194" port: 34079 } }
I20260630 12:11:15.872416  1248 raft_consensus.cc:3060] T 2a886ead13234080bdfba28068635e3f P fc60ad24c1b0492c83743be62ce89dd9 [term 1 FOLLOWER]: Advancing to term 2
W20260630 12:11:15.872668  1137 leader_election.cc:336] T 2a886ead13234080bdfba28068635e3f P 9f96343fd084447494d14e71707d8865 [CANDIDATE]: Term 2 election: RPC error from VoteRequest() call to peer e54c3c726c9e47269a9588cbff57f6f6 (127.0.107.193:44581): Network error: Client connection negotiation failed: client connection to 127.0.107.193:44581: connect: Connection refused (error 111)
I20260630 12:11:15.876745  1248 raft_consensus.cc:2468] T 2a886ead13234080bdfba28068635e3f P fc60ad24c1b0492c83743be62ce89dd9 [term 2 FOLLOWER]: Leader election vote request: Granting yes vote for candidate 9f96343fd084447494d14e71707d8865 in term 2.
I20260630 12:11:15.877576  1139 leader_election.cc:304] T 2a886ead13234080bdfba28068635e3f P 9f96343fd084447494d14e71707d8865 [CANDIDATE]: Term 2 election: Election decided. Result: candidate won. Election summary: received 3 responses out of 3 voters: 2 yes votes; 1 no votes. yes voters: 9f96343fd084447494d14e71707d8865, fc60ad24c1b0492c83743be62ce89dd9; no voters: e54c3c726c9e47269a9588cbff57f6f6
I20260630 12:11:15.878207  1480 raft_consensus.cc:2804] T 2a886ead13234080bdfba28068635e3f P 9f96343fd084447494d14e71707d8865 [term 2 FOLLOWER]: Leader election won for term 2
I20260630 12:11:15.878726  1480 raft_consensus.cc:697] T 2a886ead13234080bdfba28068635e3f P 9f96343fd084447494d14e71707d8865 [term 2 LEADER]: Becoming Leader. State: Replica: 9f96343fd084447494d14e71707d8865, State: Running, Role: LEADER
I20260630 12:11:15.879567  1480 consensus_queue.cc:237] T 2a886ead13234080bdfba28068635e3f P 9f96343fd084447494d14e71707d8865 [LEADER]: Queue going to LEADER mode. State: All replicated index: 0, Majority replicated index: 1, Committed index: 1, Last appended: 1.1, Last appended by leader: 1, Current term: 2, Majority size: 2, State: 0, Mode: LEADER, active raft config: opid_index: -1 OBSOLETE_local: false peers { permanent_uuid: "e54c3c726c9e47269a9588cbff57f6f6" member_type: VOTER last_known_addr { host: "127.0.107.193" port: 44581 } } peers { permanent_uuid: "fc60ad24c1b0492c83743be62ce89dd9" member_type: VOTER last_known_addr { host: "127.0.107.195" port: 46491 } } peers { permanent_uuid: "9f96343fd084447494d14e71707d8865" member_type: VOTER last_known_addr { host: "127.0.107.194" port: 34079 } }
I20260630 12:11:15.886708   997 catalog_manager.cc:5697] T 2a886ead13234080bdfba28068635e3f P 9f96343fd084447494d14e71707d8865 reported cstate change: term changed from 1 to 2, leader changed from fc60ad24c1b0492c83743be62ce89dd9 (127.0.107.195) to 9f96343fd084447494d14e71707d8865 (127.0.107.194). New cstate: current_term: 2 leader_uuid: "9f96343fd084447494d14e71707d8865" committed_config { opid_index: -1 OBSOLETE_local: false peers { permanent_uuid: "e54c3c726c9e47269a9588cbff57f6f6" member_type: VOTER last_known_addr { host: "127.0.107.193" port: 44581 } health_report { overall_health: UNKNOWN } } peers { permanent_uuid: "fc60ad24c1b0492c83743be62ce89dd9" member_type: VOTER last_known_addr { host: "127.0.107.195" port: 46491 } health_report { overall_health: UNKNOWN } } peers { permanent_uuid: "9f96343fd084447494d14e71707d8865" member_type: VOTER last_known_addr { host: "127.0.107.194" port: 34079 } health_report { overall_health: HEALTHY } } }
W20260630 12:11:16.156034  1045 auto_rebalancer.cc:911] Removing replace marker failed after 3 inline attempts; will retry on next rebalancer loop iteration: Service unavailable: leader transfer in progress
W20260630 12:11:16.156461  1045 auto_rebalancer.cc:920] Could not move replica: Remote error: Service unavailable: leadership transfer for c6670c6740334df7b2b37f4fa89bed1d already in progress
W20260630 12:11:16.156740  1045 auto_rebalancer.cc:340] scheduled replica move failed to complete: Remote error: Service unavailable: leadership transfer for c6670c6740334df7b2b37f4fa89bed1d already in progress
I20260630 12:11:16.347352  1248 raft_consensus.cc:1275] T 2a886ead13234080bdfba28068635e3f P fc60ad24c1b0492c83743be62ce89dd9 [term 2 FOLLOWER]: Refusing update from remote peer 9f96343fd084447494d14e71707d8865: Log matching property violated. Preceding OpId in replica: term: 1 index: 1. Preceding OpId from leader: term: 2 index: 2. (index mismatch)
I20260630 12:11:16.348475  1480 consensus_queue.cc:1048] T 2a886ead13234080bdfba28068635e3f P 9f96343fd084447494d14e71707d8865 [LEADER]: Connected to new peer: Peer: permanent_uuid: "fc60ad24c1b0492c83743be62ce89dd9" member_type: VOTER last_known_addr { host: "127.0.107.195" port: 46491 }, Status: LMP_MISMATCH, Last received: 0.0, Next index: 2, Last known committed idx: 1, Time since last communication: 0.000s
I20260630 12:11:16.361421  1247 raft_consensus.cc:1275] T c6670c6740334df7b2b37f4fa89bed1d P fc60ad24c1b0492c83743be62ce89dd9 [term 2 FOLLOWER]: Refusing update from remote peer 9f96343fd084447494d14e71707d8865: Log matching property violated. Preceding OpId in replica: term: 1 index: 2. Preceding OpId from leader: term: 2 index: 3. (index mismatch)
I20260630 12:11:16.363377  1530 consensus_queue.cc:1048] T c6670c6740334df7b2b37f4fa89bed1d P 9f96343fd084447494d14e71707d8865 [LEADER]: Connected to new peer: Peer: permanent_uuid: "fc60ad24c1b0492c83743be62ce89dd9" member_type: VOTER last_known_addr { host: "127.0.107.195" port: 46491 }, Status: LMP_MISMATCH, Last received: 0.0, Next index: 3, Last known committed idx: 2, Time since last communication: 0.001s
W20260630 12:11:16.370996  1140 consensus_peers.cc:597] T c6670c6740334df7b2b37f4fa89bed1d P 9f96343fd084447494d14e71707d8865 -> Peer 81c8b92e792a4fb0b67daade0fdbd78b (127.0.107.196:33279): Couldn't send request to peer 81c8b92e792a4fb0b67daade0fdbd78b. Error code: TABLET_NOT_FOUND (6). Status: Not found: Tablet not found: c6670c6740334df7b2b37f4fa89bed1d. This is attempt 1: this message will repeat every 5th retry.
W20260630 12:11:16.394246   431 thread.cc:527] Waited for 2000ms trying to join with diag-logger (tid 1120)
I20260630 12:11:16.402417  1480 raft_consensus.cc:993] T c6670c6740334df7b2b37f4fa89bed1d P 9f96343fd084447494d14e71707d8865: : Instructing follower fc60ad24c1b0492c83743be62ce89dd9 to start an election
I20260630 12:11:16.402822  1530 raft_consensus.cc:1081] T c6670c6740334df7b2b37f4fa89bed1d P 9f96343fd084447494d14e71707d8865 [term 2 LEADER]: Signalling peer fc60ad24c1b0492c83743be62ce89dd9 to start an election
I20260630 12:11:16.418113  1247 tablet_service.cc:2044] Received Run Leader Election RPC: tablet_id: "c6670c6740334df7b2b37f4fa89bed1d"
dest_uuid: "fc60ad24c1b0492c83743be62ce89dd9"
 from {username='slave'} at 127.0.0.1:58246
I20260630 12:11:16.418937  1247 raft_consensus.cc:493] T c6670c6740334df7b2b37f4fa89bed1d P fc60ad24c1b0492c83743be62ce89dd9 [term 2 FOLLOWER]: Starting forced leader election (received explicit request)
I20260630 12:11:16.420593  1247 raft_consensus.cc:3060] T c6670c6740334df7b2b37f4fa89bed1d P fc60ad24c1b0492c83743be62ce89dd9 [term 2 FOLLOWER]: Advancing to term 3
I20260630 12:11:16.432432  1247 raft_consensus.cc:515] T c6670c6740334df7b2b37f4fa89bed1d P fc60ad24c1b0492c83743be62ce89dd9 [term 3 FOLLOWER]: Starting forced leader election with config: opid_index: 2 OBSOLETE_local: false peers { permanent_uuid: "e54c3c726c9e47269a9588cbff57f6f6" member_type: VOTER last_known_addr { host: "127.0.107.193" port: 44581 } } peers { permanent_uuid: "9f96343fd084447494d14e71707d8865" member_type: VOTER last_known_addr { host: "127.0.107.194" port: 34079 } attrs { replace: true } } peers { permanent_uuid: "fc60ad24c1b0492c83743be62ce89dd9" member_type: VOTER last_known_addr { host: "127.0.107.195" port: 46491 } } peers { permanent_uuid: "81c8b92e792a4fb0b67daade0fdbd78b" member_type: NON_VOTER last_known_addr { host: "127.0.107.196" port: 33279 } attrs { promote: true } }
W20260630 12:11:16.434888  1137 consensus_peers.cc:597] T 2a886ead13234080bdfba28068635e3f P 9f96343fd084447494d14e71707d8865 -> Peer e54c3c726c9e47269a9588cbff57f6f6 (127.0.107.193:44581): Couldn't send request to peer e54c3c726c9e47269a9588cbff57f6f6. Status: Network error: Client connection negotiation failed: client connection to 127.0.107.193:44581: connect: Connection refused (error 111). This is attempt 1: this message will repeat every 5th retry.
W20260630 12:11:16.440017  1211 leader_election.cc:336] T c6670c6740334df7b2b37f4fa89bed1d P fc60ad24c1b0492c83743be62ce89dd9 [CANDIDATE]: Term 3 election: RPC error from VoteRequest() call to peer e54c3c726c9e47269a9588cbff57f6f6 (127.0.107.193:44581): Network error: Client connection negotiation failed: client connection to 127.0.107.193:44581: connect: Connection refused (error 111)
I20260630 12:11:16.443085  1173 tablet_service.cc:1917] Received RequestConsensusVote() RPC: tablet_id: "c6670c6740334df7b2b37f4fa89bed1d" candidate_uuid: "fc60ad24c1b0492c83743be62ce89dd9" candidate_term: 3 candidate_status { last_received { term: 2 index: 3 } } ignore_live_leader: true dest_uuid: "9f96343fd084447494d14e71707d8865"
I20260630 12:11:16.443673  1173 raft_consensus.cc:3055] T c6670c6740334df7b2b37f4fa89bed1d P 9f96343fd084447494d14e71707d8865 [term 2 LEADER]: Stepping down as leader of term 2
I20260630 12:11:16.443981  1173 raft_consensus.cc:740] T c6670c6740334df7b2b37f4fa89bed1d P 9f96343fd084447494d14e71707d8865 [term 2 LEADER]: Becoming Follower/Learner. State: Replica: 9f96343fd084447494d14e71707d8865, State: Running, Role: LEADER
I20260630 12:11:16.444792  1173 consensus_queue.cc:260] T c6670c6740334df7b2b37f4fa89bed1d P 9f96343fd084447494d14e71707d8865 [NON_LEADER]: Queue going to NON_LEADER mode. State: All replicated index: 0, Majority replicated index: 3, Committed index: 3, Last appended: 2.3, Last appended by leader: 3, Current term: 2, Majority size: -1, State: 0, Mode: NON_LEADER, active raft config: opid_index: 2 OBSOLETE_local: false peers { permanent_uuid: "e54c3c726c9e47269a9588cbff57f6f6" member_type: VOTER last_known_addr { host: "127.0.107.193" port: 44581 } } peers { permanent_uuid: "9f96343fd084447494d14e71707d8865" member_type: VOTER last_known_addr { host: "127.0.107.194" port: 34079 } attrs { replace: true } } peers { permanent_uuid: "fc60ad24c1b0492c83743be62ce89dd9" member_type: VOTER last_known_addr { host: "127.0.107.195" port: 46491 } } peers { permanent_uuid: "81c8b92e792a4fb0b67daade0fdbd78b" member_type: NON_VOTER last_known_addr { host: "127.0.107.196" port: 33279 } attrs { promote: true } }
W20260630 12:11:16.445668  1137 consensus_peers.cc:597] T c6670c6740334df7b2b37f4fa89bed1d P 9f96343fd084447494d14e71707d8865 -> Peer e54c3c726c9e47269a9588cbff57f6f6 (127.0.107.193:44581): Couldn't send request to peer e54c3c726c9e47269a9588cbff57f6f6. Status: Network error: Client connection negotiation failed: client connection to 127.0.107.193:44581: connect: Connection refused (error 111). This is attempt 1: this message will repeat every 5th retry.
I20260630 12:11:16.446033  1247 leader_election.cc:290] T c6670c6740334df7b2b37f4fa89bed1d P fc60ad24c1b0492c83743be62ce89dd9 [CANDIDATE]: Term 3 election: Requested vote from peers e54c3c726c9e47269a9588cbff57f6f6 (127.0.107.193:44581), 9f96343fd084447494d14e71707d8865 (127.0.107.194:34079)
I20260630 12:11:16.446323  1173 raft_consensus.cc:3060] T c6670c6740334df7b2b37f4fa89bed1d P 9f96343fd084447494d14e71707d8865 [term 2 FOLLOWER]: Advancing to term 3
I20260630 12:11:16.451028  1173 raft_consensus.cc:2468] T c6670c6740334df7b2b37f4fa89bed1d P 9f96343fd084447494d14e71707d8865 [term 3 FOLLOWER]: Leader election vote request: Granting yes vote for candidate fc60ad24c1b0492c83743be62ce89dd9 in term 3.
I20260630 12:11:16.452095  1214 leader_election.cc:304] T c6670c6740334df7b2b37f4fa89bed1d P fc60ad24c1b0492c83743be62ce89dd9 [CANDIDATE]: Term 3 election: Election decided. Result: candidate won. Election summary: received 3 responses out of 3 voters: 2 yes votes; 1 no votes. yes voters: 9f96343fd084447494d14e71707d8865, fc60ad24c1b0492c83743be62ce89dd9; no voters: e54c3c726c9e47269a9588cbff57f6f6
I20260630 12:11:16.452809  1472 raft_consensus.cc:2804] T c6670c6740334df7b2b37f4fa89bed1d P fc60ad24c1b0492c83743be62ce89dd9 [term 3 FOLLOWER]: Leader election won for term 3
I20260630 12:11:16.453827  1472 raft_consensus.cc:697] T c6670c6740334df7b2b37f4fa89bed1d P fc60ad24c1b0492c83743be62ce89dd9 [term 3 LEADER]: Becoming Leader. State: Replica: fc60ad24c1b0492c83743be62ce89dd9, State: Running, Role: LEADER
I20260630 12:11:16.454674  1472 consensus_queue.cc:237] T c6670c6740334df7b2b37f4fa89bed1d P fc60ad24c1b0492c83743be62ce89dd9 [LEADER]: Queue going to LEADER mode. State: All replicated index: 0, Majority replicated index: 3, Committed index: 3, Last appended: 2.3, Last appended by leader: 3, Current term: 3, Majority size: 2, State: 0, Mode: LEADER, active raft config: opid_index: 2 OBSOLETE_local: false peers { permanent_uuid: "e54c3c726c9e47269a9588cbff57f6f6" member_type: VOTER last_known_addr { host: "127.0.107.193" port: 44581 } } peers { permanent_uuid: "9f96343fd084447494d14e71707d8865" member_type: VOTER last_known_addr { host: "127.0.107.194" port: 34079 } attrs { replace: true } } peers { permanent_uuid: "fc60ad24c1b0492c83743be62ce89dd9" member_type: VOTER last_known_addr { host: "127.0.107.195" port: 46491 } } peers { permanent_uuid: "81c8b92e792a4fb0b67daade0fdbd78b" member_type: NON_VOTER last_known_addr { host: "127.0.107.196" port: 33279 } attrs { promote: true } }
I20260630 12:11:16.461232   996 catalog_manager.cc:5697] T c6670c6740334df7b2b37f4fa89bed1d P fc60ad24c1b0492c83743be62ce89dd9 reported cstate change: term changed from 2 to 3, leader changed from 9f96343fd084447494d14e71707d8865 (127.0.107.194) to fc60ad24c1b0492c83743be62ce89dd9 (127.0.107.195). New cstate: current_term: 3 leader_uuid: "fc60ad24c1b0492c83743be62ce89dd9" committed_config { opid_index: 2 OBSOLETE_local: false peers { permanent_uuid: "e54c3c726c9e47269a9588cbff57f6f6" member_type: VOTER last_known_addr { host: "127.0.107.193" port: 44581 } health_report { overall_health: UNKNOWN } } peers { permanent_uuid: "9f96343fd084447494d14e71707d8865" member_type: VOTER last_known_addr { host: "127.0.107.194" port: 34079 } attrs { replace: true } health_report { overall_health: UNKNOWN } } peers { permanent_uuid: "fc60ad24c1b0492c83743be62ce89dd9" member_type: VOTER last_known_addr { host: "127.0.107.195" port: 46491 } health_report { overall_health: HEALTHY } } peers { permanent_uuid: "81c8b92e792a4fb0b67daade0fdbd78b" member_type: NON_VOTER last_known_addr { host: "127.0.107.196" port: 33279 } attrs { promote: true } health_report { overall_health: UNKNOWN } } }
W20260630 12:11:16.526921   981 catalog_manager.cc:4755] TS e54c3c726c9e47269a9588cbff57f6f6 (127.0.107.193:44581): DeleteTablet:TABLET_DATA_TOMBSTONED RPC failed for tablet 8df71adb67c945a3beb4a10768c7cd69: Network error: Client connection negotiation failed: client connection to 127.0.107.193:44581: connect: Connection refused (error 111)
W20260630 12:11:16.883222  1137 consensus_peers.cc:597] T 538fe3dbff42451fbb7c874cb578198d P 9f96343fd084447494d14e71707d8865 -> Peer e54c3c726c9e47269a9588cbff57f6f6 (127.0.107.193:44581): Couldn't send request to peer e54c3c726c9e47269a9588cbff57f6f6. Status: Network error: Client connection negotiation failed: client connection to 127.0.107.193:44581: connect: Connection refused (error 111). This is attempt 6: this message will repeat every 5th retry.
W20260630 12:11:16.894702  1214 consensus_peers.cc:597] T c6670c6740334df7b2b37f4fa89bed1d P fc60ad24c1b0492c83743be62ce89dd9 -> Peer 81c8b92e792a4fb0b67daade0fdbd78b (127.0.107.196:33279): Couldn't send request to peer 81c8b92e792a4fb0b67daade0fdbd78b. Error code: TABLET_NOT_FOUND (6). Status: Not found: Tablet not found: c6670c6740334df7b2b37f4fa89bed1d. This is attempt 1: this message will repeat every 5th retry.
W20260630 12:11:16.970479  1211 consensus_peers.cc:597] T c6670c6740334df7b2b37f4fa89bed1d P fc60ad24c1b0492c83743be62ce89dd9 -> Peer e54c3c726c9e47269a9588cbff57f6f6 (127.0.107.193:44581): Couldn't send request to peer e54c3c726c9e47269a9588cbff57f6f6. Status: Network error: Client connection negotiation failed: client connection to 127.0.107.193:44581: connect: Connection refused (error 111). This is attempt 1: this message will repeat every 5th retry.
I20260630 12:11:17.025290  1173 raft_consensus.cc:1275] T c6670c6740334df7b2b37f4fa89bed1d P 9f96343fd084447494d14e71707d8865 [term 3 FOLLOWER]: Refusing update from remote peer fc60ad24c1b0492c83743be62ce89dd9: Log matching property violated. Preceding OpId in replica: term: 2 index: 3. Preceding OpId from leader: term: 3 index: 4. (index mismatch)
I20260630 12:11:17.026677  1472 consensus_queue.cc:1048] T c6670c6740334df7b2b37f4fa89bed1d P fc60ad24c1b0492c83743be62ce89dd9 [LEADER]: Connected to new peer: Peer: permanent_uuid: "9f96343fd084447494d14e71707d8865" member_type: VOTER last_known_addr { host: "127.0.107.194" port: 34079 } attrs { replace: true }, Status: LMP_MISMATCH, Last received: 0.0, Next index: 4, Last known committed idx: 3, Time since last communication: 0.000s
W20260630 12:11:17.132989  1211 consensus_peers.cc:597] T d4d037040fd4406d8f160fdbabb0e059 P fc60ad24c1b0492c83743be62ce89dd9 -> Peer e54c3c726c9e47269a9588cbff57f6f6 (127.0.107.193:44581): Couldn't send request to peer e54c3c726c9e47269a9588cbff57f6f6. Status: Network error: Client connection negotiation failed: client connection to 127.0.107.193:44581: connect: Connection refused (error 111). This is attempt 6: this message will repeat every 5th retry.
I20260630 12:11:17.135537   431 tablet_server.cc:196] TabletServer@127.0.107.193:0 shutdown complete.
I20260630 12:11:17.154858   431 tablet_server.cc:179] TabletServer@127.0.107.194:0 shutting down...
W20260630 12:11:17.176921  1137 consensus_peers.cc:597] T 8df1379bbdeb4a5dbfab74b5c7701789 P 9f96343fd084447494d14e71707d8865 -> Peer e54c3c726c9e47269a9588cbff57f6f6 (127.0.107.193:44581): Couldn't send request to peer e54c3c726c9e47269a9588cbff57f6f6. Status: Network error: Client connection negotiation failed: client connection to 127.0.107.193:44581: connect: Connection refused (error 111). This is attempt 6: this message will repeat every 5th retry.
W20260630 12:11:17.180182  1214 consensus_peers.cc:597] T 8df71adb67c945a3beb4a10768c7cd69 P fc60ad24c1b0492c83743be62ce89dd9 -> Peer 9f96343fd084447494d14e71707d8865 (127.0.107.194:34079): Couldn't send request to peer 9f96343fd084447494d14e71707d8865. Status: Remote error: Service unavailable: service kudu.consensus.ConsensusService not registered on TabletServer. This is attempt 1: this message will repeat every 5th retry.
I20260630 12:11:17.181452   431 ts_tablet_manager.cc:1507] Shutting down tablet manager...
I20260630 12:11:17.182175   431 tablet_replica.cc:333] T d4d037040fd4406d8f160fdbabb0e059 P 9f96343fd084447494d14e71707d8865: stopping tablet replica
I20260630 12:11:17.182973   431 raft_consensus.cc:2243] T d4d037040fd4406d8f160fdbabb0e059 P 9f96343fd084447494d14e71707d8865 [term 1 FOLLOWER]: Raft consensus shutting down.
I20260630 12:11:17.183439   431 raft_consensus.cc:2272] T d4d037040fd4406d8f160fdbabb0e059 P 9f96343fd084447494d14e71707d8865 [term 1 FOLLOWER]: Raft consensus is shut down!
I20260630 12:11:17.185724   431 tablet_replica.cc:333] T 538fe3dbff42451fbb7c874cb578198d P 9f96343fd084447494d14e71707d8865: stopping tablet replica
I20260630 12:11:17.186378   431 raft_consensus.cc:2243] T 538fe3dbff42451fbb7c874cb578198d P 9f96343fd084447494d14e71707d8865 [term 2 LEADER]: Raft consensus shutting down.
I20260630 12:11:17.187165   431 raft_consensus.cc:2272] T 538fe3dbff42451fbb7c874cb578198d P 9f96343fd084447494d14e71707d8865 [term 2 FOLLOWER]: Raft consensus is shut down!
I20260630 12:11:17.189100   431 tablet_replica.cc:333] T c6670c6740334df7b2b37f4fa89bed1d P 9f96343fd084447494d14e71707d8865: stopping tablet replica
I20260630 12:11:17.189709   431 raft_consensus.cc:2243] T c6670c6740334df7b2b37f4fa89bed1d P 9f96343fd084447494d14e71707d8865 [term 3 FOLLOWER]: Raft consensus shutting down.
I20260630 12:11:17.190225   431 raft_consensus.cc:2272] T c6670c6740334df7b2b37f4fa89bed1d P 9f96343fd084447494d14e71707d8865 [term 3 FOLLOWER]: Raft consensus is shut down!
I20260630 12:11:17.192512   431 tablet_replica.cc:333] T 0452bcca54f648afac543a8ee7f5b9a3 P 9f96343fd084447494d14e71707d8865: stopping tablet replica
I20260630 12:11:17.193163   431 raft_consensus.cc:2243] T 0452bcca54f648afac543a8ee7f5b9a3 P 9f96343fd084447494d14e71707d8865 [term 2 FOLLOWER]: Raft consensus shutting down.
I20260630 12:11:17.193629   431 raft_consensus.cc:2272] T 0452bcca54f648afac543a8ee7f5b9a3 P 9f96343fd084447494d14e71707d8865 [term 2 FOLLOWER]: Raft consensus is shut down!
I20260630 12:11:17.195538   431 tablet_replica.cc:333] T 8df71adb67c945a3beb4a10768c7cd69 P 9f96343fd084447494d14e71707d8865: stopping tablet replica
I20260630 12:11:17.196120   431 raft_consensus.cc:2243] T 8df71adb67c945a3beb4a10768c7cd69 P 9f96343fd084447494d14e71707d8865 [term 1 FOLLOWER]: Raft consensus shutting down.
I20260630 12:11:17.196728   431 raft_consensus.cc:2272] T 8df71adb67c945a3beb4a10768c7cd69 P 9f96343fd084447494d14e71707d8865 [term 1 FOLLOWER]: Raft consensus is shut down!
I20260630 12:11:17.198607   431 tablet_replica.cc:333] T f40e4b8eda0b430cba384b1a2db5c95e P 9f96343fd084447494d14e71707d8865: stopping tablet replica
I20260630 12:11:17.199185   431 raft_consensus.cc:2243] T f40e4b8eda0b430cba384b1a2db5c95e P 9f96343fd084447494d14e71707d8865 [term 1 LEADER]: Raft consensus shutting down.
I20260630 12:11:17.200400   431 raft_consensus.cc:2272] T f40e4b8eda0b430cba384b1a2db5c95e P 9f96343fd084447494d14e71707d8865 [term 1 FOLLOWER]: Raft consensus is shut down!
I20260630 12:11:17.202414   431 tablet_replica.cc:333] T 8df1379bbdeb4a5dbfab74b5c7701789 P 9f96343fd084447494d14e71707d8865: stopping tablet replica
I20260630 12:11:17.203008   431 raft_consensus.cc:2243] T 8df1379bbdeb4a5dbfab74b5c7701789 P 9f96343fd084447494d14e71707d8865 [term 1 LEADER]: Raft consensus shutting down.
I20260630 12:11:17.203905   431 raft_consensus.cc:2272] T 8df1379bbdeb4a5dbfab74b5c7701789 P 9f96343fd084447494d14e71707d8865 [term 1 FOLLOWER]: Raft consensus is shut down!
I20260630 12:11:17.206151   431 tablet_replica.cc:333] T 2a886ead13234080bdfba28068635e3f P 9f96343fd084447494d14e71707d8865: stopping tablet replica
I20260630 12:11:17.206782   431 raft_consensus.cc:2243] T 2a886ead13234080bdfba28068635e3f P 9f96343fd084447494d14e71707d8865 [term 2 LEADER]: Raft consensus shutting down.
I20260630 12:11:17.207621   431 raft_consensus.cc:2272] T 2a886ead13234080bdfba28068635e3f P 9f96343fd084447494d14e71707d8865 [term 2 FOLLOWER]: Raft consensus is shut down!
I20260630 12:11:17.228727   431 tablet_server.cc:196] TabletServer@127.0.107.194:0 shutdown complete.
I20260630 12:11:17.245841   431 tablet_server.cc:179] TabletServer@127.0.107.195:0 shutting down...
I20260630 12:11:17.275588   431 ts_tablet_manager.cc:1507] Shutting down tablet manager...
I20260630 12:11:17.276363   431 tablet_replica.cc:333] T 0452bcca54f648afac543a8ee7f5b9a3 P fc60ad24c1b0492c83743be62ce89dd9: stopping tablet replica
I20260630 12:11:17.277091   431 raft_consensus.cc:2243] T 0452bcca54f648afac543a8ee7f5b9a3 P fc60ad24c1b0492c83743be62ce89dd9 [term 2 FOLLOWER]: Raft consensus shutting down.
I20260630 12:11:17.277602   431 raft_consensus.cc:2272] T 0452bcca54f648afac543a8ee7f5b9a3 P fc60ad24c1b0492c83743be62ce89dd9 [term 2 FOLLOWER]: Raft consensus is shut down!
I20260630 12:11:17.279814   431 tablet_replica.cc:333] T f40e4b8eda0b430cba384b1a2db5c95e P fc60ad24c1b0492c83743be62ce89dd9: stopping tablet replica
I20260630 12:11:17.280548   431 raft_consensus.cc:2243] T f40e4b8eda0b430cba384b1a2db5c95e P fc60ad24c1b0492c83743be62ce89dd9 [term 1 FOLLOWER]: Raft consensus shutting down.
I20260630 12:11:17.281116   431 raft_consensus.cc:2272] T f40e4b8eda0b430cba384b1a2db5c95e P fc60ad24c1b0492c83743be62ce89dd9 [term 1 FOLLOWER]: Raft consensus is shut down!
I20260630 12:11:17.283207   431 tablet_replica.cc:333] T 8df1379bbdeb4a5dbfab74b5c7701789 P fc60ad24c1b0492c83743be62ce89dd9: stopping tablet replica
I20260630 12:11:17.283829   431 raft_consensus.cc:2243] T 8df1379bbdeb4a5dbfab74b5c7701789 P fc60ad24c1b0492c83743be62ce89dd9 [term 1 FOLLOWER]: Raft consensus shutting down.
I20260630 12:11:17.284274   431 raft_consensus.cc:2272] T 8df1379bbdeb4a5dbfab74b5c7701789 P fc60ad24c1b0492c83743be62ce89dd9 [term 1 FOLLOWER]: Raft consensus is shut down!
I20260630 12:11:17.286486   431 tablet_replica.cc:333] T 2a886ead13234080bdfba28068635e3f P fc60ad24c1b0492c83743be62ce89dd9: stopping tablet replica
I20260630 12:11:17.287192   431 raft_consensus.cc:2243] T 2a886ead13234080bdfba28068635e3f P fc60ad24c1b0492c83743be62ce89dd9 [term 2 FOLLOWER]: Raft consensus shutting down.
I20260630 12:11:17.287647   431 raft_consensus.cc:2272] T 2a886ead13234080bdfba28068635e3f P fc60ad24c1b0492c83743be62ce89dd9 [term 2 FOLLOWER]: Raft consensus is shut down!
I20260630 12:11:17.290093   431 tablet_replica.cc:333] T c6670c6740334df7b2b37f4fa89bed1d P fc60ad24c1b0492c83743be62ce89dd9: stopping tablet replica
I20260630 12:11:17.290745   431 raft_consensus.cc:2243] T c6670c6740334df7b2b37f4fa89bed1d P fc60ad24c1b0492c83743be62ce89dd9 [term 3 LEADER]: Raft consensus shutting down.
I20260630 12:11:17.291854   431 raft_consensus.cc:2272] T c6670c6740334df7b2b37f4fa89bed1d P fc60ad24c1b0492c83743be62ce89dd9 [term 3 FOLLOWER]: Raft consensus is shut down!
I20260630 12:11:17.296036   431 tablet_replica.cc:333] T d4d037040fd4406d8f160fdbabb0e059 P fc60ad24c1b0492c83743be62ce89dd9: stopping tablet replica
I20260630 12:11:17.296653   431 raft_consensus.cc:2243] T d4d037040fd4406d8f160fdbabb0e059 P fc60ad24c1b0492c83743be62ce89dd9 [term 1 LEADER]: Raft consensus shutting down.
I20260630 12:11:17.297500   431 raft_consensus.cc:2272] T d4d037040fd4406d8f160fdbabb0e059 P fc60ad24c1b0492c83743be62ce89dd9 [term 1 FOLLOWER]: Raft consensus is shut down!
I20260630 12:11:17.299556   431 tablet_replica.cc:333] T 538fe3dbff42451fbb7c874cb578198d P fc60ad24c1b0492c83743be62ce89dd9: stopping tablet replica
I20260630 12:11:17.300164   431 raft_consensus.cc:2243] T 538fe3dbff42451fbb7c874cb578198d P fc60ad24c1b0492c83743be62ce89dd9 [term 2 FOLLOWER]: Raft consensus shutting down.
I20260630 12:11:17.300659   431 raft_consensus.cc:2272] T 538fe3dbff42451fbb7c874cb578198d P fc60ad24c1b0492c83743be62ce89dd9 [term 2 FOLLOWER]: Raft consensus is shut down!
I20260630 12:11:17.302698   431 tablet_replica.cc:333] T 8df71adb67c945a3beb4a10768c7cd69 P fc60ad24c1b0492c83743be62ce89dd9: stopping tablet replica
I20260630 12:11:17.303244   431 raft_consensus.cc:2243] T 8df71adb67c945a3beb4a10768c7cd69 P fc60ad24c1b0492c83743be62ce89dd9 [term 1 LEADER]: Raft consensus shutting down.
I20260630 12:11:17.304057   431 raft_consensus.cc:2272] T 8df71adb67c945a3beb4a10768c7cd69 P fc60ad24c1b0492c83743be62ce89dd9 [term 1 FOLLOWER]: Raft consensus is shut down!
I20260630 12:11:17.334920   431 tablet_server.cc:196] TabletServer@127.0.107.195:0 shutdown complete.
I20260630 12:11:17.353477   431 tablet_server.cc:179] TabletServer@127.0.107.196:0 shutting down...
I20260630 12:11:17.382691   431 ts_tablet_manager.cc:1507] Shutting down tablet manager...
I20260630 12:11:17.383423   431 tablet_replica.cc:333] T f40e4b8eda0b430cba384b1a2db5c95e P 81c8b92e792a4fb0b67daade0fdbd78b: stopping tablet replica
I20260630 12:11:17.384027   431 raft_consensus.cc:2243] T f40e4b8eda0b430cba384b1a2db5c95e P 81c8b92e792a4fb0b67daade0fdbd78b [term 1 FOLLOWER]: Raft consensus shutting down.
I20260630 12:11:17.384558   431 raft_consensus.cc:2272] T f40e4b8eda0b430cba384b1a2db5c95e P 81c8b92e792a4fb0b67daade0fdbd78b [term 1 FOLLOWER]: Raft consensus is shut down!
I20260630 12:11:17.386624   431 tablet_replica.cc:333] T 8df71adb67c945a3beb4a10768c7cd69 P 81c8b92e792a4fb0b67daade0fdbd78b: stopping tablet replica
I20260630 12:11:17.387259   431 raft_consensus.cc:2243] T 8df71adb67c945a3beb4a10768c7cd69 P 81c8b92e792a4fb0b67daade0fdbd78b [term 1 FOLLOWER]: Raft consensus shutting down.
I20260630 12:11:17.387810   431 raft_consensus.cc:2272] T 8df71adb67c945a3beb4a10768c7cd69 P 81c8b92e792a4fb0b67daade0fdbd78b [term 1 FOLLOWER]: Raft consensus is shut down!
I20260630 12:11:17.409085   431 tablet_server.cc:196] TabletServer@127.0.107.196:0 shutdown complete.
I20260630 12:11:17.422452   431 master.cc:562] Master@127.0.107.254:39401 shutting down...
W20260630 12:11:17.443612  1045 auto_rebalancer.cc:340] scheduled replica move failed to complete: Service unavailable: Catalog manager is not initialized. State: Closing
W20260630 12:11:17.557891   981 catalog_manager.cc:4755] TS e54c3c726c9e47269a9588cbff57f6f6 (127.0.107.193:44581): DeleteTablet:TABLET_DATA_TOMBSTONED RPC failed for tablet 8df71adb67c945a3beb4a10768c7cd69: Network error: Client connection negotiation failed: client connection to 127.0.107.193:44581: connect: Connection refused (error 111)
I20260630 12:11:17.576053   431 raft_consensus.cc:2243] T 00000000000000000000000000000000 P 22532edc82f447bd9a78aa5d9bb3f4e4 [term 1 LEADER]: Raft consensus shutting down.
I20260630 12:11:17.576653   431 raft_consensus.cc:2272] T 00000000000000000000000000000000 P 22532edc82f447bd9a78aa5d9bb3f4e4 [term 1 FOLLOWER]: Raft consensus is shut down!
I20260630 12:11:17.576996   431 tablet_replica.cc:333] T 00000000000000000000000000000000 P 22532edc82f447bd9a78aa5d9bb3f4e4: stopping tablet replica
I20260630 12:11:17.596505   431 master.cc:584] Master@127.0.107.254:39401 shutdown complete.
[       OK ] AutoRebalancerTest.AutoRebalancingTurnOffAndOn (12167 ms)
[ RUN      ] AutoRebalancerTest.NextLeaderResumesAutoRebalancing
I20260630 12:11:17.635979   431 internal_mini_cluster.cc:156] Creating distributed mini masters. Addrs: 127.0.107.254:43151,127.0.107.253:36127,127.0.107.252:45221
I20260630 12:11:17.637305   431 file_cache.cc:492] Constructed file cache file cache with capacity 419430
W20260630 12:11:17.642190  1554 instance_detector.cc:116] could not retrieve AWS instance metadata: Network error: curl error: HTTP response code said error: The requested URL returned error: 404
W20260630 12:11:17.642560  1555 instance_detector.cc:116] could not retrieve Azure instance metadata: Network error: curl error: HTTP response code said error: The requested URL returned error: 404
W20260630 12:11:17.643731  1557 instance_detector.cc:116] could not retrieve OpenStack instance metadata: Network error: curl error: HTTP response code said error: The requested URL returned error: 404
I20260630 12:11:17.644819   431 server_base.cc:1061] running on GCE node
I20260630 12:11:17.645573   431 hybrid_clock.cc:584] initializing the hybrid clock with 'system_unsync' time source
W20260630 12:11:17.645738   431 system_unsync_time.cc:38] NTP support is disabled. Clock error bounds will not be accurate. This configuration is not suitable for distributed clusters.
I20260630 12:11:17.645846   431 hybrid_clock.cc:648] HybridClock initialized: now 1782821477645836 us; error 0 us; skew 500 ppm
I20260630 12:11:17.646224   431 server_base.cc:861] Flag tcmalloc_max_total_thread_cache_bytes is not working since tcmalloc is not enabled.
I20260630 12:11:17.648303   431 webserver.cc:533] Webserver started at http://127.0.107.254:38463/ using document root <none> and password file <none>
I20260630 12:11:17.648706   431 fs_manager.cc:362] Metadata directory not provided
I20260630 12:11:17.648856   431 fs_manager.cc:368] Using write-ahead log directory (fs_wal_dir) as metadata directory
I20260630 12:11:17.649062   431 server_base.cc:909] This appears to be a new deployment of Kudu; creating new FS layout
I20260630 12:11:17.649996   431 fs_manager.cc:1068] Generated new instance metadata in path /tmp/dist-test-taskodLk2D/test-tmp/auto_rebalancer-test.0.AutoRebalancerTest.NextLeaderResumesAutoRebalancing.1782821458617829-431-0/minicluster-data/master-0-root/instance:
uuid: "ab6356dc313b4cefb44ba7564f2e086b"
format_stamp: "Formatted at 2026-06-30 12:11:17 on dist-test-slave-zr02"
I20260630 12:11:17.653918   431 fs_manager.cc:696] Time spent creating directory manager: real 0.003s	user 0.003s	sys 0.002s
I20260630 12:11:17.656881  1562 log_block_manager.cc:4031] Time spent loading block containers with low live blocks: real 0.000s	user 0.000s	sys 0.000s
I20260630 12:11:17.657558   431 fs_manager.cc:730] Time spent opening block manager: real 0.002s	user 0.003s	sys 0.000s
I20260630 12:11:17.657785   431 fs_manager.cc:647] Opened local filesystem: /tmp/dist-test-taskodLk2D/test-tmp/auto_rebalancer-test.0.AutoRebalancerTest.NextLeaderResumesAutoRebalancing.1782821458617829-431-0/minicluster-data/master-0-root
uuid: "ab6356dc313b4cefb44ba7564f2e086b"
format_stamp: "Formatted at 2026-06-30 12:11:17 on dist-test-slave-zr02"
I20260630 12:11:17.657995   431 fs_report.cc:389] FS layout report
--------------------
wal directory: /tmp/dist-test-taskodLk2D/test-tmp/auto_rebalancer-test.0.AutoRebalancerTest.NextLeaderResumesAutoRebalancing.1782821458617829-431-0/minicluster-data/master-0-root
metadata directory: /tmp/dist-test-taskodLk2D/test-tmp/auto_rebalancer-test.0.AutoRebalancerTest.NextLeaderResumesAutoRebalancing.1782821458617829-431-0/minicluster-data/master-0-root
1 data directories: /tmp/dist-test-taskodLk2D/test-tmp/auto_rebalancer-test.0.AutoRebalancerTest.NextLeaderResumesAutoRebalancing.1782821458617829-431-0/minicluster-data/master-0-root/data
Total live blocks: 0
Total live bytes: 0
Total live bytes (after alignment): 0
Total number of LBM containers: 0 (0 full)
Did not check for missing blocks
Did not check for orphaned blocks
Total full LBM containers with extra space: 0 (0 repaired)
Total full LBM container extra space in bytes: 0 (0 repaired)
Total incomplete LBM containers: 0 (0 repaired)
Total LBM partial records: 0 (0 repaired)
Total corrupted LBM metadata records in RocksDB: 0 (0 repaired)
I20260630 12:11:17.673281   431 rpc_server.cc:225] running with OpenSSL 1.1.1  11 Sep 2018
I20260630 12:11:17.674317   431 kserver.cc:163] Server-wide thread pool size limit: 3276
I20260630 12:11:17.709216   431 rpc_server.cc:307] RPC server started. Bound to: 127.0.107.254:43151
I20260630 12:11:17.709304  1613 acceptor_pool.cc:272] collecting diagnostics on the listening RPC socket 127.0.107.254:43151 every 8 connection(s)
I20260630 12:11:17.712997  1614 data_dirs.cc:400] Could only allocate 1 dirs of requested 3 for tablet 00000000000000000000000000000000. 1 dirs total, 0 dirs full, 0 dirs failed
I20260630 12:11:17.713181   431 file_cache.cc:492] Constructed file cache file cache with capacity 419430
