I20260630 12:12:30.449213  3985 raft_consensus.cc:2955] T e76ddba5f6854a54b30fe79083008af5 P 30aeeb057a574d5cb206c77c388a52f4 [term 1 LEADER]: Committing config change with OpId 1.4: config changed from index 3 to 4, VOTER 1d8e00a761a3443e8f50222adbc304df (127.0.107.195) evicted. New config: { opid_index: 4 OBSOLETE_local: false peers { permanent_uuid: "30aeeb057a574d5cb206c77c388a52f4" member_type: VOTER last_known_addr { host: "127.0.107.193" port: 43777 } } peers { permanent_uuid: "d4763e44b359466da95ac54c16e2f40e" member_type: VOTER last_known_addr { host: "127.0.107.194" port: 45167 } } peers { permanent_uuid: "c21681c209d24d958a6869a40a74fed2" member_type: VOTER last_known_addr { host: "127.0.107.196" port: 34935 } attrs { promote: false } } }
I20260630 12:12:30.450389  3956 consensus_queue.cc:1048] T e76ddba5f6854a54b30fe79083008af5 P 30aeeb057a574d5cb206c77c388a52f4 [LEADER]: Connected to new peer: Peer: permanent_uuid: "d4763e44b359466da95ac54c16e2f40e" member_type: VOTER last_known_addr { host: "127.0.107.194" port: 45167 }, Status: LMP_MISMATCH, Last received: 0.0, Next index: 4, Last known committed idx: 3, Time since last communication: 0.000s
I20260630 12:12:30.452703  4010 ts_tablet_manager.cc:1916] T d314e5d29d7d4ba4814b384f14db5597 P 1d8e00a761a3443e8f50222adbc304df: Deleting tablet data with delete state TABLET_DATA_TOMBSTONED
I20260630 12:12:30.457858  3611 raft_consensus.cc:1275] T 2c97a07a3c9e4bf9bc14ca6cb2071f01 P 1d8e00a761a3443e8f50222adbc304df [term 1 FOLLOWER]: Refusing update from remote peer d4763e44b359466da95ac54c16e2f40e: Log matching property violated. Preceding OpId in replica: term: 1 index: 3. Preceding OpId from leader: term: 1 index: 4. (index mismatch)
I20260630 12:12:30.459822  3756 raft_consensus.cc:2955] T e76ddba5f6854a54b30fe79083008af5 P c21681c209d24d958a6869a40a74fed2 [term 1 FOLLOWER]: Committing config change with OpId 1.4: config changed from index 3 to 4, VOTER 1d8e00a761a3443e8f50222adbc304df (127.0.107.195) evicted. New config: { opid_index: 4 OBSOLETE_local: false peers { permanent_uuid: "30aeeb057a574d5cb206c77c388a52f4" member_type: VOTER last_known_addr { host: "127.0.107.193" port: 43777 } } peers { permanent_uuid: "d4763e44b359466da95ac54c16e2f40e" member_type: VOTER last_known_addr { host: "127.0.107.194" port: 45167 } } peers { permanent_uuid: "c21681c209d24d958a6869a40a74fed2" member_type: VOTER last_known_addr { host: "127.0.107.196" port: 34935 } attrs { promote: false } } }
I20260630 12:12:30.464270  3347 catalog_manager.cc:5210] ChangeConfig:REMOVE_PEER RPC for tablet e76ddba5f6854a54b30fe79083008af5 with cas_config_opid_index 3: ChangeConfig:REMOVE_PEER succeeded (attempt 1)
I20260630 12:12:30.467706  3746 tablet_service.cc:1558] Processing DeleteTablet for tablet 2c97a07a3c9e4bf9bc14ca6cb2071f01 with delete_type TABLET_DATA_TOMBSTONED (TS c21681c209d24d958a6869a40a74fed2 not found in new config with opid_index 4) from {username='slave'} at 127.0.0.1:33216
I20260630 12:12:30.468832  3981 consensus_queue.cc:1048] T 2c97a07a3c9e4bf9bc14ca6cb2071f01 P d4763e44b359466da95ac54c16e2f40e [LEADER]: Connected to new peer: Peer: permanent_uuid: "1d8e00a761a3443e8f50222adbc304df" member_type: VOTER last_known_addr { host: "127.0.107.195" port: 38241 } attrs { promote: false }, Status: LMP_MISMATCH, Last received: 0.0, Next index: 4, Last known committed idx: 3, Time since last communication: 0.000s
I20260630 12:12:30.469785  3358 catalog_manager.cc:5697] T e76ddba5f6854a54b30fe79083008af5 P 30aeeb057a574d5cb206c77c388a52f4 reported cstate change: config changed from index 3 to 4, VOTER 1d8e00a761a3443e8f50222adbc304df (127.0.107.195) evicted. New cstate: current_term: 1 leader_uuid: "30aeeb057a574d5cb206c77c388a52f4" committed_config { opid_index: 4 OBSOLETE_local: false peers { permanent_uuid: "30aeeb057a574d5cb206c77c388a52f4" member_type: VOTER last_known_addr { host: "127.0.107.193" port: 43777 } health_report { overall_health: HEALTHY } } peers { permanent_uuid: "d4763e44b359466da95ac54c16e2f40e" member_type: VOTER last_known_addr { host: "127.0.107.194" port: 45167 } health_report { overall_health: UNKNOWN } } peers { permanent_uuid: "c21681c209d24d958a6869a40a74fed2" member_type: VOTER last_known_addr { host: "127.0.107.196" port: 34935 } attrs { promote: false } health_report { overall_health: HEALTHY } } }
I20260630 12:12:30.474195  3609 raft_consensus.cc:2955] T 2c97a07a3c9e4bf9bc14ca6cb2071f01 P 1d8e00a761a3443e8f50222adbc304df [term 1 FOLLOWER]: Committing config change with OpId 1.4: config changed from index 3 to 4, VOTER c21681c209d24d958a6869a40a74fed2 (127.0.107.196) evicted. New config: { opid_index: 4 OBSOLETE_local: false peers { permanent_uuid: "30aeeb057a574d5cb206c77c388a52f4" member_type: VOTER last_known_addr { host: "127.0.107.193" port: 43777 } } peers { permanent_uuid: "d4763e44b359466da95ac54c16e2f40e" member_type: VOTER last_known_addr { host: "127.0.107.194" port: 45167 } } peers { permanent_uuid: "1d8e00a761a3443e8f50222adbc304df" member_type: VOTER last_known_addr { host: "127.0.107.195" port: 38241 } attrs { promote: false } } }
I20260630 12:12:30.476751  4005 ts_tablet_manager.cc:1929] T f9d7037a25e44d9db4e568f61ca1cae0 P c21681c209d24d958a6869a40a74fed2: tablet deleted with delete type TABLET_DATA_TOMBSTONED: last-logged OpId 1.3
I20260630 12:12:30.477191  4005 log.cc:1199] T f9d7037a25e44d9db4e568f61ca1cae0 P c21681c209d24d958a6869a40a74fed2: Deleting WAL directory at /tmp/dist-test-taskodLk2D/test-tmp/auto_rebalancer-test.0.AutoRebalancerTest.RangeAwareRebalancesNewRangeReplicas.1782821458617829-431-0/minicluster-data/ts-3-root/wals/f9d7037a25e44d9db4e568f61ca1cae0
I20260630 12:12:30.480880  3344 catalog_manager.cc:5028] TS c21681c209d24d958a6869a40a74fed2 (127.0.107.196:34935): tablet f9d7037a25e44d9db4e568f61ca1cae0 (table range_aware_rebalance_new_range [id=516b52b6998e479e8153396d53b8c6e9]) successfully deleted
I20260630 12:12:30.484697  4005 tablet_replica.cc:333] T 2c97a07a3c9e4bf9bc14ca6cb2071f01 P c21681c209d24d958a6869a40a74fed2: stopping tablet replica
I20260630 12:12:30.485704  4005 raft_consensus.cc:2243] T 2c97a07a3c9e4bf9bc14ca6cb2071f01 P c21681c209d24d958a6869a40a74fed2 [term 1 FOLLOWER]: Raft consensus shutting down.
I20260630 12:12:30.489733  4005 raft_consensus.cc:2272] T 2c97a07a3c9e4bf9bc14ca6cb2071f01 P c21681c209d24d958a6869a40a74fed2 [term 1 FOLLOWER]: Raft consensus is shut down!
I20260630 12:12:30.489164  3535 raft_consensus.cc:2955] T e76ddba5f6854a54b30fe79083008af5 P d4763e44b359466da95ac54c16e2f40e [term 1 FOLLOWER]: Committing config change with OpId 1.4: config changed from index 3 to 4, VOTER 1d8e00a761a3443e8f50222adbc304df (127.0.107.195) evicted. New config: { opid_index: 4 OBSOLETE_local: false peers { permanent_uuid: "30aeeb057a574d5cb206c77c388a52f4" member_type: VOTER last_known_addr { host: "127.0.107.193" port: 43777 } } peers { permanent_uuid: "d4763e44b359466da95ac54c16e2f40e" member_type: VOTER last_known_addr { host: "127.0.107.194" port: 45167 } } peers { permanent_uuid: "c21681c209d24d958a6869a40a74fed2" member_type: VOTER last_known_addr { host: "127.0.107.196" port: 34935 } attrs { promote: false } } }
I20260630 12:12:30.491410  4010 ts_tablet_manager.cc:1929] T d314e5d29d7d4ba4814b384f14db5597 P 1d8e00a761a3443e8f50222adbc304df: tablet deleted with delete type TABLET_DATA_TOMBSTONED: last-logged OpId 2.4
I20260630 12:12:30.491997  3600 tablet_service.cc:1558] Processing DeleteTablet for tablet e76ddba5f6854a54b30fe79083008af5 with delete_type TABLET_DATA_TOMBSTONED (TS 1d8e00a761a3443e8f50222adbc304df not found in new config with opid_index 4) from {username='slave'} at 127.0.0.1:50966
I20260630 12:12:30.492792  4010 log.cc:1199] T d314e5d29d7d4ba4814b384f14db5597 P 1d8e00a761a3443e8f50222adbc304df: Deleting WAL directory at /tmp/dist-test-taskodLk2D/test-tmp/auto_rebalancer-test.0.AutoRebalancerTest.RangeAwareRebalancesNewRangeReplicas.1782821458617829-431-0/minicluster-data/ts-2-root/wals/d314e5d29d7d4ba4814b384f14db5597
I20260630 12:12:30.492983  4005 ts_tablet_manager.cc:1916] T 2c97a07a3c9e4bf9bc14ca6cb2071f01 P c21681c209d24d958a6869a40a74fed2: Deleting tablet data with delete state TABLET_DATA_TOMBSTONED
I20260630 12:12:30.494400  3344 catalog_manager.cc:5028] TS 1d8e00a761a3443e8f50222adbc304df (127.0.107.195:38241): tablet d314e5d29d7d4ba4814b384f14db5597 (table range_aware_rebalance_new_range [id=516b52b6998e479e8153396d53b8c6e9]) successfully deleted
I20260630 12:12:30.496385  4010 tablet_replica.cc:333] T e76ddba5f6854a54b30fe79083008af5 P 1d8e00a761a3443e8f50222adbc304df: stopping tablet replica
I20260630 12:12:30.497496  4010 raft_consensus.cc:2243] T e76ddba5f6854a54b30fe79083008af5 P 1d8e00a761a3443e8f50222adbc304df [term 1 FOLLOWER]: Raft consensus shutting down.
I20260630 12:12:30.498143  4010 raft_consensus.cc:2272] T e76ddba5f6854a54b30fe79083008af5 P 1d8e00a761a3443e8f50222adbc304df [term 1 FOLLOWER]: Raft consensus is shut down!
I20260630 12:12:30.502619  4010 ts_tablet_manager.cc:1916] T e76ddba5f6854a54b30fe79083008af5 P 1d8e00a761a3443e8f50222adbc304df: Deleting tablet data with delete state TABLET_DATA_TOMBSTONED
I20260630 12:12:30.506525  4005 ts_tablet_manager.cc:1929] T 2c97a07a3c9e4bf9bc14ca6cb2071f01 P c21681c209d24d958a6869a40a74fed2: tablet deleted with delete type TABLET_DATA_TOMBSTONED: last-logged OpId 1.3
I20260630 12:12:30.506892  4005 log.cc:1199] T 2c97a07a3c9e4bf9bc14ca6cb2071f01 P c21681c209d24d958a6869a40a74fed2: Deleting WAL directory at /tmp/dist-test-taskodLk2D/test-tmp/auto_rebalancer-test.0.AutoRebalancerTest.RangeAwareRebalancesNewRangeReplicas.1782821458617829-431-0/minicluster-data/ts-3-root/wals/2c97a07a3c9e4bf9bc14ca6cb2071f01
I20260630 12:12:30.508168  3344 catalog_manager.cc:5028] TS c21681c209d24d958a6869a40a74fed2 (127.0.107.196:34935): tablet 2c97a07a3c9e4bf9bc14ca6cb2071f01 (table range_aware_rebalance_new_range [id=516b52b6998e479e8153396d53b8c6e9]) successfully deleted
I20260630 12:12:30.513523  4010 ts_tablet_manager.cc:1929] T e76ddba5f6854a54b30fe79083008af5 P 1d8e00a761a3443e8f50222adbc304df: tablet deleted with delete type TABLET_DATA_TOMBSTONED: last-logged OpId 1.3
I20260630 12:12:30.513828  4010 log.cc:1199] T e76ddba5f6854a54b30fe79083008af5 P 1d8e00a761a3443e8f50222adbc304df: Deleting WAL directory at /tmp/dist-test-taskodLk2D/test-tmp/auto_rebalancer-test.0.AutoRebalancerTest.RangeAwareRebalancesNewRangeReplicas.1782821458617829-431-0/minicluster-data/ts-2-root/wals/e76ddba5f6854a54b30fe79083008af5
I20260630 12:12:30.515086  3344 catalog_manager.cc:5028] TS 1d8e00a761a3443e8f50222adbc304df (127.0.107.195:38241): tablet e76ddba5f6854a54b30fe79083008af5 (table range_aware_rebalance_new_range [id=516b52b6998e479e8153396d53b8c6e9]) successfully deleted
I20260630 12:12:31.516908  3611 consensus_queue.cc:237] T 7c50779be5f840edb368160c55cbbf2e P 1d8e00a761a3443e8f50222adbc304df [LEADER]: Queue going to LEADER mode. State: All replicated index: 0, Majority replicated index: 1, Committed index: 1, Last appended: 1.1, Last appended by leader: 0, Current term: 1, Majority size: 2, State: 0, Mode: LEADER, active raft config: opid_index: 2 OBSOLETE_local: false peers { permanent_uuid: "30aeeb057a574d5cb206c77c388a52f4" member_type: VOTER last_known_addr { host: "127.0.107.193" port: 43777 } } peers { permanent_uuid: "d4763e44b359466da95ac54c16e2f40e" member_type: VOTER last_known_addr { host: "127.0.107.194" port: 45167 } attrs { replace: true } } peers { permanent_uuid: "1d8e00a761a3443e8f50222adbc304df" member_type: VOTER last_known_addr { host: "127.0.107.195" port: 38241 } } peers { permanent_uuid: "c21681c209d24d958a6869a40a74fed2" member_type: NON_VOTER last_known_addr { host: "127.0.107.196" port: 34935 } attrs { promote: true } }
W20260630 12:12:31.522856  3574 consensus_peers.cc:597] T 7c50779be5f840edb368160c55cbbf2e P 1d8e00a761a3443e8f50222adbc304df -> Peer c21681c209d24d958a6869a40a74fed2 (127.0.107.196:34935): Couldn't send request to peer c21681c209d24d958a6869a40a74fed2. Error code: TABLET_NOT_FOUND (6). Status: Not found: Tablet not found: 7c50779be5f840edb368160c55cbbf2e. This is attempt 1: this message will repeat every 5th retry.
I20260630 12:12:31.523007  3535 raft_consensus.cc:1275] T 7c50779be5f840edb368160c55cbbf2e P d4763e44b359466da95ac54c16e2f40e [term 1 FOLLOWER]: Refusing update from remote peer 1d8e00a761a3443e8f50222adbc304df: Log matching property violated. Preceding OpId in replica: term: 1 index: 1. Preceding OpId from leader: term: 1 index: 2. (index mismatch)
I20260630 12:12:31.523862  3462 raft_consensus.cc:1275] T 7c50779be5f840edb368160c55cbbf2e P 30aeeb057a574d5cb206c77c388a52f4 [term 1 FOLLOWER]: Refusing update from remote peer 1d8e00a761a3443e8f50222adbc304df: Log matching property violated. Preceding OpId in replica: term: 1 index: 1. Preceding OpId from leader: term: 1 index: 2. (index mismatch)
I20260630 12:12:31.524384  3988 consensus_queue.cc:1048] T 7c50779be5f840edb368160c55cbbf2e P 1d8e00a761a3443e8f50222adbc304df [LEADER]: Connected to new peer: Peer: permanent_uuid: "d4763e44b359466da95ac54c16e2f40e" member_type: VOTER last_known_addr { host: "127.0.107.194" port: 45167 } attrs { replace: true }, Status: LMP_MISMATCH, Last received: 0.0, Next index: 2, Last known committed idx: 1, Time since last communication: 0.000s
I20260630 12:12:31.525056  4018 consensus_queue.cc:1048] T 7c50779be5f840edb368160c55cbbf2e P 1d8e00a761a3443e8f50222adbc304df [LEADER]: Connected to new peer: Peer: permanent_uuid: "30aeeb057a574d5cb206c77c388a52f4" member_type: VOTER last_known_addr { host: "127.0.107.193" port: 43777 }, Status: LMP_MISMATCH, Last received: 0.0, Next index: 2, Last known committed idx: 1, Time since last communication: 0.000s
I20260630 12:12:31.531921  4018 raft_consensus.cc:2955] T 7c50779be5f840edb368160c55cbbf2e P 1d8e00a761a3443e8f50222adbc304df [term 1 LEADER]: Committing config change with OpId 1.2: config changed from index -1 to 2, NON_VOTER c21681c209d24d958a6869a40a74fed2 (127.0.107.196) added. New config: { opid_index: 2 OBSOLETE_local: false peers { permanent_uuid: "30aeeb057a574d5cb206c77c388a52f4" member_type: VOTER last_known_addr { host: "127.0.107.193" port: 43777 } } peers { permanent_uuid: "d4763e44b359466da95ac54c16e2f40e" member_type: VOTER last_known_addr { host: "127.0.107.194" port: 45167 } attrs { replace: true } } peers { permanent_uuid: "1d8e00a761a3443e8f50222adbc304df" member_type: VOTER last_known_addr { host: "127.0.107.195" port: 38241 } } peers { permanent_uuid: "c21681c209d24d958a6869a40a74fed2" member_type: NON_VOTER last_known_addr { host: "127.0.107.196" port: 34935 } attrs { promote: true } } }
I20260630 12:12:31.533082  3535 raft_consensus.cc:2955] T 7c50779be5f840edb368160c55cbbf2e P d4763e44b359466da95ac54c16e2f40e [term 1 FOLLOWER]: Committing config change with OpId 1.2: config changed from index -1 to 2, NON_VOTER c21681c209d24d958a6869a40a74fed2 (127.0.107.196) added. New config: { opid_index: 2 OBSOLETE_local: false peers { permanent_uuid: "30aeeb057a574d5cb206c77c388a52f4" member_type: VOTER last_known_addr { host: "127.0.107.193" port: 43777 } } peers { permanent_uuid: "d4763e44b359466da95ac54c16e2f40e" member_type: VOTER last_known_addr { host: "127.0.107.194" port: 45167 } attrs { replace: true } } peers { permanent_uuid: "1d8e00a761a3443e8f50222adbc304df" member_type: VOTER last_known_addr { host: "127.0.107.195" port: 38241 } } peers { permanent_uuid: "c21681c209d24d958a6869a40a74fed2" member_type: NON_VOTER last_known_addr { host: "127.0.107.196" port: 34935 } attrs { promote: true } } }
I20260630 12:12:31.533676  3462 raft_consensus.cc:2955] T 7c50779be5f840edb368160c55cbbf2e P 30aeeb057a574d5cb206c77c388a52f4 [term 1 FOLLOWER]: Committing config change with OpId 1.2: config changed from index -1 to 2, NON_VOTER c21681c209d24d958a6869a40a74fed2 (127.0.107.196) added. New config: { opid_index: 2 OBSOLETE_local: false peers { permanent_uuid: "30aeeb057a574d5cb206c77c388a52f4" member_type: VOTER last_known_addr { host: "127.0.107.193" port: 43777 } } peers { permanent_uuid: "d4763e44b359466da95ac54c16e2f40e" member_type: VOTER last_known_addr { host: "127.0.107.194" port: 45167 } attrs { replace: true } } peers { permanent_uuid: "1d8e00a761a3443e8f50222adbc304df" member_type: VOTER last_known_addr { host: "127.0.107.195" port: 38241 } } peers { permanent_uuid: "c21681c209d24d958a6869a40a74fed2" member_type: NON_VOTER last_known_addr { host: "127.0.107.196" port: 34935 } attrs { promote: true } } }
I20260630 12:12:31.544478  3357 catalog_manager.cc:5697] T 7c50779be5f840edb368160c55cbbf2e P d4763e44b359466da95ac54c16e2f40e reported cstate change: config changed from index -1 to 2, NON_VOTER c21681c209d24d958a6869a40a74fed2 (127.0.107.196) added. New cstate: current_term: 1 leader_uuid: "1d8e00a761a3443e8f50222adbc304df" committed_config { opid_index: 2 OBSOLETE_local: false peers { permanent_uuid: "30aeeb057a574d5cb206c77c388a52f4" member_type: VOTER last_known_addr { host: "127.0.107.193" port: 43777 } } peers { permanent_uuid: "d4763e44b359466da95ac54c16e2f40e" member_type: VOTER last_known_addr { host: "127.0.107.194" port: 45167 } attrs { replace: true } } peers { permanent_uuid: "1d8e00a761a3443e8f50222adbc304df" member_type: VOTER last_known_addr { host: "127.0.107.195" port: 38241 } } peers { permanent_uuid: "c21681c209d24d958a6869a40a74fed2" member_type: NON_VOTER last_known_addr { host: "127.0.107.196" port: 34935 } attrs { promote: true } } }
I20260630 12:12:31.751662  3413 auto_leader_rebalancer.cc:141] leader rebalance for table range_aware_rebalance_new_range
I20260630 12:12:31.767872  3413 auto_leader_rebalancer.cc:440] table: range_aware_rebalance_new_range, leader rebalance finish, leader transfer count: 0
I20260630 12:12:31.768612  3413 auto_leader_rebalancer.cc:515] All tables' leader rebalancing finished this round
I20260630 12:12:32.144485  4028 ts_tablet_manager.cc:933] T 7c50779be5f840edb368160c55cbbf2e P c21681c209d24d958a6869a40a74fed2: Initiating tablet copy from peer 1d8e00a761a3443e8f50222adbc304df (127.0.107.195:38241)
I20260630 12:12:32.146311  4028 tablet_copy_client.cc:323] T 7c50779be5f840edb368160c55cbbf2e P c21681c209d24d958a6869a40a74fed2: tablet copy: Beginning tablet copy session from remote peer at address 127.0.107.195:38241
I20260630 12:12:32.148259  3621 tablet_copy_service.cc:140] P 1d8e00a761a3443e8f50222adbc304df: Received BeginTabletCopySession request for tablet 7c50779be5f840edb368160c55cbbf2e from peer c21681c209d24d958a6869a40a74fed2 ({username='slave'} at 127.0.0.1:51004)
I20260630 12:12:32.148720  3621 tablet_copy_service.cc:161] P 1d8e00a761a3443e8f50222adbc304df: Beginning new tablet copy session on tablet 7c50779be5f840edb368160c55cbbf2e from peer c21681c209d24d958a6869a40a74fed2 at {username='slave'} at 127.0.0.1:51004: session id = c21681c209d24d958a6869a40a74fed2-7c50779be5f840edb368160c55cbbf2e
I20260630 12:12:32.153861  3621 tablet_copy_source_session.cc:215] T 7c50779be5f840edb368160c55cbbf2e P 1d8e00a761a3443e8f50222adbc304df: Tablet Copy: opened 0 blocks and 1 log segments
I20260630 12:12:32.156553  4028 data_dirs.cc:400] Could only allocate 1 dirs of requested 3 for tablet 7c50779be5f840edb368160c55cbbf2e. 1 dirs total, 0 dirs full, 0 dirs failed
I20260630 12:12:32.170199  4028 tablet_copy_client.cc:806] T 7c50779be5f840edb368160c55cbbf2e P c21681c209d24d958a6869a40a74fed2: tablet copy: Starting download of 0 data blocks...
I20260630 12:12:32.170699  4028 tablet_copy_client.cc:670] T 7c50779be5f840edb368160c55cbbf2e P c21681c209d24d958a6869a40a74fed2: tablet copy: Starting download of 1 WAL segments...
I20260630 12:12:32.174158  4028 tablet_copy_client.cc:538] T 7c50779be5f840edb368160c55cbbf2e P c21681c209d24d958a6869a40a74fed2: tablet copy: Tablet Copy complete. Replacing tablet superblock.
I20260630 12:12:32.181900  4028 tablet_bootstrap.cc:492] T 7c50779be5f840edb368160c55cbbf2e P c21681c209d24d958a6869a40a74fed2: Bootstrap starting.
I20260630 12:12:32.199796  4028 tablet_bootstrap.cc:492] T 7c50779be5f840edb368160c55cbbf2e P c21681c209d24d958a6869a40a74fed2: Bootstrap replayed 1/1 log segments. Stats: ops{read=2 overwritten=0 applied=2 ignored=0} inserts{seen=0 ignored=0} mutations{seen=0 ignored=0} orphaned_commits=0. Pending: 0 replicates
I20260630 12:12:32.200608  4028 tablet_bootstrap.cc:492] T 7c50779be5f840edb368160c55cbbf2e P c21681c209d24d958a6869a40a74fed2: Bootstrap complete.
I20260630 12:12:32.201216  4028 ts_tablet_manager.cc:1403] T 7c50779be5f840edb368160c55cbbf2e P c21681c209d24d958a6869a40a74fed2: Time spent bootstrapping tablet: real 0.019s	user 0.009s	sys 0.011s
I20260630 12:12:32.203258  4028 raft_consensus.cc:359] T 7c50779be5f840edb368160c55cbbf2e P c21681c209d24d958a6869a40a74fed2 [term 1 LEARNER]: Replica starting. Triggering 0 pending ops. Active config: opid_index: 2 OBSOLETE_local: false peers { permanent_uuid: "30aeeb057a574d5cb206c77c388a52f4" member_type: VOTER last_known_addr { host: "127.0.107.193" port: 43777 } } peers { permanent_uuid: "d4763e44b359466da95ac54c16e2f40e" member_type: VOTER last_known_addr { host: "127.0.107.194" port: 45167 } attrs { replace: true } } peers { permanent_uuid: "1d8e00a761a3443e8f50222adbc304df" member_type: VOTER last_known_addr { host: "127.0.107.195" port: 38241 } } peers { permanent_uuid: "c21681c209d24d958a6869a40a74fed2" member_type: NON_VOTER last_known_addr { host: "127.0.107.196" port: 34935 } attrs { promote: true } }
I20260630 12:12:32.203938  4028 raft_consensus.cc:740] T 7c50779be5f840edb368160c55cbbf2e P c21681c209d24d958a6869a40a74fed2 [term 1 LEARNER]: Becoming Follower/Learner. State: Replica: c21681c209d24d958a6869a40a74fed2, State: Initialized, Role: LEARNER
I20260630 12:12:32.204591  4028 consensus_queue.cc:260] T 7c50779be5f840edb368160c55cbbf2e P c21681c209d24d958a6869a40a74fed2 [NON_LEADER]: Queue going to NON_LEADER mode. State: All replicated index: 0, Majority replicated index: 0, Committed index: 2, Last appended: 1.2, Last appended by leader: 2, Current term: 0, Majority size: -1, State: 0, Mode: NON_LEADER, active raft config: opid_index: 2 OBSOLETE_local: false peers { permanent_uuid: "30aeeb057a574d5cb206c77c388a52f4" member_type: VOTER last_known_addr { host: "127.0.107.193" port: 43777 } } peers { permanent_uuid: "d4763e44b359466da95ac54c16e2f40e" member_type: VOTER last_known_addr { host: "127.0.107.194" port: 45167 } attrs { replace: true } } peers { permanent_uuid: "1d8e00a761a3443e8f50222adbc304df" member_type: VOTER last_known_addr { host: "127.0.107.195" port: 38241 } } peers { permanent_uuid: "c21681c209d24d958a6869a40a74fed2" member_type: NON_VOTER last_known_addr { host: "127.0.107.196" port: 34935 } attrs { promote: true } }
I20260630 12:12:32.206418  4028 ts_tablet_manager.cc:1434] T 7c50779be5f840edb368160c55cbbf2e P c21681c209d24d958a6869a40a74fed2: Time spent starting tablet: real 0.005s	user 0.003s	sys 0.000s
I20260630 12:12:32.208011  3621 tablet_copy_service.cc:342] P 1d8e00a761a3443e8f50222adbc304df: Request end of tablet copy session c21681c209d24d958a6869a40a74fed2-7c50779be5f840edb368160c55cbbf2e received from {username='slave'} at 127.0.0.1:51004
I20260630 12:12:32.208503  3621 tablet_copy_service.cc:434] P 1d8e00a761a3443e8f50222adbc304df: ending tablet copy session c21681c209d24d958a6869a40a74fed2-7c50779be5f840edb368160c55cbbf2e on tablet 7c50779be5f840edb368160c55cbbf2e with peer c21681c209d24d958a6869a40a74fed2
I20260630 12:12:32.569746  3756 raft_consensus.cc:1217] T 7c50779be5f840edb368160c55cbbf2e P c21681c209d24d958a6869a40a74fed2 [term 1 LEARNER]: Deduplicated request from leader. Original: 1.1->[1.2-1.2]   Dedup: 1.2->[]
I20260630 12:12:33.027731  4033 raft_consensus.cc:1064] T 7c50779be5f840edb368160c55cbbf2e P 1d8e00a761a3443e8f50222adbc304df: attempting to promote NON_VOTER c21681c209d24d958a6869a40a74fed2 to VOTER
I20260630 12:12:33.030210  4033 consensus_queue.cc:237] T 7c50779be5f840edb368160c55cbbf2e P 1d8e00a761a3443e8f50222adbc304df [LEADER]: Queue going to LEADER mode. State: All replicated index: 0, Majority replicated index: 2, Committed index: 2, Last appended: 1.2, Last appended by leader: 0, Current term: 1, Majority size: 3, State: 0, Mode: LEADER, active raft config: opid_index: 3 OBSOLETE_local: false peers { permanent_uuid: "30aeeb057a574d5cb206c77c388a52f4" member_type: VOTER last_known_addr { host: "127.0.107.193" port: 43777 } } peers { permanent_uuid: "d4763e44b359466da95ac54c16e2f40e" member_type: VOTER last_known_addr { host: "127.0.107.194" port: 45167 } attrs { replace: true } } peers { permanent_uuid: "1d8e00a761a3443e8f50222adbc304df" member_type: VOTER last_known_addr { host: "127.0.107.195" port: 38241 } } peers { permanent_uuid: "c21681c209d24d958a6869a40a74fed2" member_type: VOTER last_known_addr { host: "127.0.107.196" port: 34935 } attrs { promote: false } }
I20260630 12:12:33.036167  3756 raft_consensus.cc:1275] T 7c50779be5f840edb368160c55cbbf2e P c21681c209d24d958a6869a40a74fed2 [term 1 LEARNER]: Refusing update from remote peer 1d8e00a761a3443e8f50222adbc304df: Log matching property violated. Preceding OpId in replica: term: 1 index: 2. Preceding OpId from leader: term: 1 index: 3. (index mismatch)
I20260630 12:12:33.036181  3535 raft_consensus.cc:1275] T 7c50779be5f840edb368160c55cbbf2e P d4763e44b359466da95ac54c16e2f40e [term 1 FOLLOWER]: Refusing update from remote peer 1d8e00a761a3443e8f50222adbc304df: Log matching property violated. Preceding OpId in replica: term: 1 index: 2. Preceding OpId from leader: term: 1 index: 3. (index mismatch)
I20260630 12:12:33.037606  4033 consensus_queue.cc:1048] T 7c50779be5f840edb368160c55cbbf2e P 1d8e00a761a3443e8f50222adbc304df [LEADER]: Connected to new peer: Peer: permanent_uuid: "c21681c209d24d958a6869a40a74fed2" member_type: VOTER last_known_addr { host: "127.0.107.196" port: 34935 } attrs { promote: false }, Status: LMP_MISMATCH, Last received: 0.0, Next index: 3, Last known committed idx: 2, Time since last communication: 0.000s
I20260630 12:12:33.038110  3462 raft_consensus.cc:1275] T 7c50779be5f840edb368160c55cbbf2e P 30aeeb057a574d5cb206c77c388a52f4 [term 1 FOLLOWER]: Refusing update from remote peer 1d8e00a761a3443e8f50222adbc304df: Log matching property violated. Preceding OpId in replica: term: 1 index: 2. Preceding OpId from leader: term: 1 index: 3. (index mismatch)
I20260630 12:12:33.038398  4034 consensus_queue.cc:1048] T 7c50779be5f840edb368160c55cbbf2e P 1d8e00a761a3443e8f50222adbc304df [LEADER]: Connected to new peer: Peer: permanent_uuid: "d4763e44b359466da95ac54c16e2f40e" member_type: VOTER last_known_addr { host: "127.0.107.194" port: 45167 } attrs { replace: true }, Status: LMP_MISMATCH, Last received: 0.0, Next index: 3, Last known committed idx: 2, Time since last communication: 0.000s
I20260630 12:12:33.039238  4021 consensus_queue.cc:1048] T 7c50779be5f840edb368160c55cbbf2e P 1d8e00a761a3443e8f50222adbc304df [LEADER]: Connected to new peer: Peer: permanent_uuid: "30aeeb057a574d5cb206c77c388a52f4" member_type: VOTER last_known_addr { host: "127.0.107.193" port: 43777 }, Status: LMP_MISMATCH, Last received: 0.0, Next index: 3, Last known committed idx: 2, Time since last communication: 0.000s
I20260630 12:12:33.057806  4034 raft_consensus.cc:2955] T 7c50779be5f840edb368160c55cbbf2e P 1d8e00a761a3443e8f50222adbc304df [term 1 LEADER]: Committing config change with OpId 1.3: config changed from index 2 to 3, c21681c209d24d958a6869a40a74fed2 (127.0.107.196) changed from NON_VOTER to VOTER. New config: { opid_index: 3 OBSOLETE_local: false peers { permanent_uuid: "30aeeb057a574d5cb206c77c388a52f4" member_type: VOTER last_known_addr { host: "127.0.107.193" port: 43777 } } peers { permanent_uuid: "d4763e44b359466da95ac54c16e2f40e" member_type: VOTER last_known_addr { host: "127.0.107.194" port: 45167 } attrs { replace: true } } peers { permanent_uuid: "1d8e00a761a3443e8f50222adbc304df" member_type: VOTER last_known_addr { host: "127.0.107.195" port: 38241 } } peers { permanent_uuid: "c21681c209d24d958a6869a40a74fed2" member_type: VOTER last_known_addr { host: "127.0.107.196" port: 34935 } attrs { promote: false } } }
I20260630 12:12:33.062340  3757 raft_consensus.cc:2955] T 7c50779be5f840edb368160c55cbbf2e P c21681c209d24d958a6869a40a74fed2 [term 1 FOLLOWER]: Committing config change with OpId 1.3: config changed from index 2 to 3, c21681c209d24d958a6869a40a74fed2 (127.0.107.196) changed from NON_VOTER to VOTER. New config: { opid_index: 3 OBSOLETE_local: false peers { permanent_uuid: "30aeeb057a574d5cb206c77c388a52f4" member_type: VOTER last_known_addr { host: "127.0.107.193" port: 43777 } } peers { permanent_uuid: "d4763e44b359466da95ac54c16e2f40e" member_type: VOTER last_known_addr { host: "127.0.107.194" port: 45167 } attrs { replace: true } } peers { permanent_uuid: "1d8e00a761a3443e8f50222adbc304df" member_type: VOTER last_known_addr { host: "127.0.107.195" port: 38241 } } peers { permanent_uuid: "c21681c209d24d958a6869a40a74fed2" member_type: VOTER last_known_addr { host: "127.0.107.196" port: 34935 } attrs { promote: false } } }
I20260630 12:12:33.060307  3535 raft_consensus.cc:2955] T 7c50779be5f840edb368160c55cbbf2e P d4763e44b359466da95ac54c16e2f40e [term 1 FOLLOWER]: Committing config change with OpId 1.3: config changed from index 2 to 3, c21681c209d24d958a6869a40a74fed2 (127.0.107.196) changed from NON_VOTER to VOTER. New config: { opid_index: 3 OBSOLETE_local: false peers { permanent_uuid: "30aeeb057a574d5cb206c77c388a52f4" member_type: VOTER last_known_addr { host: "127.0.107.193" port: 43777 } } peers { permanent_uuid: "d4763e44b359466da95ac54c16e2f40e" member_type: VOTER last_known_addr { host: "127.0.107.194" port: 45167 } attrs { replace: true } } peers { permanent_uuid: "1d8e00a761a3443e8f50222adbc304df" member_type: VOTER last_known_addr { host: "127.0.107.195" port: 38241 } } peers { permanent_uuid: "c21681c209d24d958a6869a40a74fed2" member_type: VOTER last_known_addr { host: "127.0.107.196" port: 34935 } attrs { promote: false } } }
I20260630 12:12:33.068830  3462 raft_consensus.cc:2955] T 7c50779be5f840edb368160c55cbbf2e P 30aeeb057a574d5cb206c77c388a52f4 [term 1 FOLLOWER]: Committing config change with OpId 1.3: config changed from index 2 to 3, c21681c209d24d958a6869a40a74fed2 (127.0.107.196) changed from NON_VOTER to VOTER. New config: { opid_index: 3 OBSOLETE_local: false peers { permanent_uuid: "30aeeb057a574d5cb206c77c388a52f4" member_type: VOTER last_known_addr { host: "127.0.107.193" port: 43777 } } peers { permanent_uuid: "d4763e44b359466da95ac54c16e2f40e" member_type: VOTER last_known_addr { host: "127.0.107.194" port: 45167 } attrs { replace: true } } peers { permanent_uuid: "1d8e00a761a3443e8f50222adbc304df" member_type: VOTER last_known_addr { host: "127.0.107.195" port: 38241 } } peers { permanent_uuid: "c21681c209d24d958a6869a40a74fed2" member_type: VOTER last_known_addr { host: "127.0.107.196" port: 34935 } attrs { promote: false } } }
I20260630 12:12:33.073184  3357 catalog_manager.cc:5697] T 7c50779be5f840edb368160c55cbbf2e P 1d8e00a761a3443e8f50222adbc304df reported cstate change: config changed from index 2 to 3, c21681c209d24d958a6869a40a74fed2 (127.0.107.196) changed from NON_VOTER to VOTER. New cstate: current_term: 1 leader_uuid: "1d8e00a761a3443e8f50222adbc304df" committed_config { opid_index: 3 OBSOLETE_local: false peers { permanent_uuid: "30aeeb057a574d5cb206c77c388a52f4" member_type: VOTER last_known_addr { host: "127.0.107.193" port: 43777 } health_report { overall_health: HEALTHY } } peers { permanent_uuid: "d4763e44b359466da95ac54c16e2f40e" member_type: VOTER last_known_addr { host: "127.0.107.194" port: 45167 } attrs { replace: true } health_report { overall_health: HEALTHY } } peers { permanent_uuid: "1d8e00a761a3443e8f50222adbc304df" member_type: VOTER last_known_addr { host: "127.0.107.195" port: 38241 } health_report { overall_health: HEALTHY } } peers { permanent_uuid: "c21681c209d24d958a6869a40a74fed2" member_type: VOTER last_known_addr { host: "127.0.107.196" port: 34935 } attrs { promote: false } health_report { overall_health: HEALTHY } } }
I20260630 12:12:33.090476  3611 consensus_queue.cc:237] T 7c50779be5f840edb368160c55cbbf2e P 1d8e00a761a3443e8f50222adbc304df [LEADER]: Queue going to LEADER mode. State: All replicated index: 0, Majority replicated index: 3, Committed index: 3, Last appended: 1.3, Last appended by leader: 0, Current term: 1, Majority size: 2, State: 0, Mode: LEADER, active raft config: opid_index: 4 OBSOLETE_local: false peers { permanent_uuid: "30aeeb057a574d5cb206c77c388a52f4" member_type: VOTER last_known_addr { host: "127.0.107.193" port: 43777 } } peers { permanent_uuid: "1d8e00a761a3443e8f50222adbc304df" member_type: VOTER last_known_addr { host: "127.0.107.195" port: 38241 } } peers { permanent_uuid: "c21681c209d24d958a6869a40a74fed2" member_type: VOTER last_known_addr { host: "127.0.107.196" port: 34935 } attrs { promote: false } }
I20260630 12:12:33.095402  3757 raft_consensus.cc:1275] T 7c50779be5f840edb368160c55cbbf2e P c21681c209d24d958a6869a40a74fed2 [term 1 FOLLOWER]: Refusing update from remote peer 1d8e00a761a3443e8f50222adbc304df: Log matching property violated. Preceding OpId in replica: term: 1 index: 3. Preceding OpId from leader: term: 1 index: 4. (index mismatch)
I20260630 12:12:33.095638  3462 raft_consensus.cc:1275] T 7c50779be5f840edb368160c55cbbf2e P 30aeeb057a574d5cb206c77c388a52f4 [term 1 FOLLOWER]: Refusing update from remote peer 1d8e00a761a3443e8f50222adbc304df: Log matching property violated. Preceding OpId in replica: term: 1 index: 3. Preceding OpId from leader: term: 1 index: 4. (index mismatch)
I20260630 12:12:33.096884  4036 consensus_queue.cc:1048] T 7c50779be5f840edb368160c55cbbf2e P 1d8e00a761a3443e8f50222adbc304df [LEADER]: Connected to new peer: Peer: permanent_uuid: "c21681c209d24d958a6869a40a74fed2" member_type: VOTER last_known_addr { host: "127.0.107.196" port: 34935 } attrs { promote: false }, Status: LMP_MISMATCH, Last received: 0.0, Next index: 4, Last known committed idx: 3, Time since last communication: 0.000s
I20260630 12:12:33.097613  4034 consensus_queue.cc:1048] T 7c50779be5f840edb368160c55cbbf2e P 1d8e00a761a3443e8f50222adbc304df [LEADER]: Connected to new peer: Peer: permanent_uuid: "30aeeb057a574d5cb206c77c388a52f4" member_type: VOTER last_known_addr { host: "127.0.107.193" port: 43777 }, Status: LMP_MISMATCH, Last received: 0.0, Next index: 4, Last known committed idx: 3, Time since last communication: 0.000s
I20260630 12:12:33.103024  4033 raft_consensus.cc:2955] T 7c50779be5f840edb368160c55cbbf2e P 1d8e00a761a3443e8f50222adbc304df [term 1 LEADER]: Committing config change with OpId 1.4: config changed from index 3 to 4, VOTER d4763e44b359466da95ac54c16e2f40e (127.0.107.194) evicted. New config: { opid_index: 4 OBSOLETE_local: false peers { permanent_uuid: "30aeeb057a574d5cb206c77c388a52f4" member_type: VOTER last_known_addr { host: "127.0.107.193" port: 43777 } } peers { permanent_uuid: "1d8e00a761a3443e8f50222adbc304df" member_type: VOTER last_known_addr { host: "127.0.107.195" port: 38241 } } peers { permanent_uuid: "c21681c209d24d958a6869a40a74fed2" member_type: VOTER last_known_addr { host: "127.0.107.196" port: 34935 } attrs { promote: false } } }
I20260630 12:12:33.105604  3757 raft_consensus.cc:2955] T 7c50779be5f840edb368160c55cbbf2e P c21681c209d24d958a6869a40a74fed2 [term 1 FOLLOWER]: Committing config change with OpId 1.4: config changed from index 3 to 4, VOTER d4763e44b359466da95ac54c16e2f40e (127.0.107.194) evicted. New config: { opid_index: 4 OBSOLETE_local: false peers { permanent_uuid: "30aeeb057a574d5cb206c77c388a52f4" member_type: VOTER last_known_addr { host: "127.0.107.193" port: 43777 } } peers { permanent_uuid: "1d8e00a761a3443e8f50222adbc304df" member_type: VOTER last_known_addr { host: "127.0.107.195" port: 38241 } } peers { permanent_uuid: "c21681c209d24d958a6869a40a74fed2" member_type: VOTER last_known_addr { host: "127.0.107.196" port: 34935 } attrs { promote: false } } }
I20260630 12:12:33.105764  3462 raft_consensus.cc:2955] T 7c50779be5f840edb368160c55cbbf2e P 30aeeb057a574d5cb206c77c388a52f4 [term 1 FOLLOWER]: Committing config change with OpId 1.4: config changed from index 3 to 4, VOTER d4763e44b359466da95ac54c16e2f40e (127.0.107.194) evicted. New config: { opid_index: 4 OBSOLETE_local: false peers { permanent_uuid: "30aeeb057a574d5cb206c77c388a52f4" member_type: VOTER last_known_addr { host: "127.0.107.193" port: 43777 } } peers { permanent_uuid: "1d8e00a761a3443e8f50222adbc304df" member_type: VOTER last_known_addr { host: "127.0.107.195" port: 38241 } } peers { permanent_uuid: "c21681c209d24d958a6869a40a74fed2" member_type: VOTER last_known_addr { host: "127.0.107.196" port: 34935 } attrs { promote: false } } }
I20260630 12:12:33.112823  3344 catalog_manager.cc:5210] ChangeConfig:REMOVE_PEER RPC for tablet 7c50779be5f840edb368160c55cbbf2e with cas_config_opid_index 3: ChangeConfig:REMOVE_PEER succeeded (attempt 1)
I20260630 12:12:33.117199  3358 catalog_manager.cc:5697] T 7c50779be5f840edb368160c55cbbf2e P 30aeeb057a574d5cb206c77c388a52f4 reported cstate change: config changed from index 3 to 4, VOTER d4763e44b359466da95ac54c16e2f40e (127.0.107.194) evicted. New cstate: current_term: 1 leader_uuid: "1d8e00a761a3443e8f50222adbc304df" committed_config { opid_index: 4 OBSOLETE_local: false peers { permanent_uuid: "30aeeb057a574d5cb206c77c388a52f4" member_type: VOTER last_known_addr { host: "127.0.107.193" port: 43777 } } peers { permanent_uuid: "1d8e00a761a3443e8f50222adbc304df" member_type: VOTER last_known_addr { host: "127.0.107.195" port: 38241 } } peers { permanent_uuid: "c21681c209d24d958a6869a40a74fed2" member_type: VOTER last_known_addr { host: "127.0.107.196" port: 34935 } attrs { promote: false } } }
I20260630 12:12:33.126935  3523 tablet_service.cc:1558] Processing DeleteTablet for tablet 7c50779be5f840edb368160c55cbbf2e with delete_type TABLET_DATA_TOMBSTONED (TS d4763e44b359466da95ac54c16e2f40e not found in new config with opid_index 4) from {username='slave'} at 127.0.0.1:43200
I20260630 12:12:33.128647  4044 tablet_replica.cc:333] T 7c50779be5f840edb368160c55cbbf2e P d4763e44b359466da95ac54c16e2f40e: stopping tablet replica
I20260630 12:12:33.129398  4044 raft_consensus.cc:2243] T 7c50779be5f840edb368160c55cbbf2e P d4763e44b359466da95ac54c16e2f40e [term 1 FOLLOWER]: Raft consensus shutting down.
I20260630 12:12:33.130002  4044 raft_consensus.cc:2272] T 7c50779be5f840edb368160c55cbbf2e P d4763e44b359466da95ac54c16e2f40e [term 1 FOLLOWER]: Raft consensus is shut down!
I20260630 12:12:33.132776  4044 ts_tablet_manager.cc:1916] T 7c50779be5f840edb368160c55cbbf2e P d4763e44b359466da95ac54c16e2f40e: Deleting tablet data with delete state TABLET_DATA_TOMBSTONED
I20260630 12:12:33.142030  4044 ts_tablet_manager.cc:1929] T 7c50779be5f840edb368160c55cbbf2e P d4763e44b359466da95ac54c16e2f40e: tablet deleted with delete type TABLET_DATA_TOMBSTONED: last-logged OpId 1.3
I20260630 12:12:33.142266  4044 log.cc:1199] T 7c50779be5f840edb368160c55cbbf2e P d4763e44b359466da95ac54c16e2f40e: Deleting WAL directory at /tmp/dist-test-taskodLk2D/test-tmp/auto_rebalancer-test.0.AutoRebalancerTest.RangeAwareRebalancesNewRangeReplicas.1782821458617829-431-0/minicluster-data/ts-1-root/wals/7c50779be5f840edb368160c55cbbf2e
I20260630 12:12:33.143527  3346 catalog_manager.cc:5028] TS d4763e44b359466da95ac54c16e2f40e (127.0.107.194:45167): tablet 7c50779be5f840edb368160c55cbbf2e (table range_aware_rebalance_new_range [id=516b52b6998e479e8153396d53b8c6e9]) successfully deleted
I20260630 12:12:33.717374   431 tablet_server.cc:179] TabletServer@127.0.107.193:0 shutting down...
I20260630 12:12:33.739820   431 ts_tablet_manager.cc:1507] Shutting down tablet manager...
I20260630 12:12:33.740693   431 tablet_replica.cc:333] T 20d9b0e70f43414a970b273d00839e4b P 30aeeb057a574d5cb206c77c388a52f4: stopping tablet replica
I20260630 12:12:33.741357   431 raft_consensus.cc:2243] T 20d9b0e70f43414a970b273d00839e4b P 30aeeb057a574d5cb206c77c388a52f4 [term 1 LEADER]: Raft consensus shutting down.
I20260630 12:12:33.742026   431 raft_consensus.cc:2272] T 20d9b0e70f43414a970b273d00839e4b P 30aeeb057a574d5cb206c77c388a52f4 [term 1 FOLLOWER]: Raft consensus is shut down!
I20260630 12:12:33.743708   431 tablet_replica.cc:333] T c39b58d6356141fe9f38e75d93f8f5db P 30aeeb057a574d5cb206c77c388a52f4: stopping tablet replica
I20260630 12:12:33.744131   431 raft_consensus.cc:2243] T c39b58d6356141fe9f38e75d93f8f5db P 30aeeb057a574d5cb206c77c388a52f4 [term 1 FOLLOWER]: Raft consensus shutting down.
I20260630 12:12:33.744601   431 raft_consensus.cc:2272] T c39b58d6356141fe9f38e75d93f8f5db P 30aeeb057a574d5cb206c77c388a52f4 [term 1 FOLLOWER]: Raft consensus is shut down!
I20260630 12:12:33.746023   431 tablet_replica.cc:333] T eeba3263d1d142078c3b601bb7f61847 P 30aeeb057a574d5cb206c77c388a52f4: stopping tablet replica
I20260630 12:12:33.746414   431 raft_consensus.cc:2243] T eeba3263d1d142078c3b601bb7f61847 P 30aeeb057a574d5cb206c77c388a52f4 [term 1 LEADER]: Raft consensus shutting down.
I20260630 12:12:33.747277   431 raft_consensus.cc:2272] T eeba3263d1d142078c3b601bb7f61847 P 30aeeb057a574d5cb206c77c388a52f4 [term 1 FOLLOWER]: Raft consensus is shut down!
W20260630 12:12:33.749035  3577 proxy.cc:239] Call had error, refreshing address and retrying: Remote error: Service unavailable: service kudu.consensus.ConsensusService not registered on TabletServer [suppressed 6 similar messages]
I20260630 12:12:33.749358   431 tablet_replica.cc:333] T f9d7037a25e44d9db4e568f61ca1cae0 P 30aeeb057a574d5cb206c77c388a52f4: stopping tablet replica
I20260630 12:12:33.749869   431 raft_consensus.cc:2243] T f9d7037a25e44d9db4e568f61ca1cae0 P 30aeeb057a574d5cb206c77c388a52f4 [term 1 LEADER]: Raft consensus shutting down.
I20260630 12:12:33.750542   431 raft_consensus.cc:2272] T f9d7037a25e44d9db4e568f61ca1cae0 P 30aeeb057a574d5cb206c77c388a52f4 [term 1 FOLLOWER]: Raft consensus is shut down!
W20260630 12:12:33.751654  3577 consensus_peers.cc:597] T 98746ce532494554a0a9e022663a5a6f P 1d8e00a761a3443e8f50222adbc304df -> Peer 30aeeb057a574d5cb206c77c388a52f4 (127.0.107.193:43777): Couldn't send request to peer 30aeeb057a574d5cb206c77c388a52f4. Status: Remote error: Service unavailable: service kudu.consensus.ConsensusService not registered on TabletServer. This is attempt 1: this message will repeat every 5th retry.
I20260630 12:12:33.752544   431 tablet_replica.cc:333] T f62f60b26f634974bc47aa567cb20f6c P 30aeeb057a574d5cb206c77c388a52f4: stopping tablet replica
I20260630 12:12:33.753084   431 raft_consensus.cc:2243] T f62f60b26f634974bc47aa567cb20f6c P 30aeeb057a574d5cb206c77c388a52f4 [term 2 FOLLOWER]: Raft consensus shutting down.
I20260630 12:12:33.753504   431 raft_consensus.cc:2272] T f62f60b26f634974bc47aa567cb20f6c P 30aeeb057a574d5cb206c77c388a52f4 [term 2 FOLLOWER]: Raft consensus is shut down!
I20260630 12:12:33.755498   431 tablet_replica.cc:333] T 7c50779be5f840edb368160c55cbbf2e P 30aeeb057a574d5cb206c77c388a52f4: stopping tablet replica
I20260630 12:12:33.756132   431 raft_consensus.cc:2243] T 7c50779be5f840edb368160c55cbbf2e P 30aeeb057a574d5cb206c77c388a52f4 [term 1 FOLLOWER]: Raft consensus shutting down.
I20260630 12:12:33.756718   431 raft_consensus.cc:2272] T 7c50779be5f840edb368160c55cbbf2e P 30aeeb057a574d5cb206c77c388a52f4 [term 1 FOLLOWER]: Raft consensus is shut down!
I20260630 12:12:33.759100   431 tablet_replica.cc:333] T 4dc49180852349e083063dc507f31180 P 30aeeb057a574d5cb206c77c388a52f4: stopping tablet replica
I20260630 12:12:33.759497   431 raft_consensus.cc:2243] T 4dc49180852349e083063dc507f31180 P 30aeeb057a574d5cb206c77c388a52f4 [term 2 FOLLOWER]: Raft consensus shutting down.
I20260630 12:12:33.759923   431 raft_consensus.cc:2272] T 4dc49180852349e083063dc507f31180 P 30aeeb057a574d5cb206c77c388a52f4 [term 2 FOLLOWER]: Raft consensus is shut down!
I20260630 12:12:33.762030   431 tablet_replica.cc:333] T e76ddba5f6854a54b30fe79083008af5 P 30aeeb057a574d5cb206c77c388a52f4: stopping tablet replica
I20260630 12:12:33.762537   431 raft_consensus.cc:2243] T e76ddba5f6854a54b30fe79083008af5 P 30aeeb057a574d5cb206c77c388a52f4 [term 1 LEADER]: Raft consensus shutting down.
I20260630 12:12:33.763141   431 raft_consensus.cc:2272] T e76ddba5f6854a54b30fe79083008af5 P 30aeeb057a574d5cb206c77c388a52f4 [term 1 FOLLOWER]: Raft consensus is shut down!
I20260630 12:12:33.764743   431 tablet_replica.cc:333] T 98746ce532494554a0a9e022663a5a6f P 30aeeb057a574d5cb206c77c388a52f4: stopping tablet replica
I20260630 12:12:33.765216   431 raft_consensus.cc:2243] T 98746ce532494554a0a9e022663a5a6f P 30aeeb057a574d5cb206c77c388a52f4 [term 1 FOLLOWER]: Raft consensus shutting down.
I20260630 12:12:33.765776   431 raft_consensus.cc:2272] T 98746ce532494554a0a9e022663a5a6f P 30aeeb057a574d5cb206c77c388a52f4 [term 1 FOLLOWER]: Raft consensus is shut down!
I20260630 12:12:33.767347   431 tablet_replica.cc:333] T f4580fa231e348b6b1ed70a5db5da7b3 P 30aeeb057a574d5cb206c77c388a52f4: stopping tablet replica
I20260630 12:12:33.767812   431 raft_consensus.cc:2243] T f4580fa231e348b6b1ed70a5db5da7b3 P 30aeeb057a574d5cb206c77c388a52f4 [term 2 FOLLOWER]: Raft consensus shutting down.
I20260630 12:12:33.768186   431 raft_consensus.cc:2272] T f4580fa231e348b6b1ed70a5db5da7b3 P 30aeeb057a574d5cb206c77c388a52f4 [term 2 FOLLOWER]: Raft consensus is shut down!
I20260630 12:12:33.769680  3413 auto_leader_rebalancer.cc:141] leader rebalance for table range_aware_rebalance_new_range
I20260630 12:12:33.770120   431 tablet_replica.cc:333] T 2c97a07a3c9e4bf9bc14ca6cb2071f01 P 30aeeb057a574d5cb206c77c388a52f4: stopping tablet replica
I20260630 12:12:33.770727   431 raft_consensus.cc:2243] T 2c97a07a3c9e4bf9bc14ca6cb2071f01 P 30aeeb057a574d5cb206c77c388a52f4 [term 1 FOLLOWER]: Raft consensus shutting down.
I20260630 12:12:33.771395   431 raft_consensus.cc:2272] T 2c97a07a3c9e4bf9bc14ca6cb2071f01 P 30aeeb057a574d5cb206c77c388a52f4 [term 1 FOLLOWER]: Raft consensus is shut down!
I20260630 12:12:33.773741   431 tablet_replica.cc:333] T d314e5d29d7d4ba4814b384f14db5597 P 30aeeb057a574d5cb206c77c388a52f4: stopping tablet replica
I20260630 12:12:33.774382   431 raft_consensus.cc:2243] T d314e5d29d7d4ba4814b384f14db5597 P 30aeeb057a574d5cb206c77c388a52f4 [term 2 FOLLOWER]: Raft consensus shutting down.
I20260630 12:12:33.775121   431 raft_consensus.cc:2272] T d314e5d29d7d4ba4814b384f14db5597 P 30aeeb057a574d5cb206c77c388a52f4 [term 2 FOLLOWER]: Raft consensus is shut down!
I20260630 12:12:33.785663  3413 auto_leader_rebalancer.cc:440] table: range_aware_rebalance_new_range, leader rebalance finish, leader transfer count: 0
I20260630 12:12:33.786410  3413 auto_leader_rebalancer.cc:515] All tables' leader rebalancing finished this round
I20260630 12:12:33.801759   431 tablet_server.cc:196] TabletServer@127.0.107.193:0 shutdown complete.
I20260630 12:12:33.827749   431 tablet_server.cc:179] TabletServer@127.0.107.194:0 shutting down...
W20260630 12:12:33.845798  3503 consensus_peers.cc:597] T 4dc49180852349e083063dc507f31180 P d4763e44b359466da95ac54c16e2f40e -> Peer 30aeeb057a574d5cb206c77c388a52f4 (127.0.107.193:43777): Couldn't send request to peer 30aeeb057a574d5cb206c77c388a52f4. Status: Network error: Client connection negotiation failed: client connection to 127.0.107.193:43777: connect: Connection refused (error 111). This is attempt 1: this message will repeat every 5th retry.
I20260630 12:12:33.857983   431 ts_tablet_manager.cc:1507] Shutting down tablet manager...
W20260630 12:12:33.858292  3503 consensus_peers.cc:597] T d314e5d29d7d4ba4814b384f14db5597 P d4763e44b359466da95ac54c16e2f40e -> Peer 30aeeb057a574d5cb206c77c388a52f4 (127.0.107.193:43777): Couldn't send request to peer 30aeeb057a574d5cb206c77c388a52f4. Status: Network error: Client connection negotiation failed: client connection to 127.0.107.193:43777: connect: Connection refused (error 111). This is attempt 1: this message will repeat every 5th retry.
I20260630 12:12:33.858748   431 tablet_replica.cc:333] T 1c3977207bc5450f9a677ffebba5efaa P d4763e44b359466da95ac54c16e2f40e: stopping tablet replica
I20260630 12:12:33.859370   431 raft_consensus.cc:2243] T 1c3977207bc5450f9a677ffebba5efaa P d4763e44b359466da95ac54c16e2f40e [term 1 FOLLOWER]: Raft consensus shutting down.
I20260630 12:12:33.859817   431 raft_consensus.cc:2272] T 1c3977207bc5450f9a677ffebba5efaa P d4763e44b359466da95ac54c16e2f40e [term 1 FOLLOWER]: Raft consensus is shut down!
I20260630 12:12:33.861565   431 tablet_replica.cc:333] T 20d9b0e70f43414a970b273d00839e4b P d4763e44b359466da95ac54c16e2f40e: stopping tablet replica
I20260630 12:12:33.862047   431 raft_consensus.cc:2243] T 20d9b0e70f43414a970b273d00839e4b P d4763e44b359466da95ac54c16e2f40e [term 1 FOLLOWER]: Raft consensus shutting down.
I20260630 12:12:33.862417   431 raft_consensus.cc:2272] T 20d9b0e70f43414a970b273d00839e4b P d4763e44b359466da95ac54c16e2f40e [term 1 FOLLOWER]: Raft consensus is shut down!
I20260630 12:12:33.864058   431 tablet_replica.cc:333] T f4580fa231e348b6b1ed70a5db5da7b3 P d4763e44b359466da95ac54c16e2f40e: stopping tablet replica
I20260630 12:12:33.864567   431 raft_consensus.cc:2243] T f4580fa231e348b6b1ed70a5db5da7b3 P d4763e44b359466da95ac54c16e2f40e [term 2 FOLLOWER]: Raft consensus shutting down.
I20260630 12:12:33.864959   431 raft_consensus.cc:2272] T f4580fa231e348b6b1ed70a5db5da7b3 P d4763e44b359466da95ac54c16e2f40e [term 2 FOLLOWER]: Raft consensus is shut down!
I20260630 12:12:33.866318   431 tablet_replica.cc:333] T 2c97a07a3c9e4bf9bc14ca6cb2071f01 P d4763e44b359466da95ac54c16e2f40e: stopping tablet replica
I20260630 12:12:33.866762   431 raft_consensus.cc:2243] T 2c97a07a3c9e4bf9bc14ca6cb2071f01 P d4763e44b359466da95ac54c16e2f40e [term 1 LEADER]: Raft consensus shutting down.
