I20260630 12:13:04.555996  5155 consensus_queue.cc:237] T 498233e31bda4b1389c1c00b13e29b39 P f1a69d79d7a949dd9202c8bebc6d60d0 [LEADER]: Queue going to LEADER mode. State: All replicated index: 0, Majority replicated index: 0, Committed index: 0, Last appended: 0.0, Last appended by leader: 0, Current term: 1, Majority size: 2, State: 0, Mode: LEADER, active raft config: opid_index: -1 OBSOLETE_local: false peers { permanent_uuid: "55872168a9754c338c5d9f7de0817054" member_type: VOTER last_known_addr { host: "127.0.107.193" port: 41277 } } peers { permanent_uuid: "15527c22917f4fbeba843d8bdae1748b" member_type: VOTER last_known_addr { host: "127.0.107.194" port: 44725 } } peers { permanent_uuid: "f1a69d79d7a949dd9202c8bebc6d60d0" member_type: VOTER last_known_addr { host: "127.0.107.195" port: 39607 } }
I20260630 12:13:04.557307  5148 tablet_bootstrap.cc:492] T 7b7d12152bc04b7580c53c7b2d63d412 P 15527c22917f4fbeba843d8bdae1748b: Bootstrap starting.
I20260630 12:13:04.558670  5153 raft_consensus.cc:515] T 43dd624eb4e64baab54f893919032f0f P 15527c22917f4fbeba843d8bdae1748b [term 1 FOLLOWER]: Starting leader election with config: opid_index: -1 OBSOLETE_local: false peers { permanent_uuid: "55872168a9754c338c5d9f7de0817054" member_type: VOTER last_known_addr { host: "127.0.107.193" port: 41277 } } peers { permanent_uuid: "15527c22917f4fbeba843d8bdae1748b" member_type: VOTER last_known_addr { host: "127.0.107.194" port: 44725 } } peers { permanent_uuid: "f1a69d79d7a949dd9202c8bebc6d60d0" member_type: VOTER last_known_addr { host: "127.0.107.195" port: 39607 } }
I20260630 12:13:04.530503  5179 leader_election.cc:290] T 498233e31bda4b1389c1c00b13e29b39 P f1a69d79d7a949dd9202c8bebc6d60d0 [CANDIDATE]: Term 1 election: Requested vote from peers 55872168a9754c338c5d9f7de0817054 (127.0.107.193:41277), 15527c22917f4fbeba843d8bdae1748b (127.0.107.194:44725)
I20260630 12:13:04.564599  5175 raft_consensus.cc:515] T 392a83c1e82c4a0ca8813ef2f5876ebf P 55872168a9754c338c5d9f7de0817054 [term 1 FOLLOWER]: Starting leader election with config: opid_index: -1 OBSOLETE_local: false peers { permanent_uuid: "55872168a9754c338c5d9f7de0817054" member_type: VOTER last_known_addr { host: "127.0.107.193" port: 41277 } } peers { permanent_uuid: "15527c22917f4fbeba843d8bdae1748b" member_type: VOTER last_known_addr { host: "127.0.107.194" port: 44725 } } peers { permanent_uuid: "f1a69d79d7a949dd9202c8bebc6d60d0" member_type: VOTER last_known_addr { host: "127.0.107.195" port: 39607 } }
I20260630 12:13:04.567348  5149 ts_tablet_manager.cc:1434] T a6b8f9cb153346a88c846617238b276d P f1a69d79d7a949dd9202c8bebc6d60d0: Time spent starting tablet: real 0.055s	user 0.012s	sys 0.026s
I20260630 12:13:04.568298  5149 tablet_bootstrap.cc:492] T 6e39784b1e8549d989550b5f867512cb P f1a69d79d7a949dd9202c8bebc6d60d0: Bootstrap starting.
I20260630 12:13:04.569173  4849 catalog_manager.cc:5697] T 498233e31bda4b1389c1c00b13e29b39 P f1a69d79d7a949dd9202c8bebc6d60d0 reported cstate change: term changed from 0 to 1, leader changed from <none> to f1a69d79d7a949dd9202c8bebc6d60d0 (127.0.107.195). New cstate: current_term: 1 leader_uuid: "f1a69d79d7a949dd9202c8bebc6d60d0" committed_config { opid_index: -1 OBSOLETE_local: false peers { permanent_uuid: "55872168a9754c338c5d9f7de0817054" member_type: VOTER last_known_addr { host: "127.0.107.193" port: 41277 } health_report { overall_health: UNKNOWN } } peers { permanent_uuid: "15527c22917f4fbeba843d8bdae1748b" member_type: VOTER last_known_addr { host: "127.0.107.194" port: 44725 } health_report { overall_health: UNKNOWN } } peers { permanent_uuid: "f1a69d79d7a949dd9202c8bebc6d60d0" member_type: VOTER last_known_addr { host: "127.0.107.195" port: 39607 } health_report { overall_health: HEALTHY } } }
I20260630 12:13:04.575312  4954 tablet_service.cc:1917] Received RequestConsensusVote() RPC: tablet_id: "43dd624eb4e64baab54f893919032f0f" candidate_uuid: "15527c22917f4fbeba843d8bdae1748b" candidate_term: 1 candidate_status { last_received { term: 0 index: 0 } } ignore_live_leader: false dest_uuid: "55872168a9754c338c5d9f7de0817054"
I20260630 12:13:04.575896  5102 tablet_service.cc:1917] Received RequestConsensusVote() RPC: tablet_id: "43dd624eb4e64baab54f893919032f0f" candidate_uuid: "15527c22917f4fbeba843d8bdae1748b" candidate_term: 1 candidate_status { last_received { term: 0 index: 0 } } ignore_live_leader: false dest_uuid: "f1a69d79d7a949dd9202c8bebc6d60d0"
I20260630 12:13:04.576109  4954 raft_consensus.cc:3060] T 43dd624eb4e64baab54f893919032f0f P 55872168a9754c338c5d9f7de0817054 [term 0 FOLLOWER]: Advancing to term 1
I20260630 12:13:04.576457  5102 raft_consensus.cc:3060] T 43dd624eb4e64baab54f893919032f0f P f1a69d79d7a949dd9202c8bebc6d60d0 [term 0 FOLLOWER]: Advancing to term 1
I20260630 12:13:04.577132  5149 tablet_bootstrap.cc:654] T 6e39784b1e8549d989550b5f867512cb P f1a69d79d7a949dd9202c8bebc6d60d0: Neither blocks nor log segments found. Creating new log.
I20260630 12:13:04.575510  5153 leader_election.cc:290] T 43dd624eb4e64baab54f893919032f0f P 15527c22917f4fbeba843d8bdae1748b [CANDIDATE]: Term 1 election: Requested vote from peers 55872168a9754c338c5d9f7de0817054 (127.0.107.193:41277), f1a69d79d7a949dd9202c8bebc6d60d0 (127.0.107.195:39607)
I20260630 12:13:04.583918  4953 raft_consensus.cc:2468] T 498233e31bda4b1389c1c00b13e29b39 P 55872168a9754c338c5d9f7de0817054 [term 1 FOLLOWER]: Leader election vote request: Granting yes vote for candidate f1a69d79d7a949dd9202c8bebc6d60d0 in term 1.
I20260630 12:13:04.586841  4954 raft_consensus.cc:2468] T 43dd624eb4e64baab54f893919032f0f P 55872168a9754c338c5d9f7de0817054 [term 1 FOLLOWER]: Leader election vote request: Granting yes vote for candidate 15527c22917f4fbeba843d8bdae1748b in term 1.
I20260630 12:13:04.588229  4993 leader_election.cc:304] T 43dd624eb4e64baab54f893919032f0f P 15527c22917f4fbeba843d8bdae1748b [CANDIDATE]: Term 1 election: Election decided. Result: candidate won. Election summary: received 2 responses out of 3 voters: 2 yes votes; 0 no votes. yes voters: 15527c22917f4fbeba843d8bdae1748b, 55872168a9754c338c5d9f7de0817054; no voters: 
I20260630 12:13:04.589202  5153 raft_consensus.cc:2804] T 43dd624eb4e64baab54f893919032f0f P 15527c22917f4fbeba843d8bdae1748b [term 1 FOLLOWER]: Leader election won for term 1
I20260630 12:13:04.589846  5153 raft_consensus.cc:697] T 43dd624eb4e64baab54f893919032f0f P 15527c22917f4fbeba843d8bdae1748b [term 1 LEADER]: Becoming Leader. State: Replica: 15527c22917f4fbeba843d8bdae1748b, State: Running, Role: LEADER
I20260630 12:13:04.594566  4852 catalog_manager.cc:5697] T d32ccc29ea744b17bcd1c266929c627e P 15527c22917f4fbeba843d8bdae1748b reported cstate change: term changed from 0 to 1, leader changed from <none> to 15527c22917f4fbeba843d8bdae1748b (127.0.107.194). New cstate: current_term: 1 leader_uuid: "15527c22917f4fbeba843d8bdae1748b" committed_config { opid_index: -1 OBSOLETE_local: false peers { permanent_uuid: "55872168a9754c338c5d9f7de0817054" member_type: VOTER last_known_addr { host: "127.0.107.193" port: 41277 } health_report { overall_health: UNKNOWN } } peers { permanent_uuid: "15527c22917f4fbeba843d8bdae1748b" member_type: VOTER last_known_addr { host: "127.0.107.194" port: 44725 } health_report { overall_health: HEALTHY } } peers { permanent_uuid: "f1a69d79d7a949dd9202c8bebc6d60d0" member_type: VOTER last_known_addr { host: "127.0.107.195" port: 39607 } health_report { overall_health: UNKNOWN } } }
I20260630 12:13:04.594762  4850 catalog_manager.cc:5697] T a6b8f9cb153346a88c846617238b276d P 55872168a9754c338c5d9f7de0817054 reported cstate change: term changed from 0 to 1, leader changed from <none> to 55872168a9754c338c5d9f7de0817054 (127.0.107.193). New cstate: current_term: 1 leader_uuid: "55872168a9754c338c5d9f7de0817054" committed_config { opid_index: -1 OBSOLETE_local: false peers { permanent_uuid: "55872168a9754c338c5d9f7de0817054" member_type: VOTER last_known_addr { host: "127.0.107.193" port: 41277 } health_report { overall_health: HEALTHY } } peers { permanent_uuid: "15527c22917f4fbeba843d8bdae1748b" member_type: VOTER last_known_addr { host: "127.0.107.194" port: 44725 } health_report { overall_health: UNKNOWN } } peers { permanent_uuid: "f1a69d79d7a949dd9202c8bebc6d60d0" member_type: VOTER last_known_addr { host: "127.0.107.195" port: 39607 } health_report { overall_health: UNKNOWN } } }
I20260630 12:13:04.590611  5153 consensus_queue.cc:237] T 43dd624eb4e64baab54f893919032f0f P 15527c22917f4fbeba843d8bdae1748b [LEADER]: Queue going to LEADER mode. State: All replicated index: 0, Majority replicated index: 0, Committed index: 0, Last appended: 0.0, Last appended by leader: 0, Current term: 1, Majority size: 2, State: 0, Mode: LEADER, active raft config: opid_index: -1 OBSOLETE_local: false peers { permanent_uuid: "55872168a9754c338c5d9f7de0817054" member_type: VOTER last_known_addr { host: "127.0.107.193" port: 41277 } } peers { permanent_uuid: "15527c22917f4fbeba843d8bdae1748b" member_type: VOTER last_known_addr { host: "127.0.107.194" port: 44725 } } peers { permanent_uuid: "f1a69d79d7a949dd9202c8bebc6d60d0" member_type: VOTER last_known_addr { host: "127.0.107.195" port: 39607 } }
I20260630 12:13:04.602808  5102 raft_consensus.cc:2468] T 43dd624eb4e64baab54f893919032f0f P f1a69d79d7a949dd9202c8bebc6d60d0 [term 1 FOLLOWER]: Leader election vote request: Granting yes vote for candidate 15527c22917f4fbeba843d8bdae1748b in term 1.
I20260630 12:13:04.607313  5175 leader_election.cc:290] T 392a83c1e82c4a0ca8813ef2f5876ebf P 55872168a9754c338c5d9f7de0817054 [CANDIDATE]: Term 1 election: Requested vote from peers 15527c22917f4fbeba843d8bdae1748b (127.0.107.194:44725), f1a69d79d7a949dd9202c8bebc6d60d0 (127.0.107.195:39607)
I20260630 12:13:04.607875  5103 tablet_service.cc:1917] Received RequestConsensusVote() RPC: tablet_id: "392a83c1e82c4a0ca8813ef2f5876ebf" candidate_uuid: "55872168a9754c338c5d9f7de0817054" candidate_term: 1 candidate_status { last_received { term: 0 index: 0 } } ignore_live_leader: false dest_uuid: "f1a69d79d7a949dd9202c8bebc6d60d0"
I20260630 12:13:04.608618  5028 tablet_service.cc:1917] Received RequestConsensusVote() RPC: tablet_id: "392a83c1e82c4a0ca8813ef2f5876ebf" candidate_uuid: "55872168a9754c338c5d9f7de0817054" candidate_term: 1 candidate_status { last_received { term: 0 index: 0 } } ignore_live_leader: false dest_uuid: "15527c22917f4fbeba843d8bdae1748b"
I20260630 12:13:04.608996  5148 tablet_bootstrap.cc:654] T 7b7d12152bc04b7580c53c7b2d63d412 P 15527c22917f4fbeba843d8bdae1748b: Neither blocks nor log segments found. Creating new log.
I20260630 12:13:04.610970  5028 raft_consensus.cc:3060] T 392a83c1e82c4a0ca8813ef2f5876ebf P 15527c22917f4fbeba843d8bdae1748b [term 0 FOLLOWER]: Advancing to term 1
W20260630 12:13:04.611281  4920 leader_election.cc:343] T 392a83c1e82c4a0ca8813ef2f5876ebf P 55872168a9754c338c5d9f7de0817054 [CANDIDATE]: Term 1 election: Tablet error from VoteRequest() call to peer f1a69d79d7a949dd9202c8bebc6d60d0 (127.0.107.195:39607): Illegal state: must be running to vote when last-logged opid is not known
I20260630 12:13:04.614532  5172 raft_consensus.cc:493] T be2d22fda8374dd5a598d475f69b0528 P 55872168a9754c338c5d9f7de0817054 [term 0 FOLLOWER]: Starting pre-election (no leader contacted us within the election timeout)
I20260630 12:13:04.615005  5172 raft_consensus.cc:515] T be2d22fda8374dd5a598d475f69b0528 P 55872168a9754c338c5d9f7de0817054 [term 0 FOLLOWER]: Starting pre-election with config: opid_index: -1 OBSOLETE_local: false peers { permanent_uuid: "55872168a9754c338c5d9f7de0817054" member_type: VOTER last_known_addr { host: "127.0.107.193" port: 41277 } } peers { permanent_uuid: "15527c22917f4fbeba843d8bdae1748b" member_type: VOTER last_known_addr { host: "127.0.107.194" port: 44725 } } peers { permanent_uuid: "f1a69d79d7a949dd9202c8bebc6d60d0" member_type: VOTER last_known_addr { host: "127.0.107.195" port: 39607 } }
I20260630 12:13:04.617087  5172 leader_election.cc:290] T be2d22fda8374dd5a598d475f69b0528 P 55872168a9754c338c5d9f7de0817054 [CANDIDATE]: Term 1 pre-election: Requested pre-vote from peers 15527c22917f4fbeba843d8bdae1748b (127.0.107.194:44725), f1a69d79d7a949dd9202c8bebc6d60d0 (127.0.107.195:39607)
I20260630 12:13:04.618541  5029 tablet_service.cc:1917] Received RequestConsensusVote() RPC: tablet_id: "be2d22fda8374dd5a598d475f69b0528" candidate_uuid: "55872168a9754c338c5d9f7de0817054" candidate_term: 1 candidate_status { last_received { term: 0 index: 0 } } ignore_live_leader: false dest_uuid: "15527c22917f4fbeba843d8bdae1748b" is_pre_election: true
I20260630 12:13:04.622991  5028 raft_consensus.cc:2468] T 392a83c1e82c4a0ca8813ef2f5876ebf P 15527c22917f4fbeba843d8bdae1748b [term 1 FOLLOWER]: Leader election vote request: Granting yes vote for candidate 55872168a9754c338c5d9f7de0817054 in term 1.
I20260630 12:13:04.624270  5102 tablet_service.cc:1917] Received RequestConsensusVote() RPC: tablet_id: "be2d22fda8374dd5a598d475f69b0528" candidate_uuid: "55872168a9754c338c5d9f7de0817054" candidate_term: 1 candidate_status { last_received { term: 0 index: 0 } } ignore_live_leader: false dest_uuid: "f1a69d79d7a949dd9202c8bebc6d60d0" is_pre_election: true
I20260630 12:13:04.624512  4918 leader_election.cc:304] T 392a83c1e82c4a0ca8813ef2f5876ebf P 55872168a9754c338c5d9f7de0817054 [CANDIDATE]: Term 1 election: Election decided. Result: candidate won. Election summary: received 3 responses out of 3 voters: 2 yes votes; 1 no votes. yes voters: 15527c22917f4fbeba843d8bdae1748b, 55872168a9754c338c5d9f7de0817054; no voters: f1a69d79d7a949dd9202c8bebc6d60d0
I20260630 12:13:04.625245  5102 raft_consensus.cc:2393] T be2d22fda8374dd5a598d475f69b0528 P f1a69d79d7a949dd9202c8bebc6d60d0 [term 1 FOLLOWER]: Leader pre-election vote request: Denying vote to candidate 55872168a9754c338c5d9f7de0817054 in current term 1: Already voted for candidate 15527c22917f4fbeba843d8bdae1748b in this term.
I20260630 12:13:04.625957  5175 raft_consensus.cc:2804] T 392a83c1e82c4a0ca8813ef2f5876ebf P 55872168a9754c338c5d9f7de0817054 [term 1 FOLLOWER]: Leader election won for term 1
I20260630 12:13:04.626520  4920 leader_election.cc:304] T be2d22fda8374dd5a598d475f69b0528 P 55872168a9754c338c5d9f7de0817054 [CANDIDATE]: Term 1 pre-election: Election decided. Result: candidate lost. Election summary: received 3 responses out of 3 voters: 1 yes votes; 2 no votes. yes voters: 55872168a9754c338c5d9f7de0817054; no voters: 15527c22917f4fbeba843d8bdae1748b, f1a69d79d7a949dd9202c8bebc6d60d0
I20260630 12:13:04.628432  5172 raft_consensus.cc:3060] T be2d22fda8374dd5a598d475f69b0528 P 55872168a9754c338c5d9f7de0817054 [term 0 FOLLOWER]: Advancing to term 1
I20260630 12:13:04.629595  5149 tablet_bootstrap.cc:492] T 6e39784b1e8549d989550b5f867512cb P f1a69d79d7a949dd9202c8bebc6d60d0: No bootstrap required, opened a new log
I20260630 12:13:04.630039  5149 ts_tablet_manager.cc:1403] T 6e39784b1e8549d989550b5f867512cb P f1a69d79d7a949dd9202c8bebc6d60d0: Time spent bootstrapping tablet: real 0.062s	user 0.027s	sys 0.010s
I20260630 12:13:04.632581  5149 raft_consensus.cc:359] T 6e39784b1e8549d989550b5f867512cb P f1a69d79d7a949dd9202c8bebc6d60d0 [term 0 FOLLOWER]: Replica starting. Triggering 0 pending ops. Active config: opid_index: -1 OBSOLETE_local: false peers { permanent_uuid: "55872168a9754c338c5d9f7de0817054" member_type: VOTER last_known_addr { host: "127.0.107.193" port: 41277 } } peers { permanent_uuid: "15527c22917f4fbeba843d8bdae1748b" member_type: VOTER last_known_addr { host: "127.0.107.194" port: 44725 } } peers { permanent_uuid: "f1a69d79d7a949dd9202c8bebc6d60d0" member_type: VOTER last_known_addr { host: "127.0.107.195" port: 39607 } }
I20260630 12:13:04.633183  5149 raft_consensus.cc:385] T 6e39784b1e8549d989550b5f867512cb P f1a69d79d7a949dd9202c8bebc6d60d0 [term 0 FOLLOWER]: Consensus starting up: Expiring failure detector timer to make a prompt election more likely
I20260630 12:13:04.633409  5149 raft_consensus.cc:740] T 6e39784b1e8549d989550b5f867512cb P f1a69d79d7a949dd9202c8bebc6d60d0 [term 0 FOLLOWER]: Becoming Follower/Learner. State: Replica: f1a69d79d7a949dd9202c8bebc6d60d0, State: Initialized, Role: FOLLOWER
I20260630 12:13:04.634104  5149 consensus_queue.cc:260] T 6e39784b1e8549d989550b5f867512cb P f1a69d79d7a949dd9202c8bebc6d60d0 [NON_LEADER]: Queue going to NON_LEADER mode. State: All replicated index: 0, Majority replicated index: 0, Committed index: 0, Last appended: 0.0, Last appended by leader: 0, Current term: 0, Majority size: -1, State: 0, Mode: NON_LEADER, active raft config: opid_index: -1 OBSOLETE_local: false peers { permanent_uuid: "55872168a9754c338c5d9f7de0817054" member_type: VOTER last_known_addr { host: "127.0.107.193" port: 41277 } } peers { permanent_uuid: "15527c22917f4fbeba843d8bdae1748b" member_type: VOTER last_known_addr { host: "127.0.107.194" port: 44725 } } peers { permanent_uuid: "f1a69d79d7a949dd9202c8bebc6d60d0" member_type: VOTER last_known_addr { host: "127.0.107.195" port: 39607 } }
I20260630 12:13:04.634939  5172 raft_consensus.cc:2749] T be2d22fda8374dd5a598d475f69b0528 P 55872168a9754c338c5d9f7de0817054 [term 1 FOLLOWER]: Leader pre-election lost for term 1. Reason: could not achieve majority
I20260630 12:13:04.635576  5175 raft_consensus.cc:697] T 392a83c1e82c4a0ca8813ef2f5876ebf P 55872168a9754c338c5d9f7de0817054 [term 1 LEADER]: Becoming Leader. State: Replica: 55872168a9754c338c5d9f7de0817054, State: Running, Role: LEADER
I20260630 12:13:04.636651  5149 ts_tablet_manager.cc:1434] T 6e39784b1e8549d989550b5f867512cb P f1a69d79d7a949dd9202c8bebc6d60d0: Time spent starting tablet: real 0.006s	user 0.006s	sys 0.000s
I20260630 12:13:04.637424  5157 raft_consensus.cc:493] T 6e39784b1e8549d989550b5f867512cb P 55872168a9754c338c5d9f7de0817054 [term 0 FOLLOWER]: Starting pre-election (no leader contacted us within the election timeout)
I20260630 12:13:04.637598  5149 tablet_bootstrap.cc:492] T d32ccc29ea744b17bcd1c266929c627e P f1a69d79d7a949dd9202c8bebc6d60d0: Bootstrap starting.
I20260630 12:13:04.637933  5157 raft_consensus.cc:515] T 6e39784b1e8549d989550b5f867512cb P 55872168a9754c338c5d9f7de0817054 [term 0 FOLLOWER]: Starting pre-election with config: opid_index: -1 OBSOLETE_local: false peers { permanent_uuid: "55872168a9754c338c5d9f7de0817054" member_type: VOTER last_known_addr { host: "127.0.107.193" port: 41277 } } peers { permanent_uuid: "15527c22917f4fbeba843d8bdae1748b" member_type: VOTER last_known_addr { host: "127.0.107.194" port: 44725 } } peers { permanent_uuid: "f1a69d79d7a949dd9202c8bebc6d60d0" member_type: VOTER last_known_addr { host: "127.0.107.195" port: 39607 } }
I20260630 12:13:04.637568  4849 catalog_manager.cc:5697] T 43dd624eb4e64baab54f893919032f0f P 15527c22917f4fbeba843d8bdae1748b reported cstate change: term changed from 0 to 1, leader changed from <none> to 15527c22917f4fbeba843d8bdae1748b (127.0.107.194). New cstate: current_term: 1 leader_uuid: "15527c22917f4fbeba843d8bdae1748b" committed_config { opid_index: -1 OBSOLETE_local: false peers { permanent_uuid: "55872168a9754c338c5d9f7de0817054" member_type: VOTER last_known_addr { host: "127.0.107.193" port: 41277 } health_report { overall_health: UNKNOWN } } peers { permanent_uuid: "15527c22917f4fbeba843d8bdae1748b" member_type: VOTER last_known_addr { host: "127.0.107.194" port: 44725 } health_report { overall_health: HEALTHY } } peers { permanent_uuid: "f1a69d79d7a949dd9202c8bebc6d60d0" member_type: VOTER last_known_addr { host: "127.0.107.195" port: 39607 } health_report { overall_health: UNKNOWN } } }
I20260630 12:13:04.639925  5157 leader_election.cc:290] T 6e39784b1e8549d989550b5f867512cb P 55872168a9754c338c5d9f7de0817054 [CANDIDATE]: Term 1 pre-election: Requested pre-vote from peers 15527c22917f4fbeba843d8bdae1748b (127.0.107.194:44725), f1a69d79d7a949dd9202c8bebc6d60d0 (127.0.107.195:39607)
I20260630 12:13:04.640529  5028 tablet_service.cc:1917] Received RequestConsensusVote() RPC: tablet_id: "6e39784b1e8549d989550b5f867512cb" candidate_uuid: "55872168a9754c338c5d9f7de0817054" candidate_term: 1 candidate_status { last_received { term: 0 index: 0 } } ignore_live_leader: false dest_uuid: "15527c22917f4fbeba843d8bdae1748b" is_pre_election: true
W20260630 12:13:04.641876  4918 leader_election.cc:343] T 6e39784b1e8549d989550b5f867512cb P 55872168a9754c338c5d9f7de0817054 [CANDIDATE]: Term 1 pre-election: Tablet error from VoteRequest() call to peer 15527c22917f4fbeba843d8bdae1748b (127.0.107.194:44725): Illegal state: must be running to vote when last-logged opid is not known
I20260630 12:13:04.640730  5148 tablet_bootstrap.cc:492] T 7b7d12152bc04b7580c53c7b2d63d412 P 15527c22917f4fbeba843d8bdae1748b: No bootstrap required, opened a new log
I20260630 12:13:04.642530  5148 ts_tablet_manager.cc:1403] T 7b7d12152bc04b7580c53c7b2d63d412 P 15527c22917f4fbeba843d8bdae1748b: Time spent bootstrapping tablet: real 0.085s	user 0.015s	sys 0.012s
I20260630 12:13:04.643076  5102 tablet_service.cc:1917] Received RequestConsensusVote() RPC: tablet_id: "6e39784b1e8549d989550b5f867512cb" candidate_uuid: "55872168a9754c338c5d9f7de0817054" candidate_term: 1 candidate_status { last_received { term: 0 index: 0 } } ignore_live_leader: false dest_uuid: "f1a69d79d7a949dd9202c8bebc6d60d0" is_pre_election: true
I20260630 12:13:04.643615  5102 raft_consensus.cc:2468] T 6e39784b1e8549d989550b5f867512cb P f1a69d79d7a949dd9202c8bebc6d60d0 [term 0 FOLLOWER]: Leader pre-election vote request: Granting yes vote for candidate 55872168a9754c338c5d9f7de0817054 in term 0.
I20260630 12:13:04.644731  4920 leader_election.cc:304] T 6e39784b1e8549d989550b5f867512cb P 55872168a9754c338c5d9f7de0817054 [CANDIDATE]: Term 1 pre-election: Election decided. Result: candidate won. Election summary: received 3 responses out of 3 voters: 2 yes votes; 1 no votes. yes voters: 55872168a9754c338c5d9f7de0817054, f1a69d79d7a949dd9202c8bebc6d60d0; no voters: 15527c22917f4fbeba843d8bdae1748b
I20260630 12:13:04.647380  5157 raft_consensus.cc:2804] T 6e39784b1e8549d989550b5f867512cb P 55872168a9754c338c5d9f7de0817054 [term 0 FOLLOWER]: Leader pre-election won for term 1
I20260630 12:13:04.647737  5157 raft_consensus.cc:493] T 6e39784b1e8549d989550b5f867512cb P 55872168a9754c338c5d9f7de0817054 [term 0 FOLLOWER]: Starting leader election (no leader contacted us within the election timeout)
I20260630 12:13:04.648144  5148 raft_consensus.cc:359] T 7b7d12152bc04b7580c53c7b2d63d412 P 15527c22917f4fbeba843d8bdae1748b [term 0 FOLLOWER]: Replica starting. Triggering 0 pending ops. Active config: opid_index: -1 OBSOLETE_local: false peers { permanent_uuid: "55872168a9754c338c5d9f7de0817054" member_type: VOTER last_known_addr { host: "127.0.107.193" port: 41277 } } peers { permanent_uuid: "15527c22917f4fbeba843d8bdae1748b" member_type: VOTER last_known_addr { host: "127.0.107.194" port: 44725 } } peers { permanent_uuid: "f1a69d79d7a949dd9202c8bebc6d60d0" member_type: VOTER last_known_addr { host: "127.0.107.195" port: 39607 } }
I20260630 12:13:04.648051  5157 raft_consensus.cc:3060] T 6e39784b1e8549d989550b5f867512cb P 55872168a9754c338c5d9f7de0817054 [term 0 FOLLOWER]: Advancing to term 1
I20260630 12:13:04.649026  5148 raft_consensus.cc:385] T 7b7d12152bc04b7580c53c7b2d63d412 P 15527c22917f4fbeba843d8bdae1748b [term 0 FOLLOWER]: Consensus starting up: Expiring failure detector timer to make a prompt election more likely
I20260630 12:13:04.649358  5148 raft_consensus.cc:740] T 7b7d12152bc04b7580c53c7b2d63d412 P 15527c22917f4fbeba843d8bdae1748b [term 0 FOLLOWER]: Becoming Follower/Learner. State: Replica: 15527c22917f4fbeba843d8bdae1748b, State: Initialized, Role: FOLLOWER
I20260630 12:13:04.650811  5148 consensus_queue.cc:260] T 7b7d12152bc04b7580c53c7b2d63d412 P 15527c22917f4fbeba843d8bdae1748b [NON_LEADER]: Queue going to NON_LEADER mode. State: All replicated index: 0, Majority replicated index: 0, Committed index: 0, Last appended: 0.0, Last appended by leader: 0, Current term: 0, Majority size: -1, State: 0, Mode: NON_LEADER, active raft config: opid_index: -1 OBSOLETE_local: false peers { permanent_uuid: "55872168a9754c338c5d9f7de0817054" member_type: VOTER last_known_addr { host: "127.0.107.193" port: 41277 } } peers { permanent_uuid: "15527c22917f4fbeba843d8bdae1748b" member_type: VOTER last_known_addr { host: "127.0.107.194" port: 44725 } } peers { permanent_uuid: "f1a69d79d7a949dd9202c8bebc6d60d0" member_type: VOTER last_known_addr { host: "127.0.107.195" port: 39607 } }
I20260630 12:13:04.650101  5149 tablet_bootstrap.cc:654] T d32ccc29ea744b17bcd1c266929c627e P f1a69d79d7a949dd9202c8bebc6d60d0: Neither blocks nor log segments found. Creating new log.
I20260630 12:13:04.655579  5157 raft_consensus.cc:515] T 6e39784b1e8549d989550b5f867512cb P 55872168a9754c338c5d9f7de0817054 [term 1 FOLLOWER]: Starting leader election with config: opid_index: -1 OBSOLETE_local: false peers { permanent_uuid: "55872168a9754c338c5d9f7de0817054" member_type: VOTER last_known_addr { host: "127.0.107.193" port: 41277 } } peers { permanent_uuid: "15527c22917f4fbeba843d8bdae1748b" member_type: VOTER last_known_addr { host: "127.0.107.194" port: 44725 } } peers { permanent_uuid: "f1a69d79d7a949dd9202c8bebc6d60d0" member_type: VOTER last_known_addr { host: "127.0.107.195" port: 39607 } }
I20260630 12:13:04.656643  5175 consensus_queue.cc:237] T 392a83c1e82c4a0ca8813ef2f5876ebf P 55872168a9754c338c5d9f7de0817054 [LEADER]: Queue going to LEADER mode. State: All replicated index: 0, Majority replicated index: 0, Committed index: 0, Last appended: 0.0, Last appended by leader: 0, Current term: 1, Majority size: 2, State: 0, Mode: LEADER, active raft config: opid_index: -1 OBSOLETE_local: false peers { permanent_uuid: "55872168a9754c338c5d9f7de0817054" member_type: VOTER last_known_addr { host: "127.0.107.193" port: 41277 } } peers { permanent_uuid: "15527c22917f4fbeba843d8bdae1748b" member_type: VOTER last_known_addr { host: "127.0.107.194" port: 44725 } } peers { permanent_uuid: "f1a69d79d7a949dd9202c8bebc6d60d0" member_type: VOTER last_known_addr { host: "127.0.107.195" port: 39607 } }
I20260630 12:13:04.657517  5148 ts_tablet_manager.cc:1434] T 7b7d12152bc04b7580c53c7b2d63d412 P 15527c22917f4fbeba843d8bdae1748b: Time spent starting tablet: real 0.015s	user 0.006s	sys 0.000s
I20260630 12:13:04.658434  5148 tablet_bootstrap.cc:492] T 2769ad79685440fa853a3c5f9549420a P 15527c22917f4fbeba843d8bdae1748b: Bootstrap starting.
I20260630 12:13:04.663555  5148 tablet_bootstrap.cc:654] T 2769ad79685440fa853a3c5f9549420a P 15527c22917f4fbeba843d8bdae1748b: Neither blocks nor log segments found. Creating new log.
I20260630 12:13:04.663960  5157 leader_election.cc:290] T 6e39784b1e8549d989550b5f867512cb P 55872168a9754c338c5d9f7de0817054 [CANDIDATE]: Term 1 election: Requested vote from peers 15527c22917f4fbeba843d8bdae1748b (127.0.107.194:44725), f1a69d79d7a949dd9202c8bebc6d60d0 (127.0.107.195:39607)
W20260630 12:13:04.664284  4918 consensus_peers.cc:597] T 2769ad79685440fa853a3c5f9549420a P 55872168a9754c338c5d9f7de0817054 -> Peer 15527c22917f4fbeba843d8bdae1748b (127.0.107.194:44725): Couldn't send request to peer 15527c22917f4fbeba843d8bdae1748b. Error code: TABLET_NOT_RUNNING (12). Status: Illegal state: Tablet not RUNNING: BOOTSTRAPPING. This is attempt 1: this message will repeat every 5th retry.
I20260630 12:13:04.665256  5028 tablet_service.cc:1917] Received RequestConsensusVote() RPC: tablet_id: "6e39784b1e8549d989550b5f867512cb" candidate_uuid: "55872168a9754c338c5d9f7de0817054" candidate_term: 1 candidate_status { last_received { term: 0 index: 0 } } ignore_live_leader: false dest_uuid: "15527c22917f4fbeba843d8bdae1748b"
W20260630 12:13:04.670796  4918 leader_election.cc:343] T 6e39784b1e8549d989550b5f867512cb P 55872168a9754c338c5d9f7de0817054 [CANDIDATE]: Term 1 election: Tablet error from VoteRequest() call to peer 15527c22917f4fbeba843d8bdae1748b (127.0.107.194:44725): Illegal state: must be running to vote when last-logged opid is not known
I20260630 12:13:04.678328  5149 tablet_bootstrap.cc:492] T d32ccc29ea744b17bcd1c266929c627e P f1a69d79d7a949dd9202c8bebc6d60d0: No bootstrap required, opened a new log
I20260630 12:13:04.678974  5149 ts_tablet_manager.cc:1403] T d32ccc29ea744b17bcd1c266929c627e P f1a69d79d7a949dd9202c8bebc6d60d0: Time spent bootstrapping tablet: real 0.042s	user 0.009s	sys 0.002s
I20260630 12:13:04.681502  5212 raft_consensus.cc:493] T 357bb21a32da460eb032a7ab9f4863d5 P 55872168a9754c338c5d9f7de0817054 [term 0 FOLLOWER]: Starting pre-election (no leader contacted us within the election timeout)
I20260630 12:13:04.681605  5102 tablet_service.cc:1917] Received RequestConsensusVote() RPC: tablet_id: "6e39784b1e8549d989550b5f867512cb" candidate_uuid: "55872168a9754c338c5d9f7de0817054" candidate_term: 1 candidate_status { last_received { term: 0 index: 0 } } ignore_live_leader: false dest_uuid: "f1a69d79d7a949dd9202c8bebc6d60d0"
I20260630 12:13:04.682325  5102 raft_consensus.cc:3060] T 6e39784b1e8549d989550b5f867512cb P f1a69d79d7a949dd9202c8bebc6d60d0 [term 0 FOLLOWER]: Advancing to term 1
I20260630 12:13:04.682241  5212 raft_consensus.cc:515] T 357bb21a32da460eb032a7ab9f4863d5 P 55872168a9754c338c5d9f7de0817054 [term 0 FOLLOWER]: Starting pre-election with config: opid_index: -1 OBSOLETE_local: false peers { permanent_uuid: "55872168a9754c338c5d9f7de0817054" member_type: VOTER last_known_addr { host: "127.0.107.193" port: 41277 } } peers { permanent_uuid: "15527c22917f4fbeba843d8bdae1748b" member_type: VOTER last_known_addr { host: "127.0.107.194" port: 44725 } } peers { permanent_uuid: "f1a69d79d7a949dd9202c8bebc6d60d0" member_type: VOTER last_known_addr { host: "127.0.107.195" port: 39607 } }
I20260630 12:13:04.685464  5212 leader_election.cc:290] T 357bb21a32da460eb032a7ab9f4863d5 P 55872168a9754c338c5d9f7de0817054 [CANDIDATE]: Term 1 pre-election: Requested pre-vote from peers 15527c22917f4fbeba843d8bdae1748b (127.0.107.194:44725), f1a69d79d7a949dd9202c8bebc6d60d0 (127.0.107.195:39607)
I20260630 12:13:04.685652  5028 tablet_service.cc:1917] Received RequestConsensusVote() RPC: tablet_id: "357bb21a32da460eb032a7ab9f4863d5" candidate_uuid: "55872168a9754c338c5d9f7de0817054" candidate_term: 1 candidate_status { last_received { term: 0 index: 0 } } ignore_live_leader: false dest_uuid: "15527c22917f4fbeba843d8bdae1748b" is_pre_election: true
I20260630 12:13:04.686278  5028 raft_consensus.cc:2393] T 357bb21a32da460eb032a7ab9f4863d5 P 15527c22917f4fbeba843d8bdae1748b [term 1 FOLLOWER]: Leader pre-election vote request: Denying vote to candidate 55872168a9754c338c5d9f7de0817054 in current term 1: Already voted for candidate f1a69d79d7a949dd9202c8bebc6d60d0 in this term.
I20260630 12:13:04.687463  4850 catalog_manager.cc:5697] T 392a83c1e82c4a0ca8813ef2f5876ebf P 55872168a9754c338c5d9f7de0817054 reported cstate change: term changed from 0 to 1, leader changed from <none> to 55872168a9754c338c5d9f7de0817054 (127.0.107.193). New cstate: current_term: 1 leader_uuid: "55872168a9754c338c5d9f7de0817054" committed_config { opid_index: -1 OBSOLETE_local: false peers { permanent_uuid: "55872168a9754c338c5d9f7de0817054" member_type: VOTER last_known_addr { host: "127.0.107.193" port: 41277 } health_report { overall_health: HEALTHY } } peers { permanent_uuid: "15527c22917f4fbeba843d8bdae1748b" member_type: VOTER last_known_addr { host: "127.0.107.194" port: 44725 } health_report { overall_health: UNKNOWN } } peers { permanent_uuid: "f1a69d79d7a949dd9202c8bebc6d60d0" member_type: VOTER last_known_addr { host: "127.0.107.195" port: 39607 } health_report { overall_health: UNKNOWN } } }
I20260630 12:13:04.691190  5103 tablet_service.cc:1917] Received RequestConsensusVote() RPC: tablet_id: "357bb21a32da460eb032a7ab9f4863d5" candidate_uuid: "55872168a9754c338c5d9f7de0817054" candidate_term: 1 candidate_status { last_received { term: 0 index: 0 } } ignore_live_leader: false dest_uuid: "f1a69d79d7a949dd9202c8bebc6d60d0" is_pre_election: true
I20260630 12:13:04.692438  4920 leader_election.cc:304] T 357bb21a32da460eb032a7ab9f4863d5 P 55872168a9754c338c5d9f7de0817054 [CANDIDATE]: Term 1 pre-election: Election decided. Result: candidate lost. Election summary: received 3 responses out of 3 voters: 1 yes votes; 2 no votes. yes voters: 55872168a9754c338c5d9f7de0817054; no voters: 15527c22917f4fbeba843d8bdae1748b, f1a69d79d7a949dd9202c8bebc6d60d0
I20260630 12:13:04.693616  5212 raft_consensus.cc:3060] T 357bb21a32da460eb032a7ab9f4863d5 P 55872168a9754c338c5d9f7de0817054 [term 0 FOLLOWER]: Advancing to term 1
I20260630 12:13:04.698625  5149 raft_consensus.cc:359] T d32ccc29ea744b17bcd1c266929c627e P f1a69d79d7a949dd9202c8bebc6d60d0 [term 0 FOLLOWER]: Replica starting. Triggering 0 pending ops. Active config: opid_index: -1 OBSOLETE_local: false peers { permanent_uuid: "55872168a9754c338c5d9f7de0817054" member_type: VOTER last_known_addr { host: "127.0.107.193" port: 41277 } } peers { permanent_uuid: "15527c22917f4fbeba843d8bdae1748b" member_type: VOTER last_known_addr { host: "127.0.107.194" port: 44725 } } peers { permanent_uuid: "f1a69d79d7a949dd9202c8bebc6d60d0" member_type: VOTER last_known_addr { host: "127.0.107.195" port: 39607 } }
I20260630 12:13:04.699522  5149 raft_consensus.cc:385] T d32ccc29ea744b17bcd1c266929c627e P f1a69d79d7a949dd9202c8bebc6d60d0 [term 0 FOLLOWER]: Consensus starting up: Expiring failure detector timer to make a prompt election more likely
I20260630 12:13:04.699856  5149 raft_consensus.cc:740] T d32ccc29ea744b17bcd1c266929c627e P f1a69d79d7a949dd9202c8bebc6d60d0 [term 0 FOLLOWER]: Becoming Follower/Learner. State: Replica: f1a69d79d7a949dd9202c8bebc6d60d0, State: Initialized, Role: FOLLOWER
I20260630 12:13:04.700735  5149 consensus_queue.cc:260] T d32ccc29ea744b17bcd1c266929c627e P f1a69d79d7a949dd9202c8bebc6d60d0 [NON_LEADER]: Queue going to NON_LEADER mode. State: All replicated index: 0, Majority replicated index: 0, Committed index: 0, Last appended: 0.0, Last appended by leader: 0, Current term: 0, Majority size: -1, State: 0, Mode: NON_LEADER, active raft config: opid_index: -1 OBSOLETE_local: false peers { permanent_uuid: "55872168a9754c338c5d9f7de0817054" member_type: VOTER last_known_addr { host: "127.0.107.193" port: 41277 } } peers { permanent_uuid: "15527c22917f4fbeba843d8bdae1748b" member_type: VOTER last_known_addr { host: "127.0.107.194" port: 44725 } } peers { permanent_uuid: "f1a69d79d7a949dd9202c8bebc6d60d0" member_type: VOTER last_known_addr { host: "127.0.107.195" port: 39607 } }
I20260630 12:13:04.703258  5149 ts_tablet_manager.cc:1434] T d32ccc29ea744b17bcd1c266929c627e P f1a69d79d7a949dd9202c8bebc6d60d0: Time spent starting tablet: real 0.024s	user 0.006s	sys 0.000s
I20260630 12:13:04.704568  5149 tablet_bootstrap.cc:492] T 392a83c1e82c4a0ca8813ef2f5876ebf P f1a69d79d7a949dd9202c8bebc6d60d0: Bootstrap starting.
I20260630 12:13:04.708374  5205 raft_consensus.cc:493] T a6b8f9cb153346a88c846617238b276d P f1a69d79d7a949dd9202c8bebc6d60d0 [term 0 FOLLOWER]: Starting pre-election (no leader contacted us within the election timeout)
I20260630 12:13:04.708976  5102 raft_consensus.cc:2468] T 6e39784b1e8549d989550b5f867512cb P f1a69d79d7a949dd9202c8bebc6d60d0 [term 1 FOLLOWER]: Leader election vote request: Granting yes vote for candidate 55872168a9754c338c5d9f7de0817054 in term 1.
I20260630 12:13:04.708837  5205 raft_consensus.cc:515] T a6b8f9cb153346a88c846617238b276d P f1a69d79d7a949dd9202c8bebc6d60d0 [term 0 FOLLOWER]: Starting pre-election with config: opid_index: -1 OBSOLETE_local: false peers { permanent_uuid: "55872168a9754c338c5d9f7de0817054" member_type: VOTER last_known_addr { host: "127.0.107.193" port: 41277 } } peers { permanent_uuid: "15527c22917f4fbeba843d8bdae1748b" member_type: VOTER last_known_addr { host: "127.0.107.194" port: 44725 } } peers { permanent_uuid: "f1a69d79d7a949dd9202c8bebc6d60d0" member_type: VOTER last_known_addr { host: "127.0.107.195" port: 39607 } }
I20260630 12:13:04.709218  5212 raft_consensus.cc:2749] T 357bb21a32da460eb032a7ab9f4863d5 P 55872168a9754c338c5d9f7de0817054 [term 1 FOLLOWER]: Leader pre-election lost for term 1. Reason: could not achieve majority
I20260630 12:13:04.710492  4920 leader_election.cc:304] T 6e39784b1e8549d989550b5f867512cb P 55872168a9754c338c5d9f7de0817054 [CANDIDATE]: Term 1 election: Election decided. Result: candidate won. Election summary: received 3 responses out of 3 voters: 2 yes votes; 1 no votes. yes voters: 55872168a9754c338c5d9f7de0817054, f1a69d79d7a949dd9202c8bebc6d60d0; no voters: 15527c22917f4fbeba843d8bdae1748b
I20260630 12:13:04.710914  5205 leader_election.cc:290] T a6b8f9cb153346a88c846617238b276d P f1a69d79d7a949dd9202c8bebc6d60d0 [CANDIDATE]: Term 1 pre-election: Requested pre-vote from peers 55872168a9754c338c5d9f7de0817054 (127.0.107.193:41277), 15527c22917f4fbeba843d8bdae1748b (127.0.107.194:44725)
I20260630 12:13:04.711588  5212 raft_consensus.cc:2804] T 6e39784b1e8549d989550b5f867512cb P 55872168a9754c338c5d9f7de0817054 [term 1 FOLLOWER]: Leader election won for term 1
I20260630 12:13:04.712304  5212 raft_consensus.cc:697] T 6e39784b1e8549d989550b5f867512cb P 55872168a9754c338c5d9f7de0817054 [term 1 LEADER]: Becoming Leader. State: Replica: 55872168a9754c338c5d9f7de0817054, State: Running, Role: LEADER
I20260630 12:13:04.712918  5149 tablet_bootstrap.cc:654] T 392a83c1e82c4a0ca8813ef2f5876ebf P f1a69d79d7a949dd9202c8bebc6d60d0: Neither blocks nor log segments found. Creating new log.
I20260630 12:13:04.713176  4953 tablet_service.cc:1917] Received RequestConsensusVote() RPC: tablet_id: "a6b8f9cb153346a88c846617238b276d" candidate_uuid: "f1a69d79d7a949dd9202c8bebc6d60d0" candidate_term: 1 candidate_status { last_received { term: 0 index: 0 } } ignore_live_leader: false dest_uuid: "55872168a9754c338c5d9f7de0817054" is_pre_election: true
I20260630 12:13:04.713081  5212 consensus_queue.cc:237] T 6e39784b1e8549d989550b5f867512cb P 55872168a9754c338c5d9f7de0817054 [LEADER]: Queue going to LEADER mode. State: All replicated index: 0, Majority replicated index: 0, Committed index: 0, Last appended: 0.0, Last appended by leader: 0, Current term: 1, Majority size: 2, State: 0, Mode: LEADER, active raft config: opid_index: -1 OBSOLETE_local: false peers { permanent_uuid: "55872168a9754c338c5d9f7de0817054" member_type: VOTER last_known_addr { host: "127.0.107.193" port: 41277 } } peers { permanent_uuid: "15527c22917f4fbeba843d8bdae1748b" member_type: VOTER last_known_addr { host: "127.0.107.194" port: 44725 } } peers { permanent_uuid: "f1a69d79d7a949dd9202c8bebc6d60d0" member_type: VOTER last_known_addr { host: "127.0.107.195" port: 39607 } }
I20260630 12:13:04.714573  5028 tablet_service.cc:1917] Received RequestConsensusVote() RPC: tablet_id: "a6b8f9cb153346a88c846617238b276d" candidate_uuid: "f1a69d79d7a949dd9202c8bebc6d60d0" candidate_term: 1 candidate_status { last_received { term: 0 index: 0 } } ignore_live_leader: false dest_uuid: "15527c22917f4fbeba843d8bdae1748b" is_pre_election: true
I20260630 12:13:04.715324  5028 raft_consensus.cc:2393] T a6b8f9cb153346a88c846617238b276d P 15527c22917f4fbeba843d8bdae1748b [term 1 FOLLOWER]: Leader pre-election vote request: Denying vote to candidate f1a69d79d7a949dd9202c8bebc6d60d0 in current term 1: Already voted for candidate 55872168a9754c338c5d9f7de0817054 in this term.
I20260630 12:13:04.718037  5067 leader_election.cc:304] T a6b8f9cb153346a88c846617238b276d P f1a69d79d7a949dd9202c8bebc6d60d0 [CANDIDATE]: Term 1 pre-election: Election decided. Result: candidate lost. Election summary: received 3 responses out of 3 voters: 1 yes votes; 2 no votes. yes voters: f1a69d79d7a949dd9202c8bebc6d60d0; no voters: 15527c22917f4fbeba843d8bdae1748b, 55872168a9754c338c5d9f7de0817054
I20260630 12:13:04.722139  5205 raft_consensus.cc:3060] T a6b8f9cb153346a88c846617238b276d P f1a69d79d7a949dd9202c8bebc6d60d0 [term 0 FOLLOWER]: Advancing to term 1
I20260630 12:13:04.722414  4850 catalog_manager.cc:5697] T 6e39784b1e8549d989550b5f867512cb P 55872168a9754c338c5d9f7de0817054 reported cstate change: term changed from 0 to 1, leader changed from <none> to 55872168a9754c338c5d9f7de0817054 (127.0.107.193). New cstate: current_term: 1 leader_uuid: "55872168a9754c338c5d9f7de0817054" committed_config { opid_index: -1 OBSOLETE_local: false peers { permanent_uuid: "55872168a9754c338c5d9f7de0817054" member_type: VOTER last_known_addr { host: "127.0.107.193" port: 41277 } health_report { overall_health: HEALTHY } } peers { permanent_uuid: "15527c22917f4fbeba843d8bdae1748b" member_type: VOTER last_known_addr { host: "127.0.107.194" port: 44725 } health_report { overall_health: UNKNOWN } } peers { permanent_uuid: "f1a69d79d7a949dd9202c8bebc6d60d0" member_type: VOTER last_known_addr { host: "127.0.107.195" port: 39607 } health_report { overall_health: UNKNOWN } } }
I20260630 12:13:04.727284  5148 tablet_bootstrap.cc:492] T 2769ad79685440fa853a3c5f9549420a P 15527c22917f4fbeba843d8bdae1748b: No bootstrap required, opened a new log
I20260630 12:13:04.727869  5148 ts_tablet_manager.cc:1403] T 2769ad79685440fa853a3c5f9549420a P 15527c22917f4fbeba843d8bdae1748b: Time spent bootstrapping tablet: real 0.070s	user 0.016s	sys 0.025s
I20260630 12:13:04.730953  5148 raft_consensus.cc:359] T 2769ad79685440fa853a3c5f9549420a P 15527c22917f4fbeba843d8bdae1748b [term 0 FOLLOWER]: Replica starting. Triggering 0 pending ops. Active config: opid_index: -1 OBSOLETE_local: false peers { permanent_uuid: "55872168a9754c338c5d9f7de0817054" member_type: VOTER last_known_addr { host: "127.0.107.193" port: 41277 } } peers { permanent_uuid: "15527c22917f4fbeba843d8bdae1748b" member_type: VOTER last_known_addr { host: "127.0.107.194" port: 44725 } } peers { permanent_uuid: "f1a69d79d7a949dd9202c8bebc6d60d0" member_type: VOTER last_known_addr { host: "127.0.107.195" port: 39607 } }
I20260630 12:13:04.731667  5148 raft_consensus.cc:385] T 2769ad79685440fa853a3c5f9549420a P 15527c22917f4fbeba843d8bdae1748b [term 0 FOLLOWER]: Consensus starting up: Expiring failure detector timer to make a prompt election more likely
I20260630 12:13:04.731988  5148 raft_consensus.cc:740] T 2769ad79685440fa853a3c5f9549420a P 15527c22917f4fbeba843d8bdae1748b [term 0 FOLLOWER]: Becoming Follower/Learner. State: Replica: 15527c22917f4fbeba843d8bdae1748b, State: Initialized, Role: FOLLOWER
I20260630 12:13:04.732815  5148 consensus_queue.cc:260] T 2769ad79685440fa853a3c5f9549420a P 15527c22917f4fbeba843d8bdae1748b [NON_LEADER]: Queue going to NON_LEADER mode. State: All replicated index: 0, Majority replicated index: 0, Committed index: 0, Last appended: 0.0, Last appended by leader: 0, Current term: 0, Majority size: -1, State: 0, Mode: NON_LEADER, active raft config: opid_index: -1 OBSOLETE_local: false peers { permanent_uuid: "55872168a9754c338c5d9f7de0817054" member_type: VOTER last_known_addr { host: "127.0.107.193" port: 41277 } } peers { permanent_uuid: "15527c22917f4fbeba843d8bdae1748b" member_type: VOTER last_known_addr { host: "127.0.107.194" port: 44725 } } peers { permanent_uuid: "f1a69d79d7a949dd9202c8bebc6d60d0" member_type: VOTER last_known_addr { host: "127.0.107.195" port: 39607 } }
I20260630 12:13:04.734055  5205 raft_consensus.cc:2749] T a6b8f9cb153346a88c846617238b276d P f1a69d79d7a949dd9202c8bebc6d60d0 [term 1 FOLLOWER]: Leader pre-election lost for term 1. Reason: could not achieve majority
I20260630 12:13:04.734853  5148 ts_tablet_manager.cc:1434] T 2769ad79685440fa853a3c5f9549420a P 15527c22917f4fbeba843d8bdae1748b: Time spent starting tablet: real 0.006s	user 0.005s	sys 0.001s
I20260630 12:13:04.736328  5148 tablet_bootstrap.cc:492] T 6e39784b1e8549d989550b5f867512cb P 15527c22917f4fbeba843d8bdae1748b: Bootstrap starting.
I20260630 12:13:04.737823  5149 tablet_bootstrap.cc:492] T 392a83c1e82c4a0ca8813ef2f5876ebf P f1a69d79d7a949dd9202c8bebc6d60d0: No bootstrap required, opened a new log
I20260630 12:13:04.738324  5149 ts_tablet_manager.cc:1403] T 392a83c1e82c4a0ca8813ef2f5876ebf P f1a69d79d7a949dd9202c8bebc6d60d0: Time spent bootstrapping tablet: real 0.034s	user 0.012s	sys 0.018s
I20260630 12:13:04.741083  5149 raft_consensus.cc:359] T 392a83c1e82c4a0ca8813ef2f5876ebf P f1a69d79d7a949dd9202c8bebc6d60d0 [term 0 FOLLOWER]: Replica starting. Triggering 0 pending ops. Active config: opid_index: -1 OBSOLETE_local: false peers { permanent_uuid: "55872168a9754c338c5d9f7de0817054" member_type: VOTER last_known_addr { host: "127.0.107.193" port: 41277 } } peers { permanent_uuid: "15527c22917f4fbeba843d8bdae1748b" member_type: VOTER last_known_addr { host: "127.0.107.194" port: 44725 } } peers { permanent_uuid: "f1a69d79d7a949dd9202c8bebc6d60d0" member_type: VOTER last_known_addr { host: "127.0.107.195" port: 39607 } }
I20260630 12:13:04.741509  5148 tablet_bootstrap.cc:654] T 6e39784b1e8549d989550b5f867512cb P 15527c22917f4fbeba843d8bdae1748b: Neither blocks nor log segments found. Creating new log.
I20260630 12:13:04.741801  5149 raft_consensus.cc:385] T 392a83c1e82c4a0ca8813ef2f5876ebf P f1a69d79d7a949dd9202c8bebc6d60d0 [term 0 FOLLOWER]: Consensus starting up: Expiring failure detector timer to make a prompt election more likely
I20260630 12:13:04.742106  5149 raft_consensus.cc:740] T 392a83c1e82c4a0ca8813ef2f5876ebf P f1a69d79d7a949dd9202c8bebc6d60d0 [term 0 FOLLOWER]: Becoming Follower/Learner. State: Replica: f1a69d79d7a949dd9202c8bebc6d60d0, State: Initialized, Role: FOLLOWER
I20260630 12:13:04.742835  5149 consensus_queue.cc:260] T 392a83c1e82c4a0ca8813ef2f5876ebf P f1a69d79d7a949dd9202c8bebc6d60d0 [NON_LEADER]: Queue going to NON_LEADER mode. State: All replicated index: 0, Majority replicated index: 0, Committed index: 0, Last appended: 0.0, Last appended by leader: 0, Current term: 0, Majority size: -1, State: 0, Mode: NON_LEADER, active raft config: opid_index: -1 OBSOLETE_local: false peers { permanent_uuid: "55872168a9754c338c5d9f7de0817054" member_type: VOTER last_known_addr { host: "127.0.107.193" port: 41277 } } peers { permanent_uuid: "15527c22917f4fbeba843d8bdae1748b" member_type: VOTER last_known_addr { host: "127.0.107.194" port: 44725 } } peers { permanent_uuid: "f1a69d79d7a949dd9202c8bebc6d60d0" member_type: VOTER last_known_addr { host: "127.0.107.195" port: 39607 } }
I20260630 12:13:04.745414  5149 ts_tablet_manager.cc:1434] T 392a83c1e82c4a0ca8813ef2f5876ebf P f1a69d79d7a949dd9202c8bebc6d60d0: Time spent starting tablet: real 0.007s	user 0.005s	sys 0.000s
I20260630 12:13:04.748363  5148 tablet_bootstrap.cc:492] T 6e39784b1e8549d989550b5f867512cb P 15527c22917f4fbeba843d8bdae1748b: No bootstrap required, opened a new log
I20260630 12:13:04.748764  5148 ts_tablet_manager.cc:1403] T 6e39784b1e8549d989550b5f867512cb P 15527c22917f4fbeba843d8bdae1748b: Time spent bootstrapping tablet: real 0.013s	user 0.008s	sys 0.004s
I20260630 12:13:04.750756  5148 raft_consensus.cc:359] T 6e39784b1e8549d989550b5f867512cb P 15527c22917f4fbeba843d8bdae1748b [term 0 FOLLOWER]: Replica starting. Triggering 0 pending ops. Active config: opid_index: -1 OBSOLETE_local: false peers { permanent_uuid: "55872168a9754c338c5d9f7de0817054" member_type: VOTER last_known_addr { host: "127.0.107.193" port: 41277 } } peers { permanent_uuid: "15527c22917f4fbeba843d8bdae1748b" member_type: VOTER last_known_addr { host: "127.0.107.194" port: 44725 } } peers { permanent_uuid: "f1a69d79d7a949dd9202c8bebc6d60d0" member_type: VOTER last_known_addr { host: "127.0.107.195" port: 39607 } }
I20260630 12:13:04.751250  5148 raft_consensus.cc:385] T 6e39784b1e8549d989550b5f867512cb P 15527c22917f4fbeba843d8bdae1748b [term 0 FOLLOWER]: Consensus starting up: Expiring failure detector timer to make a prompt election more likely
I20260630 12:13:04.751538  5148 raft_consensus.cc:740] T 6e39784b1e8549d989550b5f867512cb P 15527c22917f4fbeba843d8bdae1748b [term 0 FOLLOWER]: Becoming Follower/Learner. State: Replica: 15527c22917f4fbeba843d8bdae1748b, State: Initialized, Role: FOLLOWER
I20260630 12:13:04.752118  5148 consensus_queue.cc:260] T 6e39784b1e8549d989550b5f867512cb P 15527c22917f4fbeba843d8bdae1748b [NON_LEADER]: Queue going to NON_LEADER mode. State: All replicated index: 0, Majority replicated index: 0, Committed index: 0, Last appended: 0.0, Last appended by leader: 0, Current term: 0, Majority size: -1, State: 0, Mode: NON_LEADER, active raft config: opid_index: -1 OBSOLETE_local: false peers { permanent_uuid: "55872168a9754c338c5d9f7de0817054" member_type: VOTER last_known_addr { host: "127.0.107.193" port: 41277 } } peers { permanent_uuid: "15527c22917f4fbeba843d8bdae1748b" member_type: VOTER last_known_addr { host: "127.0.107.194" port: 44725 } } peers { permanent_uuid: "f1a69d79d7a949dd9202c8bebc6d60d0" member_type: VOTER last_known_addr { host: "127.0.107.195" port: 39607 } }
I20260630 12:13:04.754132  5148 ts_tablet_manager.cc:1434] T 6e39784b1e8549d989550b5f867512cb P 15527c22917f4fbeba843d8bdae1748b: Time spent starting tablet: real 0.005s	user 0.004s	sys 0.000s
I20260630 12:13:04.755165  5153 consensus_queue.cc:1048] T be2d22fda8374dd5a598d475f69b0528 P 15527c22917f4fbeba843d8bdae1748b [LEADER]: Connected to new peer: Peer: permanent_uuid: "55872168a9754c338c5d9f7de0817054" member_type: VOTER last_known_addr { host: "127.0.107.193" port: 41277 }, Status: LMP_MISMATCH, Last received: 0.0, Next index: 1, Last known committed idx: 0, Time since last communication: 0.000s
I20260630 12:13:04.765316  5028 raft_consensus.cc:3060] T 8804680ac40a415ea9f7ad1b966cbeab P 15527c22917f4fbeba843d8bdae1748b [term 0 FOLLOWER]: Advancing to term 1
I20260630 12:13:04.770973  5205 raft_consensus.cc:493] T 392a83c1e82c4a0ca8813ef2f5876ebf P f1a69d79d7a949dd9202c8bebc6d60d0 [term 0 FOLLOWER]: Starting pre-election (no leader contacted us within the election timeout)
