I20260630 12:27:37.851727 12019 consensus_queue.cc:237] T e0103f8db61043c3821c44cf1d937841 P 839151f4a1654b5495a03d2a2849719d [LEADER]: Queue going to LEADER mode. State: All replicated index: 0, Majority replicated index: 26, Committed index: 26, Last appended: 1.26, Last appended by leader: 0, Current term: 1, Majority size: 2, State: 0, Mode: LEADER, active raft config: opid_index: 27 OBSOLETE_local: false peers { permanent_uuid: "c87669cdc0794f7b8c98d797f189cf92" member_type: VOTER last_known_addr { host: "127.7.45.129" port: 36619 } attrs { replace: true } } peers { permanent_uuid: "3459281807cb4aca8b1e2cc87afe5c22" member_type: VOTER last_known_addr { host: "127.7.45.130" port: 33459 } } peers { permanent_uuid: "839151f4a1654b5495a03d2a2849719d" member_type: VOTER last_known_addr { host: "127.7.45.131" port: 39435 } } peers { permanent_uuid: "58d0ebafb5e141818887806065e70ea2" member_type: NON_VOTER last_known_addr { host: "127.7.45.132" port: 36161 } attrs { promote: true } }
W20260630 12:27:37.852710 11990 consensus_peers.cc:597] T f6d8a9289e83438f993345432627c16b P 839151f4a1654b5495a03d2a2849719d -> Peer 58d0ebafb5e141818887806065e70ea2 (127.7.45.132:36161): Couldn't send request to peer 58d0ebafb5e141818887806065e70ea2. Error code: TABLET_NOT_FOUND (6). Status: Not found: Tablet not found: f6d8a9289e83438f993345432627c16b. This is attempt 1: this message will repeat every 5th retry.
I20260630 12:27:37.867527 11949 raft_consensus.cc:1275] T e0103f8db61043c3821c44cf1d937841 P 3459281807cb4aca8b1e2cc87afe5c22 [term 1 FOLLOWER]: Refusing update from remote peer 839151f4a1654b5495a03d2a2849719d: Log matching property violated. Preceding OpId in replica: term: 1 index: 26. Preceding OpId from leader: term: 1 index: 27. (index mismatch)
I20260630 12:27:37.868968 11874 raft_consensus.cc:1275] T e0103f8db61043c3821c44cf1d937841 P c87669cdc0794f7b8c98d797f189cf92 [term 1 FOLLOWER]: Refusing update from remote peer 839151f4a1654b5495a03d2a2849719d: Log matching property violated. Preceding OpId in replica: term: 1 index: 26. Preceding OpId from leader: term: 1 index: 27. (index mismatch)
I20260630 12:27:37.869163 12205 consensus_queue.cc:1048] T e0103f8db61043c3821c44cf1d937841 P 839151f4a1654b5495a03d2a2849719d [LEADER]: Connected to new peer: Peer: permanent_uuid: "3459281807cb4aca8b1e2cc87afe5c22" member_type: VOTER last_known_addr { host: "127.7.45.130" port: 33459 }, Status: LMP_MISMATCH, Last received: 0.0, Next index: 27, Last known committed idx: 26, Time since last communication: 0.000s
W20260630 12:27:37.875049 11990 consensus_peers.cc:597] T e0103f8db61043c3821c44cf1d937841 P 839151f4a1654b5495a03d2a2849719d -> Peer 58d0ebafb5e141818887806065e70ea2 (127.7.45.132:36161): Couldn't send request to peer 58d0ebafb5e141818887806065e70ea2. Error code: TABLET_NOT_FOUND (6). Status: Not found: Tablet not found: e0103f8db61043c3821c44cf1d937841. This is attempt 1: this message will repeat every 5th retry.
I20260630 12:27:37.876569 12205 consensus_queue.cc:1048] T e0103f8db61043c3821c44cf1d937841 P 839151f4a1654b5495a03d2a2849719d [LEADER]: Connected to new peer: Peer: permanent_uuid: "c87669cdc0794f7b8c98d797f189cf92" member_type: VOTER last_known_addr { host: "127.7.45.129" port: 36619 } attrs { replace: true }, Status: LMP_MISMATCH, Last received: 0.0, Next index: 27, Last known committed idx: 26, Time since last communication: 0.000s
I20260630 12:27:37.879725 12205 raft_consensus.cc:2955] T e0103f8db61043c3821c44cf1d937841 P 839151f4a1654b5495a03d2a2849719d [term 1 LEADER]: Committing config change with OpId 1.27: config changed from index -1 to 27, NON_VOTER 58d0ebafb5e141818887806065e70ea2 (127.7.45.132) added. New config: { opid_index: 27 OBSOLETE_local: false peers { permanent_uuid: "c87669cdc0794f7b8c98d797f189cf92" member_type: VOTER last_known_addr { host: "127.7.45.129" port: 36619 } attrs { replace: true } } peers { permanent_uuid: "3459281807cb4aca8b1e2cc87afe5c22" member_type: VOTER last_known_addr { host: "127.7.45.130" port: 33459 } } peers { permanent_uuid: "839151f4a1654b5495a03d2a2849719d" member_type: VOTER last_known_addr { host: "127.7.45.131" port: 39435 } } peers { permanent_uuid: "58d0ebafb5e141818887806065e70ea2" member_type: NON_VOTER last_known_addr { host: "127.7.45.132" port: 36161 } attrs { promote: true } } }
I20260630 12:27:37.881536 11949 raft_consensus.cc:2955] T e0103f8db61043c3821c44cf1d937841 P 3459281807cb4aca8b1e2cc87afe5c22 [term 1 FOLLOWER]: Committing config change with OpId 1.27: config changed from index -1 to 27, NON_VOTER 58d0ebafb5e141818887806065e70ea2 (127.7.45.132) added. New config: { opid_index: 27 OBSOLETE_local: false peers { permanent_uuid: "c87669cdc0794f7b8c98d797f189cf92" member_type: VOTER last_known_addr { host: "127.7.45.129" port: 36619 } attrs { replace: true } } peers { permanent_uuid: "3459281807cb4aca8b1e2cc87afe5c22" member_type: VOTER last_known_addr { host: "127.7.45.130" port: 33459 } } peers { permanent_uuid: "839151f4a1654b5495a03d2a2849719d" member_type: VOTER last_known_addr { host: "127.7.45.131" port: 39435 } } peers { permanent_uuid: "58d0ebafb5e141818887806065e70ea2" member_type: NON_VOTER last_known_addr { host: "127.7.45.132" port: 36161 } attrs { promote: true } } }
I20260630 12:27:37.886881 11874 raft_consensus.cc:2955] T e0103f8db61043c3821c44cf1d937841 P c87669cdc0794f7b8c98d797f189cf92 [term 1 FOLLOWER]: Committing config change with OpId 1.27: config changed from index -1 to 27, NON_VOTER 58d0ebafb5e141818887806065e70ea2 (127.7.45.132) added. New config: { opid_index: 27 OBSOLETE_local: false peers { permanent_uuid: "c87669cdc0794f7b8c98d797f189cf92" member_type: VOTER last_known_addr { host: "127.7.45.129" port: 36619 } attrs { replace: true } } peers { permanent_uuid: "3459281807cb4aca8b1e2cc87afe5c22" member_type: VOTER last_known_addr { host: "127.7.45.130" port: 33459 } } peers { permanent_uuid: "839151f4a1654b5495a03d2a2849719d" member_type: VOTER last_known_addr { host: "127.7.45.131" port: 39435 } } peers { permanent_uuid: "58d0ebafb5e141818887806065e70ea2" member_type: NON_VOTER last_known_addr { host: "127.7.45.132" port: 36161 } attrs { promote: true } } }
I20260630 12:27:37.894775 12019 consensus_queue.cc:237] T c07c7396c0e6493bbc157609bee00d6d P 839151f4a1654b5495a03d2a2849719d [LEADER]: Queue going to LEADER mode. State: All replicated index: 0, Majority replicated index: 25, Committed index: 25, Last appended: 1.25, Last appended by leader: 0, Current term: 1, Majority size: 2, State: 0, Mode: LEADER, active raft config: opid_index: 26 OBSOLETE_local: false peers { permanent_uuid: "c87669cdc0794f7b8c98d797f189cf92" member_type: VOTER last_known_addr { host: "127.7.45.129" port: 36619 } } peers { permanent_uuid: "3459281807cb4aca8b1e2cc87afe5c22" member_type: VOTER last_known_addr { host: "127.7.45.130" port: 33459 } attrs { replace: true } } peers { permanent_uuid: "839151f4a1654b5495a03d2a2849719d" member_type: VOTER last_known_addr { host: "127.7.45.131" port: 39435 } } peers { permanent_uuid: "1eb26e69a999470c8351fd7f1179fabd" member_type: NON_VOTER last_known_addr { host: "127.7.45.133" port: 46351 } attrs { promote: true } }
I20260630 12:27:37.896283 11772 catalog_manager.cc:5697] T e0103f8db61043c3821c44cf1d937841 P 839151f4a1654b5495a03d2a2849719d reported cstate change: config changed from index -1 to 27, NON_VOTER 58d0ebafb5e141818887806065e70ea2 (127.7.45.132) added. New cstate: current_term: 1 leader_uuid: "839151f4a1654b5495a03d2a2849719d" committed_config { opid_index: 27 OBSOLETE_local: false peers { permanent_uuid: "c87669cdc0794f7b8c98d797f189cf92" member_type: VOTER last_known_addr { host: "127.7.45.129" port: 36619 } attrs { replace: true } health_report { overall_health: HEALTHY } } peers { permanent_uuid: "3459281807cb4aca8b1e2cc87afe5c22" member_type: VOTER last_known_addr { host: "127.7.45.130" port: 33459 } health_report { overall_health: HEALTHY } } peers { permanent_uuid: "839151f4a1654b5495a03d2a2849719d" member_type: VOTER last_known_addr { host: "127.7.45.131" port: 39435 } health_report { overall_health: HEALTHY } } peers { permanent_uuid: "58d0ebafb5e141818887806065e70ea2" member_type: NON_VOTER last_known_addr { host: "127.7.45.132" port: 36161 } attrs { promote: true } health_report { overall_health: UNKNOWN } } }
I20260630 12:27:37.906806 11874 raft_consensus.cc:1275] T c07c7396c0e6493bbc157609bee00d6d P c87669cdc0794f7b8c98d797f189cf92 [term 1 FOLLOWER]: Refusing update from remote peer 839151f4a1654b5495a03d2a2849719d: Log matching property violated. Preceding OpId in replica: term: 1 index: 25. Preceding OpId from leader: term: 1 index: 26. (index mismatch)
I20260630 12:27:37.908170 11949 raft_consensus.cc:1275] T c07c7396c0e6493bbc157609bee00d6d P 3459281807cb4aca8b1e2cc87afe5c22 [term 1 FOLLOWER]: Refusing update from remote peer 839151f4a1654b5495a03d2a2849719d: Log matching property violated. Preceding OpId in replica: term: 1 index: 25. Preceding OpId from leader: term: 1 index: 26. (index mismatch)
I20260630 12:27:37.910065 12508 consensus_queue.cc:1048] T c07c7396c0e6493bbc157609bee00d6d P 839151f4a1654b5495a03d2a2849719d [LEADER]: Connected to new peer: Peer: permanent_uuid: "c87669cdc0794f7b8c98d797f189cf92" member_type: VOTER last_known_addr { host: "127.7.45.129" port: 36619 }, Status: LMP_MISMATCH, Last received: 0.0, Next index: 26, Last known committed idx: 25, Time since last communication: 0.001s
I20260630 12:27:37.911412 12205 consensus_queue.cc:1048] T c07c7396c0e6493bbc157609bee00d6d P 839151f4a1654b5495a03d2a2849719d [LEADER]: Connected to new peer: Peer: permanent_uuid: "3459281807cb4aca8b1e2cc87afe5c22" member_type: VOTER last_known_addr { host: "127.7.45.130" port: 33459 } attrs { replace: true }, Status: LMP_MISMATCH, Last received: 0.0, Next index: 26, Last known committed idx: 25, Time since last communication: 0.000s
W20260630 12:27:37.921245 11987 consensus_peers.cc:597] T c07c7396c0e6493bbc157609bee00d6d P 839151f4a1654b5495a03d2a2849719d -> Peer 1eb26e69a999470c8351fd7f1179fabd (127.7.45.133:46351): Couldn't send request to peer 1eb26e69a999470c8351fd7f1179fabd. Error code: TABLET_NOT_FOUND (6). Status: Not found: Tablet not found: c07c7396c0e6493bbc157609bee00d6d. This is attempt 1: this message will repeat every 5th retry.
I20260630 12:27:37.924158 12205 raft_consensus.cc:2955] T c07c7396c0e6493bbc157609bee00d6d P 839151f4a1654b5495a03d2a2849719d [term 1 LEADER]: Committing config change with OpId 1.26: config changed from index -1 to 26, NON_VOTER 1eb26e69a999470c8351fd7f1179fabd (127.7.45.133) added. New config: { opid_index: 26 OBSOLETE_local: false peers { permanent_uuid: "c87669cdc0794f7b8c98d797f189cf92" member_type: VOTER last_known_addr { host: "127.7.45.129" port: 36619 } } peers { permanent_uuid: "3459281807cb4aca8b1e2cc87afe5c22" member_type: VOTER last_known_addr { host: "127.7.45.130" port: 33459 } attrs { replace: true } } peers { permanent_uuid: "839151f4a1654b5495a03d2a2849719d" member_type: VOTER last_known_addr { host: "127.7.45.131" port: 39435 } } peers { permanent_uuid: "1eb26e69a999470c8351fd7f1179fabd" member_type: NON_VOTER last_known_addr { host: "127.7.45.133" port: 46351 } attrs { promote: true } } }
I20260630 12:27:37.924856 11874 raft_consensus.cc:2955] T c07c7396c0e6493bbc157609bee00d6d P c87669cdc0794f7b8c98d797f189cf92 [term 1 FOLLOWER]: Committing config change with OpId 1.26: config changed from index -1 to 26, NON_VOTER 1eb26e69a999470c8351fd7f1179fabd (127.7.45.133) added. New config: { opid_index: 26 OBSOLETE_local: false peers { permanent_uuid: "c87669cdc0794f7b8c98d797f189cf92" member_type: VOTER last_known_addr { host: "127.7.45.129" port: 36619 } } peers { permanent_uuid: "3459281807cb4aca8b1e2cc87afe5c22" member_type: VOTER last_known_addr { host: "127.7.45.130" port: 33459 } attrs { replace: true } } peers { permanent_uuid: "839151f4a1654b5495a03d2a2849719d" member_type: VOTER last_known_addr { host: "127.7.45.131" port: 39435 } } peers { permanent_uuid: "1eb26e69a999470c8351fd7f1179fabd" member_type: NON_VOTER last_known_addr { host: "127.7.45.133" port: 46351 } attrs { promote: true } } }
I20260630 12:27:37.930073 11949 raft_consensus.cc:2955] T c07c7396c0e6493bbc157609bee00d6d P 3459281807cb4aca8b1e2cc87afe5c22 [term 1 FOLLOWER]: Committing config change with OpId 1.26: config changed from index -1 to 26, NON_VOTER 1eb26e69a999470c8351fd7f1179fabd (127.7.45.133) added. New config: { opid_index: 26 OBSOLETE_local: false peers { permanent_uuid: "c87669cdc0794f7b8c98d797f189cf92" member_type: VOTER last_known_addr { host: "127.7.45.129" port: 36619 } } peers { permanent_uuid: "3459281807cb4aca8b1e2cc87afe5c22" member_type: VOTER last_known_addr { host: "127.7.45.130" port: 33459 } attrs { replace: true } } peers { permanent_uuid: "839151f4a1654b5495a03d2a2849719d" member_type: VOTER last_known_addr { host: "127.7.45.131" port: 39435 } } peers { permanent_uuid: "1eb26e69a999470c8351fd7f1179fabd" member_type: NON_VOTER last_known_addr { host: "127.7.45.133" port: 46351 } attrs { promote: true } } }
I20260630 12:27:37.941619 11771 catalog_manager.cc:5697] T c07c7396c0e6493bbc157609bee00d6d P c87669cdc0794f7b8c98d797f189cf92 reported cstate change: config changed from index -1 to 26, NON_VOTER 1eb26e69a999470c8351fd7f1179fabd (127.7.45.133) added. New cstate: current_term: 1 leader_uuid: "839151f4a1654b5495a03d2a2849719d" committed_config { opid_index: 26 OBSOLETE_local: false peers { permanent_uuid: "c87669cdc0794f7b8c98d797f189cf92" member_type: VOTER last_known_addr { host: "127.7.45.129" port: 36619 } } peers { permanent_uuid: "3459281807cb4aca8b1e2cc87afe5c22" member_type: VOTER last_known_addr { host: "127.7.45.130" port: 33459 } attrs { replace: true } } peers { permanent_uuid: "839151f4a1654b5495a03d2a2849719d" member_type: VOTER last_known_addr { host: "127.7.45.131" port: 39435 } } peers { permanent_uuid: "1eb26e69a999470c8351fd7f1179fabd" member_type: NON_VOTER last_known_addr { host: "127.7.45.133" port: 46351 } attrs { promote: true } } }
I20260630 12:27:37.943395 11874 consensus_queue.cc:237] T f5d254ca8de4476d9f8bad40c2e87970 P c87669cdc0794f7b8c98d797f189cf92 [LEADER]: Queue going to LEADER mode. State: All replicated index: 0, Majority replicated index: 26, Committed index: 26, Last appended: 1.26, Last appended by leader: 0, Current term: 1, Majority size: 2, State: 0, Mode: LEADER, active raft config: opid_index: 27 OBSOLETE_local: false peers { permanent_uuid: "c87669cdc0794f7b8c98d797f189cf92" member_type: VOTER last_known_addr { host: "127.7.45.129" port: 36619 } } peers { permanent_uuid: "3459281807cb4aca8b1e2cc87afe5c22" member_type: VOTER last_known_addr { host: "127.7.45.130" port: 33459 } } peers { permanent_uuid: "839151f4a1654b5495a03d2a2849719d" member_type: VOTER last_known_addr { host: "127.7.45.131" port: 39435 } attrs { replace: true } } peers { permanent_uuid: "9494da0b1e3447c49fc2321876a13bbf" member_type: NON_VOTER last_known_addr { host: "127.7.45.134" port: 36989 } attrs { promote: true } }
I20260630 12:27:37.951534 11949 raft_consensus.cc:1275] T f5d254ca8de4476d9f8bad40c2e87970 P 3459281807cb4aca8b1e2cc87afe5c22 [term 1 FOLLOWER]: Refusing update from remote peer c87669cdc0794f7b8c98d797f189cf92: Log matching property violated. Preceding OpId in replica: term: 1 index: 26. Preceding OpId from leader: term: 1 index: 27. (index mismatch)
I20260630 12:27:37.952194 12019 raft_consensus.cc:1275] T f5d254ca8de4476d9f8bad40c2e87970 P 839151f4a1654b5495a03d2a2849719d [term 1 FOLLOWER]: Refusing update from remote peer c87669cdc0794f7b8c98d797f189cf92: Log matching property violated. Preceding OpId in replica: term: 1 index: 26. Preceding OpId from leader: term: 1 index: 27. (index mismatch)
I20260630 12:27:37.952780 12227 consensus_queue.cc:1048] T f5d254ca8de4476d9f8bad40c2e87970 P c87669cdc0794f7b8c98d797f189cf92 [LEADER]: Connected to new peer: Peer: permanent_uuid: "3459281807cb4aca8b1e2cc87afe5c22" member_type: VOTER last_known_addr { host: "127.7.45.130" port: 33459 }, Status: LMP_MISMATCH, Last received: 0.0, Next index: 27, Last known committed idx: 26, Time since last communication: 0.000s
W20260630 12:27:37.953817 11841 consensus_peers.cc:597] T f5d254ca8de4476d9f8bad40c2e87970 P c87669cdc0794f7b8c98d797f189cf92 -> Peer 9494da0b1e3447c49fc2321876a13bbf (127.7.45.134:36989): Couldn't send request to peer 9494da0b1e3447c49fc2321876a13bbf. Error code: TABLET_NOT_FOUND (6). Status: Not found: Tablet not found: f5d254ca8de4476d9f8bad40c2e87970. This is attempt 1: this message will repeat every 5th retry.
I20260630 12:27:37.954610 12227 consensus_queue.cc:1048] T f5d254ca8de4476d9f8bad40c2e87970 P c87669cdc0794f7b8c98d797f189cf92 [LEADER]: Connected to new peer: Peer: permanent_uuid: "839151f4a1654b5495a03d2a2849719d" member_type: VOTER last_known_addr { host: "127.7.45.131" port: 39435 } attrs { replace: true }, Status: LMP_MISMATCH, Last received: 0.0, Next index: 27, Last known committed idx: 26, Time since last communication: 0.000s
I20260630 12:27:37.961338 12253 raft_consensus.cc:2955] T f5d254ca8de4476d9f8bad40c2e87970 P c87669cdc0794f7b8c98d797f189cf92 [term 1 LEADER]: Committing config change with OpId 1.27: config changed from index -1 to 27, NON_VOTER 9494da0b1e3447c49fc2321876a13bbf (127.7.45.134) added. New config: { opid_index: 27 OBSOLETE_local: false peers { permanent_uuid: "c87669cdc0794f7b8c98d797f189cf92" member_type: VOTER last_known_addr { host: "127.7.45.129" port: 36619 } } peers { permanent_uuid: "3459281807cb4aca8b1e2cc87afe5c22" member_type: VOTER last_known_addr { host: "127.7.45.130" port: 33459 } } peers { permanent_uuid: "839151f4a1654b5495a03d2a2849719d" member_type: VOTER last_known_addr { host: "127.7.45.131" port: 39435 } attrs { replace: true } } peers { permanent_uuid: "9494da0b1e3447c49fc2321876a13bbf" member_type: NON_VOTER last_known_addr { host: "127.7.45.134" port: 36989 } attrs { promote: true } } }
I20260630 12:27:37.963174 11949 raft_consensus.cc:2955] T f5d254ca8de4476d9f8bad40c2e87970 P 3459281807cb4aca8b1e2cc87afe5c22 [term 1 FOLLOWER]: Committing config change with OpId 1.27: config changed from index -1 to 27, NON_VOTER 9494da0b1e3447c49fc2321876a13bbf (127.7.45.134) added. New config: { opid_index: 27 OBSOLETE_local: false peers { permanent_uuid: "c87669cdc0794f7b8c98d797f189cf92" member_type: VOTER last_known_addr { host: "127.7.45.129" port: 36619 } } peers { permanent_uuid: "3459281807cb4aca8b1e2cc87afe5c22" member_type: VOTER last_known_addr { host: "127.7.45.130" port: 33459 } } peers { permanent_uuid: "839151f4a1654b5495a03d2a2849719d" member_type: VOTER last_known_addr { host: "127.7.45.131" port: 39435 } attrs { replace: true } } peers { permanent_uuid: "9494da0b1e3447c49fc2321876a13bbf" member_type: NON_VOTER last_known_addr { host: "127.7.45.134" port: 36989 } attrs { promote: true } } }
I20260630 12:27:37.967178 12019 raft_consensus.cc:2955] T f5d254ca8de4476d9f8bad40c2e87970 P 839151f4a1654b5495a03d2a2849719d [term 1 FOLLOWER]: Committing config change with OpId 1.27: config changed from index -1 to 27, NON_VOTER 9494da0b1e3447c49fc2321876a13bbf (127.7.45.134) added. New config: { opid_index: 27 OBSOLETE_local: false peers { permanent_uuid: "c87669cdc0794f7b8c98d797f189cf92" member_type: VOTER last_known_addr { host: "127.7.45.129" port: 36619 } } peers { permanent_uuid: "3459281807cb4aca8b1e2cc87afe5c22" member_type: VOTER last_known_addr { host: "127.7.45.130" port: 33459 } } peers { permanent_uuid: "839151f4a1654b5495a03d2a2849719d" member_type: VOTER last_known_addr { host: "127.7.45.131" port: 39435 } attrs { replace: true } } peers { permanent_uuid: "9494da0b1e3447c49fc2321876a13bbf" member_type: NON_VOTER last_known_addr { host: "127.7.45.134" port: 36989 } attrs { promote: true } } }
I20260630 12:27:37.975224 11772 catalog_manager.cc:5697] T f5d254ca8de4476d9f8bad40c2e87970 P 3459281807cb4aca8b1e2cc87afe5c22 reported cstate change: config changed from index -1 to 27, NON_VOTER 9494da0b1e3447c49fc2321876a13bbf (127.7.45.134) added. New cstate: current_term: 1 leader_uuid: "c87669cdc0794f7b8c98d797f189cf92" committed_config { opid_index: 27 OBSOLETE_local: false peers { permanent_uuid: "c87669cdc0794f7b8c98d797f189cf92" member_type: VOTER last_known_addr { host: "127.7.45.129" port: 36619 } } peers { permanent_uuid: "3459281807cb4aca8b1e2cc87afe5c22" member_type: VOTER last_known_addr { host: "127.7.45.130" port: 33459 } } peers { permanent_uuid: "839151f4a1654b5495a03d2a2849719d" member_type: VOTER last_known_addr { host: "127.7.45.131" port: 39435 } attrs { replace: true } } peers { permanent_uuid: "9494da0b1e3447c49fc2321876a13bbf" member_type: NON_VOTER last_known_addr { host: "127.7.45.134" port: 36989 } attrs { promote: true } } }
I20260630 12:27:38.137769 12344 heartbeater.cc:499] Master 127.7.45.190:41357 was elected leader, sending a full tablet report...
I20260630 12:27:38.148674 12514 ts_tablet_manager.cc:933] T 2970159e4bf443b7b97e4317167c3d5b P 1eb26e69a999470c8351fd7f1179fabd: Initiating tablet copy from peer c87669cdc0794f7b8c98d797f189cf92 (127.7.45.129:36619)
I20260630 12:27:38.150429 12514 tablet_copy_client.cc:323] T 2970159e4bf443b7b97e4317167c3d5b P 1eb26e69a999470c8351fd7f1179fabd: tablet copy: Beginning tablet copy session from remote peer at address 127.7.45.129:36619
I20260630 12:27:38.160703 11885 tablet_copy_service.cc:140] P c87669cdc0794f7b8c98d797f189cf92: Received BeginTabletCopySession request for tablet 2970159e4bf443b7b97e4317167c3d5b from peer 1eb26e69a999470c8351fd7f1179fabd ({username='slave'} at 127.0.0.1:47100)
I20260630 12:27:38.161280 11885 tablet_copy_service.cc:161] P c87669cdc0794f7b8c98d797f189cf92: Beginning new tablet copy session on tablet 2970159e4bf443b7b97e4317167c3d5b from peer 1eb26e69a999470c8351fd7f1179fabd at {username='slave'} at 127.0.0.1:47100: session id = 1eb26e69a999470c8351fd7f1179fabd-2970159e4bf443b7b97e4317167c3d5b
I20260630 12:27:38.166961 11885 tablet_copy_source_session.cc:215] T 2970159e4bf443b7b97e4317167c3d5b P c87669cdc0794f7b8c98d797f189cf92: Tablet Copy: opened 0 blocks and 1 log segments
I20260630 12:27:38.169831 12514 data_dirs.cc:400] Could only allocate 1 dirs of requested 3 for tablet 2970159e4bf443b7b97e4317167c3d5b. 1 dirs total, 0 dirs full, 0 dirs failed
I20260630 12:27:38.182215 12514 tablet_copy_client.cc:806] T 2970159e4bf443b7b97e4317167c3d5b P 1eb26e69a999470c8351fd7f1179fabd: tablet copy: Starting download of 0 data blocks...
I20260630 12:27:38.183022 12514 tablet_copy_client.cc:670] T 2970159e4bf443b7b97e4317167c3d5b P 1eb26e69a999470c8351fd7f1179fabd: tablet copy: Starting download of 1 WAL segments...
I20260630 12:27:38.186748 12515 tablet_copy_client.cc:1025] T 2970159e4bf443b7b97e4317167c3d5b P 1eb26e69a999470c8351fd7f1179fabd: tablet copy: Injecting latency into file download: 2000
I20260630 12:27:38.193786 12517 ts_tablet_manager.cc:933] T f6d8a9289e83438f993345432627c16b P 58d0ebafb5e141818887806065e70ea2: Initiating tablet copy from peer 839151f4a1654b5495a03d2a2849719d (127.7.45.131:39435)
I20260630 12:27:38.196066 12517 tablet_copy_client.cc:323] T f6d8a9289e83438f993345432627c16b P 58d0ebafb5e141818887806065e70ea2: tablet copy: Beginning tablet copy session from remote peer at address 127.7.45.131:39435
I20260630 12:27:38.206400 12034 tablet_copy_service.cc:140] P 839151f4a1654b5495a03d2a2849719d: Received BeginTabletCopySession request for tablet f6d8a9289e83438f993345432627c16b from peer 58d0ebafb5e141818887806065e70ea2 ({username='slave'} at 127.0.0.1:39728)
I20260630 12:27:38.207077 12034 tablet_copy_service.cc:161] P 839151f4a1654b5495a03d2a2849719d: Beginning new tablet copy session on tablet f6d8a9289e83438f993345432627c16b from peer 58d0ebafb5e141818887806065e70ea2 at {username='slave'} at 127.0.0.1:39728: session id = 58d0ebafb5e141818887806065e70ea2-f6d8a9289e83438f993345432627c16b
I20260630 12:27:38.213091 12034 tablet_copy_source_session.cc:215] T f6d8a9289e83438f993345432627c16b P 839151f4a1654b5495a03d2a2849719d: Tablet Copy: opened 0 blocks and 1 log segments
I20260630 12:27:38.216316 12517 data_dirs.cc:400] Could only allocate 1 dirs of requested 3 for tablet f6d8a9289e83438f993345432627c16b. 1 dirs total, 0 dirs full, 0 dirs failed
I20260630 12:27:38.227535 12517 tablet_copy_client.cc:806] T f6d8a9289e83438f993345432627c16b P 58d0ebafb5e141818887806065e70ea2: tablet copy: Starting download of 0 data blocks...
I20260630 12:27:38.228109 12517 tablet_copy_client.cc:670] T f6d8a9289e83438f993345432627c16b P 58d0ebafb5e141818887806065e70ea2: tablet copy: Starting download of 1 WAL segments...
I20260630 12:27:38.232110 12518 tablet_copy_client.cc:1025] T f6d8a9289e83438f993345432627c16b P 58d0ebafb5e141818887806065e70ea2: tablet copy: Injecting latency into file download: 2000
I20260630 12:27:38.258044 12419 heartbeater.cc:499] Master 127.7.45.190:41357 was elected leader, sending a full tablet report...
I20260630 12:27:38.304562 12520 ts_tablet_manager.cc:933] T 4a81914cea0642fd8937df500669ff86 P 9494da0b1e3447c49fc2321876a13bbf: Initiating tablet copy from peer c87669cdc0794f7b8c98d797f189cf92 (127.7.45.129:36619)
I20260630 12:27:38.306217 12520 tablet_copy_client.cc:323] T 4a81914cea0642fd8937df500669ff86 P 9494da0b1e3447c49fc2321876a13bbf: tablet copy: Beginning tablet copy session from remote peer at address 127.7.45.129:36619
I20260630 12:27:38.316838 11885 tablet_copy_service.cc:140] P c87669cdc0794f7b8c98d797f189cf92: Received BeginTabletCopySession request for tablet 4a81914cea0642fd8937df500669ff86 from peer 9494da0b1e3447c49fc2321876a13bbf ({username='slave'} at 127.0.0.1:47112)
I20260630 12:27:38.317381 11885 tablet_copy_service.cc:161] P c87669cdc0794f7b8c98d797f189cf92: Beginning new tablet copy session on tablet 4a81914cea0642fd8937df500669ff86 from peer 9494da0b1e3447c49fc2321876a13bbf at {username='slave'} at 127.0.0.1:47112: session id = 9494da0b1e3447c49fc2321876a13bbf-4a81914cea0642fd8937df500669ff86
I20260630 12:27:38.324360 11885 tablet_copy_source_session.cc:215] T 4a81914cea0642fd8937df500669ff86 P c87669cdc0794f7b8c98d797f189cf92: Tablet Copy: opened 0 blocks and 1 log segments
I20260630 12:27:38.327267 12520 data_dirs.cc:400] Could only allocate 1 dirs of requested 3 for tablet 4a81914cea0642fd8937df500669ff86. 1 dirs total, 0 dirs full, 0 dirs failed
I20260630 12:27:38.340677 12520 tablet_copy_client.cc:806] T 4a81914cea0642fd8937df500669ff86 P 9494da0b1e3447c49fc2321876a13bbf: tablet copy: Starting download of 0 data blocks...
I20260630 12:27:38.341298 12520 tablet_copy_client.cc:670] T 4a81914cea0642fd8937df500669ff86 P 9494da0b1e3447c49fc2321876a13bbf: tablet copy: Starting download of 1 WAL segments...
I20260630 12:27:38.344831 12521 tablet_copy_client.cc:1025] T 4a81914cea0642fd8937df500669ff86 P 9494da0b1e3447c49fc2321876a13bbf: tablet copy: Injecting latency into file download: 2000
I20260630 12:27:38.374672 12523 ts_tablet_manager.cc:933] T f5d254ca8de4476d9f8bad40c2e87970 P 9494da0b1e3447c49fc2321876a13bbf: Initiating tablet copy from peer c87669cdc0794f7b8c98d797f189cf92 (127.7.45.129:36619)
I20260630 12:27:38.376444 12523 tablet_copy_client.cc:323] T f5d254ca8de4476d9f8bad40c2e87970 P 9494da0b1e3447c49fc2321876a13bbf: tablet copy: Beginning tablet copy session from remote peer at address 127.7.45.129:36619
I20260630 12:27:38.378049 11885 tablet_copy_service.cc:140] P c87669cdc0794f7b8c98d797f189cf92: Received BeginTabletCopySession request for tablet f5d254ca8de4476d9f8bad40c2e87970 from peer 9494da0b1e3447c49fc2321876a13bbf ({username='slave'} at 127.0.0.1:47112)
I20260630 12:27:38.378558 11885 tablet_copy_service.cc:161] P c87669cdc0794f7b8c98d797f189cf92: Beginning new tablet copy session on tablet f5d254ca8de4476d9f8bad40c2e87970 from peer 9494da0b1e3447c49fc2321876a13bbf at {username='slave'} at 127.0.0.1:47112: session id = 9494da0b1e3447c49fc2321876a13bbf-f5d254ca8de4476d9f8bad40c2e87970
I20260630 12:27:38.384111 11885 tablet_copy_source_session.cc:215] T f5d254ca8de4476d9f8bad40c2e87970 P c87669cdc0794f7b8c98d797f189cf92: Tablet Copy: opened 0 blocks and 1 log segments
I20260630 12:27:38.386904 12523 data_dirs.cc:400] Could only allocate 1 dirs of requested 3 for tablet f5d254ca8de4476d9f8bad40c2e87970. 1 dirs total, 0 dirs full, 0 dirs failed
I20260630 12:27:38.398272 12523 tablet_copy_client.cc:806] T f5d254ca8de4476d9f8bad40c2e87970 P 9494da0b1e3447c49fc2321876a13bbf: tablet copy: Starting download of 0 data blocks...
I20260630 12:27:38.398955 12523 tablet_copy_client.cc:670] T f5d254ca8de4476d9f8bad40c2e87970 P 9494da0b1e3447c49fc2321876a13bbf: tablet copy: Starting download of 1 WAL segments...
I20260630 12:27:38.403237 12524 tablet_copy_client.cc:1025] T f5d254ca8de4476d9f8bad40c2e87970 P 9494da0b1e3447c49fc2321876a13bbf: tablet copy: Injecting latency into file download: 2000
I20260630 12:27:38.406513 12493 heartbeater.cc:499] Master 127.7.45.190:41357 was elected leader, sending a full tablet report...
I20260630 12:27:38.483059 12525 ts_tablet_manager.cc:933] T e0103f8db61043c3821c44cf1d937841 P 58d0ebafb5e141818887806065e70ea2: Initiating tablet copy from peer 839151f4a1654b5495a03d2a2849719d (127.7.45.131:39435)
I20260630 12:27:38.484827 12525 tablet_copy_client.cc:323] T e0103f8db61043c3821c44cf1d937841 P 58d0ebafb5e141818887806065e70ea2: tablet copy: Beginning tablet copy session from remote peer at address 127.7.45.131:39435
I20260630 12:27:38.486843 12034 tablet_copy_service.cc:140] P 839151f4a1654b5495a03d2a2849719d: Received BeginTabletCopySession request for tablet e0103f8db61043c3821c44cf1d937841 from peer 58d0ebafb5e141818887806065e70ea2 ({username='slave'} at 127.0.0.1:39728)
I20260630 12:27:38.487300 12034 tablet_copy_service.cc:161] P 839151f4a1654b5495a03d2a2849719d: Beginning new tablet copy session on tablet e0103f8db61043c3821c44cf1d937841 from peer 58d0ebafb5e141818887806065e70ea2 at {username='slave'} at 127.0.0.1:39728: session id = 58d0ebafb5e141818887806065e70ea2-e0103f8db61043c3821c44cf1d937841
I20260630 12:27:38.492280 12034 tablet_copy_source_session.cc:215] T e0103f8db61043c3821c44cf1d937841 P 839151f4a1654b5495a03d2a2849719d: Tablet Copy: opened 0 blocks and 1 log segments
I20260630 12:27:38.494906 12525 data_dirs.cc:400] Could only allocate 1 dirs of requested 3 for tablet e0103f8db61043c3821c44cf1d937841. 1 dirs total, 0 dirs full, 0 dirs failed
I20260630 12:27:38.506534 12525 tablet_copy_client.cc:806] T e0103f8db61043c3821c44cf1d937841 P 58d0ebafb5e141818887806065e70ea2: tablet copy: Starting download of 0 data blocks...
I20260630 12:27:38.507117 12525 tablet_copy_client.cc:670] T e0103f8db61043c3821c44cf1d937841 P 58d0ebafb5e141818887806065e70ea2: tablet copy: Starting download of 1 WAL segments...
I20260630 12:27:38.510641 12526 tablet_copy_client.cc:1025] T e0103f8db61043c3821c44cf1d937841 P 58d0ebafb5e141818887806065e70ea2: tablet copy: Injecting latency into file download: 2000
I20260630 12:27:38.529333 12527 ts_tablet_manager.cc:933] T c07c7396c0e6493bbc157609bee00d6d P 1eb26e69a999470c8351fd7f1179fabd: Initiating tablet copy from peer 839151f4a1654b5495a03d2a2849719d (127.7.45.131:39435)
I20260630 12:27:38.531092 12527 tablet_copy_client.cc:323] T c07c7396c0e6493bbc157609bee00d6d P 1eb26e69a999470c8351fd7f1179fabd: tablet copy: Beginning tablet copy session from remote peer at address 127.7.45.131:39435
I20260630 12:27:38.540795 12034 tablet_copy_service.cc:140] P 839151f4a1654b5495a03d2a2849719d: Received BeginTabletCopySession request for tablet c07c7396c0e6493bbc157609bee00d6d from peer 1eb26e69a999470c8351fd7f1179fabd ({username='slave'} at 127.0.0.1:39740)
I20260630 12:27:38.541280 12034 tablet_copy_service.cc:161] P 839151f4a1654b5495a03d2a2849719d: Beginning new tablet copy session on tablet c07c7396c0e6493bbc157609bee00d6d from peer 1eb26e69a999470c8351fd7f1179fabd at {username='slave'} at 127.0.0.1:39740: session id = 1eb26e69a999470c8351fd7f1179fabd-c07c7396c0e6493bbc157609bee00d6d
I20260630 12:27:38.546162 12034 tablet_copy_source_session.cc:215] T c07c7396c0e6493bbc157609bee00d6d P 839151f4a1654b5495a03d2a2849719d: Tablet Copy: opened 0 blocks and 1 log segments
I20260630 12:27:38.549160 12527 data_dirs.cc:400] Could only allocate 1 dirs of requested 3 for tablet c07c7396c0e6493bbc157609bee00d6d. 1 dirs total, 0 dirs full, 0 dirs failed
I20260630 12:27:38.564945 12527 tablet_copy_client.cc:806] T c07c7396c0e6493bbc157609bee00d6d P 1eb26e69a999470c8351fd7f1179fabd: tablet copy: Starting download of 0 data blocks...
I20260630 12:27:38.565608 12527 tablet_copy_client.cc:670] T c07c7396c0e6493bbc157609bee00d6d P 1eb26e69a999470c8351fd7f1179fabd: tablet copy: Starting download of 1 WAL segments...
I20260630 12:27:38.569375 12528 tablet_copy_client.cc:1025] T c07c7396c0e6493bbc157609bee00d6d P 1eb26e69a999470c8351fd7f1179fabd: tablet copy: Injecting latency into file download: 2000
I20260630 12:27:40.187696 12514 tablet_copy_client.cc:538] T 2970159e4bf443b7b97e4317167c3d5b P 1eb26e69a999470c8351fd7f1179fabd: tablet copy: Tablet Copy complete. Replacing tablet superblock.
I20260630 12:27:40.194631 12514 tablet_bootstrap.cc:492] T 2970159e4bf443b7b97e4317167c3d5b P 1eb26e69a999470c8351fd7f1179fabd: Bootstrap starting.
I20260630 12:27:40.233023 12517 tablet_copy_client.cc:538] T f6d8a9289e83438f993345432627c16b P 58d0ebafb5e141818887806065e70ea2: tablet copy: Tablet Copy complete. Replacing tablet superblock.
I20260630 12:27:40.242933 12517 tablet_bootstrap.cc:492] T f6d8a9289e83438f993345432627c16b P 58d0ebafb5e141818887806065e70ea2: Bootstrap starting.
I20260630 12:27:40.339366 12514 tablet_bootstrap.cc:492] T 2970159e4bf443b7b97e4317167c3d5b P 1eb26e69a999470c8351fd7f1179fabd: Bootstrap replayed 1/1 log segments. Stats: ops{read=27 overwritten=0 applied=27 ignored=0} inserts{seen=90 ignored=0} mutations{seen=0 ignored=0} orphaned_commits=0. Pending: 0 replicates
I20260630 12:27:40.340396 12514 tablet_bootstrap.cc:492] T 2970159e4bf443b7b97e4317167c3d5b P 1eb26e69a999470c8351fd7f1179fabd: Bootstrap complete.
I20260630 12:27:40.341061 12514 ts_tablet_manager.cc:1403] T 2970159e4bf443b7b97e4317167c3d5b P 1eb26e69a999470c8351fd7f1179fabd: Time spent bootstrapping tablet: real 0.147s	user 0.134s	sys 0.010s
I20260630 12:27:40.343714 12514 raft_consensus.cc:359] T 2970159e4bf443b7b97e4317167c3d5b P 1eb26e69a999470c8351fd7f1179fabd [term 1 LEARNER]: Replica starting. Triggering 0 pending ops. Active config: opid_index: 27 OBSOLETE_local: false peers { permanent_uuid: "c87669cdc0794f7b8c98d797f189cf92" member_type: VOTER last_known_addr { host: "127.7.45.129" port: 36619 } } peers { permanent_uuid: "3459281807cb4aca8b1e2cc87afe5c22" member_type: VOTER last_known_addr { host: "127.7.45.130" port: 33459 } attrs { replace: true } } peers { permanent_uuid: "839151f4a1654b5495a03d2a2849719d" member_type: VOTER last_known_addr { host: "127.7.45.131" port: 39435 } } peers { permanent_uuid: "1eb26e69a999470c8351fd7f1179fabd" member_type: NON_VOTER last_known_addr { host: "127.7.45.133" port: 46351 } attrs { promote: true } }
I20260630 12:27:40.344494 12514 raft_consensus.cc:740] T 2970159e4bf443b7b97e4317167c3d5b P 1eb26e69a999470c8351fd7f1179fabd [term 1 LEARNER]: Becoming Follower/Learner. State: Replica: 1eb26e69a999470c8351fd7f1179fabd, State: Initialized, Role: LEARNER
I20260630 12:27:40.345119 12514 consensus_queue.cc:260] T 2970159e4bf443b7b97e4317167c3d5b P 1eb26e69a999470c8351fd7f1179fabd [NON_LEADER]: Queue going to NON_LEADER mode. State: All replicated index: 0, Majority replicated index: 0, Committed index: 27, Last appended: 1.27, Last appended by leader: 27, Current term: 0, Majority size: -1, State: 0, Mode: NON_LEADER, active raft config: opid_index: 27 OBSOLETE_local: false peers { permanent_uuid: "c87669cdc0794f7b8c98d797f189cf92" member_type: VOTER last_known_addr { host: "127.7.45.129" port: 36619 } } peers { permanent_uuid: "3459281807cb4aca8b1e2cc87afe5c22" member_type: VOTER last_known_addr { host: "127.7.45.130" port: 33459 } attrs { replace: true } } peers { permanent_uuid: "839151f4a1654b5495a03d2a2849719d" member_type: VOTER last_known_addr { host: "127.7.45.131" port: 39435 } } peers { permanent_uuid: "1eb26e69a999470c8351fd7f1179fabd" member_type: NON_VOTER last_known_addr { host: "127.7.45.133" port: 46351 } attrs { promote: true } }
I20260630 12:27:40.345726 12520 tablet_copy_client.cc:538] T 4a81914cea0642fd8937df500669ff86 P 9494da0b1e3447c49fc2321876a13bbf: tablet copy: Tablet Copy complete. Replacing tablet superblock.
I20260630 12:27:40.357100 12520 tablet_bootstrap.cc:492] T 4a81914cea0642fd8937df500669ff86 P 9494da0b1e3447c49fc2321876a13bbf: Bootstrap starting.
W20260630 12:27:40.370414 11838 consensus_peers.cc:597] T 2970159e4bf443b7b97e4317167c3d5b P c87669cdc0794f7b8c98d797f189cf92 -> Peer 1eb26e69a999470c8351fd7f1179fabd (127.7.45.133:46351): Couldn't send request to peer 1eb26e69a999470c8351fd7f1179fabd. Error code: TABLET_NOT_RUNNING (12). Status: Illegal state: Tablet not RUNNING: BOOTSTRAPPING. This is attempt 6: this message will repeat every 5th retry.
I20260630 12:27:40.371062 12514 ts_tablet_manager.cc:1434] T 2970159e4bf443b7b97e4317167c3d5b P 1eb26e69a999470c8351fd7f1179fabd: Time spent starting tablet: real 0.030s	user 0.006s	sys 0.022s
I20260630 12:27:40.373232 11885 tablet_copy_service.cc:342] P c87669cdc0794f7b8c98d797f189cf92: Request end of tablet copy session 1eb26e69a999470c8351fd7f1179fabd-2970159e4bf443b7b97e4317167c3d5b received from {username='slave'} at 127.0.0.1:47100
I20260630 12:27:40.373780 11885 tablet_copy_service.cc:434] P c87669cdc0794f7b8c98d797f189cf92: ending tablet copy session 1eb26e69a999470c8351fd7f1179fabd-2970159e4bf443b7b97e4317167c3d5b on tablet 2970159e4bf443b7b97e4317167c3d5b with peer 1eb26e69a999470c8351fd7f1179fabd
I20260630 12:27:40.404417 12523 tablet_copy_client.cc:538] T f5d254ca8de4476d9f8bad40c2e87970 P 9494da0b1e3447c49fc2321876a13bbf: tablet copy: Tablet Copy complete. Replacing tablet superblock.
I20260630 12:27:40.416852 12517 tablet_bootstrap.cc:492] T f6d8a9289e83438f993345432627c16b P 58d0ebafb5e141818887806065e70ea2: Bootstrap replayed 1/1 log segments. Stats: ops{read=27 overwritten=0 applied=27 ignored=0} inserts{seen=101 ignored=0} mutations{seen=0 ignored=0} orphaned_commits=0. Pending: 0 replicates
I20260630 12:27:40.417922 12517 tablet_bootstrap.cc:492] T f6d8a9289e83438f993345432627c16b P 58d0ebafb5e141818887806065e70ea2: Bootstrap complete.
I20260630 12:27:40.418676 12517 ts_tablet_manager.cc:1403] T f6d8a9289e83438f993345432627c16b P 58d0ebafb5e141818887806065e70ea2: Time spent bootstrapping tablet: real 0.176s	user 0.153s	sys 0.008s
I20260630 12:27:40.420601 12523 tablet_bootstrap.cc:492] T f5d254ca8de4476d9f8bad40c2e87970 P 9494da0b1e3447c49fc2321876a13bbf: Bootstrap starting.
I20260630 12:27:40.421482 12517 raft_consensus.cc:359] T f6d8a9289e83438f993345432627c16b P 58d0ebafb5e141818887806065e70ea2 [term 1 LEARNER]: Replica starting. Triggering 0 pending ops. Active config: opid_index: 27 OBSOLETE_local: false peers { permanent_uuid: "c87669cdc0794f7b8c98d797f189cf92" member_type: VOTER last_known_addr { host: "127.7.45.129" port: 36619 } attrs { replace: true } } peers { permanent_uuid: "3459281807cb4aca8b1e2cc87afe5c22" member_type: VOTER last_known_addr { host: "127.7.45.130" port: 33459 } } peers { permanent_uuid: "839151f4a1654b5495a03d2a2849719d" member_type: VOTER last_known_addr { host: "127.7.45.131" port: 39435 } } peers { permanent_uuid: "58d0ebafb5e141818887806065e70ea2" member_type: NON_VOTER last_known_addr { host: "127.7.45.132" port: 36161 } attrs { promote: true } }
I20260630 12:27:40.422411 12517 raft_consensus.cc:740] T f6d8a9289e83438f993345432627c16b P 58d0ebafb5e141818887806065e70ea2 [term 1 LEARNER]: Becoming Follower/Learner. State: Replica: 58d0ebafb5e141818887806065e70ea2, State: Initialized, Role: LEARNER
I20260630 12:27:40.423105 12517 consensus_queue.cc:260] T f6d8a9289e83438f993345432627c16b P 58d0ebafb5e141818887806065e70ea2 [NON_LEADER]: Queue going to NON_LEADER mode. State: All replicated index: 0, Majority replicated index: 0, Committed index: 27, Last appended: 1.27, Last appended by leader: 27, Current term: 0, Majority size: -1, State: 0, Mode: NON_LEADER, active raft config: opid_index: 27 OBSOLETE_local: false peers { permanent_uuid: "c87669cdc0794f7b8c98d797f189cf92" member_type: VOTER last_known_addr { host: "127.7.45.129" port: 36619 } attrs { replace: true } } peers { permanent_uuid: "3459281807cb4aca8b1e2cc87afe5c22" member_type: VOTER last_known_addr { host: "127.7.45.130" port: 33459 } } peers { permanent_uuid: "839151f4a1654b5495a03d2a2849719d" member_type: VOTER last_known_addr { host: "127.7.45.131" port: 39435 } } peers { permanent_uuid: "58d0ebafb5e141818887806065e70ea2" member_type: NON_VOTER last_known_addr { host: "127.7.45.132" port: 36161 } attrs { promote: true } }
I20260630 12:27:40.439824 12517 ts_tablet_manager.cc:1434] T f6d8a9289e83438f993345432627c16b P 58d0ebafb5e141818887806065e70ea2: Time spent starting tablet: real 0.021s	user 0.008s	sys 0.012s
I20260630 12:27:40.442054 12034 tablet_copy_service.cc:342] P 839151f4a1654b5495a03d2a2849719d: Request end of tablet copy session 58d0ebafb5e141818887806065e70ea2-f6d8a9289e83438f993345432627c16b received from {username='slave'} at 127.0.0.1:39728
I20260630 12:27:40.442591 12034 tablet_copy_service.cc:434] P 839151f4a1654b5495a03d2a2849719d: ending tablet copy session 58d0ebafb5e141818887806065e70ea2-f6d8a9289e83438f993345432627c16b on tablet f6d8a9289e83438f993345432627c16b with peer 58d0ebafb5e141818887806065e70ea2
I20260630 12:27:40.511602 12525 tablet_copy_client.cc:538] T e0103f8db61043c3821c44cf1d937841 P 58d0ebafb5e141818887806065e70ea2: tablet copy: Tablet Copy complete. Replacing tablet superblock.
I20260630 12:27:40.522588 12525 tablet_bootstrap.cc:492] T e0103f8db61043c3821c44cf1d937841 P 58d0ebafb5e141818887806065e70ea2: Bootstrap starting.
I20260630 12:27:40.548132 12520 tablet_bootstrap.cc:492] T 4a81914cea0642fd8937df500669ff86 P 9494da0b1e3447c49fc2321876a13bbf: Bootstrap replayed 1/1 log segments. Stats: ops{read=27 overwritten=0 applied=27 ignored=0} inserts{seen=123 ignored=0} mutations{seen=0 ignored=0} orphaned_commits=0. Pending: 0 replicates
I20260630 12:27:40.549237 12520 tablet_bootstrap.cc:492] T 4a81914cea0642fd8937df500669ff86 P 9494da0b1e3447c49fc2321876a13bbf: Bootstrap complete.
I20260630 12:27:40.549932 12520 ts_tablet_manager.cc:1403] T 4a81914cea0642fd8937df500669ff86 P 9494da0b1e3447c49fc2321876a13bbf: Time spent bootstrapping tablet: real 0.193s	user 0.156s	sys 0.016s
I20260630 12:27:40.554845 12520 raft_consensus.cc:359] T 4a81914cea0642fd8937df500669ff86 P 9494da0b1e3447c49fc2321876a13bbf [term 1 LEARNER]: Replica starting. Triggering 0 pending ops. Active config: opid_index: 27 OBSOLETE_local: false peers { permanent_uuid: "c87669cdc0794f7b8c98d797f189cf92" member_type: VOTER last_known_addr { host: "127.7.45.129" port: 36619 } } peers { permanent_uuid: "3459281807cb4aca8b1e2cc87afe5c22" member_type: VOTER last_known_addr { host: "127.7.45.130" port: 33459 } } peers { permanent_uuid: "839151f4a1654b5495a03d2a2849719d" member_type: VOTER last_known_addr { host: "127.7.45.131" port: 39435 } attrs { replace: true } } peers { permanent_uuid: "9494da0b1e3447c49fc2321876a13bbf" member_type: NON_VOTER last_known_addr { host: "127.7.45.134" port: 36989 } attrs { promote: true } }
I20260630 12:27:40.556082 12520 raft_consensus.cc:740] T 4a81914cea0642fd8937df500669ff86 P 9494da0b1e3447c49fc2321876a13bbf [term 1 LEARNER]: Becoming Follower/Learner. State: Replica: 9494da0b1e3447c49fc2321876a13bbf, State: Initialized, Role: LEARNER
I20260630 12:27:40.556733 12520 consensus_queue.cc:260] T 4a81914cea0642fd8937df500669ff86 P 9494da0b1e3447c49fc2321876a13bbf [NON_LEADER]: Queue going to NON_LEADER mode. State: All replicated index: 0, Majority replicated index: 0, Committed index: 27, Last appended: 1.27, Last appended by leader: 27, Current term: 0, Majority size: -1, State: 0, Mode: NON_LEADER, active raft config: opid_index: 27 OBSOLETE_local: false peers { permanent_uuid: "c87669cdc0794f7b8c98d797f189cf92" member_type: VOTER last_known_addr { host: "127.7.45.129" port: 36619 } } peers { permanent_uuid: "3459281807cb4aca8b1e2cc87afe5c22" member_type: VOTER last_known_addr { host: "127.7.45.130" port: 33459 } } peers { permanent_uuid: "839151f4a1654b5495a03d2a2849719d" member_type: VOTER last_known_addr { host: "127.7.45.131" port: 39435 } attrs { replace: true } } peers { permanent_uuid: "9494da0b1e3447c49fc2321876a13bbf" member_type: NON_VOTER last_known_addr { host: "127.7.45.134" port: 36989 } attrs { promote: true } }
I20260630 12:27:40.570779 12527 tablet_copy_client.cc:538] T c07c7396c0e6493bbc157609bee00d6d P 1eb26e69a999470c8351fd7f1179fabd: tablet copy: Tablet Copy complete. Replacing tablet superblock.
I20260630 12:27:40.590292 12527 tablet_bootstrap.cc:492] T c07c7396c0e6493bbc157609bee00d6d P 1eb26e69a999470c8351fd7f1179fabd: Bootstrap starting.
I20260630 12:27:40.606655 12520 ts_tablet_manager.cc:1434] T 4a81914cea0642fd8937df500669ff86 P 9494da0b1e3447c49fc2321876a13bbf: Time spent starting tablet: real 0.056s	user 0.018s	sys 0.035s
I20260630 12:27:40.606827 12523 tablet_bootstrap.cc:492] T f5d254ca8de4476d9f8bad40c2e87970 P 9494da0b1e3447c49fc2321876a13bbf: Bootstrap replayed 1/1 log segments. Stats: ops{read=27 overwritten=0 applied=27 ignored=0} inserts{seen=105 ignored=0} mutations{seen=0 ignored=0} orphaned_commits=0. Pending: 0 replicates
I20260630 12:27:40.608402 12523 tablet_bootstrap.cc:492] T f5d254ca8de4476d9f8bad40c2e87970 P 9494da0b1e3447c49fc2321876a13bbf: Bootstrap complete.
I20260630 12:27:40.608790 11885 tablet_copy_service.cc:342] P c87669cdc0794f7b8c98d797f189cf92: Request end of tablet copy session 9494da0b1e3447c49fc2321876a13bbf-4a81914cea0642fd8937df500669ff86 received from {username='slave'} at 127.0.0.1:47112
I20260630 12:27:40.609160 12523 ts_tablet_manager.cc:1403] T f5d254ca8de4476d9f8bad40c2e87970 P 9494da0b1e3447c49fc2321876a13bbf: Time spent bootstrapping tablet: real 0.189s	user 0.135s	sys 0.027s
I20260630 12:27:40.609265 11885 tablet_copy_service.cc:434] P c87669cdc0794f7b8c98d797f189cf92: ending tablet copy session 9494da0b1e3447c49fc2321876a13bbf-4a81914cea0642fd8937df500669ff86 on tablet 4a81914cea0642fd8937df500669ff86 with peer 9494da0b1e3447c49fc2321876a13bbf
I20260630 12:27:40.612190 12523 raft_consensus.cc:359] T f5d254ca8de4476d9f8bad40c2e87970 P 9494da0b1e3447c49fc2321876a13bbf [term 1 LEARNER]: Replica starting. Triggering 0 pending ops. Active config: opid_index: 27 OBSOLETE_local: false peers { permanent_uuid: "c87669cdc0794f7b8c98d797f189cf92" member_type: VOTER last_known_addr { host: "127.7.45.129" port: 36619 } } peers { permanent_uuid: "3459281807cb4aca8b1e2cc87afe5c22" member_type: VOTER last_known_addr { host: "127.7.45.130" port: 33459 } } peers { permanent_uuid: "839151f4a1654b5495a03d2a2849719d" member_type: VOTER last_known_addr { host: "127.7.45.131" port: 39435 } attrs { replace: true } } peers { permanent_uuid: "9494da0b1e3447c49fc2321876a13bbf" member_type: NON_VOTER last_known_addr { host: "127.7.45.134" port: 36989 } attrs { promote: true } }
I20260630 12:27:40.613088 12523 raft_consensus.cc:740] T f5d254ca8de4476d9f8bad40c2e87970 P 9494da0b1e3447c49fc2321876a13bbf [term 1 LEARNER]: Becoming Follower/Learner. State: Replica: 9494da0b1e3447c49fc2321876a13bbf, State: Initialized, Role: LEARNER
I20260630 12:27:40.613762 12523 consensus_queue.cc:260] T f5d254ca8de4476d9f8bad40c2e87970 P 9494da0b1e3447c49fc2321876a13bbf [NON_LEADER]: Queue going to NON_LEADER mode. State: All replicated index: 0, Majority replicated index: 0, Committed index: 27, Last appended: 1.27, Last appended by leader: 27, Current term: 0, Majority size: -1, State: 0, Mode: NON_LEADER, active raft config: opid_index: 27 OBSOLETE_local: false peers { permanent_uuid: "c87669cdc0794f7b8c98d797f189cf92" member_type: VOTER last_known_addr { host: "127.7.45.129" port: 36619 } } peers { permanent_uuid: "3459281807cb4aca8b1e2cc87afe5c22" member_type: VOTER last_known_addr { host: "127.7.45.130" port: 33459 } } peers { permanent_uuid: "839151f4a1654b5495a03d2a2849719d" member_type: VOTER last_known_addr { host: "127.7.45.131" port: 39435 } attrs { replace: true } } peers { permanent_uuid: "9494da0b1e3447c49fc2321876a13bbf" member_type: NON_VOTER last_known_addr { host: "127.7.45.134" port: 36989 } attrs { promote: true } }
I20260630 12:27:40.616146 12523 ts_tablet_manager.cc:1434] T f5d254ca8de4476d9f8bad40c2e87970 P 9494da0b1e3447c49fc2321876a13bbf: Time spent starting tablet: real 0.007s	user 0.006s	sys 0.000s
I20260630 12:27:40.618103 11885 tablet_copy_service.cc:342] P c87669cdc0794f7b8c98d797f189cf92: Request end of tablet copy session 9494da0b1e3447c49fc2321876a13bbf-f5d254ca8de4476d9f8bad40c2e87970 received from {username='slave'} at 127.0.0.1:47112
I20260630 12:27:40.618593 11885 tablet_copy_service.cc:434] P c87669cdc0794f7b8c98d797f189cf92: ending tablet copy session 9494da0b1e3447c49fc2321876a13bbf-f5d254ca8de4476d9f8bad40c2e87970 on tablet f5d254ca8de4476d9f8bad40c2e87970 with peer 9494da0b1e3447c49fc2321876a13bbf
I20260630 12:27:40.751902 12525 tablet_bootstrap.cc:492] T e0103f8db61043c3821c44cf1d937841 P 58d0ebafb5e141818887806065e70ea2: Bootstrap replayed 1/1 log segments. Stats: ops{read=27 overwritten=0 applied=27 ignored=0} inserts{seen=113 ignored=0} mutations{seen=0 ignored=0} orphaned_commits=0. Pending: 0 replicates
I20260630 12:27:40.752897 12525 tablet_bootstrap.cc:492] T e0103f8db61043c3821c44cf1d937841 P 58d0ebafb5e141818887806065e70ea2: Bootstrap complete.
I20260630 12:27:40.753616 12525 ts_tablet_manager.cc:1403] T e0103f8db61043c3821c44cf1d937841 P 58d0ebafb5e141818887806065e70ea2: Time spent bootstrapping tablet: real 0.231s	user 0.149s	sys 0.009s
