I20260630 12:27:13.907151 11591 raft_consensus.cc:515] T a05c18b2eecb47c4bdb1065da4e5c583 P 44796b898abf4c60b7d7bb2ebdacad0d [term 0 FOLLOWER]: Starting pre-election with config: opid_index: -1 OBSOLETE_local: false peers { permanent_uuid: "6b8612200dd640d49a9fd2d4c215bd96" member_type: VOTER last_known_addr { host: "127.7.25.67" port: 38107 } } peers { permanent_uuid: "44796b898abf4c60b7d7bb2ebdacad0d" member_type: VOTER last_known_addr { host: "127.7.25.65" port: 44345 } } peers { permanent_uuid: "66d9d23e90ea4a05aef1cbed409c54b8" member_type: VOTER last_known_addr { host: "127.7.25.66" port: 45669 } }
I20260630 12:27:13.910075 11591 leader_election.cc:290] T a05c18b2eecb47c4bdb1065da4e5c583 P 44796b898abf4c60b7d7bb2ebdacad0d [CANDIDATE]: Term 1 pre-election: Requested pre-vote from peers 6b8612200dd640d49a9fd2d4c215bd96 (127.7.25.67:38107), 66d9d23e90ea4a05aef1cbed409c54b8 (127.7.25.66:45669)
I20260630 12:27:13.910003 11390 tablet_service.cc:1917] Received RequestConsensusVote() RPC: tablet_id: "a05c18b2eecb47c4bdb1065da4e5c583" candidate_uuid: "6b8612200dd640d49a9fd2d4c215bd96" candidate_term: 1 candidate_status { last_received { term: 0 index: 0 } } ignore_live_leader: false dest_uuid: "44796b898abf4c60b7d7bb2ebdacad0d" is_pre_election: true
I20260630 12:27:13.911006 11390 raft_consensus.cc:2468] T a05c18b2eecb47c4bdb1065da4e5c583 P 44796b898abf4c60b7d7bb2ebdacad0d [term 0 FOLLOWER]: Leader pre-election vote request: Granting yes vote for candidate 6b8612200dd640d49a9fd2d4c215bd96 in term 0.
I20260630 12:27:13.911796 11465 tablet_service.cc:1917] Received RequestConsensusVote() RPC: tablet_id: "a05c18b2eecb47c4bdb1065da4e5c583" candidate_uuid: "6b8612200dd640d49a9fd2d4c215bd96" candidate_term: 1 candidate_status { last_received { term: 0 index: 0 } } ignore_live_leader: false dest_uuid: "66d9d23e90ea4a05aef1cbed409c54b8" is_pre_election: true
I20260630 12:27:13.912946 11465 raft_consensus.cc:2468] T a05c18b2eecb47c4bdb1065da4e5c583 P 66d9d23e90ea4a05aef1cbed409c54b8 [term 0 FOLLOWER]: Leader pre-election vote request: Granting yes vote for candidate 6b8612200dd640d49a9fd2d4c215bd96 in term 0.
I20260630 12:27:13.914296 11503 leader_election.cc:304] T a05c18b2eecb47c4bdb1065da4e5c583 P 6b8612200dd640d49a9fd2d4c215bd96 [CANDIDATE]: Term 1 pre-election: Election decided. Result: candidate won. Election summary: received 2 responses out of 3 voters: 2 yes votes; 0 no votes. yes voters: 66d9d23e90ea4a05aef1cbed409c54b8, 6b8612200dd640d49a9fd2d4c215bd96; no voters: 
I20260630 12:27:13.915405 11592 raft_consensus.cc:2804] T a05c18b2eecb47c4bdb1065da4e5c583 P 6b8612200dd640d49a9fd2d4c215bd96 [term 0 FOLLOWER]: Leader pre-election won for term 1
I20260630 12:27:13.915794 11592 raft_consensus.cc:493] T a05c18b2eecb47c4bdb1065da4e5c583 P 6b8612200dd640d49a9fd2d4c215bd96 [term 0 FOLLOWER]: Starting leader election (no leader contacted us within the election timeout)
I20260630 12:27:13.916194 11592 raft_consensus.cc:3060] T a05c18b2eecb47c4bdb1065da4e5c583 P 6b8612200dd640d49a9fd2d4c215bd96 [term 0 FOLLOWER]: Advancing to term 1
I20260630 12:27:13.924419 11592 raft_consensus.cc:515] T a05c18b2eecb47c4bdb1065da4e5c583 P 6b8612200dd640d49a9fd2d4c215bd96 [term 1 FOLLOWER]: Starting leader election with config: opid_index: -1 OBSOLETE_local: false peers { permanent_uuid: "6b8612200dd640d49a9fd2d4c215bd96" member_type: VOTER last_known_addr { host: "127.7.25.67" port: 38107 } } peers { permanent_uuid: "44796b898abf4c60b7d7bb2ebdacad0d" member_type: VOTER last_known_addr { host: "127.7.25.65" port: 44345 } } peers { permanent_uuid: "66d9d23e90ea4a05aef1cbed409c54b8" member_type: VOTER last_known_addr { host: "127.7.25.66" port: 45669 } }
I20260630 12:27:13.925539 11539 tablet_service.cc:1917] Received RequestConsensusVote() RPC: tablet_id: "a05c18b2eecb47c4bdb1065da4e5c583" candidate_uuid: "44796b898abf4c60b7d7bb2ebdacad0d" candidate_term: 1 candidate_status { last_received { term: 0 index: 0 } } ignore_live_leader: false dest_uuid: "6b8612200dd640d49a9fd2d4c215bd96" is_pre_election: true
I20260630 12:27:13.926379 11539 raft_consensus.cc:2393] T a05c18b2eecb47c4bdb1065da4e5c583 P 6b8612200dd640d49a9fd2d4c215bd96 [term 1 FOLLOWER]: Leader pre-election vote request: Denying vote to candidate 44796b898abf4c60b7d7bb2ebdacad0d in current term 1: Already voted for candidate 6b8612200dd640d49a9fd2d4c215bd96 in this term.
I20260630 12:27:13.926363 11465 tablet_service.cc:1917] Received RequestConsensusVote() RPC: tablet_id: "a05c18b2eecb47c4bdb1065da4e5c583" candidate_uuid: "44796b898abf4c60b7d7bb2ebdacad0d" candidate_term: 1 candidate_status { last_received { term: 0 index: 0 } } ignore_live_leader: false dest_uuid: "66d9d23e90ea4a05aef1cbed409c54b8" is_pre_election: true
I20260630 12:27:13.926604 11592 leader_election.cc:290] T a05c18b2eecb47c4bdb1065da4e5c583 P 6b8612200dd640d49a9fd2d4c215bd96 [CANDIDATE]: Term 1 election: Requested vote from peers 44796b898abf4c60b7d7bb2ebdacad0d (127.7.25.65:44345), 66d9d23e90ea4a05aef1cbed409c54b8 (127.7.25.66:45669)
I20260630 12:27:13.927121 11465 raft_consensus.cc:2468] T a05c18b2eecb47c4bdb1065da4e5c583 P 66d9d23e90ea4a05aef1cbed409c54b8 [term 0 FOLLOWER]: Leader pre-election vote request: Granting yes vote for candidate 44796b898abf4c60b7d7bb2ebdacad0d in term 0.
I20260630 12:27:13.927825 11464 tablet_service.cc:1917] Received RequestConsensusVote() RPC: tablet_id: "a05c18b2eecb47c4bdb1065da4e5c583" candidate_uuid: "6b8612200dd640d49a9fd2d4c215bd96" candidate_term: 1 candidate_status { last_received { term: 0 index: 0 } } ignore_live_leader: false dest_uuid: "66d9d23e90ea4a05aef1cbed409c54b8"
I20260630 12:27:13.928103 11390 tablet_service.cc:1917] Received RequestConsensusVote() RPC: tablet_id: "a05c18b2eecb47c4bdb1065da4e5c583" candidate_uuid: "6b8612200dd640d49a9fd2d4c215bd96" candidate_term: 1 candidate_status { last_received { term: 0 index: 0 } } ignore_live_leader: false dest_uuid: "44796b898abf4c60b7d7bb2ebdacad0d"
I20260630 12:27:13.928341 11354 leader_election.cc:304] T a05c18b2eecb47c4bdb1065da4e5c583 P 44796b898abf4c60b7d7bb2ebdacad0d [CANDIDATE]: Term 1 pre-election: Election decided. Result: candidate won. Election summary: received 2 responses out of 3 voters: 2 yes votes; 0 no votes. yes voters: 44796b898abf4c60b7d7bb2ebdacad0d, 66d9d23e90ea4a05aef1cbed409c54b8; no voters: 
I20260630 12:27:13.928478 11464 raft_consensus.cc:3060] T a05c18b2eecb47c4bdb1065da4e5c583 P 66d9d23e90ea4a05aef1cbed409c54b8 [term 0 FOLLOWER]: Advancing to term 1
I20260630 12:27:13.928659 11390 raft_consensus.cc:3060] T a05c18b2eecb47c4bdb1065da4e5c583 P 44796b898abf4c60b7d7bb2ebdacad0d [term 0 FOLLOWER]: Advancing to term 1
I20260630 12:27:13.936218 11390 raft_consensus.cc:2468] T a05c18b2eecb47c4bdb1065da4e5c583 P 44796b898abf4c60b7d7bb2ebdacad0d [term 1 FOLLOWER]: Leader election vote request: Granting yes vote for candidate 6b8612200dd640d49a9fd2d4c215bd96 in term 1.
I20260630 12:27:13.936221 11464 raft_consensus.cc:2468] T a05c18b2eecb47c4bdb1065da4e5c583 P 66d9d23e90ea4a05aef1cbed409c54b8 [term 1 FOLLOWER]: Leader election vote request: Granting yes vote for candidate 6b8612200dd640d49a9fd2d4c215bd96 in term 1.
I20260630 12:27:13.936913 11591 raft_consensus.cc:2764] T a05c18b2eecb47c4bdb1065da4e5c583 P 44796b898abf4c60b7d7bb2ebdacad0d [term 1 FOLLOWER]: Leader pre-election decision vote started in defunct term 0: won
I20260630 12:27:13.937407 11503 leader_election.cc:304] T a05c18b2eecb47c4bdb1065da4e5c583 P 6b8612200dd640d49a9fd2d4c215bd96 [CANDIDATE]: Term 1 election: Election decided. Result: candidate won. Election summary: received 2 responses out of 3 voters: 2 yes votes; 0 no votes. yes voters: 44796b898abf4c60b7d7bb2ebdacad0d, 6b8612200dd640d49a9fd2d4c215bd96; no voters: 
I20260630 12:27:13.938161 11592 raft_consensus.cc:2804] T a05c18b2eecb47c4bdb1065da4e5c583 P 6b8612200dd640d49a9fd2d4c215bd96 [term 1 FOLLOWER]: Leader election won for term 1
I20260630 12:27:13.939770 11592 raft_consensus.cc:697] T a05c18b2eecb47c4bdb1065da4e5c583 P 6b8612200dd640d49a9fd2d4c215bd96 [term 1 LEADER]: Becoming Leader. State: Replica: 6b8612200dd640d49a9fd2d4c215bd96, State: Running, Role: LEADER
I20260630 12:27:13.940724 11592 consensus_queue.cc:237] T a05c18b2eecb47c4bdb1065da4e5c583 P 6b8612200dd640d49a9fd2d4c215bd96 [LEADER]: Queue going to LEADER mode. State: All replicated index: 0, Majority replicated index: 0, Committed index: 0, Last appended: 0.0, Last appended by leader: 0, Current term: 1, Majority size: 2, State: 0, Mode: LEADER, active raft config: opid_index: -1 OBSOLETE_local: false peers { permanent_uuid: "6b8612200dd640d49a9fd2d4c215bd96" member_type: VOTER last_known_addr { host: "127.7.25.67" port: 38107 } } peers { permanent_uuid: "44796b898abf4c60b7d7bb2ebdacad0d" member_type: VOTER last_known_addr { host: "127.7.25.65" port: 44345 } } peers { permanent_uuid: "66d9d23e90ea4a05aef1cbed409c54b8" member_type: VOTER last_known_addr { host: "127.7.25.66" port: 45669 } }
I20260630 12:27:13.947252 11287 catalog_manager.cc:5697] T a05c18b2eecb47c4bdb1065da4e5c583 P 6b8612200dd640d49a9fd2d4c215bd96 reported cstate change: term changed from 0 to 1, leader changed from <none> to 6b8612200dd640d49a9fd2d4c215bd96 (127.7.25.67). New cstate: current_term: 1 leader_uuid: "6b8612200dd640d49a9fd2d4c215bd96" committed_config { opid_index: -1 OBSOLETE_local: false peers { permanent_uuid: "6b8612200dd640d49a9fd2d4c215bd96" member_type: VOTER last_known_addr { host: "127.7.25.67" port: 38107 } health_report { overall_health: HEALTHY } } peers { permanent_uuid: "44796b898abf4c60b7d7bb2ebdacad0d" member_type: VOTER last_known_addr { host: "127.7.25.65" port: 44345 } health_report { overall_health: UNKNOWN } } peers { permanent_uuid: "66d9d23e90ea4a05aef1cbed409c54b8" member_type: VOTER last_known_addr { host: "127.7.25.66" port: 45669 } health_report { overall_health: UNKNOWN } } }
I20260630 12:27:14.119817 11336 placement_policy_util.cc:411] tablet a05c18b2eecb47c4bdb1065da4e5c583: detected majority of replicas (2 of 3) at location L0
I20260630 12:27:14.121943 11341 auto_leader_rebalancer.cc:141] leader rebalance for table test-workload
I20260630 12:27:14.123342 11341 auto_leader_rebalancer.cc:440] table: test-workload, leader rebalance finish, leader transfer count: 0
I20260630 12:27:14.123692 11341 auto_leader_rebalancer.cc:515] All tables' leader rebalancing finished this round
I20260630 12:27:14.398267 11592 consensus_queue.cc:1048] T a05c18b2eecb47c4bdb1065da4e5c583 P 6b8612200dd640d49a9fd2d4c215bd96 [LEADER]: Connected to new peer: Peer: permanent_uuid: "44796b898abf4c60b7d7bb2ebdacad0d" member_type: VOTER last_known_addr { host: "127.7.25.65" port: 44345 }, Status: LMP_MISMATCH, Last received: 0.0, Next index: 1, Last known committed idx: 0, Time since last communication: 0.000s
I20260630 12:27:14.409860 11599 consensus_queue.cc:1048] T a05c18b2eecb47c4bdb1065da4e5c583 P 6b8612200dd640d49a9fd2d4c215bd96 [LEADER]: Connected to new peer: Peer: permanent_uuid: "66d9d23e90ea4a05aef1cbed409c54b8" member_type: VOTER last_known_addr { host: "127.7.25.66" port: 45669 }, Status: LMP_MISMATCH, Last received: 0.0, Next index: 1, Last known committed idx: 0, Time since last communication: 0.000s
I20260630 12:27:15.128613 11336 placement_policy_util.cc:411] tablet a05c18b2eecb47c4bdb1065da4e5c583: detected majority of replicas (2 of 3) at location L0
I20260630 12:27:16.124747 11341 auto_leader_rebalancer.cc:141] leader rebalance for table test-workload
I20260630 12:27:16.126046 11341 auto_leader_rebalancer.cc:440] table: test-workload, leader rebalance finish, leader transfer count: 0
I20260630 12:27:16.126382 11341 auto_leader_rebalancer.cc:515] All tables' leader rebalancing finished this round
I20260630 12:27:16.136358 11336 placement_policy_util.cc:411] tablet a05c18b2eecb47c4bdb1065da4e5c583: detected majority of replicas (2 of 3) at location L0
I20260630 12:27:17.144088 11336 placement_policy_util.cc:411] tablet a05c18b2eecb47c4bdb1065da4e5c583: detected majority of replicas (2 of 3) at location L0
I20260630 12:27:18.127336 11341 auto_leader_rebalancer.cc:141] leader rebalance for table test-workload
I20260630 12:27:18.128710 11341 auto_leader_rebalancer.cc:440] table: test-workload, leader rebalance finish, leader transfer count: 0
I20260630 12:27:18.129029 11341 auto_leader_rebalancer.cc:515] All tables' leader rebalancing finished this round
I20260630 12:27:18.152340 11336 placement_policy_util.cc:411] tablet a05c18b2eecb47c4bdb1065da4e5c583: detected majority of replicas (2 of 3) at location L0
I20260630 12:27:19.161762 11336 placement_policy_util.cc:411] tablet a05c18b2eecb47c4bdb1065da4e5c583: detected majority of replicas (2 of 3) at location L0
I20260630 12:27:20.129945 11341 auto_leader_rebalancer.cc:141] leader rebalance for table test-workload
I20260630 12:27:20.131240 11341 auto_leader_rebalancer.cc:440] table: test-workload, leader rebalance finish, leader transfer count: 0
I20260630 12:27:20.131596 11341 auto_leader_rebalancer.cc:515] All tables' leader rebalancing finished this round
I20260630 12:27:20.171739 11336 placement_policy_util.cc:411] tablet a05c18b2eecb47c4bdb1065da4e5c583: detected majority of replicas (2 of 3) at location L0
I20260630 12:27:21.179589 11336 placement_policy_util.cc:411] tablet a05c18b2eecb47c4bdb1065da4e5c583: detected majority of replicas (2 of 3) at location L0
I20260630 12:27:22.132544 11341 auto_leader_rebalancer.cc:141] leader rebalance for table test-workload
I20260630 12:27:22.133821 11341 auto_leader_rebalancer.cc:440] table: test-workload, leader rebalance finish, leader transfer count: 0
I20260630 12:27:22.134135 11341 auto_leader_rebalancer.cc:515] All tables' leader rebalancing finished this round
I20260630 12:27:22.187440 11336 placement_policy_util.cc:411] tablet a05c18b2eecb47c4bdb1065da4e5c583: detected majority of replicas (2 of 3) at location L0
I20260630 12:27:23.194039 11336 placement_policy_util.cc:411] tablet a05c18b2eecb47c4bdb1065da4e5c583: detected majority of replicas (2 of 3) at location L0
I20260630 12:27:24.135319 11341 auto_leader_rebalancer.cc:141] leader rebalance for table test-workload
I20260630 12:27:24.137202 11341 auto_leader_rebalancer.cc:440] table: test-workload, leader rebalance finish, leader transfer count: 0
I20260630 12:27:24.137569 11341 auto_leader_rebalancer.cc:515] All tables' leader rebalancing finished this round
I20260630 12:27:24.201411 11336 placement_policy_util.cc:411] tablet a05c18b2eecb47c4bdb1065da4e5c583: detected majority of replicas (2 of 3) at location L0
I20260630 12:27:25.041903  7269 tablet_server.cc:179] TabletServer@127.7.25.65:0 shutting down...
I20260630 12:27:25.067848  7269 ts_tablet_manager.cc:1507] Shutting down tablet manager...
I20260630 12:27:25.068667  7269 tablet_replica.cc:333] T a05c18b2eecb47c4bdb1065da4e5c583 P 44796b898abf4c60b7d7bb2ebdacad0d: stopping tablet replica
I20260630 12:27:25.069262  7269 raft_consensus.cc:2243] T a05c18b2eecb47c4bdb1065da4e5c583 P 44796b898abf4c60b7d7bb2ebdacad0d [term 1 FOLLOWER]: Raft consensus shutting down.
I20260630 12:27:25.069862  7269 raft_consensus.cc:2272] T a05c18b2eecb47c4bdb1065da4e5c583 P 44796b898abf4c60b7d7bb2ebdacad0d [term 1 FOLLOWER]: Raft consensus is shut down!
I20260630 12:27:25.090847  7269 tablet_server.cc:196] TabletServer@127.7.25.65:0 shutdown complete.
I20260630 12:27:25.103520  7269 tablet_server.cc:179] TabletServer@127.7.25.66:0 shutting down...
I20260630 12:27:25.123111  7269 ts_tablet_manager.cc:1507] Shutting down tablet manager...
I20260630 12:27:25.123893  7269 tablet_replica.cc:333] T a05c18b2eecb47c4bdb1065da4e5c583 P 66d9d23e90ea4a05aef1cbed409c54b8: stopping tablet replica
I20260630 12:27:25.124619  7269 raft_consensus.cc:2243] T a05c18b2eecb47c4bdb1065da4e5c583 P 66d9d23e90ea4a05aef1cbed409c54b8 [term 1 FOLLOWER]: Raft consensus shutting down.
I20260630 12:27:25.125180  7269 raft_consensus.cc:2272] T a05c18b2eecb47c4bdb1065da4e5c583 P 66d9d23e90ea4a05aef1cbed409c54b8 [term 1 FOLLOWER]: Raft consensus is shut down!
I20260630 12:27:25.144829  7269 tablet_server.cc:196] TabletServer@127.7.25.66:0 shutdown complete.
I20260630 12:27:25.156087  7269 tablet_server.cc:179] TabletServer@127.7.25.67:0 shutting down...
I20260630 12:27:25.187721  7269 ts_tablet_manager.cc:1507] Shutting down tablet manager...
I20260630 12:27:25.188687  7269 tablet_replica.cc:333] T a05c18b2eecb47c4bdb1065da4e5c583 P 6b8612200dd640d49a9fd2d4c215bd96: stopping tablet replica
I20260630 12:27:25.189433  7269 raft_consensus.cc:2243] T a05c18b2eecb47c4bdb1065da4e5c583 P 6b8612200dd640d49a9fd2d4c215bd96 [term 1 LEADER]: Raft consensus shutting down.
I20260630 12:27:25.190796  7269 raft_consensus.cc:2272] T a05c18b2eecb47c4bdb1065da4e5c583 P 6b8612200dd640d49a9fd2d4c215bd96 [term 1 FOLLOWER]: Raft consensus is shut down!
I20260630 12:27:25.207926 11336 placement_policy_util.cc:411] tablet a05c18b2eecb47c4bdb1065da4e5c583: detected majority of replicas (2 of 3) at location L0
I20260630 12:27:25.211293  7269 tablet_server.cc:196] TabletServer@127.7.25.67:0 shutdown complete.
I20260630 12:27:25.222822  7269 master.cc:562] Master@127.7.25.126:32859 shutting down...
I20260630 12:27:25.240581  7269 raft_consensus.cc:2243] T 00000000000000000000000000000000 P 21d0298b082d44b8acba3f047f902a2d [term 1 LEADER]: Raft consensus shutting down.
I20260630 12:27:25.241158  7269 raft_consensus.cc:2272] T 00000000000000000000000000000000 P 21d0298b082d44b8acba3f047f902a2d [term 1 FOLLOWER]: Raft consensus is shut down!
I20260630 12:27:25.241447  7269 tablet_replica.cc:333] T 00000000000000000000000000000000 P 21d0298b082d44b8acba3f047f902a2d: stopping tablet replica
I20260630 12:27:25.259586  7269 master.cc:584] Master@127.7.25.126:32859 shutdown complete.
[       OK ] AutoRebalancerTest.NoReplicaMovesIfCannotFixPlacementPolicy (13295 ms)
[ RUN      ] AutoRebalancerTest.TestMaxMovesPerServer
I20260630 12:27:25.293843  7269 internal_mini_cluster.cc:156] Creating distributed mini masters. Addrs: 127.7.25.126:40243
I20260630 12:27:25.294920  7269 file_cache.cc:492] Constructed file cache file cache with capacity 419430
W20260630 12:27:25.300372 11610 instance_detector.cc:116] could not retrieve AWS instance metadata: Network error: curl error: HTTP response code said error: The requested URL returned error: 404
W20260630 12:27:25.300423 11611 instance_detector.cc:116] could not retrieve Azure instance metadata: Network error: curl error: HTTP response code said error: The requested URL returned error: 404
W20260630 12:27:25.302599 11613 instance_detector.cc:116] could not retrieve OpenStack instance metadata: Network error: curl error: HTTP response code said error: The requested URL returned error: 404
I20260630 12:27:25.302917  7269 server_base.cc:1061] running on GCE node
I20260630 12:27:25.303740  7269 hybrid_clock.cc:584] initializing the hybrid clock with 'system_unsync' time source
W20260630 12:27:25.303916  7269 system_unsync_time.cc:38] NTP support is disabled. Clock error bounds will not be accurate. This configuration is not suitable for distributed clusters.
I20260630 12:27:25.304112  7269 hybrid_clock.cc:648] HybridClock initialized: now 1782822445304098 us; error 0 us; skew 500 ppm
I20260630 12:27:25.304530  7269 server_base.cc:861] Flag tcmalloc_max_total_thread_cache_bytes is not working since tcmalloc is not enabled.
I20260630 12:27:25.306607  7269 webserver.cc:533] Webserver started at http://127.7.25.126:35269/ using document root <none> and password file <none>
I20260630 12:27:25.307030  7269 fs_manager.cc:362] Metadata directory not provided
I20260630 12:27:25.307183  7269 fs_manager.cc:368] Using write-ahead log directory (fs_wal_dir) as metadata directory
I20260630 12:27:25.307406  7269 server_base.cc:909] This appears to be a new deployment of Kudu; creating new FS layout
I20260630 12:27:25.308573  7269 fs_manager.cc:1068] Generated new instance metadata in path /tmp/dist-test-task4gGiuO/test-tmp/auto_rebalancer-test.0.AutoRebalancerTest.TestMaxMovesPerServer.1782822322799407-7269-0/minicluster-data/master-0-root/instance:
uuid: "9769b18a117a45dfa93dc979d774fd3d"
format_stamp: "Formatted at 2026-06-30 12:27:25 on dist-test-slave-dl2z"
I20260630 12:27:25.312583  7269 fs_manager.cc:696] Time spent creating directory manager: real 0.003s	user 0.001s	sys 0.003s
I20260630 12:27:25.315678 11618 log_block_manager.cc:4031] Time spent loading block containers with low live blocks: real 0.000s	user 0.000s	sys 0.000s
I20260630 12:27:25.316398  7269 fs_manager.cc:730] Time spent opening block manager: real 0.002s	user 0.002s	sys 0.001s
I20260630 12:27:25.316623  7269 fs_manager.cc:647] Opened local filesystem: /tmp/dist-test-task4gGiuO/test-tmp/auto_rebalancer-test.0.AutoRebalancerTest.TestMaxMovesPerServer.1782822322799407-7269-0/minicluster-data/master-0-root
uuid: "9769b18a117a45dfa93dc979d774fd3d"
format_stamp: "Formatted at 2026-06-30 12:27:25 on dist-test-slave-dl2z"
I20260630 12:27:25.316831  7269 fs_report.cc:389] FS layout report
--------------------
wal directory: /tmp/dist-test-task4gGiuO/test-tmp/auto_rebalancer-test.0.AutoRebalancerTest.TestMaxMovesPerServer.1782822322799407-7269-0/minicluster-data/master-0-root
metadata directory: /tmp/dist-test-task4gGiuO/test-tmp/auto_rebalancer-test.0.AutoRebalancerTest.TestMaxMovesPerServer.1782822322799407-7269-0/minicluster-data/master-0-root
1 data directories: /tmp/dist-test-task4gGiuO/test-tmp/auto_rebalancer-test.0.AutoRebalancerTest.TestMaxMovesPerServer.1782822322799407-7269-0/minicluster-data/master-0-root/data
Total live blocks: 0
Total live bytes: 0
Total live bytes (after alignment): 0
Total number of LBM containers: 0 (0 full)
Did not check for missing blocks
Did not check for orphaned blocks
Total full LBM containers with extra space: 0 (0 repaired)
Total full LBM container extra space in bytes: 0 (0 repaired)
Total incomplete LBM containers: 0 (0 repaired)
Total LBM partial records: 0 (0 repaired)
Total corrupted LBM metadata records in RocksDB: 0 (0 repaired)
I20260630 12:27:25.337524  7269 rpc_server.cc:225] running with OpenSSL 1.1.1  11 Sep 2018
I20260630 12:27:25.338646  7269 kserver.cc:163] Server-wide thread pool size limit: 3276
I20260630 12:27:25.375053  7269 rpc_server.cc:307] RPC server started. Bound to: 127.7.25.126:40243
I20260630 12:27:25.375150 11669 acceptor_pool.cc:272] collecting diagnostics on the listening RPC socket 127.7.25.126:40243 every 8 connection(s)
I20260630 12:27:25.378899 11670 data_dirs.cc:400] Could only allocate 1 dirs of requested 3 for tablet 00000000000000000000000000000000. 1 dirs total, 0 dirs full, 0 dirs failed
I20260630 12:27:25.389623 11670 tablet_bootstrap.cc:492] T 00000000000000000000000000000000 P 9769b18a117a45dfa93dc979d774fd3d: Bootstrap starting.
I20260630 12:27:25.393992 11670 tablet_bootstrap.cc:654] T 00000000000000000000000000000000 P 9769b18a117a45dfa93dc979d774fd3d: Neither blocks nor log segments found. Creating new log.
I20260630 12:27:25.397802 11670 tablet_bootstrap.cc:492] T 00000000000000000000000000000000 P 9769b18a117a45dfa93dc979d774fd3d: No bootstrap required, opened a new log
I20260630 12:27:25.399799 11670 raft_consensus.cc:359] T 00000000000000000000000000000000 P 9769b18a117a45dfa93dc979d774fd3d [term 0 FOLLOWER]: Replica starting. Triggering 0 pending ops. Active config: opid_index: -1 OBSOLETE_local: true peers { permanent_uuid: "9769b18a117a45dfa93dc979d774fd3d" member_type: VOTER }
I20260630 12:27:25.400269 11670 raft_consensus.cc:385] T 00000000000000000000000000000000 P 9769b18a117a45dfa93dc979d774fd3d [term 0 FOLLOWER]: Consensus starting up: Expiring failure detector timer to make a prompt election more likely
I20260630 12:27:25.400503 11670 raft_consensus.cc:740] T 00000000000000000000000000000000 P 9769b18a117a45dfa93dc979d774fd3d [term 0 FOLLOWER]: Becoming Follower/Learner. State: Replica: 9769b18a117a45dfa93dc979d774fd3d, State: Initialized, Role: FOLLOWER
I20260630 12:27:25.401109 11670 consensus_queue.cc:260] T 00000000000000000000000000000000 P 9769b18a117a45dfa93dc979d774fd3d [NON_LEADER]: Queue going to NON_LEADER mode. State: All replicated index: 0, Majority replicated index: 0, Committed index: 0, Last appended: 0.0, Last appended by leader: 0, Current term: 0, Majority size: -1, State: 0, Mode: NON_LEADER, active raft config: opid_index: -1 OBSOLETE_local: true peers { permanent_uuid: "9769b18a117a45dfa93dc979d774fd3d" member_type: VOTER }
I20260630 12:27:25.401592 11670 raft_consensus.cc:399] T 00000000000000000000000000000000 P 9769b18a117a45dfa93dc979d774fd3d [term 0 FOLLOWER]: Only one voter in the Raft config. Triggering election immediately
I20260630 12:27:25.401816 11670 raft_consensus.cc:493] T 00000000000000000000000000000000 P 9769b18a117a45dfa93dc979d774fd3d [term 0 FOLLOWER]: Starting leader election (initial election of a single-replica configuration)
I20260630 12:27:25.402101 11670 raft_consensus.cc:3060] T 00000000000000000000000000000000 P 9769b18a117a45dfa93dc979d774fd3d [term 0 FOLLOWER]: Advancing to term 1
I20260630 12:27:25.406585 11670 raft_consensus.cc:515] T 00000000000000000000000000000000 P 9769b18a117a45dfa93dc979d774fd3d [term 1 FOLLOWER]: Starting leader election with config: opid_index: -1 OBSOLETE_local: true peers { permanent_uuid: "9769b18a117a45dfa93dc979d774fd3d" member_type: VOTER }
I20260630 12:27:25.407109 11670 leader_election.cc:304] T 00000000000000000000000000000000 P 9769b18a117a45dfa93dc979d774fd3d [CANDIDATE]: Term 1 election: Election decided. Result: candidate won. Election summary: received 1 responses out of 1 voters: 1 yes votes; 0 no votes. yes voters: 9769b18a117a45dfa93dc979d774fd3d; no voters: 
I20260630 12:27:25.408262 11670 leader_election.cc:290] T 00000000000000000000000000000000 P 9769b18a117a45dfa93dc979d774fd3d [CANDIDATE]: Term 1 election: Requested vote from peers 
I20260630 12:27:25.408569 11673 raft_consensus.cc:2804] T 00000000000000000000000000000000 P 9769b18a117a45dfa93dc979d774fd3d [term 1 FOLLOWER]: Leader election won for term 1
I20260630 12:27:25.409863 11673 raft_consensus.cc:697] T 00000000000000000000000000000000 P 9769b18a117a45dfa93dc979d774fd3d [term 1 LEADER]: Becoming Leader. State: Replica: 9769b18a117a45dfa93dc979d774fd3d, State: Running, Role: LEADER
I20260630 12:27:25.410585 11673 consensus_queue.cc:237] T 00000000000000000000000000000000 P 9769b18a117a45dfa93dc979d774fd3d [LEADER]: Queue going to LEADER mode. State: All replicated index: 0, Majority replicated index: 0, Committed index: 0, Last appended: 0.0, Last appended by leader: 0, Current term: 1, Majority size: 1, State: 0, Mode: LEADER, active raft config: opid_index: -1 OBSOLETE_local: true peers { permanent_uuid: "9769b18a117a45dfa93dc979d774fd3d" member_type: VOTER }
I20260630 12:27:25.411144 11670 sys_catalog.cc:565] T 00000000000000000000000000000000 P 9769b18a117a45dfa93dc979d774fd3d [sys.catalog]: configured and running, proceeding with master startup.
I20260630 12:27:25.413684 11675 sys_catalog.cc:455] T 00000000000000000000000000000000 P 9769b18a117a45dfa93dc979d774fd3d [sys.catalog]: SysCatalogTable state changed. Reason: New leader 9769b18a117a45dfa93dc979d774fd3d. Latest consensus state: current_term: 1 leader_uuid: "9769b18a117a45dfa93dc979d774fd3d" committed_config { opid_index: -1 OBSOLETE_local: true peers { permanent_uuid: "9769b18a117a45dfa93dc979d774fd3d" member_type: VOTER } }
I20260630 12:27:25.413744 11674 sys_catalog.cc:455] T 00000000000000000000000000000000 P 9769b18a117a45dfa93dc979d774fd3d [sys.catalog]: SysCatalogTable state changed. Reason: RaftConsensus started. Latest consensus state: current_term: 1 leader_uuid: "9769b18a117a45dfa93dc979d774fd3d" committed_config { opid_index: -1 OBSOLETE_local: true peers { permanent_uuid: "9769b18a117a45dfa93dc979d774fd3d" member_type: VOTER } }
I20260630 12:27:25.414465 11675 sys_catalog.cc:458] T 00000000000000000000000000000000 P 9769b18a117a45dfa93dc979d774fd3d [sys.catalog]: This master's current role is: LEADER
I20260630 12:27:25.414827 11674 sys_catalog.cc:458] T 00000000000000000000000000000000 P 9769b18a117a45dfa93dc979d774fd3d [sys.catalog]: This master's current role is: LEADER
I20260630 12:27:25.422022 11679 catalog_manager.cc:1511] Loading table and tablet metadata into memory...
I20260630 12:27:25.430362 11679 catalog_manager.cc:1520] Initializing Kudu cluster ID...
I20260630 12:27:25.431348  7269 internal_mini_cluster.cc:184] Waiting to initialize catalog manager on master 0
I20260630 12:27:25.439019 11679 catalog_manager.cc:1383] Generated new cluster ID: b9f16dab18d24320bab67ef42b9d89fd
I20260630 12:27:25.439288 11679 catalog_manager.cc:1531] Initializing Kudu internal certificate authority...
I20260630 12:27:25.473747 11679 catalog_manager.cc:1406] Generated new certificate authority record
I20260630 12:27:25.474972 11679 catalog_manager.cc:1540] Loading token signing keys...
I20260630 12:27:25.485929 11679 catalog_manager.cc:6070] T 00000000000000000000000000000000 P 9769b18a117a45dfa93dc979d774fd3d: Generated new TSK 0
I20260630 12:27:25.486546 11679 catalog_manager.cc:1550] Initializing in-progress tserver states...
I20260630 12:27:25.497993  7269 file_cache.cc:492] Constructed file cache file cache with capacity 419430
W20260630 12:27:25.503346 11691 instance_detector.cc:116] could not retrieve AWS instance metadata: Network error: curl error: HTTP response code said error: The requested URL returned error: 404
W20260630 12:27:25.504596 11692 instance_detector.cc:116] could not retrieve Azure instance metadata: Network error: curl error: HTTP response code said error: The requested URL returned error: 404
W20260630 12:27:25.505975 11694 instance_detector.cc:116] could not retrieve OpenStack instance metadata: Network error: curl error: HTTP response code said error: The requested URL returned error: 404
I20260630 12:27:25.506655  7269 server_base.cc:1061] running on GCE node
I20260630 12:27:25.507526  7269 hybrid_clock.cc:584] initializing the hybrid clock with 'system_unsync' time source
W20260630 12:27:25.507730  7269 system_unsync_time.cc:38] NTP support is disabled. Clock error bounds will not be accurate. This configuration is not suitable for distributed clusters.
I20260630 12:27:25.507903  7269 hybrid_clock.cc:648] HybridClock initialized: now 1782822445507885 us; error 0 us; skew 500 ppm
I20260630 12:27:25.508455  7269 server_base.cc:861] Flag tcmalloc_max_total_thread_cache_bytes is not working since tcmalloc is not enabled.
I20260630 12:27:25.510589  7269 webserver.cc:533] Webserver started at http://127.7.25.65:39351/ using document root <none> and password file <none>
I20260630 12:27:25.511066  7269 fs_manager.cc:362] Metadata directory not provided
I20260630 12:27:25.511257  7269 fs_manager.cc:368] Using write-ahead log directory (fs_wal_dir) as metadata directory
I20260630 12:27:25.511543  7269 server_base.cc:909] This appears to be a new deployment of Kudu; creating new FS layout
I20260630 12:27:25.512642  7269 fs_manager.cc:1068] Generated new instance metadata in path /tmp/dist-test-task4gGiuO/test-tmp/auto_rebalancer-test.0.AutoRebalancerTest.TestMaxMovesPerServer.1782822322799407-7269-0/minicluster-data/ts-0-root/instance:
uuid: "acfd85062f26474db46342bed1c76f91"
format_stamp: "Formatted at 2026-06-30 12:27:25 on dist-test-slave-dl2z"
I20260630 12:27:25.516885  7269 fs_manager.cc:696] Time spent creating directory manager: real 0.004s	user 0.003s	sys 0.001s
I20260630 12:27:25.520068 11699 log_block_manager.cc:4031] Time spent loading block containers with low live blocks: real 0.000s	user 0.000s	sys 0.000s
I20260630 12:27:25.520807  7269 fs_manager.cc:730] Time spent opening block manager: real 0.002s	user 0.002s	sys 0.001s
I20260630 12:27:25.521090  7269 fs_manager.cc:647] Opened local filesystem: /tmp/dist-test-task4gGiuO/test-tmp/auto_rebalancer-test.0.AutoRebalancerTest.TestMaxMovesPerServer.1782822322799407-7269-0/minicluster-data/ts-0-root
uuid: "acfd85062f26474db46342bed1c76f91"
format_stamp: "Formatted at 2026-06-30 12:27:25 on dist-test-slave-dl2z"
I20260630 12:27:25.521344  7269 fs_report.cc:389] FS layout report
--------------------
wal directory: /tmp/dist-test-task4gGiuO/test-tmp/auto_rebalancer-test.0.AutoRebalancerTest.TestMaxMovesPerServer.1782822322799407-7269-0/minicluster-data/ts-0-root
metadata directory: /tmp/dist-test-task4gGiuO/test-tmp/auto_rebalancer-test.0.AutoRebalancerTest.TestMaxMovesPerServer.1782822322799407-7269-0/minicluster-data/ts-0-root
1 data directories: /tmp/dist-test-task4gGiuO/test-tmp/auto_rebalancer-test.0.AutoRebalancerTest.TestMaxMovesPerServer.1782822322799407-7269-0/minicluster-data/ts-0-root/data
Total live blocks: 0
Total live bytes: 0
Total live bytes (after alignment): 0
Total number of LBM containers: 0 (0 full)
Did not check for missing blocks
Did not check for orphaned blocks
Total full LBM containers with extra space: 0 (0 repaired)
Total full LBM container extra space in bytes: 0 (0 repaired)
Total incomplete LBM containers: 0 (0 repaired)
Total LBM partial records: 0 (0 repaired)
Total corrupted LBM metadata records in RocksDB: 0 (0 repaired)
I20260630 12:27:25.543176  7269 rpc_server.cc:225] running with OpenSSL 1.1.1  11 Sep 2018
I20260630 12:27:25.544456  7269 kserver.cc:163] Server-wide thread pool size limit: 3276
I20260630 12:27:25.545879  7269 txn_system_client.cc:432] TxnSystemClient initialization is disabled...
I20260630 12:27:25.548164  7269 ts_tablet_manager.cc:585] Loaded tablet metadata (0 total tablets, 0 live tablets)
I20260630 12:27:25.548398  7269 ts_tablet_manager.cc:531] Time spent load tablet metadata: real 0.000s	user 0.000s	sys 0.000s
I20260630 12:27:25.548646  7269 ts_tablet_manager.cc:616] Registered 0 tablets
I20260630 12:27:25.548833  7269 ts_tablet_manager.cc:595] Time spent register tablets: real 0.000s	user 0.000s	sys 0.000s
I20260630 12:27:25.586740  7269 rpc_server.cc:307] RPC server started. Bound to: 127.7.25.65:46339
I20260630 12:27:25.586828 11761 acceptor_pool.cc:272] collecting diagnostics on the listening RPC socket 127.7.25.65:46339 every 8 connection(s)
I20260630 12:27:25.591635  7269 file_cache.cc:492] Constructed file cache file cache with capacity 419430
W20260630 12:27:25.599191 11766 instance_detector.cc:116] could not retrieve AWS instance metadata: Network error: curl error: HTTP response code said error: The requested URL returned error: 404
W20260630 12:27:25.603475 11767 instance_detector.cc:116] could not retrieve Azure instance metadata: Network error: curl error: HTTP response code said error: The requested URL returned error: 404
I20260630 12:27:25.604287  7269 server_base.cc:1061] running on GCE node
I20260630 12:27:25.604678 11762 heartbeater.cc:344] Connected to a master server at 127.7.25.126:40243
I20260630 12:27:25.605120 11762 heartbeater.cc:461] Registering TS with master...
W20260630 12:27:25.605672 11769 instance_detector.cc:116] could not retrieve OpenStack instance metadata: Network error: curl error: HTTP response code said error: The requested URL returned error: 404
I20260630 12:27:25.606107 11762 heartbeater.cc:507] Master 127.7.25.126:40243 requested a full tablet report, sending...
I20260630 12:27:25.606720  7269 hybrid_clock.cc:584] initializing the hybrid clock with 'system_unsync' time source
W20260630 12:27:25.606961  7269 system_unsync_time.cc:38] NTP support is disabled. Clock error bounds will not be accurate. This configuration is not suitable for distributed clusters.
I20260630 12:27:25.607141  7269 hybrid_clock.cc:648] HybridClock initialized: now 1782822445607125 us; error 0 us; skew 500 ppm
I20260630 12:27:25.607758  7269 server_base.cc:861] Flag tcmalloc_max_total_thread_cache_bytes is not working since tcmalloc is not enabled.
I20260630 12:27:25.608397 11635 ts_manager.cc:194] Registered new tserver with Master: acfd85062f26474db46342bed1c76f91 (127.7.25.65:46339)
I20260630 12:27:25.611626 11635 master_service.cc:502] Signed X509 certificate for tserver {username='slave'} at 127.0.0.1:59210
I20260630 12:27:25.614020  7269 webserver.cc:533] Webserver started at http://127.7.25.66:36081/ using document root <none> and password file <none>
I20260630 12:27:25.614542  7269 fs_manager.cc:362] Metadata directory not provided
I20260630 12:27:25.614748  7269 fs_manager.cc:368] Using write-ahead log directory (fs_wal_dir) as metadata directory
I20260630 12:27:25.615017  7269 server_base.cc:909] This appears to be a new deployment of Kudu; creating new FS layout
I20260630 12:27:25.616238  7269 fs_manager.cc:1068] Generated new instance metadata in path /tmp/dist-test-task4gGiuO/test-tmp/auto_rebalancer-test.0.AutoRebalancerTest.TestMaxMovesPerServer.1782822322799407-7269-0/minicluster-data/ts-1-root/instance:
uuid: "264bdd6d91c141dba6c4d1eb76afebfa"
format_stamp: "Formatted at 2026-06-30 12:27:25 on dist-test-slave-dl2z"
I20260630 12:27:25.620348  7269 fs_manager.cc:696] Time spent creating directory manager: real 0.004s	user 0.003s	sys 0.001s
I20260630 12:27:25.623579 11774 log_block_manager.cc:4031] Time spent loading block containers with low live blocks: real 0.000s	user 0.000s	sys 0.000s
I20260630 12:27:25.624334  7269 fs_manager.cc:730] Time spent opening block manager: real 0.002s	user 0.002s	sys 0.001s
I20260630 12:27:25.624625  7269 fs_manager.cc:647] Opened local filesystem: /tmp/dist-test-task4gGiuO/test-tmp/auto_rebalancer-test.0.AutoRebalancerTest.TestMaxMovesPerServer.1782822322799407-7269-0/minicluster-data/ts-1-root
uuid: "264bdd6d91c141dba6c4d1eb76afebfa"
format_stamp: "Formatted at 2026-06-30 12:27:25 on dist-test-slave-dl2z"
I20260630 12:27:25.624907  7269 fs_report.cc:389] FS layout report
--------------------
wal directory: /tmp/dist-test-task4gGiuO/test-tmp/auto_rebalancer-test.0.AutoRebalancerTest.TestMaxMovesPerServer.1782822322799407-7269-0/minicluster-data/ts-1-root
metadata directory: /tmp/dist-test-task4gGiuO/test-tmp/auto_rebalancer-test.0.AutoRebalancerTest.TestMaxMovesPerServer.1782822322799407-7269-0/minicluster-data/ts-1-root
1 data directories: /tmp/dist-test-task4gGiuO/test-tmp/auto_rebalancer-test.0.AutoRebalancerTest.TestMaxMovesPerServer.1782822322799407-7269-0/minicluster-data/ts-1-root/data
Total live blocks: 0
Total live bytes: 0
Total live bytes (after alignment): 0
Total number of LBM containers: 0 (0 full)
Did not check for missing blocks
Did not check for orphaned blocks
Total full LBM containers with extra space: 0 (0 repaired)
Total full LBM container extra space in bytes: 0 (0 repaired)
Total incomplete LBM containers: 0 (0 repaired)
Total LBM partial records: 0 (0 repaired)
Total corrupted LBM metadata records in RocksDB: 0 (0 repaired)
I20260630 12:27:25.651556  7269 rpc_server.cc:225] running with OpenSSL 1.1.1  11 Sep 2018
I20260630 12:27:25.652724  7269 kserver.cc:163] Server-wide thread pool size limit: 3276
I20260630 12:27:25.654393  7269 txn_system_client.cc:432] TxnSystemClient initialization is disabled...
I20260630 12:27:25.656625  7269 ts_tablet_manager.cc:585] Loaded tablet metadata (0 total tablets, 0 live tablets)
I20260630 12:27:25.656850  7269 ts_tablet_manager.cc:531] Time spent load tablet metadata: real 0.000s	user 0.000s	sys 0.000s
I20260630 12:27:25.657087  7269 ts_tablet_manager.cc:616] Registered 0 tablets
I20260630 12:27:25.657256  7269 ts_tablet_manager.cc:595] Time spent register tablets: real 0.000s	user 0.000s	sys 0.000s
I20260630 12:27:25.694715  7269 rpc_server.cc:307] RPC server started. Bound to: 127.7.25.66:42109
I20260630 12:27:25.694803 11836 acceptor_pool.cc:272] collecting diagnostics on the listening RPC socket 127.7.25.66:42109 every 8 connection(s)
I20260630 12:27:25.699329  7269 file_cache.cc:492] Constructed file cache file cache with capacity 419430
W20260630 12:27:25.706646 11840 instance_detector.cc:116] could not retrieve AWS instance metadata: Network error: curl error: HTTP response code said error: The requested URL returned error: 404
W20260630 12:27:25.708946 11841 instance_detector.cc:116] could not retrieve Azure instance metadata: Network error: curl error: HTTP response code said error: The requested URL returned error: 404
W20260630 12:27:25.709798 11843 instance_detector.cc:116] could not retrieve OpenStack instance metadata: Network error: curl error: HTTP response code said error: The requested URL returned error: 404
I20260630 12:27:25.711149  7269 server_base.cc:1061] running on GCE node
I20260630 12:27:25.712227  7269 hybrid_clock.cc:584] initializing the hybrid clock with 'system_unsync' time source
W20260630 12:27:25.712504  7269 system_unsync_time.cc:38] NTP support is disabled. Clock error bounds will not be accurate. This configuration is not suitable for distributed clusters.
I20260630 12:27:25.712725  7269 hybrid_clock.cc:648] HybridClock initialized: now 1782822445712705 us; error 0 us; skew 500 ppm
I20260630 12:27:25.712826 11837 heartbeater.cc:344] Connected to a master server at 127.7.25.126:40243
I20260630 12:27:25.713227 11837 heartbeater.cc:461] Registering TS with master...
I20260630 12:27:25.713450  7269 server_base.cc:861] Flag tcmalloc_max_total_thread_cache_bytes is not working since tcmalloc is not enabled.
I20260630 12:27:25.714144 11837 heartbeater.cc:507] Master 127.7.25.126:40243 requested a full tablet report, sending...
I20260630 12:27:25.716208  7269 webserver.cc:533] Webserver started at http://127.7.25.67:42747/ using document root <none> and password file <none>
I20260630 12:27:25.716348 11635 ts_manager.cc:194] Registered new tserver with Master: 264bdd6d91c141dba6c4d1eb76afebfa (127.7.25.66:42109)
I20260630 12:27:25.716764  7269 fs_manager.cc:362] Metadata directory not provided
I20260630 12:27:25.717038  7269 fs_manager.cc:368] Using write-ahead log directory (fs_wal_dir) as metadata directory
I20260630 12:27:25.717305  7269 server_base.cc:909] This appears to be a new deployment of Kudu; creating new FS layout
I20260630 12:27:25.717864 11635 master_service.cc:502] Signed X509 certificate for tserver {username='slave'} at 127.0.0.1:59218
I20260630 12:27:25.718464  7269 fs_manager.cc:1068] Generated new instance metadata in path /tmp/dist-test-task4gGiuO/test-tmp/auto_rebalancer-test.0.AutoRebalancerTest.TestMaxMovesPerServer.1782822322799407-7269-0/minicluster-data/ts-2-root/instance:
uuid: "98a3313c49d34a33a3d0b7a700cd85a3"
format_stamp: "Formatted at 2026-06-30 12:27:25 on dist-test-slave-dl2z"
I20260630 12:27:25.723405  7269 fs_manager.cc:696] Time spent creating directory manager: real 0.004s	user 0.004s	sys 0.002s
I20260630 12:27:25.726785 11848 log_block_manager.cc:4031] Time spent loading block containers with low live blocks: real 0.000s	user 0.000s	sys 0.000s
I20260630 12:27:25.727478  7269 fs_manager.cc:730] Time spent opening block manager: real 0.002s	user 0.002s	sys 0.000s
I20260630 12:27:25.727718  7269 fs_manager.cc:647] Opened local filesystem: /tmp/dist-test-task4gGiuO/test-tmp/auto_rebalancer-test.0.AutoRebalancerTest.TestMaxMovesPerServer.1782822322799407-7269-0/minicluster-data/ts-2-root
uuid: "98a3313c49d34a33a3d0b7a700cd85a3"
format_stamp: "Formatted at 2026-06-30 12:27:25 on dist-test-slave-dl2z"
I20260630 12:27:25.728011  7269 fs_report.cc:389] FS layout report
--------------------
wal directory: /tmp/dist-test-task4gGiuO/test-tmp/auto_rebalancer-test.0.AutoRebalancerTest.TestMaxMovesPerServer.1782822322799407-7269-0/minicluster-data/ts-2-root
metadata directory: /tmp/dist-test-task4gGiuO/test-tmp/auto_rebalancer-test.0.AutoRebalancerTest.TestMaxMovesPerServer.1782822322799407-7269-0/minicluster-data/ts-2-root
1 data directories: /tmp/dist-test-task4gGiuO/test-tmp/auto_rebalancer-test.0.AutoRebalancerTest.TestMaxMovesPerServer.1782822322799407-7269-0/minicluster-data/ts-2-root/data
Total live blocks: 0
Total live bytes: 0
Total live bytes (after alignment): 0
Total number of LBM containers: 0 (0 full)
Did not check for missing blocks
Did not check for orphaned blocks
Total full LBM containers with extra space: 0 (0 repaired)
Total full LBM container extra space in bytes: 0 (0 repaired)
Total incomplete LBM containers: 0 (0 repaired)
Total LBM partial records: 0 (0 repaired)
Total corrupted LBM metadata records in RocksDB: 0 (0 repaired)
I20260630 12:27:25.751255  7269 rpc_server.cc:225] running with OpenSSL 1.1.1  11 Sep 2018
I20260630 12:27:25.752291  7269 kserver.cc:163] Server-wide thread pool size limit: 3276
I20260630 12:27:25.753616  7269 txn_system_client.cc:432] TxnSystemClient initialization is disabled...
I20260630 12:27:25.755678  7269 ts_tablet_manager.cc:585] Loaded tablet metadata (0 total tablets, 0 live tablets)
I20260630 12:27:25.755875  7269 ts_tablet_manager.cc:531] Time spent load tablet metadata: real 0.000s	user 0.000s	sys 0.000s
I20260630 12:27:25.756150  7269 ts_tablet_manager.cc:616] Registered 0 tablets
I20260630 12:27:25.756311  7269 ts_tablet_manager.cc:595] Time spent register tablets: real 0.000s	user 0.000s	sys 0.000s
I20260630 12:27:25.794036  7269 rpc_server.cc:307] RPC server started. Bound to: 127.7.25.67:44777
I20260630 12:27:25.794126 11910 acceptor_pool.cc:272] collecting diagnostics on the listening RPC socket 127.7.25.67:44777 every 8 connection(s)
I20260630 12:27:25.807613 11911 heartbeater.cc:344] Connected to a master server at 127.7.25.126:40243
I20260630 12:27:25.808050 11911 heartbeater.cc:461] Registering TS with master...
I20260630 12:27:25.808775 11911 heartbeater.cc:507] Master 127.7.25.126:40243 requested a full tablet report, sending...
I20260630 12:27:25.810643 11635 ts_manager.cc:194] Registered new tserver with Master: 98a3313c49d34a33a3d0b7a700cd85a3 (127.7.25.67:44777)
I20260630 12:27:25.811638  7269 internal_mini_cluster.cc:371] 3 TS(s) registered with all masters after 0.014550309s
I20260630 12:27:25.812244 11635 master_service.cc:502] Signed X509 certificate for tserver {username='slave'} at 127.0.0.1:59226
I20260630 12:27:26.614516 11762 heartbeater.cc:499] Master 127.7.25.126:40243 was elected leader, sending a full tablet report...
I20260630 12:27:26.720763 11837 heartbeater.cc:499] Master 127.7.25.126:40243 was elected leader, sending a full tablet report...
I20260630 12:27:26.814702 11911 heartbeater.cc:499] Master 127.7.25.126:40243 was elected leader, sending a full tablet report...
I20260630 12:27:26.868834 11635 catalog_manager.cc:2283] Servicing CreateTable request from {username='slave'} at 127.0.0.1:59238:
name: "test-workload"
schema {
  columns {
    name: "key"
    type: INT32
    is_key: true
    is_nullable: false
    encoding: AUTO_ENCODING
    compression: DEFAULT_COMPRESSION
    cfile_block_size: 0
    immutable: false
  }
  columns {
    name: "int_val"
    type: INT32
    is_key: false
    is_nullable: false
    encoding: AUTO_ENCODING
    compression: DEFAULT_COMPRESSION
    cfile_block_size: 0
    immutable: false
  }
  columns {
    name: "string_val"
    type: STRING
    is_key: false
    is_nullable: true
    encoding: AUTO_ENCODING
    compression: DEFAULT_COMPRESSION
    cfile_block_size: 0
    immutable: false
  }
}
num_replicas: 3
split_rows_range_bounds {
  rows: "\004\001\000\252\252\252\n\004\001\000TUU\025\004\001\000\376\377\377\037\004\001\000\250\252\252*\004\001\000RUU5\004\001\000\374\377\377?\004\001\000\246\252\252J\004\001\000PUUU\004\001\000\372\377\377_\004\001\000\244\252\252j\004\001\000NUUu""\004\001\000\252\252\252\n\004\001\000TUU\025\004\001\000\376\377\377\037\004\001\000\250\252\252*\004\001\000RUU5\004\001\000\374\377\377?\004\001\000\246\252\252J\004\001\000PUUU\004\001\000\372\377\377_\004\001\000\244\252\252j\004\001\000NUUu"
  indirect_data: """"
}
partition_schema {
  range_schema {
    columns {
      name: "key"
    }
  }
}
W20260630 12:27:26.871727 11635 catalog_manager.cc:7077] The number of live tablet servers is not enough to re-replicate a tablet replica of the newly created table test-workload in case of a server failure: 4 tablet servers would be needed, 3 are available. Consider bringing up more tablet servers.
I20260630 12:27:26.949856 11727 tablet_service.cc:1511] Processing CreateTablet for tablet 7c98c12f5eff4515b8b2ac21727a49cd (DEFAULT_TABLE table=test-workload [id=2cf4325e11194b6e962ac29874f286a3]), partition=RANGE (key) PARTITION VALUES < 178956970
I20260630 12:27:26.951390 11727 data_dirs.cc:400] Could only allocate 1 dirs of requested 3 for tablet 7c98c12f5eff4515b8b2ac21727a49cd. 1 dirs total, 0 dirs full, 0 dirs failed
I20260630 12:27:26.960258 11726 tablet_service.cc:1511] Processing CreateTablet for tablet fc2269ea60f7466a9d9fc256f6d41e6f (DEFAULT_TABLE table=test-workload [id=2cf4325e11194b6e962ac29874f286a3]), partition=RANGE (key) PARTITION 178956970 <= VALUES < 357913940
I20260630 12:27:26.961702 11726 data_dirs.cc:400] Could only allocate 1 dirs of requested 3 for tablet fc2269ea60f7466a9d9fc256f6d41e6f. 1 dirs total, 0 dirs full, 0 dirs failed
I20260630 12:27:26.963830 11725 tablet_service.cc:1511] Processing CreateTablet for tablet 844fa4fafa024a17b6c6e5edd7a51f71 (DEFAULT_TABLE table=test-workload [id=2cf4325e11194b6e962ac29874f286a3]), partition=RANGE (key) PARTITION 357913940 <= VALUES < 536870910
I20260630 12:27:26.965366 11725 data_dirs.cc:400] Could only allocate 1 dirs of requested 3 for tablet 844fa4fafa024a17b6c6e5edd7a51f71. 1 dirs total, 0 dirs full, 0 dirs failed
I20260630 12:27:26.965799 11799 tablet_service.cc:1511] Processing CreateTablet for tablet a2d234c17729448e99cce6d02134d595 (DEFAULT_TABLE table=test-workload [id=2cf4325e11194b6e962ac29874f286a3]), partition=RANGE (key) PARTITION 536870910 <= VALUES < 715827880
I20260630 12:27:26.967139 11799 data_dirs.cc:400] Could only allocate 1 dirs of requested 3 for tablet a2d234c17729448e99cce6d02134d595. 1 dirs total, 0 dirs full, 0 dirs failed
I20260630 12:27:26.967191 11722 tablet_service.cc:1511] Processing CreateTablet for tablet 060efdd4495846d3ae390d8c24b21cd0 (DEFAULT_TABLE table=test-workload [id=2cf4325e11194b6e962ac29874f286a3]), partition=RANGE (key) PARTITION 894784850 <= VALUES < 1073741820
