I20260630 12:25:45.381834  8874 leader_election.cc:304] T 0786e493b9044eaba7de47084447f859 P 827369081ab245a4a41f47a96ac6c611 [CANDIDATE]: Term 1 election: Election decided. Result: candidate won. Election summary: received 1 responses out of 1 voters: 1 yes votes; 0 no votes. yes voters: 827369081ab245a4a41f47a96ac6c611; no voters: 
I20260630 12:25:45.382117  8873 raft_consensus.cc:515] T 3ce5ec55579b46a091a67c14bf4d0886 P c9e49263c4214bd98ccb19d7f1b80126 [term 1 FOLLOWER]: Starting leader election with config: opid_index: -1 OBSOLETE_local: true peers { permanent_uuid: "c9e49263c4214bd98ccb19d7f1b80126" member_type: VOTER last_known_addr { host: "127.7.25.65" port: 41377 } }
I20260630 12:25:45.384169  8879 raft_consensus.cc:697] T 6bee477bba60492f82a46123d4cd41cc P 3914eebc016f415f9dc39168ccca3085 [term 1 LEADER]: Becoming Leader. State: Replica: 3914eebc016f415f9dc39168ccca3085, State: Running, Role: LEADER
I20260630 12:25:45.387019  8873 leader_election.cc:304] T 3ce5ec55579b46a091a67c14bf4d0886 P c9e49263c4214bd98ccb19d7f1b80126 [CANDIDATE]: Term 1 election: Election decided. Result: candidate won. Election summary: received 1 responses out of 1 voters: 1 yes votes; 0 no votes. yes voters: c9e49263c4214bd98ccb19d7f1b80126; no voters: 
I20260630 12:25:45.385231  8879 consensus_queue.cc:237] T 6bee477bba60492f82a46123d4cd41cc P 3914eebc016f415f9dc39168ccca3085 [LEADER]: Queue going to LEADER mode. State: All replicated index: 0, Majority replicated index: 0, Committed index: 0, Last appended: 0.0, Last appended by leader: 0, Current term: 1, Majority size: 1, State: 0, Mode: LEADER, active raft config: opid_index: -1 OBSOLETE_local: true peers { permanent_uuid: "3914eebc016f415f9dc39168ccca3085" member_type: VOTER last_known_addr { host: "127.7.25.67" port: 38981 } }
I20260630 12:25:45.400616  8875 ts_tablet_manager.cc:1434] T 6bee477bba60492f82a46123d4cd41cc P 3914eebc016f415f9dc39168ccca3085: Time spent starting tablet: real 0.036s	user 0.023s	sys 0.012s
I20260630 12:25:45.422113  8452 catalog_manager.cc:5697] T 6bee477bba60492f82a46123d4cd41cc P 3914eebc016f415f9dc39168ccca3085 reported cstate change: term changed from 0 to 1, leader changed from <none> to 3914eebc016f415f9dc39168ccca3085 (127.7.25.67). New cstate: current_term: 1 leader_uuid: "3914eebc016f415f9dc39168ccca3085" committed_config { opid_index: -1 OBSOLETE_local: true peers { permanent_uuid: "3914eebc016f415f9dc39168ccca3085" member_type: VOTER last_known_addr { host: "127.7.25.67" port: 38981 } health_report { overall_health: HEALTHY } } }
I20260630 12:25:45.442358  8874 leader_election.cc:290] T 0786e493b9044eaba7de47084447f859 P 827369081ab245a4a41f47a96ac6c611 [CANDIDATE]: Term 1 election: Requested vote from peers 
I20260630 12:25:45.442929  8882 raft_consensus.cc:2804] T 0786e493b9044eaba7de47084447f859 P 827369081ab245a4a41f47a96ac6c611 [term 1 FOLLOWER]: Leader election won for term 1
I20260630 12:25:45.447844  8873 leader_election.cc:290] T 3ce5ec55579b46a091a67c14bf4d0886 P c9e49263c4214bd98ccb19d7f1b80126 [CANDIDATE]: Term 1 election: Requested vote from peers 
I20260630 12:25:45.455135  8874 ts_tablet_manager.cc:1434] T 0786e493b9044eaba7de47084447f859 P 827369081ab245a4a41f47a96ac6c611: Time spent starting tablet: real 0.087s	user 0.026s	sys 0.051s
I20260630 12:25:45.459488  8883 raft_consensus.cc:2804] T 3ce5ec55579b46a091a67c14bf4d0886 P c9e49263c4214bd98ccb19d7f1b80126 [term 1 FOLLOWER]: Leader election won for term 1
I20260630 12:25:45.464139  8883 raft_consensus.cc:697] T 3ce5ec55579b46a091a67c14bf4d0886 P c9e49263c4214bd98ccb19d7f1b80126 [term 1 LEADER]: Becoming Leader. State: Replica: c9e49263c4214bd98ccb19d7f1b80126, State: Running, Role: LEADER
I20260630 12:25:45.465121  8883 consensus_queue.cc:237] T 3ce5ec55579b46a091a67c14bf4d0886 P c9e49263c4214bd98ccb19d7f1b80126 [LEADER]: Queue going to LEADER mode. State: All replicated index: 0, Majority replicated index: 0, Committed index: 0, Last appended: 0.0, Last appended by leader: 0, Current term: 1, Majority size: 1, State: 0, Mode: LEADER, active raft config: opid_index: -1 OBSOLETE_local: true peers { permanent_uuid: "c9e49263c4214bd98ccb19d7f1b80126" member_type: VOTER last_known_addr { host: "127.7.25.65" port: 41377 } }
I20260630 12:25:45.467850  8882 raft_consensus.cc:697] T 0786e493b9044eaba7de47084447f859 P 827369081ab245a4a41f47a96ac6c611 [term 1 LEADER]: Becoming Leader. State: Replica: 827369081ab245a4a41f47a96ac6c611, State: Running, Role: LEADER
I20260630 12:25:45.468858  8882 consensus_queue.cc:237] T 0786e493b9044eaba7de47084447f859 P 827369081ab245a4a41f47a96ac6c611 [LEADER]: Queue going to LEADER mode. State: All replicated index: 0, Majority replicated index: 0, Committed index: 0, Last appended: 0.0, Last appended by leader: 0, Current term: 1, Majority size: 1, State: 0, Mode: LEADER, active raft config: opid_index: -1 OBSOLETE_local: true peers { permanent_uuid: "827369081ab245a4a41f47a96ac6c611" member_type: VOTER last_known_addr { host: "127.7.25.66" port: 35231 } }
I20260630 12:25:45.482321  8452 catalog_manager.cc:5697] T 0786e493b9044eaba7de47084447f859 P 827369081ab245a4a41f47a96ac6c611 reported cstate change: term changed from 0 to 1, leader changed from <none> to 827369081ab245a4a41f47a96ac6c611 (127.7.25.66). New cstate: current_term: 1 leader_uuid: "827369081ab245a4a41f47a96ac6c611" committed_config { opid_index: -1 OBSOLETE_local: true peers { permanent_uuid: "827369081ab245a4a41f47a96ac6c611" member_type: VOTER last_known_addr { host: "127.7.25.66" port: 35231 } health_report { overall_health: HEALTHY } } }
I20260630 12:25:45.493875  8873 ts_tablet_manager.cc:1434] T 3ce5ec55579b46a091a67c14bf4d0886 P c9e49263c4214bd98ccb19d7f1b80126: Time spent starting tablet: real 0.125s	user 0.054s	sys 0.034s
I20260630 12:25:45.515130  8450 catalog_manager.cc:5697] T 3ce5ec55579b46a091a67c14bf4d0886 P c9e49263c4214bd98ccb19d7f1b80126 reported cstate change: term changed from 0 to 1, leader changed from <none> to c9e49263c4214bd98ccb19d7f1b80126 (127.7.25.65). New cstate: current_term: 1 leader_uuid: "c9e49263c4214bd98ccb19d7f1b80126" committed_config { opid_index: -1 OBSOLETE_local: true peers { permanent_uuid: "c9e49263c4214bd98ccb19d7f1b80126" member_type: VOTER last_known_addr { host: "127.7.25.65" port: 41377 } health_report { overall_health: HEALTHY } } }
W20260630 12:25:47.075846  8664 debug-util.cc:398] Leaking SignalData structure 0x7b080021eac0 after lost signal to thread 7272
W20260630 12:25:47.076735  8664 debug-util.cc:398] Leaking SignalData structure 0x7b08001b15e0 after lost signal to thread 8421
W20260630 12:25:47.077447  8664 debug-util.cc:398] Leaking SignalData structure 0x7b0800042420 after lost signal to thread 8486
W20260630 12:25:47.078151  8664 debug-util.cc:398] Leaking SignalData structure 0x7b0800217be0 after lost signal to thread 8552
W20260630 12:25:47.079186  8664 debug-util.cc:398] Leaking SignalData structure 0x7b08000c4460 after lost signal to thread 8667
W20260630 12:25:47.080029  8664 debug-util.cc:398] Leaking SignalData structure 0x7b0800217740 after lost signal to thread 8757
W20260630 12:25:47.080878  8664 debug-util.cc:398] Leaking SignalData structure 0x7b0800032060 after lost signal to thread 8835
I20260630 12:25:47.207242  8570 auto_leader_rebalancer.cc:141] leader rebalance for table test-workload
I20260630 12:25:47.209941  8570 auto_leader_rebalancer.cc:515] All tables' leader rebalancing finished this round
I20260630 12:25:47.745962  7269 master.cc:562] Master@127.7.25.125:43793 shutting down...
I20260630 12:25:47.769336  7269 raft_consensus.cc:2243] T 00000000000000000000000000000000 P c86f6c577a2d4619aacc96033a268af3 [term 1 LEADER]: Raft consensus shutting down.
I20260630 12:25:47.770236  7269 raft_consensus.cc:2272] T 00000000000000000000000000000000 P c86f6c577a2d4619aacc96033a268af3 [term 1 FOLLOWER]: Raft consensus is shut down!
I20260630 12:25:47.770639  7269 tablet_replica.cc:333] T 00000000000000000000000000000000 P c86f6c577a2d4619aacc96033a268af3: stopping tablet replica
I20260630 12:25:47.790984  7269 master.cc:584] Master@127.7.25.125:43793 shutdown complete.
W20260630 12:25:48.538024  8837 heartbeater.cc:646] Failed to heartbeat to 127.7.25.125:43793 (0 consecutive failures): Network error: Failed to send heartbeat to master: Client connection negotiation failed: client connection to 127.7.25.125:43793: connect: Connection refused (error 111)
I20260630 12:25:48.973188  8899 raft_consensus.cc:493] T 00000000000000000000000000000000 P 7a6f2460e3ed4ff484d487cd2795e820 [term 1 FOLLOWER]: Starting pre-election (detected failure of leader c86f6c577a2d4619aacc96033a268af3)
I20260630 12:25:48.973737  8899 raft_consensus.cc:515] T 00000000000000000000000000000000 P 7a6f2460e3ed4ff484d487cd2795e820 [term 1 FOLLOWER]: Starting pre-election with config: opid_index: -1 OBSOLETE_local: false peers { permanent_uuid: "7a6f2460e3ed4ff484d487cd2795e820" member_type: VOTER last_known_addr { host: "127.7.25.126" port: 37295 } } peers { permanent_uuid: "c86f6c577a2d4619aacc96033a268af3" member_type: VOTER last_known_addr { host: "127.7.25.125" port: 43793 } } peers { permanent_uuid: "82278505d61e4fcc905210467b03476a" member_type: VOTER last_known_addr { host: "127.7.25.124" port: 46211 } }
I20260630 12:25:48.975492  8899 leader_election.cc:290] T 00000000000000000000000000000000 P 7a6f2460e3ed4ff484d487cd2795e820 [CANDIDATE]: Term 2 pre-election: Requested pre-vote from peers c86f6c577a2d4619aacc96033a268af3 (127.7.25.125:43793), 82278505d61e4fcc905210467b03476a (127.7.25.124:46211)
I20260630 12:25:48.976766  8527 tablet_service.cc:1917] Received RequestConsensusVote() RPC: tablet_id: "00000000000000000000000000000000" candidate_uuid: "7a6f2460e3ed4ff484d487cd2795e820" candidate_term: 2 candidate_status { last_received { term: 1 index: 11 } } ignore_live_leader: false dest_uuid: "82278505d61e4fcc905210467b03476a" is_pre_election: true
W20260630 12:25:48.978433  8372 proxy.cc:239] Call had error, refreshing address and retrying: Network error: Client connection negotiation failed: client connection to 127.7.25.125:43793: connect: Connection refused (error 111) [suppressed 5 similar messages]
W20260630 12:25:48.982057  8372 leader_election.cc:336] T 00000000000000000000000000000000 P 7a6f2460e3ed4ff484d487cd2795e820 [CANDIDATE]: Term 2 pre-election: RPC error from VoteRequest() call to peer c86f6c577a2d4619aacc96033a268af3 (127.7.25.125:43793): Network error: Client connection negotiation failed: client connection to 127.7.25.125:43793: connect: Connection refused (error 111)
I20260630 12:25:48.982439  8372 leader_election.cc:304] T 00000000000000000000000000000000 P 7a6f2460e3ed4ff484d487cd2795e820 [CANDIDATE]: Term 2 pre-election: Election decided. Result: candidate lost. Election summary: received 3 responses out of 3 voters: 1 yes votes; 2 no votes. yes voters: 7a6f2460e3ed4ff484d487cd2795e820; no voters: 82278505d61e4fcc905210467b03476a, c86f6c577a2d4619aacc96033a268af3
I20260630 12:25:48.983057  8899 raft_consensus.cc:2749] T 00000000000000000000000000000000 P 7a6f2460e3ed4ff484d487cd2795e820 [term 1 FOLLOWER]: Leader pre-election lost for term 2. Reason: could not achieve majority
I20260630 12:25:49.170112  8902 raft_consensus.cc:493] T 00000000000000000000000000000000 P 82278505d61e4fcc905210467b03476a [term 1 FOLLOWER]: Starting pre-election (detected failure of leader c86f6c577a2d4619aacc96033a268af3)
I20260630 12:25:49.170609  8902 raft_consensus.cc:515] T 00000000000000000000000000000000 P 82278505d61e4fcc905210467b03476a [term 1 FOLLOWER]: Starting pre-election with config: opid_index: -1 OBSOLETE_local: false peers { permanent_uuid: "7a6f2460e3ed4ff484d487cd2795e820" member_type: VOTER last_known_addr { host: "127.7.25.126" port: 37295 } } peers { permanent_uuid: "c86f6c577a2d4619aacc96033a268af3" member_type: VOTER last_known_addr { host: "127.7.25.125" port: 43793 } } peers { permanent_uuid: "82278505d61e4fcc905210467b03476a" member_type: VOTER last_known_addr { host: "127.7.25.124" port: 46211 } }
I20260630 12:25:49.172447  8902 leader_election.cc:290] T 00000000000000000000000000000000 P 82278505d61e4fcc905210467b03476a [CANDIDATE]: Term 2 pre-election: Requested pre-vote from peers 7a6f2460e3ed4ff484d487cd2795e820 (127.7.25.126:37295), c86f6c577a2d4619aacc96033a268af3 (127.7.25.125:43793)
I20260630 12:25:49.173386  8397 tablet_service.cc:1917] Received RequestConsensusVote() RPC: tablet_id: "00000000000000000000000000000000" candidate_uuid: "82278505d61e4fcc905210467b03476a" candidate_term: 2 candidate_status { last_received { term: 1 index: 11 } } ignore_live_leader: false dest_uuid: "7a6f2460e3ed4ff484d487cd2795e820" is_pre_election: true
I20260630 12:25:49.174052  8397 raft_consensus.cc:2468] T 00000000000000000000000000000000 P 7a6f2460e3ed4ff484d487cd2795e820 [term 1 FOLLOWER]: Leader pre-election vote request: Granting yes vote for candidate 82278505d61e4fcc905210467b03476a in term 1.
I20260630 12:25:49.175307  8503 leader_election.cc:304] T 00000000000000000000000000000000 P 82278505d61e4fcc905210467b03476a [CANDIDATE]: Term 2 pre-election: Election decided. Result: candidate won. Election summary: received 2 responses out of 3 voters: 2 yes votes; 0 no votes. yes voters: 7a6f2460e3ed4ff484d487cd2795e820, 82278505d61e4fcc905210467b03476a; no voters: 
I20260630 12:25:49.176115  8902 raft_consensus.cc:2804] T 00000000000000000000000000000000 P 82278505d61e4fcc905210467b03476a [term 1 FOLLOWER]: Leader pre-election won for term 2
I20260630 12:25:49.176434  8902 raft_consensus.cc:493] T 00000000000000000000000000000000 P 82278505d61e4fcc905210467b03476a [term 1 FOLLOWER]: Starting leader election (detected failure of leader c86f6c577a2d4619aacc96033a268af3)
I20260630 12:25:49.176822  8902 raft_consensus.cc:3060] T 00000000000000000000000000000000 P 82278505d61e4fcc905210467b03476a [term 1 FOLLOWER]: Advancing to term 2
W20260630 12:25:49.179445  8503 leader_election.cc:336] T 00000000000000000000000000000000 P 82278505d61e4fcc905210467b03476a [CANDIDATE]: Term 2 pre-election: RPC error from VoteRequest() call to peer c86f6c577a2d4619aacc96033a268af3 (127.7.25.125:43793): Network error: Client connection negotiation failed: client connection to 127.7.25.125:43793: connect: Connection refused (error 111)
I20260630 12:25:49.182294  8902 raft_consensus.cc:515] T 00000000000000000000000000000000 P 82278505d61e4fcc905210467b03476a [term 2 FOLLOWER]: Starting leader election with config: opid_index: -1 OBSOLETE_local: false peers { permanent_uuid: "7a6f2460e3ed4ff484d487cd2795e820" member_type: VOTER last_known_addr { host: "127.7.25.126" port: 37295 } } peers { permanent_uuid: "c86f6c577a2d4619aacc96033a268af3" member_type: VOTER last_known_addr { host: "127.7.25.125" port: 43793 } } peers { permanent_uuid: "82278505d61e4fcc905210467b03476a" member_type: VOTER last_known_addr { host: "127.7.25.124" port: 46211 } }
I20260630 12:25:49.183794  8902 leader_election.cc:290] T 00000000000000000000000000000000 P 82278505d61e4fcc905210467b03476a [CANDIDATE]: Term 2 election: Requested vote from peers 7a6f2460e3ed4ff484d487cd2795e820 (127.7.25.126:37295), c86f6c577a2d4619aacc96033a268af3 (127.7.25.125:43793)
I20260630 12:25:49.184705  8397 tablet_service.cc:1917] Received RequestConsensusVote() RPC: tablet_id: "00000000000000000000000000000000" candidate_uuid: "82278505d61e4fcc905210467b03476a" candidate_term: 2 candidate_status { last_received { term: 1 index: 11 } } ignore_live_leader: false dest_uuid: "7a6f2460e3ed4ff484d487cd2795e820"
I20260630 12:25:49.185297  8397 raft_consensus.cc:3060] T 00000000000000000000000000000000 P 7a6f2460e3ed4ff484d487cd2795e820 [term 1 FOLLOWER]: Advancing to term 2
W20260630 12:25:49.188238  8503 leader_election.cc:336] T 00000000000000000000000000000000 P 82278505d61e4fcc905210467b03476a [CANDIDATE]: Term 2 election: RPC error from VoteRequest() call to peer c86f6c577a2d4619aacc96033a268af3 (127.7.25.125:43793): Network error: Client connection negotiation failed: client connection to 127.7.25.125:43793: connect: Connection refused (error 111)
I20260630 12:25:49.190408  8397 raft_consensus.cc:2468] T 00000000000000000000000000000000 P 7a6f2460e3ed4ff484d487cd2795e820 [term 2 FOLLOWER]: Leader election vote request: Granting yes vote for candidate 82278505d61e4fcc905210467b03476a in term 2.
I20260630 12:25:49.191406  8503 leader_election.cc:304] T 00000000000000000000000000000000 P 82278505d61e4fcc905210467b03476a [CANDIDATE]: Term 2 election: Election decided. Result: candidate won. Election summary: received 3 responses out of 3 voters: 2 yes votes; 1 no votes. yes voters: 7a6f2460e3ed4ff484d487cd2795e820, 82278505d61e4fcc905210467b03476a; no voters: c86f6c577a2d4619aacc96033a268af3
I20260630 12:25:49.192252  8902 raft_consensus.cc:2804] T 00000000000000000000000000000000 P 82278505d61e4fcc905210467b03476a [term 2 FOLLOWER]: Leader election won for term 2
I20260630 12:25:49.193439  8902 raft_consensus.cc:697] T 00000000000000000000000000000000 P 82278505d61e4fcc905210467b03476a [term 2 LEADER]: Becoming Leader. State: Replica: 82278505d61e4fcc905210467b03476a, State: Running, Role: LEADER
I20260630 12:25:49.194116  8902 consensus_queue.cc:237] T 00000000000000000000000000000000 P 82278505d61e4fcc905210467b03476a [LEADER]: Queue going to LEADER mode. State: All replicated index: 0, Majority replicated index: 11, Committed index: 11, Last appended: 1.11, Last appended by leader: 11, Current term: 2, Majority size: 2, State: 0, Mode: LEADER, active raft config: opid_index: -1 OBSOLETE_local: false peers { permanent_uuid: "7a6f2460e3ed4ff484d487cd2795e820" member_type: VOTER last_known_addr { host: "127.7.25.126" port: 37295 } } peers { permanent_uuid: "c86f6c577a2d4619aacc96033a268af3" member_type: VOTER last_known_addr { host: "127.7.25.125" port: 43793 } } peers { permanent_uuid: "82278505d61e4fcc905210467b03476a" member_type: VOTER last_known_addr { host: "127.7.25.124" port: 46211 } }
I20260630 12:25:49.199236  8905 sys_catalog.cc:455] T 00000000000000000000000000000000 P 82278505d61e4fcc905210467b03476a [sys.catalog]: SysCatalogTable state changed. Reason: New leader 82278505d61e4fcc905210467b03476a. Latest consensus state: current_term: 2 leader_uuid: "82278505d61e4fcc905210467b03476a" committed_config { opid_index: -1 OBSOLETE_local: false peers { permanent_uuid: "7a6f2460e3ed4ff484d487cd2795e820" member_type: VOTER last_known_addr { host: "127.7.25.126" port: 37295 } } peers { permanent_uuid: "c86f6c577a2d4619aacc96033a268af3" member_type: VOTER last_known_addr { host: "127.7.25.125" port: 43793 } } peers { permanent_uuid: "82278505d61e4fcc905210467b03476a" member_type: VOTER last_known_addr { host: "127.7.25.124" port: 46211 } } }
I20260630 12:25:49.200033  8905 sys_catalog.cc:458] T 00000000000000000000000000000000 P 82278505d61e4fcc905210467b03476a [sys.catalog]: This master's current role is: LEADER
I20260630 12:25:49.201534  8907 catalog_manager.cc:1511] Loading table and tablet metadata into memory...
I20260630 12:25:49.206915  8907 catalog_manager.cc:679] Loaded metadata for table test-workload [id=3d3dfad7eaff4facb50c2cc8e8792739]
I20260630 12:25:49.211572  8907 tablet_loader.cc:96] loaded metadata for tablet 0786e493b9044eaba7de47084447f859 (table test-workload [id=3d3dfad7eaff4facb50c2cc8e8792739])
I20260630 12:25:49.212550  8907 tablet_loader.cc:96] loaded metadata for tablet 3ce5ec55579b46a091a67c14bf4d0886 (table test-workload [id=3d3dfad7eaff4facb50c2cc8e8792739])
I20260630 12:25:49.213395  8907 tablet_loader.cc:96] loaded metadata for tablet 6bee477bba60492f82a46123d4cd41cc (table test-workload [id=3d3dfad7eaff4facb50c2cc8e8792739])
I20260630 12:25:49.214398  8907 catalog_manager.cc:1520] Initializing Kudu cluster ID...
I20260630 12:25:49.217259  8907 catalog_manager.cc:1295] Loaded cluster ID: eacdea00fd4f4e3b9cea879c2e28ae05
I20260630 12:25:49.217490  8907 catalog_manager.cc:1531] Initializing Kudu internal certificate authority...
I20260630 12:25:49.221733  8907 catalog_manager.cc:1540] Loading token signing keys...
I20260630 12:25:49.224754  8907 catalog_manager.cc:6081] T 00000000000000000000000000000000 P 82278505d61e4fcc905210467b03476a: Loaded TSK: 0
I20260630 12:25:49.225673  8907 catalog_manager.cc:1550] Initializing in-progress tserver states...
I20260630 12:25:49.502360  8836 heartbeater.cc:499] Master 127.7.25.124:46211 was elected leader, sending a full tablet report...
I20260630 12:25:49.658553  8397 raft_consensus.cc:1275] T 00000000000000000000000000000000 P 7a6f2460e3ed4ff484d487cd2795e820 [term 2 FOLLOWER]: Refusing update from remote peer 82278505d61e4fcc905210467b03476a: Log matching property violated. Preceding OpId in replica: term: 1 index: 11. Preceding OpId from leader: term: 2 index: 12. (index mismatch)
I20260630 12:25:49.660173  8905 consensus_queue.cc:1048] T 00000000000000000000000000000000 P 82278505d61e4fcc905210467b03476a [LEADER]: Connected to new peer: Peer: permanent_uuid: "7a6f2460e3ed4ff484d487cd2795e820" member_type: VOTER last_known_addr { host: "127.7.25.126" port: 37295 }, Status: LMP_MISMATCH, Last received: 0.0, Next index: 12, Last known committed idx: 11, Time since last communication: 0.000s
I20260630 12:25:49.665712  8911 sys_catalog.cc:455] T 00000000000000000000000000000000 P 7a6f2460e3ed4ff484d487cd2795e820 [sys.catalog]: SysCatalogTable state changed. Reason: New leader 82278505d61e4fcc905210467b03476a. Latest consensus state: current_term: 2 leader_uuid: "82278505d61e4fcc905210467b03476a" committed_config { opid_index: -1 OBSOLETE_local: false peers { permanent_uuid: "7a6f2460e3ed4ff484d487cd2795e820" member_type: VOTER last_known_addr { host: "127.7.25.126" port: 37295 } } peers { permanent_uuid: "c86f6c577a2d4619aacc96033a268af3" member_type: VOTER last_known_addr { host: "127.7.25.125" port: 43793 } } peers { permanent_uuid: "82278505d61e4fcc905210467b03476a" member_type: VOTER last_known_addr { host: "127.7.25.124" port: 46211 } } }
I20260630 12:25:49.666504  8911 sys_catalog.cc:458] T 00000000000000000000000000000000 P 7a6f2460e3ed4ff484d487cd2795e820 [sys.catalog]: This master's current role is: FOLLOWER
I20260630 12:25:49.669428  8902 sys_catalog.cc:455] T 00000000000000000000000000000000 P 82278505d61e4fcc905210467b03476a [sys.catalog]: SysCatalogTable state changed. Reason: Peer health change. Latest consensus state: current_term: 2 leader_uuid: "82278505d61e4fcc905210467b03476a" committed_config { opid_index: -1 OBSOLETE_local: false peers { permanent_uuid: "7a6f2460e3ed4ff484d487cd2795e820" member_type: VOTER last_known_addr { host: "127.7.25.126" port: 37295 } } peers { permanent_uuid: "c86f6c577a2d4619aacc96033a268af3" member_type: VOTER last_known_addr { host: "127.7.25.125" port: 43793 } } peers { permanent_uuid: "82278505d61e4fcc905210467b03476a" member_type: VOTER last_known_addr { host: "127.7.25.124" port: 46211 } } }
I20260630 12:25:49.670264  8902 sys_catalog.cc:458] T 00000000000000000000000000000000 P 82278505d61e4fcc905210467b03476a [sys.catalog]: This master's current role is: LEADER
I20260630 12:25:49.672241  8911 sys_catalog.cc:455] T 00000000000000000000000000000000 P 7a6f2460e3ed4ff484d487cd2795e820 [sys.catalog]: SysCatalogTable state changed. Reason: Replicated consensus-only round. Latest consensus state: current_term: 2 leader_uuid: "82278505d61e4fcc905210467b03476a" committed_config { opid_index: -1 OBSOLETE_local: false peers { permanent_uuid: "7a6f2460e3ed4ff484d487cd2795e820" member_type: VOTER last_known_addr { host: "127.7.25.126" port: 37295 } } peers { permanent_uuid: "c86f6c577a2d4619aacc96033a268af3" member_type: VOTER last_known_addr { host: "127.7.25.125" port: 43793 } } peers { permanent_uuid: "82278505d61e4fcc905210467b03476a" member_type: VOTER last_known_addr { host: "127.7.25.124" port: 46211 } } }
I20260630 12:25:49.672972  8911 sys_catalog.cc:458] T 00000000000000000000000000000000 P 7a6f2460e3ed4ff484d487cd2795e820 [sys.catalog]: This master's current role is: FOLLOWER
W20260630 12:25:49.673648  8503 consensus_peers.cc:597] T 00000000000000000000000000000000 P 82278505d61e4fcc905210467b03476a -> Peer c86f6c577a2d4619aacc96033a268af3 (127.7.25.125:43793): Couldn't send request to peer c86f6c577a2d4619aacc96033a268af3. Status: Network error: Client connection negotiation failed: client connection to 127.7.25.125:43793: connect: Connection refused (error 111). This is attempt 1: this message will repeat every 5th retry.
I20260630 12:25:50.536355  8668 heartbeater.cc:499] Master 127.7.25.124:46211 was elected leader, sending a full tablet report...
I20260630 12:25:50.538658  8758 heartbeater.cc:499] Master 127.7.25.124:46211 was elected leader, sending a full tablet report...
I20260630 12:25:51.225841  8586 auto_leader_rebalancer.cc:141] leader rebalance for table test-workload
I20260630 12:25:51.227782  8586 auto_leader_rebalancer.cc:515] All tables' leader rebalancing finished this round
I20260630 12:25:51.354664  7269 tablet_server.cc:179] TabletServer@127.7.25.65:0 shutting down...
I20260630 12:25:51.372743  7269 ts_tablet_manager.cc:1507] Shutting down tablet manager...
I20260630 12:25:51.373342  7269 tablet_replica.cc:333] T 3ce5ec55579b46a091a67c14bf4d0886 P c9e49263c4214bd98ccb19d7f1b80126: stopping tablet replica
I20260630 12:25:51.373930  7269 raft_consensus.cc:2243] T 3ce5ec55579b46a091a67c14bf4d0886 P c9e49263c4214bd98ccb19d7f1b80126 [term 1 LEADER]: Raft consensus shutting down.
I20260630 12:25:51.374361  7269 raft_consensus.cc:2272] T 3ce5ec55579b46a091a67c14bf4d0886 P c9e49263c4214bd98ccb19d7f1b80126 [term 1 FOLLOWER]: Raft consensus is shut down!
I20260630 12:25:51.411522  7269 tablet_server.cc:196] TabletServer@127.7.25.65:0 shutdown complete.
I20260630 12:25:51.420284  7269 tablet_server.cc:179] TabletServer@127.7.25.66:0 shutting down...
I20260630 12:25:51.438406  7269 ts_tablet_manager.cc:1507] Shutting down tablet manager...
I20260630 12:25:51.439045  7269 tablet_replica.cc:333] T 0786e493b9044eaba7de47084447f859 P 827369081ab245a4a41f47a96ac6c611: stopping tablet replica
I20260630 12:25:51.439600  7269 raft_consensus.cc:2243] T 0786e493b9044eaba7de47084447f859 P 827369081ab245a4a41f47a96ac6c611 [term 1 LEADER]: Raft consensus shutting down.
I20260630 12:25:51.440105  7269 raft_consensus.cc:2272] T 0786e493b9044eaba7de47084447f859 P 827369081ab245a4a41f47a96ac6c611 [term 1 FOLLOWER]: Raft consensus is shut down!
I20260630 12:25:51.457168  7269 tablet_server.cc:196] TabletServer@127.7.25.66:0 shutdown complete.
I20260630 12:25:51.465050  7269 tablet_server.cc:179] TabletServer@127.7.25.67:0 shutting down...
I20260630 12:25:51.482105  7269 ts_tablet_manager.cc:1507] Shutting down tablet manager...
I20260630 12:25:51.482676  7269 tablet_replica.cc:333] T 6bee477bba60492f82a46123d4cd41cc P 3914eebc016f415f9dc39168ccca3085: stopping tablet replica
I20260630 12:25:51.483152  7269 raft_consensus.cc:2243] T 6bee477bba60492f82a46123d4cd41cc P 3914eebc016f415f9dc39168ccca3085 [term 1 LEADER]: Raft consensus shutting down.
I20260630 12:25:51.483569  7269 raft_consensus.cc:2272] T 6bee477bba60492f82a46123d4cd41cc P 3914eebc016f415f9dc39168ccca3085 [term 1 FOLLOWER]: Raft consensus is shut down!
I20260630 12:25:51.500648  7269 tablet_server.cc:196] TabletServer@127.7.25.67:0 shutdown complete.
I20260630 12:25:51.508226  7269 master.cc:562] Master@127.7.25.126:37295 shutting down...
I20260630 12:25:51.524572  7269 raft_consensus.cc:2243] T 00000000000000000000000000000000 P 7a6f2460e3ed4ff484d487cd2795e820 [term 2 FOLLOWER]: Raft consensus shutting down.
I20260630 12:25:51.525076  7269 raft_consensus.cc:2272] T 00000000000000000000000000000000 P 7a6f2460e3ed4ff484d487cd2795e820 [term 2 FOLLOWER]: Raft consensus is shut down!
I20260630 12:25:51.525406  7269 tablet_replica.cc:333] T 00000000000000000000000000000000 P 7a6f2460e3ed4ff484d487cd2795e820: stopping tablet replica
I20260630 12:25:51.543135  7269 master.cc:584] Master@127.7.25.126:37295 shutdown complete.
I20260630 12:25:51.556104  7269 master.cc:562] Master@127.7.25.124:46211 shutting down...
I20260630 12:25:51.570716  7269 raft_consensus.cc:2243] T 00000000000000000000000000000000 P 82278505d61e4fcc905210467b03476a [term 2 LEADER]: Raft consensus shutting down.
I20260630 12:25:51.571569  7269 raft_consensus.cc:2272] T 00000000000000000000000000000000 P 82278505d61e4fcc905210467b03476a [term 2 FOLLOWER]: Raft consensus is shut down!
I20260630 12:25:51.571913  7269 tablet_replica.cc:333] T 00000000000000000000000000000000 P 82278505d61e4fcc905210467b03476a: stopping tablet replica
I20260630 12:25:51.590464  7269 master.cc:584] Master@127.7.25.124:46211 shutdown complete.
[       OK ] AutoRebalancerTest.NextLeaderResumesAutoRebalancing (8776 ms)
[ RUN      ] AutoRebalancerTest.MovesScheduledIfAddTserver
I20260630 12:25:51.617389  7269 internal_mini_cluster.cc:156] Creating distributed mini masters. Addrs: 127.7.25.126:33937
I20260630 12:25:51.618443  7269 file_cache.cc:492] Constructed file cache file cache with capacity 419430
W20260630 12:25:51.623311  8922 instance_detector.cc:116] could not retrieve Azure instance metadata: Network error: curl error: HTTP response code said error: The requested URL returned error: 404
W20260630 12:25:51.623742  8921 instance_detector.cc:116] could not retrieve AWS instance metadata: Network error: curl error: HTTP response code said error: The requested URL returned error: 404
W20260630 12:25:51.624908  8924 instance_detector.cc:116] could not retrieve OpenStack instance metadata: Network error: curl error: HTTP response code said error: The requested URL returned error: 404
I20260630 12:25:51.625913  7269 server_base.cc:1061] running on GCE node
I20260630 12:25:51.626655  7269 hybrid_clock.cc:584] initializing the hybrid clock with 'system_unsync' time source
W20260630 12:25:51.626817  7269 system_unsync_time.cc:38] NTP support is disabled. Clock error bounds will not be accurate. This configuration is not suitable for distributed clusters.
I20260630 12:25:51.626928  7269 hybrid_clock.cc:648] HybridClock initialized: now 1782822351626918 us; error 0 us; skew 500 ppm
I20260630 12:25:51.627327  7269 server_base.cc:861] Flag tcmalloc_max_total_thread_cache_bytes is not working since tcmalloc is not enabled.
I20260630 12:25:51.629662  7269 webserver.cc:533] Webserver started at http://127.7.25.126:38705/ using document root <none> and password file <none>
I20260630 12:25:51.630061  7269 fs_manager.cc:362] Metadata directory not provided
I20260630 12:25:51.630206  7269 fs_manager.cc:368] Using write-ahead log directory (fs_wal_dir) as metadata directory
I20260630 12:25:51.630405  7269 server_base.cc:909] This appears to be a new deployment of Kudu; creating new FS layout
I20260630 12:25:51.631356  7269 fs_manager.cc:1068] Generated new instance metadata in path /tmp/dist-test-task4gGiuO/test-tmp/auto_rebalancer-test.0.AutoRebalancerTest.MovesScheduledIfAddTserver.1782822322799407-7269-0/minicluster-data/master-0-root/instance:
uuid: "0e72ee7b399b43cc9c763540fed3765b"
format_stamp: "Formatted at 2026-06-30 12:25:51 on dist-test-slave-dl2z"
I20260630 12:25:51.635766  7269 fs_manager.cc:696] Time spent creating directory manager: real 0.004s	user 0.002s	sys 0.003s
I20260630 12:25:51.639376  8929 log_block_manager.cc:4031] Time spent loading block containers with low live blocks: real 0.000s	user 0.000s	sys 0.000s
I20260630 12:25:51.640098  7269 fs_manager.cc:730] Time spent opening block manager: real 0.002s	user 0.003s	sys 0.000s
I20260630 12:25:51.640326  7269 fs_manager.cc:647] Opened local filesystem: /tmp/dist-test-task4gGiuO/test-tmp/auto_rebalancer-test.0.AutoRebalancerTest.MovesScheduledIfAddTserver.1782822322799407-7269-0/minicluster-data/master-0-root
uuid: "0e72ee7b399b43cc9c763540fed3765b"
format_stamp: "Formatted at 2026-06-30 12:25:51 on dist-test-slave-dl2z"
I20260630 12:25:51.640544  7269 fs_report.cc:389] FS layout report
--------------------
wal directory: /tmp/dist-test-task4gGiuO/test-tmp/auto_rebalancer-test.0.AutoRebalancerTest.MovesScheduledIfAddTserver.1782822322799407-7269-0/minicluster-data/master-0-root
metadata directory: /tmp/dist-test-task4gGiuO/test-tmp/auto_rebalancer-test.0.AutoRebalancerTest.MovesScheduledIfAddTserver.1782822322799407-7269-0/minicluster-data/master-0-root
1 data directories: /tmp/dist-test-task4gGiuO/test-tmp/auto_rebalancer-test.0.AutoRebalancerTest.MovesScheduledIfAddTserver.1782822322799407-7269-0/minicluster-data/master-0-root/data
Total live blocks: 0
Total live bytes: 0
Total live bytes (after alignment): 0
Total number of LBM containers: 0 (0 full)
Did not check for missing blocks
Did not check for orphaned blocks
Total full LBM containers with extra space: 0 (0 repaired)
Total full LBM container extra space in bytes: 0 (0 repaired)
Total incomplete LBM containers: 0 (0 repaired)
Total LBM partial records: 0 (0 repaired)
Total corrupted LBM metadata records in RocksDB: 0 (0 repaired)
I20260630 12:25:51.659648  7269 rpc_server.cc:225] running with OpenSSL 1.1.1  11 Sep 2018
I20260630 12:25:51.660616  7269 kserver.cc:163] Server-wide thread pool size limit: 3276
I20260630 12:25:51.693935  7269 rpc_server.cc:307] RPC server started. Bound to: 127.7.25.126:33937
I20260630 12:25:51.694010  8980 acceptor_pool.cc:272] collecting diagnostics on the listening RPC socket 127.7.25.126:33937 every 8 connection(s)
I20260630 12:25:51.697513  8981 data_dirs.cc:400] Could only allocate 1 dirs of requested 3 for tablet 00000000000000000000000000000000. 1 dirs total, 0 dirs full, 0 dirs failed
I20260630 12:25:51.707093  8981 tablet_bootstrap.cc:492] T 00000000000000000000000000000000 P 0e72ee7b399b43cc9c763540fed3765b: Bootstrap starting.
I20260630 12:25:51.711078  8981 tablet_bootstrap.cc:654] T 00000000000000000000000000000000 P 0e72ee7b399b43cc9c763540fed3765b: Neither blocks nor log segments found. Creating new log.
I20260630 12:25:51.714802  8981 tablet_bootstrap.cc:492] T 00000000000000000000000000000000 P 0e72ee7b399b43cc9c763540fed3765b: No bootstrap required, opened a new log
I20260630 12:25:51.716622  8981 raft_consensus.cc:359] T 00000000000000000000000000000000 P 0e72ee7b399b43cc9c763540fed3765b [term 0 FOLLOWER]: Replica starting. Triggering 0 pending ops. Active config: opid_index: -1 OBSOLETE_local: true peers { permanent_uuid: "0e72ee7b399b43cc9c763540fed3765b" member_type: VOTER }
I20260630 12:25:51.717018  8981 raft_consensus.cc:385] T 00000000000000000000000000000000 P 0e72ee7b399b43cc9c763540fed3765b [term 0 FOLLOWER]: Consensus starting up: Expiring failure detector timer to make a prompt election more likely
I20260630 12:25:51.717252  8981 raft_consensus.cc:740] T 00000000000000000000000000000000 P 0e72ee7b399b43cc9c763540fed3765b [term 0 FOLLOWER]: Becoming Follower/Learner. State: Replica: 0e72ee7b399b43cc9c763540fed3765b, State: Initialized, Role: FOLLOWER
I20260630 12:25:51.717875  8981 consensus_queue.cc:260] T 00000000000000000000000000000000 P 0e72ee7b399b43cc9c763540fed3765b [NON_LEADER]: Queue going to NON_LEADER mode. State: All replicated index: 0, Majority replicated index: 0, Committed index: 0, Last appended: 0.0, Last appended by leader: 0, Current term: 0, Majority size: -1, State: 0, Mode: NON_LEADER, active raft config: opid_index: -1 OBSOLETE_local: true peers { permanent_uuid: "0e72ee7b399b43cc9c763540fed3765b" member_type: VOTER }
I20260630 12:25:51.718317  8981 raft_consensus.cc:399] T 00000000000000000000000000000000 P 0e72ee7b399b43cc9c763540fed3765b [term 0 FOLLOWER]: Only one voter in the Raft config. Triggering election immediately
I20260630 12:25:51.718541  8981 raft_consensus.cc:493] T 00000000000000000000000000000000 P 0e72ee7b399b43cc9c763540fed3765b [term 0 FOLLOWER]: Starting leader election (initial election of a single-replica configuration)
I20260630 12:25:51.718834  8981 raft_consensus.cc:3060] T 00000000000000000000000000000000 P 0e72ee7b399b43cc9c763540fed3765b [term 0 FOLLOWER]: Advancing to term 1
I20260630 12:25:51.722877  8981 raft_consensus.cc:515] T 00000000000000000000000000000000 P 0e72ee7b399b43cc9c763540fed3765b [term 1 FOLLOWER]: Starting leader election with config: opid_index: -1 OBSOLETE_local: true peers { permanent_uuid: "0e72ee7b399b43cc9c763540fed3765b" member_type: VOTER }
I20260630 12:25:51.723426  8981 leader_election.cc:304] T 00000000000000000000000000000000 P 0e72ee7b399b43cc9c763540fed3765b [CANDIDATE]: Term 1 election: Election decided. Result: candidate won. Election summary: received 1 responses out of 1 voters: 1 yes votes; 0 no votes. yes voters: 0e72ee7b399b43cc9c763540fed3765b; no voters: 
I20260630 12:25:51.724576  8981 leader_election.cc:290] T 00000000000000000000000000000000 P 0e72ee7b399b43cc9c763540fed3765b [CANDIDATE]: Term 1 election: Requested vote from peers 
I20260630 12:25:51.724869  8984 raft_consensus.cc:2804] T 00000000000000000000000000000000 P 0e72ee7b399b43cc9c763540fed3765b [term 1 FOLLOWER]: Leader election won for term 1
I20260630 12:25:51.726111  8984 raft_consensus.cc:697] T 00000000000000000000000000000000 P 0e72ee7b399b43cc9c763540fed3765b [term 1 LEADER]: Becoming Leader. State: Replica: 0e72ee7b399b43cc9c763540fed3765b, State: Running, Role: LEADER
I20260630 12:25:51.726718  8984 consensus_queue.cc:237] T 00000000000000000000000000000000 P 0e72ee7b399b43cc9c763540fed3765b [LEADER]: Queue going to LEADER mode. State: All replicated index: 0, Majority replicated index: 0, Committed index: 0, Last appended: 0.0, Last appended by leader: 0, Current term: 1, Majority size: 1, State: 0, Mode: LEADER, active raft config: opid_index: -1 OBSOLETE_local: true peers { permanent_uuid: "0e72ee7b399b43cc9c763540fed3765b" member_type: VOTER }
I20260630 12:25:51.727295  8981 sys_catalog.cc:565] T 00000000000000000000000000000000 P 0e72ee7b399b43cc9c763540fed3765b [sys.catalog]: configured and running, proceeding with master startup.
I20260630 12:25:51.729540  8986 sys_catalog.cc:455] T 00000000000000000000000000000000 P 0e72ee7b399b43cc9c763540fed3765b [sys.catalog]: SysCatalogTable state changed. Reason: New leader 0e72ee7b399b43cc9c763540fed3765b. Latest consensus state: current_term: 1 leader_uuid: "0e72ee7b399b43cc9c763540fed3765b" committed_config { opid_index: -1 OBSOLETE_local: true peers { permanent_uuid: "0e72ee7b399b43cc9c763540fed3765b" member_type: VOTER } }
I20260630 12:25:51.729492  8985 sys_catalog.cc:455] T 00000000000000000000000000000000 P 0e72ee7b399b43cc9c763540fed3765b [sys.catalog]: SysCatalogTable state changed. Reason: RaftConsensus started. Latest consensus state: current_term: 1 leader_uuid: "0e72ee7b399b43cc9c763540fed3765b" committed_config { opid_index: -1 OBSOLETE_local: true peers { permanent_uuid: "0e72ee7b399b43cc9c763540fed3765b" member_type: VOTER } }
I20260630 12:25:51.730123  8986 sys_catalog.cc:458] T 00000000000000000000000000000000 P 0e72ee7b399b43cc9c763540fed3765b [sys.catalog]: This master's current role is: LEADER
I20260630 12:25:51.730232  8985 sys_catalog.cc:458] T 00000000000000000000000000000000 P 0e72ee7b399b43cc9c763540fed3765b [sys.catalog]: This master's current role is: LEADER
I20260630 12:25:51.732616  8991 catalog_manager.cc:1511] Loading table and tablet metadata into memory...
I20260630 12:25:51.737318  8991 catalog_manager.cc:1520] Initializing Kudu cluster ID...
I20260630 12:25:51.742213  7269 internal_mini_cluster.cc:184] Waiting to initialize catalog manager on master 0
I20260630 12:25:51.745940  8991 catalog_manager.cc:1383] Generated new cluster ID: 0628b3de1ff04555b4e9e4673094b70c
I20260630 12:25:51.746248  8991 catalog_manager.cc:1531] Initializing Kudu internal certificate authority...
I20260630 12:25:51.780193  8991 catalog_manager.cc:1406] Generated new certificate authority record
I20260630 12:25:51.781358  8991 catalog_manager.cc:1540] Loading token signing keys...
I20260630 12:25:51.792277  8991 catalog_manager.cc:6070] T 00000000000000000000000000000000 P 0e72ee7b399b43cc9c763540fed3765b: Generated new TSK 0
I20260630 12:25:51.792776  8991 catalog_manager.cc:1550] Initializing in-progress tserver states...
I20260630 12:25:51.809176  7269 file_cache.cc:492] Constructed file cache file cache with capacity 419430
W20260630 12:25:51.814297  9002 instance_detector.cc:116] could not retrieve AWS instance metadata: Network error: curl error: HTTP response code said error: The requested URL returned error: 404
W20260630 12:25:51.815414  9003 instance_detector.cc:116] could not retrieve Azure instance metadata: Network error: curl error: HTTP response code said error: The requested URL returned error: 404
W20260630 12:25:51.816857  9005 instance_detector.cc:116] could not retrieve OpenStack instance metadata: Network error: curl error: HTTP response code said error: The requested URL returned error: 404
I20260630 12:25:51.817199  7269 server_base.cc:1061] running on GCE node
I20260630 12:25:51.818063  7269 hybrid_clock.cc:584] initializing the hybrid clock with 'system_unsync' time source
W20260630 12:25:51.818271  7269 system_unsync_time.cc:38] NTP support is disabled. Clock error bounds will not be accurate. This configuration is not suitable for distributed clusters.
I20260630 12:25:51.818454  7269 hybrid_clock.cc:648] HybridClock initialized: now 1782822351818435 us; error 0 us; skew 500 ppm
I20260630 12:25:51.818954  7269 server_base.cc:861] Flag tcmalloc_max_total_thread_cache_bytes is not working since tcmalloc is not enabled.
I20260630 12:25:51.824179  7269 webserver.cc:533] Webserver started at http://127.7.25.65:46645/ using document root <none> and password file <none>
I20260630 12:25:51.824625  7269 fs_manager.cc:362] Metadata directory not provided
I20260630 12:25:51.824821  7269 fs_manager.cc:368] Using write-ahead log directory (fs_wal_dir) as metadata directory
I20260630 12:25:51.825098  7269 server_base.cc:909] This appears to be a new deployment of Kudu; creating new FS layout
I20260630 12:25:51.826107  7269 fs_manager.cc:1068] Generated new instance metadata in path /tmp/dist-test-task4gGiuO/test-tmp/auto_rebalancer-test.0.AutoRebalancerTest.MovesScheduledIfAddTserver.1782822322799407-7269-0/minicluster-data/ts-0-root/instance:
uuid: "8cc27e28fcb1484d84697452f912747e"
format_stamp: "Formatted at 2026-06-30 12:25:51 on dist-test-slave-dl2z"
I20260630 12:25:51.830281  7269 fs_manager.cc:696] Time spent creating directory manager: real 0.004s	user 0.000s	sys 0.006s
I20260630 12:25:51.833310  9010 log_block_manager.cc:4031] Time spent loading block containers with low live blocks: real 0.000s	user 0.000s	sys 0.000s
I20260630 12:25:51.834009  7269 fs_manager.cc:730] Time spent opening block manager: real 0.002s	user 0.001s	sys 0.000s
I20260630 12:25:51.834297  7269 fs_manager.cc:647] Opened local filesystem: /tmp/dist-test-task4gGiuO/test-tmp/auto_rebalancer-test.0.AutoRebalancerTest.MovesScheduledIfAddTserver.1782822322799407-7269-0/minicluster-data/ts-0-root
uuid: "8cc27e28fcb1484d84697452f912747e"
format_stamp: "Formatted at 2026-06-30 12:25:51 on dist-test-slave-dl2z"
I20260630 12:25:51.834570  7269 fs_report.cc:389] FS layout report
--------------------
wal directory: /tmp/dist-test-task4gGiuO/test-tmp/auto_rebalancer-test.0.AutoRebalancerTest.MovesScheduledIfAddTserver.1782822322799407-7269-0/minicluster-data/ts-0-root
metadata directory: /tmp/dist-test-task4gGiuO/test-tmp/auto_rebalancer-test.0.AutoRebalancerTest.MovesScheduledIfAddTserver.1782822322799407-7269-0/minicluster-data/ts-0-root
1 data directories: /tmp/dist-test-task4gGiuO/test-tmp/auto_rebalancer-test.0.AutoRebalancerTest.MovesScheduledIfAddTserver.1782822322799407-7269-0/minicluster-data/ts-0-root/data
Total live blocks: 0
Total live bytes: 0
Total live bytes (after alignment): 0
Total number of LBM containers: 0 (0 full)
Did not check for missing blocks
Did not check for orphaned blocks
Total full LBM containers with extra space: 0 (0 repaired)
Total full LBM container extra space in bytes: 0 (0 repaired)
Total incomplete LBM containers: 0 (0 repaired)
Total LBM partial records: 0 (0 repaired)
Total corrupted LBM metadata records in RocksDB: 0 (0 repaired)
I20260630 12:25:51.845913  7269 rpc_server.cc:225] running with OpenSSL 1.1.1  11 Sep 2018
I20260630 12:25:51.847075  7269 kserver.cc:163] Server-wide thread pool size limit: 3276
I20260630 12:25:51.848562  7269 txn_system_client.cc:432] TxnSystemClient initialization is disabled...
I20260630 12:25:51.850754  7269 ts_tablet_manager.cc:585] Loaded tablet metadata (0 total tablets, 0 live tablets)
I20260630 12:25:51.850971  7269 ts_tablet_manager.cc:531] Time spent load tablet metadata: real 0.000s	user 0.000s	sys 0.000s
I20260630 12:25:51.851212  7269 ts_tablet_manager.cc:616] Registered 0 tablets
I20260630 12:25:51.851375  7269 ts_tablet_manager.cc:595] Time spent register tablets: real 0.000s	user 0.000s	sys 0.000s
I20260630 12:25:51.889374  7269 rpc_server.cc:307] RPC server started. Bound to: 127.7.25.65:40577
I20260630 12:25:51.889460  9072 acceptor_pool.cc:272] collecting diagnostics on the listening RPC socket 127.7.25.65:40577 every 8 connection(s)
I20260630 12:25:51.894279  7269 file_cache.cc:492] Constructed file cache file cache with capacity 419430
W20260630 12:25:51.900554  9077 instance_detector.cc:116] could not retrieve AWS instance metadata: Network error: curl error: HTTP response code said error: The requested URL returned error: 404
W20260630 12:25:51.902920  9078 instance_detector.cc:116] could not retrieve Azure instance metadata: Network error: curl error: HTTP response code said error: The requested URL returned error: 404
I20260630 12:25:51.904675  7269 server_base.cc:1061] running on GCE node
W20260630 12:25:51.905578  9080 instance_detector.cc:116] could not retrieve OpenStack instance metadata: Network error: curl error: HTTP response code said error: The requested URL returned error: 404
I20260630 12:25:51.906373  7269 hybrid_clock.cc:584] initializing the hybrid clock with 'system_unsync' time source
W20260630 12:25:51.906620  7269 system_unsync_time.cc:38] NTP support is disabled. Clock error bounds will not be accurate. This configuration is not suitable for distributed clusters.
I20260630 12:25:51.906823  7269 hybrid_clock.cc:648] HybridClock initialized: now 1782822351906803 us; error 0 us; skew 500 ppm
I20260630 12:25:51.907447  7269 server_base.cc:861] Flag tcmalloc_max_total_thread_cache_bytes is not working since tcmalloc is not enabled.
I20260630 12:25:51.908934  9073 heartbeater.cc:344] Connected to a master server at 127.7.25.126:33937
I20260630 12:25:51.909323  9073 heartbeater.cc:461] Registering TS with master...
I20260630 12:25:51.910202  9073 heartbeater.cc:507] Master 127.7.25.126:33937 requested a full tablet report, sending...
I20260630 12:25:51.910214  7269 webserver.cc:533] Webserver started at http://127.7.25.66:33105/ using document root <none> and password file <none>
I20260630 12:25:51.910988  7269 fs_manager.cc:362] Metadata directory not provided
I20260630 12:25:51.911247  7269 fs_manager.cc:368] Using write-ahead log directory (fs_wal_dir) as metadata directory
I20260630 12:25:51.911540  7269 server_base.cc:909] This appears to be a new deployment of Kudu; creating new FS layout
I20260630 12:25:51.912570  8946 ts_manager.cc:194] Registered new tserver with Master: 8cc27e28fcb1484d84697452f912747e (127.7.25.65:40577)
I20260630 12:25:51.912657  7269 fs_manager.cc:1068] Generated new instance metadata in path /tmp/dist-test-task4gGiuO/test-tmp/auto_rebalancer-test.0.AutoRebalancerTest.MovesScheduledIfAddTserver.1782822322799407-7269-0/minicluster-data/ts-1-root/instance:
uuid: "c7279aa279f5491e81137f9e8305e723"
format_stamp: "Formatted at 2026-06-30 12:25:51 on dist-test-slave-dl2z"
I20260630 12:25:51.914295  8946 master_service.cc:502] Signed X509 certificate for tserver {username='slave'} at 127.0.0.1:47538
I20260630 12:25:51.917758  7269 fs_manager.cc:696] Time spent creating directory manager: real 0.004s	user 0.004s	sys 0.001s
I20260630 12:25:51.920799  9085 log_block_manager.cc:4031] Time spent loading block containers with low live blocks: real 0.000s	user 0.000s	sys 0.000s
I20260630 12:25:51.921443  7269 fs_manager.cc:730] Time spent opening block manager: real 0.002s	user 0.003s	sys 0.000s
I20260630 12:25:51.921720  7269 fs_manager.cc:647] Opened local filesystem: /tmp/dist-test-task4gGiuO/test-tmp/auto_rebalancer-test.0.AutoRebalancerTest.MovesScheduledIfAddTserver.1782822322799407-7269-0/minicluster-data/ts-1-root
uuid: "c7279aa279f5491e81137f9e8305e723"
format_stamp: "Formatted at 2026-06-30 12:25:51 on dist-test-slave-dl2z"
I20260630 12:25:51.921969  7269 fs_report.cc:389] FS layout report
--------------------
wal directory: /tmp/dist-test-task4gGiuO/test-tmp/auto_rebalancer-test.0.AutoRebalancerTest.MovesScheduledIfAddTserver.1782822322799407-7269-0/minicluster-data/ts-1-root
metadata directory: /tmp/dist-test-task4gGiuO/test-tmp/auto_rebalancer-test.0.AutoRebalancerTest.MovesScheduledIfAddTserver.1782822322799407-7269-0/minicluster-data/ts-1-root
1 data directories: /tmp/dist-test-task4gGiuO/test-tmp/auto_rebalancer-test.0.AutoRebalancerTest.MovesScheduledIfAddTserver.1782822322799407-7269-0/minicluster-data/ts-1-root/data
Total live blocks: 0
Total live bytes: 0
Total live bytes (after alignment): 0
Total number of LBM containers: 0 (0 full)
Did not check for missing blocks
Did not check for orphaned blocks
Total full LBM containers with extra space: 0 (0 repaired)
Total full LBM container extra space in bytes: 0 (0 repaired)
Total incomplete LBM containers: 0 (0 repaired)
Total LBM partial records: 0 (0 repaired)
Total corrupted LBM metadata records in RocksDB: 0 (0 repaired)
I20260630 12:25:51.941390  7269 rpc_server.cc:225] running with OpenSSL 1.1.1  11 Sep 2018
I20260630 12:25:51.942904  7269 kserver.cc:163] Server-wide thread pool size limit: 3276
I20260630 12:25:51.944697  7269 txn_system_client.cc:432] TxnSystemClient initialization is disabled...
