I20260630 12:25:31.287636  8282 ts_tablet_manager.cc:1434] T 8153ea00db8e482b82d6d67582f839ba P 90f37cd67a4448ce9780d4d2ac10513d: Time spent starting tablet: real 0.011s	user 0.007s	sys 0.001s
I20260630 12:25:31.287542  8285 raft_consensus.cc:359] T 63e49d17aadb446d8d1323627917c754 P 818c3251b833465199c2284e6819b505 [term 0 FOLLOWER]: Replica starting. Triggering 0 pending ops. Active config: opid_index: -1 OBSOLETE_local: false peers { permanent_uuid: "818c3251b833465199c2284e6819b505" member_type: VOTER last_known_addr { host: "127.7.63.65" port: 46025 } } peers { permanent_uuid: "9bd10707afae48b2a245c0b39cae7769" member_type: VOTER last_known_addr { host: "127.7.63.66" port: 36377 } } peers { permanent_uuid: "90f37cd67a4448ce9780d4d2ac10513d" member_type: VOTER last_known_addr { host: "127.7.63.67" port: 39773 } }
I20260630 12:25:31.288460  8285 raft_consensus.cc:385] T 63e49d17aadb446d8d1323627917c754 P 818c3251b833465199c2284e6819b505 [term 0 FOLLOWER]: Consensus starting up: Expiring failure detector timer to make a prompt election more likely
I20260630 12:25:31.288806  8285 raft_consensus.cc:740] T 63e49d17aadb446d8d1323627917c754 P 818c3251b833465199c2284e6819b505 [term 0 FOLLOWER]: Becoming Follower/Learner. State: Replica: 818c3251b833465199c2284e6819b505, State: Initialized, Role: FOLLOWER
I20260630 12:25:31.289029  8282 tablet_bootstrap.cc:492] T 6e4e5e47cd494d9191ed05147ec18b94 P 90f37cd67a4448ce9780d4d2ac10513d: Bootstrap starting.
I20260630 12:25:31.289635  8285 consensus_queue.cc:260] T 63e49d17aadb446d8d1323627917c754 P 818c3251b833465199c2284e6819b505 [NON_LEADER]: Queue going to NON_LEADER mode. State: All replicated index: 0, Majority replicated index: 0, Committed index: 0, Last appended: 0.0, Last appended by leader: 0, Current term: 0, Majority size: -1, State: 0, Mode: NON_LEADER, active raft config: opid_index: -1 OBSOLETE_local: false peers { permanent_uuid: "818c3251b833465199c2284e6819b505" member_type: VOTER last_known_addr { host: "127.7.63.65" port: 46025 } } peers { permanent_uuid: "9bd10707afae48b2a245c0b39cae7769" member_type: VOTER last_known_addr { host: "127.7.63.66" port: 36377 } } peers { permanent_uuid: "90f37cd67a4448ce9780d4d2ac10513d" member_type: VOTER last_known_addr { host: "127.7.63.67" port: 39773 } }
I20260630 12:25:31.293617  8281 tablet_bootstrap.cc:492] T e83014528495400d8ac3707ca746d4c7 P 9bd10707afae48b2a245c0b39cae7769: No bootstrap required, opened a new log
I20260630 12:25:31.294129  8281 ts_tablet_manager.cc:1403] T e83014528495400d8ac3707ca746d4c7 P 9bd10707afae48b2a245c0b39cae7769: Time spent bootstrapping tablet: real 0.022s	user 0.004s	sys 0.010s
I20260630 12:25:31.296926  8281 raft_consensus.cc:359] T e83014528495400d8ac3707ca746d4c7 P 9bd10707afae48b2a245c0b39cae7769 [term 0 FOLLOWER]: Replica starting. Triggering 0 pending ops. Active config: opid_index: -1 OBSOLETE_local: false peers { permanent_uuid: "818c3251b833465199c2284e6819b505" member_type: VOTER last_known_addr { host: "127.7.63.65" port: 46025 } } peers { permanent_uuid: "9bd10707afae48b2a245c0b39cae7769" member_type: VOTER last_known_addr { host: "127.7.63.66" port: 36377 } } peers { permanent_uuid: "90f37cd67a4448ce9780d4d2ac10513d" member_type: VOTER last_known_addr { host: "127.7.63.67" port: 39773 } }
I20260630 12:25:31.297699  8281 raft_consensus.cc:385] T e83014528495400d8ac3707ca746d4c7 P 9bd10707afae48b2a245c0b39cae7769 [term 0 FOLLOWER]: Consensus starting up: Expiring failure detector timer to make a prompt election more likely
I20260630 12:25:31.297930  8282 tablet_bootstrap.cc:654] T 6e4e5e47cd494d9191ed05147ec18b94 P 90f37cd67a4448ce9780d4d2ac10513d: Neither blocks nor log segments found. Creating new log.
I20260630 12:25:31.299798  8285 ts_tablet_manager.cc:1434] T 63e49d17aadb446d8d1323627917c754 P 818c3251b833465199c2284e6819b505: Time spent starting tablet: real 0.015s	user 0.006s	sys 0.008s
I20260630 12:25:31.300906  8285 tablet_bootstrap.cc:492] T 6e4e5e47cd494d9191ed05147ec18b94 P 818c3251b833465199c2284e6819b505: Bootstrap starting.
I20260630 12:25:31.298048  8281 raft_consensus.cc:740] T e83014528495400d8ac3707ca746d4c7 P 9bd10707afae48b2a245c0b39cae7769 [term 0 FOLLOWER]: Becoming Follower/Learner. State: Replica: 9bd10707afae48b2a245c0b39cae7769, State: Initialized, Role: FOLLOWER
I20260630 12:25:31.302456  8281 consensus_queue.cc:260] T e83014528495400d8ac3707ca746d4c7 P 9bd10707afae48b2a245c0b39cae7769 [NON_LEADER]: Queue going to NON_LEADER mode. State: All replicated index: 0, Majority replicated index: 0, Committed index: 0, Last appended: 0.0, Last appended by leader: 0, Current term: 0, Majority size: -1, State: 0, Mode: NON_LEADER, active raft config: opid_index: -1 OBSOLETE_local: false peers { permanent_uuid: "818c3251b833465199c2284e6819b505" member_type: VOTER last_known_addr { host: "127.7.63.65" port: 46025 } } peers { permanent_uuid: "9bd10707afae48b2a245c0b39cae7769" member_type: VOTER last_known_addr { host: "127.7.63.66" port: 36377 } } peers { permanent_uuid: "90f37cd67a4448ce9780d4d2ac10513d" member_type: VOTER last_known_addr { host: "127.7.63.67" port: 39773 } }
I20260630 12:25:31.308553  8285 tablet_bootstrap.cc:654] T 6e4e5e47cd494d9191ed05147ec18b94 P 818c3251b833465199c2284e6819b505: Neither blocks nor log segments found. Creating new log.
I20260630 12:25:31.308617  8281 ts_tablet_manager.cc:1434] T e83014528495400d8ac3707ca746d4c7 P 9bd10707afae48b2a245c0b39cae7769: Time spent starting tablet: real 0.014s	user 0.004s	sys 0.004s
I20260630 12:25:31.310213  8281 tablet_bootstrap.cc:492] T 8153ea00db8e482b82d6d67582f839ba P 9bd10707afae48b2a245c0b39cae7769: Bootstrap starting.
I20260630 12:25:31.318224  8281 tablet_bootstrap.cc:654] T 8153ea00db8e482b82d6d67582f839ba P 9bd10707afae48b2a245c0b39cae7769: Neither blocks nor log segments found. Creating new log.
I20260630 12:25:31.320240  8282 tablet_bootstrap.cc:492] T 6e4e5e47cd494d9191ed05147ec18b94 P 90f37cd67a4448ce9780d4d2ac10513d: No bootstrap required, opened a new log
I20260630 12:25:31.320812  8282 ts_tablet_manager.cc:1403] T 6e4e5e47cd494d9191ed05147ec18b94 P 90f37cd67a4448ce9780d4d2ac10513d: Time spent bootstrapping tablet: real 0.032s	user 0.017s	sys 0.011s
I20260630 12:25:31.321455  8285 tablet_bootstrap.cc:492] T 6e4e5e47cd494d9191ed05147ec18b94 P 818c3251b833465199c2284e6819b505: No bootstrap required, opened a new log
I20260630 12:25:31.322136  8285 ts_tablet_manager.cc:1403] T 6e4e5e47cd494d9191ed05147ec18b94 P 818c3251b833465199c2284e6819b505: Time spent bootstrapping tablet: real 0.021s	user 0.018s	sys 0.001s
I20260630 12:25:31.323874  8282 raft_consensus.cc:359] T 6e4e5e47cd494d9191ed05147ec18b94 P 90f37cd67a4448ce9780d4d2ac10513d [term 0 FOLLOWER]: Replica starting. Triggering 0 pending ops. Active config: opid_index: -1 OBSOLETE_local: false peers { permanent_uuid: "818c3251b833465199c2284e6819b505" member_type: VOTER last_known_addr { host: "127.7.63.65" port: 46025 } } peers { permanent_uuid: "9bd10707afae48b2a245c0b39cae7769" member_type: VOTER last_known_addr { host: "127.7.63.66" port: 36377 } } peers { permanent_uuid: "90f37cd67a4448ce9780d4d2ac10513d" member_type: VOTER last_known_addr { host: "127.7.63.67" port: 39773 } }
I20260630 12:25:31.324648  8282 raft_consensus.cc:385] T 6e4e5e47cd494d9191ed05147ec18b94 P 90f37cd67a4448ce9780d4d2ac10513d [term 0 FOLLOWER]: Consensus starting up: Expiring failure detector timer to make a prompt election more likely
I20260630 12:25:31.324941  8282 raft_consensus.cc:740] T 6e4e5e47cd494d9191ed05147ec18b94 P 90f37cd67a4448ce9780d4d2ac10513d [term 0 FOLLOWER]: Becoming Follower/Learner. State: Replica: 90f37cd67a4448ce9780d4d2ac10513d, State: Initialized, Role: FOLLOWER
I20260630 12:25:31.325210  8281 tablet_bootstrap.cc:492] T 8153ea00db8e482b82d6d67582f839ba P 9bd10707afae48b2a245c0b39cae7769: No bootstrap required, opened a new log
I20260630 12:25:31.325721  8285 raft_consensus.cc:359] T 6e4e5e47cd494d9191ed05147ec18b94 P 818c3251b833465199c2284e6819b505 [term 0 FOLLOWER]: Replica starting. Triggering 0 pending ops. Active config: opid_index: -1 OBSOLETE_local: false peers { permanent_uuid: "818c3251b833465199c2284e6819b505" member_type: VOTER last_known_addr { host: "127.7.63.65" port: 46025 } } peers { permanent_uuid: "9bd10707afae48b2a245c0b39cae7769" member_type: VOTER last_known_addr { host: "127.7.63.66" port: 36377 } } peers { permanent_uuid: "90f37cd67a4448ce9780d4d2ac10513d" member_type: VOTER last_known_addr { host: "127.7.63.67" port: 39773 } }
I20260630 12:25:31.327127  8285 raft_consensus.cc:385] T 6e4e5e47cd494d9191ed05147ec18b94 P 818c3251b833465199c2284e6819b505 [term 0 FOLLOWER]: Consensus starting up: Expiring failure detector timer to make a prompt election more likely
I20260630 12:25:31.326190  8282 consensus_queue.cc:260] T 6e4e5e47cd494d9191ed05147ec18b94 P 90f37cd67a4448ce9780d4d2ac10513d [NON_LEADER]: Queue going to NON_LEADER mode. State: All replicated index: 0, Majority replicated index: 0, Committed index: 0, Last appended: 0.0, Last appended by leader: 0, Current term: 0, Majority size: -1, State: 0, Mode: NON_LEADER, active raft config: opid_index: -1 OBSOLETE_local: false peers { permanent_uuid: "818c3251b833465199c2284e6819b505" member_type: VOTER last_known_addr { host: "127.7.63.65" port: 46025 } } peers { permanent_uuid: "9bd10707afae48b2a245c0b39cae7769" member_type: VOTER last_known_addr { host: "127.7.63.66" port: 36377 } } peers { permanent_uuid: "90f37cd67a4448ce9780d4d2ac10513d" member_type: VOTER last_known_addr { host: "127.7.63.67" port: 39773 } }
I20260630 12:25:31.327502  8285 raft_consensus.cc:740] T 6e4e5e47cd494d9191ed05147ec18b94 P 818c3251b833465199c2284e6819b505 [term 0 FOLLOWER]: Becoming Follower/Learner. State: Replica: 818c3251b833465199c2284e6819b505, State: Initialized, Role: FOLLOWER
I20260630 12:25:31.327693  8281 ts_tablet_manager.cc:1403] T 8153ea00db8e482b82d6d67582f839ba P 9bd10707afae48b2a245c0b39cae7769: Time spent bootstrapping tablet: real 0.018s	user 0.004s	sys 0.009s
I20260630 12:25:31.328366  8285 consensus_queue.cc:260] T 6e4e5e47cd494d9191ed05147ec18b94 P 818c3251b833465199c2284e6819b505 [NON_LEADER]: Queue going to NON_LEADER mode. State: All replicated index: 0, Majority replicated index: 0, Committed index: 0, Last appended: 0.0, Last appended by leader: 0, Current term: 0, Majority size: -1, State: 0, Mode: NON_LEADER, active raft config: opid_index: -1 OBSOLETE_local: false peers { permanent_uuid: "818c3251b833465199c2284e6819b505" member_type: VOTER last_known_addr { host: "127.7.63.65" port: 46025 } } peers { permanent_uuid: "9bd10707afae48b2a245c0b39cae7769" member_type: VOTER last_known_addr { host: "127.7.63.66" port: 36377 } } peers { permanent_uuid: "90f37cd67a4448ce9780d4d2ac10513d" member_type: VOTER last_known_addr { host: "127.7.63.67" port: 39773 } }
I20260630 12:25:31.330340  8285 ts_tablet_manager.cc:1434] T 6e4e5e47cd494d9191ed05147ec18b94 P 818c3251b833465199c2284e6819b505: Time spent starting tablet: real 0.008s	user 0.005s	sys 0.000s
I20260630 12:25:31.330591  8281 raft_consensus.cc:359] T 8153ea00db8e482b82d6d67582f839ba P 9bd10707afae48b2a245c0b39cae7769 [term 0 FOLLOWER]: Replica starting. Triggering 0 pending ops. Active config: opid_index: -1 OBSOLETE_local: false peers { permanent_uuid: "818c3251b833465199c2284e6819b505" member_type: VOTER last_known_addr { host: "127.7.63.65" port: 46025 } } peers { permanent_uuid: "9bd10707afae48b2a245c0b39cae7769" member_type: VOTER last_known_addr { host: "127.7.63.66" port: 36377 } } peers { permanent_uuid: "90f37cd67a4448ce9780d4d2ac10513d" member_type: VOTER last_known_addr { host: "127.7.63.67" port: 39773 } }
I20260630 12:25:31.331319  8285 tablet_bootstrap.cc:492] T 6e66610a9cac4777bf0cde00a577c20b P 818c3251b833465199c2284e6819b505: Bootstrap starting.
I20260630 12:25:31.331388  8281 raft_consensus.cc:385] T 8153ea00db8e482b82d6d67582f839ba P 9bd10707afae48b2a245c0b39cae7769 [term 0 FOLLOWER]: Consensus starting up: Expiring failure detector timer to make a prompt election more likely
I20260630 12:25:31.331866  8281 raft_consensus.cc:740] T 8153ea00db8e482b82d6d67582f839ba P 9bd10707afae48b2a245c0b39cae7769 [term 0 FOLLOWER]: Becoming Follower/Learner. State: Replica: 9bd10707afae48b2a245c0b39cae7769, State: Initialized, Role: FOLLOWER
I20260630 12:25:31.332741  8281 consensus_queue.cc:260] T 8153ea00db8e482b82d6d67582f839ba P 9bd10707afae48b2a245c0b39cae7769 [NON_LEADER]: Queue going to NON_LEADER mode. State: All replicated index: 0, Majority replicated index: 0, Committed index: 0, Last appended: 0.0, Last appended by leader: 0, Current term: 0, Majority size: -1, State: 0, Mode: NON_LEADER, active raft config: opid_index: -1 OBSOLETE_local: false peers { permanent_uuid: "818c3251b833465199c2284e6819b505" member_type: VOTER last_known_addr { host: "127.7.63.65" port: 46025 } } peers { permanent_uuid: "9bd10707afae48b2a245c0b39cae7769" member_type: VOTER last_known_addr { host: "127.7.63.66" port: 36377 } } peers { permanent_uuid: "90f37cd67a4448ce9780d4d2ac10513d" member_type: VOTER last_known_addr { host: "127.7.63.67" port: 39773 } }
I20260630 12:25:31.334735  8282 ts_tablet_manager.cc:1434] T 6e4e5e47cd494d9191ed05147ec18b94 P 90f37cd67a4448ce9780d4d2ac10513d: Time spent starting tablet: real 0.014s	user 0.008s	sys 0.000s
I20260630 12:25:31.335778  8282 tablet_bootstrap.cc:492] T 10f079e2dd204b5ba15d9ed0c4abddc1 P 90f37cd67a4448ce9780d4d2ac10513d: Bootstrap starting.
I20260630 12:25:31.337947  8281 ts_tablet_manager.cc:1434] T 8153ea00db8e482b82d6d67582f839ba P 9bd10707afae48b2a245c0b39cae7769: Time spent starting tablet: real 0.010s	user 0.005s	sys 0.001s
I20260630 12:25:31.339498  8281 tablet_bootstrap.cc:492] T 6e8b3ba9cb254577b250a2235fef86af P 9bd10707afae48b2a245c0b39cae7769: Bootstrap starting.
I20260630 12:25:31.342032  8282 tablet_bootstrap.cc:654] T 10f079e2dd204b5ba15d9ed0c4abddc1 P 90f37cd67a4448ce9780d4d2ac10513d: Neither blocks nor log segments found. Creating new log.
I20260630 12:25:31.346318  8281 tablet_bootstrap.cc:654] T 6e8b3ba9cb254577b250a2235fef86af P 9bd10707afae48b2a245c0b39cae7769: Neither blocks nor log segments found. Creating new log.
I20260630 12:25:31.347754  8285 tablet_bootstrap.cc:654] T 6e66610a9cac4777bf0cde00a577c20b P 818c3251b833465199c2284e6819b505: Neither blocks nor log segments found. Creating new log.
I20260630 12:25:31.359207  8282 tablet_bootstrap.cc:492] T 10f079e2dd204b5ba15d9ed0c4abddc1 P 90f37cd67a4448ce9780d4d2ac10513d: No bootstrap required, opened a new log
I20260630 12:25:31.359519  8281 tablet_bootstrap.cc:492] T 6e8b3ba9cb254577b250a2235fef86af P 9bd10707afae48b2a245c0b39cae7769: No bootstrap required, opened a new log
I20260630 12:25:31.359963  8282 ts_tablet_manager.cc:1403] T 10f079e2dd204b5ba15d9ed0c4abddc1 P 90f37cd67a4448ce9780d4d2ac10513d: Time spent bootstrapping tablet: real 0.024s	user 0.016s	sys 0.007s
I20260630 12:25:31.360069  8281 ts_tablet_manager.cc:1403] T 6e8b3ba9cb254577b250a2235fef86af P 9bd10707afae48b2a245c0b39cae7769: Time spent bootstrapping tablet: real 0.021s	user 0.013s	sys 0.005s
I20260630 12:25:31.361284  8285 tablet_bootstrap.cc:492] T 6e66610a9cac4777bf0cde00a577c20b P 818c3251b833465199c2284e6819b505: No bootstrap required, opened a new log
I20260630 12:25:31.361754  8285 ts_tablet_manager.cc:1403] T 6e66610a9cac4777bf0cde00a577c20b P 818c3251b833465199c2284e6819b505: Time spent bootstrapping tablet: real 0.031s	user 0.015s	sys 0.001s
I20260630 12:25:31.363183  8287 raft_consensus.cc:493] T 8153ea00db8e482b82d6d67582f839ba P 9bd10707afae48b2a245c0b39cae7769 [term 0 FOLLOWER]: Starting pre-election (no leader contacted us within the election timeout)
I20260630 12:25:31.362850  8282 raft_consensus.cc:359] T 10f079e2dd204b5ba15d9ed0c4abddc1 P 90f37cd67a4448ce9780d4d2ac10513d [term 0 FOLLOWER]: Replica starting. Triggering 0 pending ops. Active config: opid_index: -1 OBSOLETE_local: false peers { permanent_uuid: "818c3251b833465199c2284e6819b505" member_type: VOTER last_known_addr { host: "127.7.63.65" port: 46025 } } peers { permanent_uuid: "9bd10707afae48b2a245c0b39cae7769" member_type: VOTER last_known_addr { host: "127.7.63.66" port: 36377 } } peers { permanent_uuid: "90f37cd67a4448ce9780d4d2ac10513d" member_type: VOTER last_known_addr { host: "127.7.63.67" port: 39773 } }
I20260630 12:25:31.363044  8281 raft_consensus.cc:359] T 6e8b3ba9cb254577b250a2235fef86af P 9bd10707afae48b2a245c0b39cae7769 [term 0 FOLLOWER]: Replica starting. Triggering 0 pending ops. Active config: opid_index: -1 OBSOLETE_local: false peers { permanent_uuid: "818c3251b833465199c2284e6819b505" member_type: VOTER last_known_addr { host: "127.7.63.65" port: 46025 } } peers { permanent_uuid: "9bd10707afae48b2a245c0b39cae7769" member_type: VOTER last_known_addr { host: "127.7.63.66" port: 36377 } } peers { permanent_uuid: "90f37cd67a4448ce9780d4d2ac10513d" member_type: VOTER last_known_addr { host: "127.7.63.67" port: 39773 } }
I20260630 12:25:31.363929  8281 raft_consensus.cc:385] T 6e8b3ba9cb254577b250a2235fef86af P 9bd10707afae48b2a245c0b39cae7769 [term 0 FOLLOWER]: Consensus starting up: Expiring failure detector timer to make a prompt election more likely
I20260630 12:25:31.364302  8281 raft_consensus.cc:740] T 6e8b3ba9cb254577b250a2235fef86af P 9bd10707afae48b2a245c0b39cae7769 [term 0 FOLLOWER]: Becoming Follower/Learner. State: Replica: 9bd10707afae48b2a245c0b39cae7769, State: Initialized, Role: FOLLOWER
I20260630 12:25:31.363785  8287 raft_consensus.cc:515] T 8153ea00db8e482b82d6d67582f839ba P 9bd10707afae48b2a245c0b39cae7769 [term 0 FOLLOWER]: Starting pre-election with config: opid_index: -1 OBSOLETE_local: false peers { permanent_uuid: "818c3251b833465199c2284e6819b505" member_type: VOTER last_known_addr { host: "127.7.63.65" port: 46025 } } peers { permanent_uuid: "9bd10707afae48b2a245c0b39cae7769" member_type: VOTER last_known_addr { host: "127.7.63.66" port: 36377 } } peers { permanent_uuid: "90f37cd67a4448ce9780d4d2ac10513d" member_type: VOTER last_known_addr { host: "127.7.63.67" port: 39773 } }
I20260630 12:25:31.364508  8285 raft_consensus.cc:359] T 6e66610a9cac4777bf0cde00a577c20b P 818c3251b833465199c2284e6819b505 [term 0 FOLLOWER]: Replica starting. Triggering 0 pending ops. Active config: opid_index: -1 OBSOLETE_local: false peers { permanent_uuid: "818c3251b833465199c2284e6819b505" member_type: VOTER last_known_addr { host: "127.7.63.65" port: 46025 } } peers { permanent_uuid: "9bd10707afae48b2a245c0b39cae7769" member_type: VOTER last_known_addr { host: "127.7.63.66" port: 36377 } } peers { permanent_uuid: "90f37cd67a4448ce9780d4d2ac10513d" member_type: VOTER last_known_addr { host: "127.7.63.67" port: 39773 } }
I20260630 12:25:31.365126  8281 consensus_queue.cc:260] T 6e8b3ba9cb254577b250a2235fef86af P 9bd10707afae48b2a245c0b39cae7769 [NON_LEADER]: Queue going to NON_LEADER mode. State: All replicated index: 0, Majority replicated index: 0, Committed index: 0, Last appended: 0.0, Last appended by leader: 0, Current term: 0, Majority size: -1, State: 0, Mode: NON_LEADER, active raft config: opid_index: -1 OBSOLETE_local: false peers { permanent_uuid: "818c3251b833465199c2284e6819b505" member_type: VOTER last_known_addr { host: "127.7.63.65" port: 46025 } } peers { permanent_uuid: "9bd10707afae48b2a245c0b39cae7769" member_type: VOTER last_known_addr { host: "127.7.63.66" port: 36377 } } peers { permanent_uuid: "90f37cd67a4448ce9780d4d2ac10513d" member_type: VOTER last_known_addr { host: "127.7.63.67" port: 39773 } }
I20260630 12:25:31.365417  8285 raft_consensus.cc:385] T 6e66610a9cac4777bf0cde00a577c20b P 818c3251b833465199c2284e6819b505 [term 0 FOLLOWER]: Consensus starting up: Expiring failure detector timer to make a prompt election more likely
I20260630 12:25:31.365850  8285 raft_consensus.cc:740] T 6e66610a9cac4777bf0cde00a577c20b P 818c3251b833465199c2284e6819b505 [term 0 FOLLOWER]: Becoming Follower/Learner. State: Replica: 818c3251b833465199c2284e6819b505, State: Initialized, Role: FOLLOWER
I20260630 12:25:31.363801  8282 raft_consensus.cc:385] T 10f079e2dd204b5ba15d9ed0c4abddc1 P 90f37cd67a4448ce9780d4d2ac10513d [term 0 FOLLOWER]: Consensus starting up: Expiring failure detector timer to make a prompt election more likely
I20260630 12:25:31.366582  8282 raft_consensus.cc:740] T 10f079e2dd204b5ba15d9ed0c4abddc1 P 90f37cd67a4448ce9780d4d2ac10513d [term 0 FOLLOWER]: Becoming Follower/Learner. State: Replica: 90f37cd67a4448ce9780d4d2ac10513d, State: Initialized, Role: FOLLOWER
I20260630 12:25:31.367089  8285 consensus_queue.cc:260] T 6e66610a9cac4777bf0cde00a577c20b P 818c3251b833465199c2284e6819b505 [NON_LEADER]: Queue going to NON_LEADER mode. State: All replicated index: 0, Majority replicated index: 0, Committed index: 0, Last appended: 0.0, Last appended by leader: 0, Current term: 0, Majority size: -1, State: 0, Mode: NON_LEADER, active raft config: opid_index: -1 OBSOLETE_local: false peers { permanent_uuid: "818c3251b833465199c2284e6819b505" member_type: VOTER last_known_addr { host: "127.7.63.65" port: 46025 } } peers { permanent_uuid: "9bd10707afae48b2a245c0b39cae7769" member_type: VOTER last_known_addr { host: "127.7.63.66" port: 36377 } } peers { permanent_uuid: "90f37cd67a4448ce9780d4d2ac10513d" member_type: VOTER last_known_addr { host: "127.7.63.67" port: 39773 } }
I20260630 12:25:31.367779  8282 consensus_queue.cc:260] T 10f079e2dd204b5ba15d9ed0c4abddc1 P 90f37cd67a4448ce9780d4d2ac10513d [NON_LEADER]: Queue going to NON_LEADER mode. State: All replicated index: 0, Majority replicated index: 0, Committed index: 0, Last appended: 0.0, Last appended by leader: 0, Current term: 0, Majority size: -1, State: 0, Mode: NON_LEADER, active raft config: opid_index: -1 OBSOLETE_local: false peers { permanent_uuid: "818c3251b833465199c2284e6819b505" member_type: VOTER last_known_addr { host: "127.7.63.65" port: 46025 } } peers { permanent_uuid: "9bd10707afae48b2a245c0b39cae7769" member_type: VOTER last_known_addr { host: "127.7.63.66" port: 36377 } } peers { permanent_uuid: "90f37cd67a4448ce9780d4d2ac10513d" member_type: VOTER last_known_addr { host: "127.7.63.67" port: 39773 } }
I20260630 12:25:31.370381  8282 ts_tablet_manager.cc:1434] T 10f079e2dd204b5ba15d9ed0c4abddc1 P 90f37cd67a4448ce9780d4d2ac10513d: Time spent starting tablet: real 0.010s	user 0.005s	sys 0.000s
I20260630 12:25:31.371560  8282 tablet_bootstrap.cc:492] T 63e49d17aadb446d8d1323627917c754 P 90f37cd67a4448ce9780d4d2ac10513d: Bootstrap starting.
I20260630 12:25:31.372857  8285 ts_tablet_manager.cc:1434] T 6e66610a9cac4777bf0cde00a577c20b P 818c3251b833465199c2284e6819b505: Time spent starting tablet: real 0.011s	user 0.009s	sys 0.000s
I20260630 12:25:31.374287  8285 tablet_bootstrap.cc:492] T 8153ea00db8e482b82d6d67582f839ba P 818c3251b833465199c2284e6819b505: Bootstrap starting.
I20260630 12:25:31.377674  8282 tablet_bootstrap.cc:654] T 63e49d17aadb446d8d1323627917c754 P 90f37cd67a4448ce9780d4d2ac10513d: Neither blocks nor log segments found. Creating new log.
I20260630 12:25:31.379930  8281 ts_tablet_manager.cc:1434] T 6e8b3ba9cb254577b250a2235fef86af P 9bd10707afae48b2a245c0b39cae7769: Time spent starting tablet: real 0.019s	user 0.009s	sys 0.010s
I20260630 12:25:31.380959  8281 tablet_bootstrap.cc:492] T 10f079e2dd204b5ba15d9ed0c4abddc1 P 9bd10707afae48b2a245c0b39cae7769: Bootstrap starting.
I20260630 12:25:31.381665  8286 raft_consensus.cc:493] T 6e4e5e47cd494d9191ed05147ec18b94 P 90f37cd67a4448ce9780d4d2ac10513d [term 0 FOLLOWER]: Starting pre-election (no leader contacted us within the election timeout)
I20260630 12:25:31.382190  8285 tablet_bootstrap.cc:654] T 8153ea00db8e482b82d6d67582f839ba P 818c3251b833465199c2284e6819b505: Neither blocks nor log segments found. Creating new log.
I20260630 12:25:31.382189  8286 raft_consensus.cc:515] T 6e4e5e47cd494d9191ed05147ec18b94 P 90f37cd67a4448ce9780d4d2ac10513d [term 0 FOLLOWER]: Starting pre-election with config: opid_index: -1 OBSOLETE_local: false peers { permanent_uuid: "818c3251b833465199c2284e6819b505" member_type: VOTER last_known_addr { host: "127.7.63.65" port: 46025 } } peers { permanent_uuid: "9bd10707afae48b2a245c0b39cae7769" member_type: VOTER last_known_addr { host: "127.7.63.66" port: 36377 } } peers { permanent_uuid: "90f37cd67a4448ce9780d4d2ac10513d" member_type: VOTER last_known_addr { host: "127.7.63.67" port: 39773 } }
I20260630 12:25:31.388855  8281 tablet_bootstrap.cc:654] T 10f079e2dd204b5ba15d9ed0c4abddc1 P 9bd10707afae48b2a245c0b39cae7769: Neither blocks nor log segments found. Creating new log.
I20260630 12:25:31.392409  8282 tablet_bootstrap.cc:492] T 63e49d17aadb446d8d1323627917c754 P 90f37cd67a4448ce9780d4d2ac10513d: No bootstrap required, opened a new log
I20260630 12:25:31.392958  8282 ts_tablet_manager.cc:1403] T 63e49d17aadb446d8d1323627917c754 P 90f37cd67a4448ce9780d4d2ac10513d: Time spent bootstrapping tablet: real 0.022s	user 0.007s	sys 0.009s
I20260630 12:25:31.395774  8282 raft_consensus.cc:359] T 63e49d17aadb446d8d1323627917c754 P 90f37cd67a4448ce9780d4d2ac10513d [term 0 FOLLOWER]: Replica starting. Triggering 0 pending ops. Active config: opid_index: -1 OBSOLETE_local: false peers { permanent_uuid: "818c3251b833465199c2284e6819b505" member_type: VOTER last_known_addr { host: "127.7.63.65" port: 46025 } } peers { permanent_uuid: "9bd10707afae48b2a245c0b39cae7769" member_type: VOTER last_known_addr { host: "127.7.63.66" port: 36377 } } peers { permanent_uuid: "90f37cd67a4448ce9780d4d2ac10513d" member_type: VOTER last_known_addr { host: "127.7.63.67" port: 39773 } }
I20260630 12:25:31.396559  8282 raft_consensus.cc:385] T 63e49d17aadb446d8d1323627917c754 P 90f37cd67a4448ce9780d4d2ac10513d [term 0 FOLLOWER]: Consensus starting up: Expiring failure detector timer to make a prompt election more likely
I20260630 12:25:31.396934  8282 raft_consensus.cc:740] T 63e49d17aadb446d8d1323627917c754 P 90f37cd67a4448ce9780d4d2ac10513d [term 0 FOLLOWER]: Becoming Follower/Learner. State: Replica: 90f37cd67a4448ce9780d4d2ac10513d, State: Initialized, Role: FOLLOWER
I20260630 12:25:31.397046  8285 tablet_bootstrap.cc:492] T 8153ea00db8e482b82d6d67582f839ba P 818c3251b833465199c2284e6819b505: No bootstrap required, opened a new log
I20260630 12:25:31.397413  8298 raft_consensus.cc:493] T 6e8b3ba9cb254577b250a2235fef86af P 9bd10707afae48b2a245c0b39cae7769 [term 0 FOLLOWER]: Starting pre-election (no leader contacted us within the election timeout)
I20260630 12:25:31.398495  8285 ts_tablet_manager.cc:1403] T 8153ea00db8e482b82d6d67582f839ba P 818c3251b833465199c2284e6819b505: Time spent bootstrapping tablet: real 0.024s	user 0.000s	sys 0.021s
I20260630 12:25:31.398401  8298 raft_consensus.cc:515] T 6e8b3ba9cb254577b250a2235fef86af P 9bd10707afae48b2a245c0b39cae7769 [term 0 FOLLOWER]: Starting pre-election with config: opid_index: -1 OBSOLETE_local: false peers { permanent_uuid: "818c3251b833465199c2284e6819b505" member_type: VOTER last_known_addr { host: "127.7.63.65" port: 46025 } } peers { permanent_uuid: "9bd10707afae48b2a245c0b39cae7769" member_type: VOTER last_known_addr { host: "127.7.63.66" port: 36377 } } peers { permanent_uuid: "90f37cd67a4448ce9780d4d2ac10513d" member_type: VOTER last_known_addr { host: "127.7.63.67" port: 39773 } }
I20260630 12:25:31.399843  8281 tablet_bootstrap.cc:492] T 10f079e2dd204b5ba15d9ed0c4abddc1 P 9bd10707afae48b2a245c0b39cae7769: No bootstrap required, opened a new log
I20260630 12:25:31.400364  8281 ts_tablet_manager.cc:1403] T 10f079e2dd204b5ba15d9ed0c4abddc1 P 9bd10707afae48b2a245c0b39cae7769: Time spent bootstrapping tablet: real 0.020s	user 0.005s	sys 0.011s
I20260630 12:25:31.402127  8285 raft_consensus.cc:359] T 8153ea00db8e482b82d6d67582f839ba P 818c3251b833465199c2284e6819b505 [term 0 FOLLOWER]: Replica starting. Triggering 0 pending ops. Active config: opid_index: -1 OBSOLETE_local: false peers { permanent_uuid: "818c3251b833465199c2284e6819b505" member_type: VOTER last_known_addr { host: "127.7.63.65" port: 46025 } } peers { permanent_uuid: "9bd10707afae48b2a245c0b39cae7769" member_type: VOTER last_known_addr { host: "127.7.63.66" port: 36377 } } peers { permanent_uuid: "90f37cd67a4448ce9780d4d2ac10513d" member_type: VOTER last_known_addr { host: "127.7.63.67" port: 39773 } }
I20260630 12:25:31.402747  8298 leader_election.cc:290] T 6e8b3ba9cb254577b250a2235fef86af P 9bd10707afae48b2a245c0b39cae7769 [CANDIDATE]: Term 1 pre-election: Requested pre-vote from peers 818c3251b833465199c2284e6819b505 (127.7.63.65:46025), 90f37cd67a4448ce9780d4d2ac10513d (127.7.63.67:39773)
I20260630 12:25:31.402974  8285 raft_consensus.cc:385] T 8153ea00db8e482b82d6d67582f839ba P 818c3251b833465199c2284e6819b505 [term 0 FOLLOWER]: Consensus starting up: Expiring failure detector timer to make a prompt election more likely
I20260630 12:25:31.403550  8285 raft_consensus.cc:740] T 8153ea00db8e482b82d6d67582f839ba P 818c3251b833465199c2284e6819b505 [term 0 FOLLOWER]: Becoming Follower/Learner. State: Replica: 818c3251b833465199c2284e6819b505, State: Initialized, Role: FOLLOWER
I20260630 12:25:31.403301  8281 raft_consensus.cc:359] T 10f079e2dd204b5ba15d9ed0c4abddc1 P 9bd10707afae48b2a245c0b39cae7769 [term 0 FOLLOWER]: Replica starting. Triggering 0 pending ops. Active config: opid_index: -1 OBSOLETE_local: false peers { permanent_uuid: "818c3251b833465199c2284e6819b505" member_type: VOTER last_known_addr { host: "127.7.63.65" port: 46025 } } peers { permanent_uuid: "9bd10707afae48b2a245c0b39cae7769" member_type: VOTER last_known_addr { host: "127.7.63.66" port: 36377 } } peers { permanent_uuid: "90f37cd67a4448ce9780d4d2ac10513d" member_type: VOTER last_known_addr { host: "127.7.63.67" port: 39773 } }
I20260630 12:25:31.403941  8287 leader_election.cc:290] T 8153ea00db8e482b82d6d67582f839ba P 9bd10707afae48b2a245c0b39cae7769 [CANDIDATE]: Term 1 pre-election: Requested pre-vote from peers 818c3251b833465199c2284e6819b505 (127.7.63.65:46025), 90f37cd67a4448ce9780d4d2ac10513d (127.7.63.67:39773)
I20260630 12:25:31.404095  8281 raft_consensus.cc:385] T 10f079e2dd204b5ba15d9ed0c4abddc1 P 9bd10707afae48b2a245c0b39cae7769 [term 0 FOLLOWER]: Consensus starting up: Expiring failure detector timer to make a prompt election more likely
I20260630 12:25:31.404681  8281 raft_consensus.cc:740] T 10f079e2dd204b5ba15d9ed0c4abddc1 P 9bd10707afae48b2a245c0b39cae7769 [term 0 FOLLOWER]: Becoming Follower/Learner. State: Replica: 9bd10707afae48b2a245c0b39cae7769, State: Initialized, Role: FOLLOWER
I20260630 12:25:31.404521  8285 consensus_queue.cc:260] T 8153ea00db8e482b82d6d67582f839ba P 818c3251b833465199c2284e6819b505 [NON_LEADER]: Queue going to NON_LEADER mode. State: All replicated index: 0, Majority replicated index: 0, Committed index: 0, Last appended: 0.0, Last appended by leader: 0, Current term: 0, Majority size: -1, State: 0, Mode: NON_LEADER, active raft config: opid_index: -1 OBSOLETE_local: false peers { permanent_uuid: "818c3251b833465199c2284e6819b505" member_type: VOTER last_known_addr { host: "127.7.63.65" port: 46025 } } peers { permanent_uuid: "9bd10707afae48b2a245c0b39cae7769" member_type: VOTER last_known_addr { host: "127.7.63.66" port: 36377 } } peers { permanent_uuid: "90f37cd67a4448ce9780d4d2ac10513d" member_type: VOTER last_known_addr { host: "127.7.63.67" port: 39773 } }
I20260630 12:25:31.405782  8281 consensus_queue.cc:260] T 10f079e2dd204b5ba15d9ed0c4abddc1 P 9bd10707afae48b2a245c0b39cae7769 [NON_LEADER]: Queue going to NON_LEADER mode. State: All replicated index: 0, Majority replicated index: 0, Committed index: 0, Last appended: 0.0, Last appended by leader: 0, Current term: 0, Majority size: -1, State: 0, Mode: NON_LEADER, active raft config: opid_index: -1 OBSOLETE_local: false peers { permanent_uuid: "818c3251b833465199c2284e6819b505" member_type: VOTER last_known_addr { host: "127.7.63.65" port: 46025 } } peers { permanent_uuid: "9bd10707afae48b2a245c0b39cae7769" member_type: VOTER last_known_addr { host: "127.7.63.66" port: 36377 } } peers { permanent_uuid: "90f37cd67a4448ce9780d4d2ac10513d" member_type: VOTER last_known_addr { host: "127.7.63.67" port: 39773 } }
I20260630 12:25:31.408066  8286 leader_election.cc:290] T 6e4e5e47cd494d9191ed05147ec18b94 P 90f37cd67a4448ce9780d4d2ac10513d [CANDIDATE]: Term 1 pre-election: Requested pre-vote from peers 818c3251b833465199c2284e6819b505 (127.7.63.65:46025), 9bd10707afae48b2a245c0b39cae7769 (127.7.63.66:36377)
I20260630 12:25:31.408571  8286 raft_consensus.cc:493] T 10f079e2dd204b5ba15d9ed0c4abddc1 P 90f37cd67a4448ce9780d4d2ac10513d [term 0 FOLLOWER]: Starting pre-election (no leader contacted us within the election timeout)
I20260630 12:25:31.408978  8286 raft_consensus.cc:515] T 10f079e2dd204b5ba15d9ed0c4abddc1 P 90f37cd67a4448ce9780d4d2ac10513d [term 0 FOLLOWER]: Starting pre-election with config: opid_index: -1 OBSOLETE_local: false peers { permanent_uuid: "818c3251b833465199c2284e6819b505" member_type: VOTER last_known_addr { host: "127.7.63.65" port: 46025 } } peers { permanent_uuid: "9bd10707afae48b2a245c0b39cae7769" member_type: VOTER last_known_addr { host: "127.7.63.66" port: 36377 } } peers { permanent_uuid: "90f37cd67a4448ce9780d4d2ac10513d" member_type: VOTER last_known_addr { host: "127.7.63.67" port: 39773 } }
I20260630 12:25:31.410692  8285 ts_tablet_manager.cc:1434] T 8153ea00db8e482b82d6d67582f839ba P 818c3251b833465199c2284e6819b505: Time spent starting tablet: real 0.012s	user 0.005s	sys 0.001s
I20260630 12:25:31.412360  8285 tablet_bootstrap.cc:492] T 10f079e2dd204b5ba15d9ed0c4abddc1 P 818c3251b833465199c2284e6819b505: Bootstrap starting.
I20260630 12:25:31.414810  8282 consensus_queue.cc:260] T 63e49d17aadb446d8d1323627917c754 P 90f37cd67a4448ce9780d4d2ac10513d [NON_LEADER]: Queue going to NON_LEADER mode. State: All replicated index: 0, Majority replicated index: 0, Committed index: 0, Last appended: 0.0, Last appended by leader: 0, Current term: 0, Majority size: -1, State: 0, Mode: NON_LEADER, active raft config: opid_index: -1 OBSOLETE_local: false peers { permanent_uuid: "818c3251b833465199c2284e6819b505" member_type: VOTER last_known_addr { host: "127.7.63.65" port: 46025 } } peers { permanent_uuid: "9bd10707afae48b2a245c0b39cae7769" member_type: VOTER last_known_addr { host: "127.7.63.66" port: 36377 } } peers { permanent_uuid: "90f37cd67a4448ce9780d4d2ac10513d" member_type: VOTER last_known_addr { host: "127.7.63.67" port: 39773 } }
I20260630 12:25:31.415987  8281 ts_tablet_manager.cc:1434] T 10f079e2dd204b5ba15d9ed0c4abddc1 P 9bd10707afae48b2a245c0b39cae7769: Time spent starting tablet: real 0.015s	user 0.008s	sys 0.000s
I20260630 12:25:31.417086  8281 tablet_bootstrap.cc:492] T 6e66610a9cac4777bf0cde00a577c20b P 9bd10707afae48b2a245c0b39cae7769: Bootstrap starting.
I20260630 12:25:31.417243  8282 ts_tablet_manager.cc:1434] T 63e49d17aadb446d8d1323627917c754 P 90f37cd67a4448ce9780d4d2ac10513d: Time spent starting tablet: real 0.024s	user 0.007s	sys 0.000s
I20260630 12:25:31.420361  8285 tablet_bootstrap.cc:654] T 10f079e2dd204b5ba15d9ed0c4abddc1 P 818c3251b833465199c2284e6819b505: Neither blocks nor log segments found. Creating new log.
I20260630 12:25:31.421566  8282 tablet_bootstrap.cc:492] T 6e8b3ba9cb254577b250a2235fef86af P 90f37cd67a4448ce9780d4d2ac10513d: Bootstrap starting.
I20260630 12:25:31.410877  8286 leader_election.cc:290] T 10f079e2dd204b5ba15d9ed0c4abddc1 P 90f37cd67a4448ce9780d4d2ac10513d [CANDIDATE]: Term 1 pre-election: Requested pre-vote from peers 818c3251b833465199c2284e6819b505 (127.7.63.65:46025), 9bd10707afae48b2a245c0b39cae7769 (127.7.63.66:36377)
I20260630 12:25:31.444380  8285 tablet_bootstrap.cc:492] T 10f079e2dd204b5ba15d9ed0c4abddc1 P 818c3251b833465199c2284e6819b505: No bootstrap required, opened a new log
I20260630 12:25:31.444988  8285 ts_tablet_manager.cc:1403] T 10f079e2dd204b5ba15d9ed0c4abddc1 P 818c3251b833465199c2284e6819b505: Time spent bootstrapping tablet: real 0.033s	user 0.013s	sys 0.011s
I20260630 12:25:31.450748  8287 raft_consensus.cc:493] T e83014528495400d8ac3707ca746d4c7 P 9bd10707afae48b2a245c0b39cae7769 [term 0 FOLLOWER]: Starting pre-election (no leader contacted us within the election timeout)
I20260630 12:25:31.456517  8285 raft_consensus.cc:359] T 10f079e2dd204b5ba15d9ed0c4abddc1 P 818c3251b833465199c2284e6819b505 [term 0 FOLLOWER]: Replica starting. Triggering 0 pending ops. Active config: opid_index: -1 OBSOLETE_local: false peers { permanent_uuid: "818c3251b833465199c2284e6819b505" member_type: VOTER last_known_addr { host: "127.7.63.65" port: 46025 } } peers { permanent_uuid: "9bd10707afae48b2a245c0b39cae7769" member_type: VOTER last_known_addr { host: "127.7.63.66" port: 36377 } } peers { permanent_uuid: "90f37cd67a4448ce9780d4d2ac10513d" member_type: VOTER last_known_addr { host: "127.7.63.67" port: 39773 } }
I20260630 12:25:31.457767  8285 raft_consensus.cc:385] T 10f079e2dd204b5ba15d9ed0c4abddc1 P 818c3251b833465199c2284e6819b505 [term 0 FOLLOWER]: Consensus starting up: Expiring failure detector timer to make a prompt election more likely
I20260630 12:25:31.457733  8287 raft_consensus.cc:515] T e83014528495400d8ac3707ca746d4c7 P 9bd10707afae48b2a245c0b39cae7769 [term 0 FOLLOWER]: Starting pre-election with config: opid_index: -1 OBSOLETE_local: false peers { permanent_uuid: "818c3251b833465199c2284e6819b505" member_type: VOTER last_known_addr { host: "127.7.63.65" port: 46025 } } peers { permanent_uuid: "9bd10707afae48b2a245c0b39cae7769" member_type: VOTER last_known_addr { host: "127.7.63.66" port: 36377 } } peers { permanent_uuid: "90f37cd67a4448ce9780d4d2ac10513d" member_type: VOTER last_known_addr { host: "127.7.63.67" port: 39773 } }
I20260630 12:25:31.458230  8285 raft_consensus.cc:740] T 10f079e2dd204b5ba15d9ed0c4abddc1 P 818c3251b833465199c2284e6819b505 [term 0 FOLLOWER]: Becoming Follower/Learner. State: Replica: 818c3251b833465199c2284e6819b505, State: Initialized, Role: FOLLOWER
I20260630 12:25:31.459023  8285 consensus_queue.cc:260] T 10f079e2dd204b5ba15d9ed0c4abddc1 P 818c3251b833465199c2284e6819b505 [NON_LEADER]: Queue going to NON_LEADER mode. State: All replicated index: 0, Majority replicated index: 0, Committed index: 0, Last appended: 0.0, Last appended by leader: 0, Current term: 0, Majority size: -1, State: 0, Mode: NON_LEADER, active raft config: opid_index: -1 OBSOLETE_local: false peers { permanent_uuid: "818c3251b833465199c2284e6819b505" member_type: VOTER last_known_addr { host: "127.7.63.65" port: 46025 } } peers { permanent_uuid: "9bd10707afae48b2a245c0b39cae7769" member_type: VOTER last_known_addr { host: "127.7.63.66" port: 36377 } } peers { permanent_uuid: "90f37cd67a4448ce9780d4d2ac10513d" member_type: VOTER last_known_addr { host: "127.7.63.67" port: 39773 } }
I20260630 12:25:31.459568  8300 raft_consensus.cc:493] T e83014528495400d8ac3707ca746d4c7 P 90f37cd67a4448ce9780d4d2ac10513d [term 0 FOLLOWER]: Starting pre-election (no leader contacted us within the election timeout)
I20260630 12:25:31.460035  8300 raft_consensus.cc:515] T e83014528495400d8ac3707ca746d4c7 P 90f37cd67a4448ce9780d4d2ac10513d [term 0 FOLLOWER]: Starting pre-election with config: opid_index: -1 OBSOLETE_local: false peers { permanent_uuid: "818c3251b833465199c2284e6819b505" member_type: VOTER last_known_addr { host: "127.7.63.65" port: 46025 } } peers { permanent_uuid: "9bd10707afae48b2a245c0b39cae7769" member_type: VOTER last_known_addr { host: "127.7.63.66" port: 36377 } } peers { permanent_uuid: "90f37cd67a4448ce9780d4d2ac10513d" member_type: VOTER last_known_addr { host: "127.7.63.67" port: 39773 } }
I20260630 12:25:31.462436  8285 ts_tablet_manager.cc:1434] T 10f079e2dd204b5ba15d9ed0c4abddc1 P 818c3251b833465199c2284e6819b505: Time spent starting tablet: real 0.016s	user 0.001s	sys 0.008s
I20260630 12:25:31.464193  8300 leader_election.cc:290] T e83014528495400d8ac3707ca746d4c7 P 90f37cd67a4448ce9780d4d2ac10513d [CANDIDATE]: Term 1 pre-election: Requested pre-vote from peers 818c3251b833465199c2284e6819b505 (127.7.63.65:46025), 9bd10707afae48b2a245c0b39cae7769 (127.7.63.66:36377)
I20260630 12:25:31.465205  8285 tablet_bootstrap.cc:492] T e4fdd5ec20a54900aae86da53ab88370 P 818c3251b833465199c2284e6819b505: Bootstrap starting.
I20260630 12:25:31.465301  8287 leader_election.cc:290] T e83014528495400d8ac3707ca746d4c7 P 9bd10707afae48b2a245c0b39cae7769 [CANDIDATE]: Term 1 pre-election: Requested pre-vote from peers 818c3251b833465199c2284e6819b505 (127.7.63.65:46025), 90f37cd67a4448ce9780d4d2ac10513d (127.7.63.67:39773)
I20260630 12:25:31.472599  8282 tablet_bootstrap.cc:654] T 6e8b3ba9cb254577b250a2235fef86af P 90f37cd67a4448ce9780d4d2ac10513d: Neither blocks nor log segments found. Creating new log.
I20260630 12:25:31.472287  8087 tablet_service.cc:1917] Received RequestConsensusVote() RPC: tablet_id: "8153ea00db8e482b82d6d67582f839ba" candidate_uuid: "9bd10707afae48b2a245c0b39cae7769" candidate_term: 1 candidate_status { last_received { term: 0 index: 0 } } ignore_live_leader: false dest_uuid: "818c3251b833465199c2284e6819b505" is_pre_election: true
I20260630 12:25:31.473845  8086 tablet_service.cc:1917] Received RequestConsensusVote() RPC: tablet_id: "6e8b3ba9cb254577b250a2235fef86af" candidate_uuid: "9bd10707afae48b2a245c0b39cae7769" candidate_term: 1 candidate_status { last_received { term: 0 index: 0 } } ignore_live_leader: false dest_uuid: "818c3251b833465199c2284e6819b505" is_pre_election: true
I20260630 12:25:31.474642  8087 raft_consensus.cc:2468] T 8153ea00db8e482b82d6d67582f839ba P 818c3251b833465199c2284e6819b505 [term 0 FOLLOWER]: Leader pre-election vote request: Granting yes vote for candidate 9bd10707afae48b2a245c0b39cae7769 in term 0.
I20260630 12:25:31.476174  8085 tablet_service.cc:1917] Received RequestConsensusVote() RPC: tablet_id: "e83014528495400d8ac3707ca746d4c7" candidate_uuid: "9bd10707afae48b2a245c0b39cae7769" candidate_term: 1 candidate_status { last_received { term: 0 index: 0 } } ignore_live_leader: false dest_uuid: "818c3251b833465199c2284e6819b505" is_pre_election: true
I20260630 12:25:31.474175  8281 tablet_bootstrap.cc:654] T 6e66610a9cac4777bf0cde00a577c20b P 9bd10707afae48b2a245c0b39cae7769: Neither blocks nor log segments found. Creating new log.
I20260630 12:25:31.477821  8126 leader_election.cc:304] T 8153ea00db8e482b82d6d67582f839ba P 9bd10707afae48b2a245c0b39cae7769 [CANDIDATE]: Term 1 pre-election: Election decided. Result: candidate won. Election summary: received 2 responses out of 3 voters: 2 yes votes; 0 no votes. yes voters: 818c3251b833465199c2284e6819b505, 9bd10707afae48b2a245c0b39cae7769; no voters: 
W20260630 12:25:31.482649  8126 leader_election.cc:343] T e83014528495400d8ac3707ca746d4c7 P 9bd10707afae48b2a245c0b39cae7769 [CANDIDATE]: Term 1 pre-election: Tablet error from VoteRequest() call to peer 818c3251b833465199c2284e6819b505 (127.7.63.65:46025): Illegal state: must be running to vote when last-logged opid is not known
I20260630 12:25:31.484127  8287 raft_consensus.cc:2804] T 8153ea00db8e482b82d6d67582f839ba P 9bd10707afae48b2a245c0b39cae7769 [term 0 FOLLOWER]: Leader pre-election won for term 1
W20260630 12:25:31.484476  8126 leader_election.cc:343] T 6e8b3ba9cb254577b250a2235fef86af P 9bd10707afae48b2a245c0b39cae7769 [CANDIDATE]: Term 1 pre-election: Tablet error from VoteRequest() call to peer 818c3251b833465199c2284e6819b505 (127.7.63.65:46025): Illegal state: must be running to vote when last-logged opid is not known
I20260630 12:25:31.484856  8287 raft_consensus.cc:493] T 8153ea00db8e482b82d6d67582f839ba P 9bd10707afae48b2a245c0b39cae7769 [term 0 FOLLOWER]: Starting leader election (no leader contacted us within the election timeout)
I20260630 12:25:31.485689  8287 raft_consensus.cc:3060] T 8153ea00db8e482b82d6d67582f839ba P 9bd10707afae48b2a245c0b39cae7769 [term 0 FOLLOWER]: Advancing to term 1
I20260630 12:25:31.491125  8235 tablet_service.cc:1917] Received RequestConsensusVote() RPC: tablet_id: "8153ea00db8e482b82d6d67582f839ba" candidate_uuid: "9bd10707afae48b2a245c0b39cae7769" candidate_term: 1 candidate_status { last_received { term: 0 index: 0 } } ignore_live_leader: false dest_uuid: "90f37cd67a4448ce9780d4d2ac10513d" is_pre_election: true
I20260630 12:25:31.492355  8234 tablet_service.cc:1917] Received RequestConsensusVote() RPC: tablet_id: "e83014528495400d8ac3707ca746d4c7" candidate_uuid: "9bd10707afae48b2a245c0b39cae7769" candidate_term: 1 candidate_status { last_received { term: 0 index: 0 } } ignore_live_leader: false dest_uuid: "90f37cd67a4448ce9780d4d2ac10513d" is_pre_election: true
I20260630 12:25:31.490468  8236 tablet_service.cc:1917] Received RequestConsensusVote() RPC: tablet_id: "6e8b3ba9cb254577b250a2235fef86af" candidate_uuid: "9bd10707afae48b2a245c0b39cae7769" candidate_term: 1 candidate_status { last_received { term: 0 index: 0 } } ignore_live_leader: false dest_uuid: "90f37cd67a4448ce9780d4d2ac10513d" is_pre_election: true
I20260630 12:25:31.493279  8234 raft_consensus.cc:2468] T e83014528495400d8ac3707ca746d4c7 P 90f37cd67a4448ce9780d4d2ac10513d [term 0 FOLLOWER]: Leader pre-election vote request: Granting yes vote for candidate 9bd10707afae48b2a245c0b39cae7769 in term 0.
I20260630 12:25:31.492719  8235 raft_consensus.cc:2468] T 8153ea00db8e482b82d6d67582f839ba P 90f37cd67a4448ce9780d4d2ac10513d [term 0 FOLLOWER]: Leader pre-election vote request: Granting yes vote for candidate 9bd10707afae48b2a245c0b39cae7769 in term 0.
W20260630 12:25:31.495290  8125 leader_election.cc:343] T 6e8b3ba9cb254577b250a2235fef86af P 9bd10707afae48b2a245c0b39cae7769 [CANDIDATE]: Term 1 pre-election: Tablet error from VoteRequest() call to peer 90f37cd67a4448ce9780d4d2ac10513d (127.7.63.67:39773): Illegal state: must be running to vote when last-logged opid is not known
I20260630 12:25:31.495744  8125 leader_election.cc:304] T 6e8b3ba9cb254577b250a2235fef86af P 9bd10707afae48b2a245c0b39cae7769 [CANDIDATE]: Term 1 pre-election: Election decided. Result: candidate lost. Election summary: received 3 responses out of 3 voters: 1 yes votes; 2 no votes. yes voters: 9bd10707afae48b2a245c0b39cae7769; no voters: 818c3251b833465199c2284e6819b505, 90f37cd67a4448ce9780d4d2ac10513d
I20260630 12:25:31.497128  8298 raft_consensus.cc:2749] T 6e8b3ba9cb254577b250a2235fef86af P 9bd10707afae48b2a245c0b39cae7769 [term 0 FOLLOWER]: Leader pre-election lost for term 1. Reason: could not achieve majority
I20260630 12:25:31.497660  8285 tablet_bootstrap.cc:654] T e4fdd5ec20a54900aae86da53ab88370 P 818c3251b833465199c2284e6819b505: Neither blocks nor log segments found. Creating new log.
I20260630 12:25:31.499046  8162 tablet_service.cc:1917] Received RequestConsensusVote() RPC: tablet_id: "6e4e5e47cd494d9191ed05147ec18b94" candidate_uuid: "90f37cd67a4448ce9780d4d2ac10513d" candidate_term: 1 candidate_status { last_received { term: 0 index: 0 } } ignore_live_leader: false dest_uuid: "9bd10707afae48b2a245c0b39cae7769" is_pre_election: true
I20260630 12:25:31.497704  8125 leader_election.cc:304] T e83014528495400d8ac3707ca746d4c7 P 9bd10707afae48b2a245c0b39cae7769 [CANDIDATE]: Term 1 pre-election: Election decided. Result: candidate won. Election summary: received 3 responses out of 3 voters: 2 yes votes; 1 no votes. yes voters: 90f37cd67a4448ce9780d4d2ac10513d, 9bd10707afae48b2a245c0b39cae7769; no voters: 818c3251b833465199c2284e6819b505
I20260630 12:25:31.501493  8161 tablet_service.cc:1917] Received RequestConsensusVote() RPC: tablet_id: "10f079e2dd204b5ba15d9ed0c4abddc1" candidate_uuid: "90f37cd67a4448ce9780d4d2ac10513d" candidate_term: 1 candidate_status { last_received { term: 0 index: 0 } } ignore_live_leader: false dest_uuid: "9bd10707afae48b2a245c0b39cae7769" is_pre_election: true
I20260630 12:25:31.501583  8160 tablet_service.cc:1917] Received RequestConsensusVote() RPC: tablet_id: "e83014528495400d8ac3707ca746d4c7" candidate_uuid: "90f37cd67a4448ce9780d4d2ac10513d" candidate_term: 1 candidate_status { last_received { term: 0 index: 0 } } ignore_live_leader: false dest_uuid: "9bd10707afae48b2a245c0b39cae7769" is_pre_election: true
I20260630 12:25:31.502558  8161 raft_consensus.cc:2468] T 10f079e2dd204b5ba15d9ed0c4abddc1 P 9bd10707afae48b2a245c0b39cae7769 [term 0 FOLLOWER]: Leader pre-election vote request: Granting yes vote for candidate 90f37cd67a4448ce9780d4d2ac10513d in term 0.
W20260630 12:25:31.504537  8201 leader_election.cc:343] T 6e4e5e47cd494d9191ed05147ec18b94 P 90f37cd67a4448ce9780d4d2ac10513d [CANDIDATE]: Term 1 pre-election: Tablet error from VoteRequest() call to peer 9bd10707afae48b2a245c0b39cae7769 (127.7.63.66:36377): Illegal state: must be running to vote when last-logged opid is not known
I20260630 12:25:31.505455  8201 leader_election.cc:304] T 10f079e2dd204b5ba15d9ed0c4abddc1 P 90f37cd67a4448ce9780d4d2ac10513d [CANDIDATE]: Term 1 pre-election: Election decided. Result: candidate won. Election summary: received 2 responses out of 3 voters: 2 yes votes; 0 no votes. yes voters: 90f37cd67a4448ce9780d4d2ac10513d, 9bd10707afae48b2a245c0b39cae7769; no voters: 
I20260630 12:25:31.506335  8300 raft_consensus.cc:2804] T 10f079e2dd204b5ba15d9ed0c4abddc1 P 90f37cd67a4448ce9780d4d2ac10513d [term 0 FOLLOWER]: Leader pre-election won for term 1
I20260630 12:25:31.506748  8300 raft_consensus.cc:493] T 10f079e2dd204b5ba15d9ed0c4abddc1 P 90f37cd67a4448ce9780d4d2ac10513d [term 0 FOLLOWER]: Starting leader election (no leader contacted us within the election timeout)
I20260630 12:25:31.507133  8300 raft_consensus.cc:3060] T 10f079e2dd204b5ba15d9ed0c4abddc1 P 90f37cd67a4448ce9780d4d2ac10513d [term 0 FOLLOWER]: Advancing to term 1
I20260630 12:25:31.504130  8160 raft_consensus.cc:2468] T e83014528495400d8ac3707ca746d4c7 P 9bd10707afae48b2a245c0b39cae7769 [term 0 FOLLOWER]: Leader pre-election vote request: Granting yes vote for candidate 90f37cd67a4448ce9780d4d2ac10513d in term 0.
I20260630 12:25:31.509126  8298 raft_consensus.cc:2804] T e83014528495400d8ac3707ca746d4c7 P 9bd10707afae48b2a245c0b39cae7769 [term 0 FOLLOWER]: Leader pre-election won for term 1
