W20260630 12:27:20.541973 11636 instance_detector.cc:116] could not retrieve AWS instance metadata: Network error: curl error: HTTP response code said error: The requested URL returned error: 404
W20260630 12:27:20.542429 11637 instance_detector.cc:116] could not retrieve Azure instance metadata: Network error: curl error: HTTP response code said error: The requested URL returned error: 404
I20260630 12:27:20.545964  7144 server_base.cc:1061] running on GCE node
W20260630 12:27:20.546931 11639 instance_detector.cc:116] could not retrieve OpenStack instance metadata: Network error: curl error: HTTP response code said error: The requested URL returned error: 404
I20260630 12:27:20.547835  7144 hybrid_clock.cc:584] initializing the hybrid clock with 'system_unsync' time source
W20260630 12:27:20.548019  7144 system_unsync_time.cc:38] NTP support is disabled. Clock error bounds will not be accurate. This configuration is not suitable for distributed clusters.
I20260630 12:27:20.548153  7144 hybrid_clock.cc:648] HybridClock initialized: now 1782822440548142 us; error 0 us; skew 500 ppm
I20260630 12:27:20.548573  7144 server_base.cc:861] Flag tcmalloc_max_total_thread_cache_bytes is not working since tcmalloc is not enabled.
I20260630 12:27:20.551258  7144 webserver.cc:533] Webserver started at http://127.6.250.2:33071/ using document root <none> and password file <none>
I20260630 12:27:20.551903  7144 fs_manager.cc:362] Metadata directory not provided
I20260630 12:27:20.552220  7144 fs_manager.cc:368] Using write-ahead log directory (fs_wal_dir) as metadata directory
I20260630 12:27:20.552558  7144 server_base.cc:909] This appears to be a new deployment of Kudu; creating new FS layout
I20260630 12:27:20.553568 11632 heartbeater.cc:344] Connected to a master server at 127.6.250.62:43373
I20260630 12:27:20.553946 11632 heartbeater.cc:461] Registering TS with master...
I20260630 12:27:20.553982  7144 fs_manager.cc:1068] Generated new instance metadata in path /tmp/dist-test-task0o6jOU/test-tmp/auto_rebalancer-test.0.AutoRebalancerTest.TestMaxMovesPerServer.1782822321721422-7144-0/minicluster-data/ts-1-root/instance:
uuid: "80a61d845dfd4cd3bf1465a18abf328b"
format_stamp: "Formatted at 2026-06-30 12:27:20 on dist-test-slave-n0zz"
I20260630 12:27:20.554749 11632 heartbeater.cc:507] Master 127.6.250.62:43373 requested a full tablet report, sending...
I20260630 12:27:20.556805 11505 ts_manager.cc:194] Registered new tserver with Master: eb8f8d4c0081474a8ed8d71752e8f91b (127.6.250.1:41489)
I20260630 12:27:20.559192 11505 master_service.cc:502] Signed X509 certificate for tserver {username='slave'} at 127.0.0.1:56766
I20260630 12:27:20.559504  7144 fs_manager.cc:696] Time spent creating directory manager: real 0.005s	user 0.005s	sys 0.000s
I20260630 12:27:20.563220 11644 log_block_manager.cc:4031] Time spent loading block containers with low live blocks: real 0.000s	user 0.000s	sys 0.000s
I20260630 12:27:20.563931  7144 fs_manager.cc:730] Time spent opening block manager: real 0.002s	user 0.004s	sys 0.000s
I20260630 12:27:20.564218  7144 fs_manager.cc:647] Opened local filesystem: /tmp/dist-test-task0o6jOU/test-tmp/auto_rebalancer-test.0.AutoRebalancerTest.TestMaxMovesPerServer.1782822321721422-7144-0/minicluster-data/ts-1-root
uuid: "80a61d845dfd4cd3bf1465a18abf328b"
format_stamp: "Formatted at 2026-06-30 12:27:20 on dist-test-slave-n0zz"
I20260630 12:27:20.564472  7144 fs_report.cc:389] FS layout report
--------------------
wal directory: /tmp/dist-test-task0o6jOU/test-tmp/auto_rebalancer-test.0.AutoRebalancerTest.TestMaxMovesPerServer.1782822321721422-7144-0/minicluster-data/ts-1-root
metadata directory: /tmp/dist-test-task0o6jOU/test-tmp/auto_rebalancer-test.0.AutoRebalancerTest.TestMaxMovesPerServer.1782822321721422-7144-0/minicluster-data/ts-1-root
1 data directories: /tmp/dist-test-task0o6jOU/test-tmp/auto_rebalancer-test.0.AutoRebalancerTest.TestMaxMovesPerServer.1782822321721422-7144-0/minicluster-data/ts-1-root/data
Total live blocks: 0
Total live bytes: 0
Total live bytes (after alignment): 0
Total number of LBM containers: 0 (0 full)
Did not check for missing blocks
Did not check for orphaned blocks
Total full LBM containers with extra space: 0 (0 repaired)
Total full LBM container extra space in bytes: 0 (0 repaired)
Total incomplete LBM containers: 0 (0 repaired)
Total LBM partial records: 0 (0 repaired)
Total corrupted LBM metadata records in RocksDB: 0 (0 repaired)
I20260630 12:27:20.583395  7144 rpc_server.cc:225] running with OpenSSL 1.1.1  11 Sep 2018
I20260630 12:27:20.584615  7144 kserver.cc:163] Server-wide thread pool size limit: 3276
I20260630 12:27:20.586053  7144 txn_system_client.cc:432] TxnSystemClient initialization is disabled...
I20260630 12:27:20.588333  7144 ts_tablet_manager.cc:585] Loaded tablet metadata (0 total tablets, 0 live tablets)
I20260630 12:27:20.588542  7144 ts_tablet_manager.cc:531] Time spent load tablet metadata: real 0.000s	user 0.000s	sys 0.000s
I20260630 12:27:20.588794  7144 ts_tablet_manager.cc:616] Registered 0 tablets
I20260630 12:27:20.588949  7144 ts_tablet_manager.cc:595] Time spent register tablets: real 0.000s	user 0.000s	sys 0.000s
I20260630 12:27:20.627327  7144 rpc_server.cc:307] RPC server started. Bound to: 127.6.250.2:40709
I20260630 12:27:20.627429 11706 acceptor_pool.cc:272] collecting diagnostics on the listening RPC socket 127.6.250.2:40709 every 8 connection(s)
I20260630 12:27:20.632143  7144 file_cache.cc:492] Constructed file cache file cache with capacity 419430
W20260630 12:27:20.639894 11711 instance_detector.cc:116] could not retrieve Azure instance metadata: Network error: curl error: HTTP response code said error: The requested URL returned error: 404
W20260630 12:27:20.640040 11710 instance_detector.cc:116] could not retrieve AWS instance metadata: Network error: curl error: HTTP response code said error: The requested URL returned error: 404
W20260630 12:27:20.644217 11713 instance_detector.cc:116] could not retrieve OpenStack instance metadata: Network error: curl error: HTTP response code said error: The requested URL returned error: 404
I20260630 12:27:20.645000 11707 heartbeater.cc:344] Connected to a master server at 127.6.250.62:43373
I20260630 12:27:20.645125  7144 server_base.cc:1061] running on GCE node
I20260630 12:27:20.645581 11707 heartbeater.cc:461] Registering TS with master...
I20260630 12:27:20.646332  7144 hybrid_clock.cc:584] initializing the hybrid clock with 'system_unsync' time source
W20260630 12:27:20.646641  7144 system_unsync_time.cc:38] NTP support is disabled. Clock error bounds will not be accurate. This configuration is not suitable for distributed clusters.
I20260630 12:27:20.646582 11707 heartbeater.cc:507] Master 127.6.250.62:43373 requested a full tablet report, sending...
I20260630 12:27:20.647002  7144 hybrid_clock.cc:648] HybridClock initialized: now 1782822440646981 us; error 0 us; skew 500 ppm
I20260630 12:27:20.647751  7144 server_base.cc:861] Flag tcmalloc_max_total_thread_cache_bytes is not working since tcmalloc is not enabled.
I20260630 12:27:20.648972 11505 ts_manager.cc:194] Registered new tserver with Master: 80a61d845dfd4cd3bf1465a18abf328b (127.6.250.2:40709)
I20260630 12:27:20.650327  7144 webserver.cc:533] Webserver started at http://127.6.250.3:44449/ using document root <none> and password file <none>
I20260630 12:27:20.650620 11505 master_service.cc:502] Signed X509 certificate for tserver {username='slave'} at 127.0.0.1:56772
I20260630 12:27:20.650847  7144 fs_manager.cc:362] Metadata directory not provided
I20260630 12:27:20.651098  7144 fs_manager.cc:368] Using write-ahead log directory (fs_wal_dir) as metadata directory
I20260630 12:27:20.651351  7144 server_base.cc:909] This appears to be a new deployment of Kudu; creating new FS layout
I20260630 12:27:20.652846  7144 fs_manager.cc:1068] Generated new instance metadata in path /tmp/dist-test-task0o6jOU/test-tmp/auto_rebalancer-test.0.AutoRebalancerTest.TestMaxMovesPerServer.1782822321721422-7144-0/minicluster-data/ts-2-root/instance:
uuid: "42ed66276db8411e8be794e2035482b2"
format_stamp: "Formatted at 2026-06-30 12:27:20 on dist-test-slave-n0zz"
I20260630 12:27:20.657150  7144 fs_manager.cc:696] Time spent creating directory manager: real 0.004s	user 0.004s	sys 0.003s
I20260630 12:27:20.660434 11718 log_block_manager.cc:4031] Time spent loading block containers with low live blocks: real 0.000s	user 0.000s	sys 0.000s
I20260630 12:27:20.661158  7144 fs_manager.cc:730] Time spent opening block manager: real 0.002s	user 0.002s	sys 0.000s
I20260630 12:27:20.661437  7144 fs_manager.cc:647] Opened local filesystem: /tmp/dist-test-task0o6jOU/test-tmp/auto_rebalancer-test.0.AutoRebalancerTest.TestMaxMovesPerServer.1782822321721422-7144-0/minicluster-data/ts-2-root
uuid: "42ed66276db8411e8be794e2035482b2"
format_stamp: "Formatted at 2026-06-30 12:27:20 on dist-test-slave-n0zz"
I20260630 12:27:20.661718  7144 fs_report.cc:389] FS layout report
--------------------
wal directory: /tmp/dist-test-task0o6jOU/test-tmp/auto_rebalancer-test.0.AutoRebalancerTest.TestMaxMovesPerServer.1782822321721422-7144-0/minicluster-data/ts-2-root
metadata directory: /tmp/dist-test-task0o6jOU/test-tmp/auto_rebalancer-test.0.AutoRebalancerTest.TestMaxMovesPerServer.1782822321721422-7144-0/minicluster-data/ts-2-root
1 data directories: /tmp/dist-test-task0o6jOU/test-tmp/auto_rebalancer-test.0.AutoRebalancerTest.TestMaxMovesPerServer.1782822321721422-7144-0/minicluster-data/ts-2-root/data
Total live blocks: 0
Total live bytes: 0
Total live bytes (after alignment): 0
Total number of LBM containers: 0 (0 full)
Did not check for missing blocks
Did not check for orphaned blocks
Total full LBM containers with extra space: 0 (0 repaired)
Total full LBM container extra space in bytes: 0 (0 repaired)
Total incomplete LBM containers: 0 (0 repaired)
Total LBM partial records: 0 (0 repaired)
Total corrupted LBM metadata records in RocksDB: 0 (0 repaired)
I20260630 12:27:20.675380  7144 rpc_server.cc:225] running with OpenSSL 1.1.1  11 Sep 2018
I20260630 12:27:20.676532  7144 kserver.cc:163] Server-wide thread pool size limit: 3276
I20260630 12:27:20.677968  7144 txn_system_client.cc:432] TxnSystemClient initialization is disabled...
I20260630 12:27:20.680195  7144 ts_tablet_manager.cc:585] Loaded tablet metadata (0 total tablets, 0 live tablets)
I20260630 12:27:20.680428  7144 ts_tablet_manager.cc:531] Time spent load tablet metadata: real 0.000s	user 0.000s	sys 0.000s
I20260630 12:27:20.680660  7144 ts_tablet_manager.cc:616] Registered 0 tablets
I20260630 12:27:20.680828  7144 ts_tablet_manager.cc:595] Time spent register tablets: real 0.000s	user 0.000s	sys 0.000s
I20260630 12:27:20.719173  7144 rpc_server.cc:307] RPC server started. Bound to: 127.6.250.3:43459
I20260630 12:27:20.719270 11780 acceptor_pool.cc:272] collecting diagnostics on the listening RPC socket 127.6.250.3:43459 every 8 connection(s)
I20260630 12:27:20.732586 11781 heartbeater.cc:344] Connected to a master server at 127.6.250.62:43373
I20260630 12:27:20.732950 11781 heartbeater.cc:461] Registering TS with master...
I20260630 12:27:20.733668 11781 heartbeater.cc:507] Master 127.6.250.62:43373 requested a full tablet report, sending...
I20260630 12:27:20.735533 11505 ts_manager.cc:194] Registered new tserver with Master: 42ed66276db8411e8be794e2035482b2 (127.6.250.3:43459)
I20260630 12:27:20.735651  7144 internal_mini_cluster.cc:371] 3 TS(s) registered with all masters after 0.013311464s
I20260630 12:27:20.736886 11505 master_service.cc:502] Signed X509 certificate for tserver {username='slave'} at 127.0.0.1:47494
I20260630 12:27:21.561865 11632 heartbeater.cc:499] Master 127.6.250.62:43373 was elected leader, sending a full tablet report...
I20260630 12:27:21.653522 11707 heartbeater.cc:499] Master 127.6.250.62:43373 was elected leader, sending a full tablet report...
I20260630 12:27:21.739248 11781 heartbeater.cc:499] Master 127.6.250.62:43373 was elected leader, sending a full tablet report...
I20260630 12:27:21.790752 11505 catalog_manager.cc:2283] Servicing CreateTable request from {username='slave'} at 127.0.0.1:47506:
name: "test-workload"
schema {
  columns {
    name: "key"
    type: INT32
    is_key: true
    is_nullable: false
    encoding: AUTO_ENCODING
    compression: DEFAULT_COMPRESSION
    cfile_block_size: 0
    immutable: false
  }
  columns {
    name: "int_val"
    type: INT32
    is_key: false
    is_nullable: false
    encoding: AUTO_ENCODING
    compression: DEFAULT_COMPRESSION
    cfile_block_size: 0
    immutable: false
  }
  columns {
    name: "string_val"
    type: STRING
    is_key: false
    is_nullable: true
    encoding: AUTO_ENCODING
    compression: DEFAULT_COMPRESSION
    cfile_block_size: 0
    immutable: false
  }
}
num_replicas: 3
split_rows_range_bounds {
  rows: "\004\001\000\252\252\252\n\004\001\000TUU\025\004\001\000\376\377\377\037\004\001\000\250\252\252*\004\001\000RUU5\004\001\000\374\377\377?\004\001\000\246\252\252J\004\001\000PUUU\004\001\000\372\377\377_\004\001\000\244\252\252j\004\001\000NUUu""\004\001\000\252\252\252\n\004\001\000TUU\025\004\001\000\376\377\377\037\004\001\000\250\252\252*\004\001\000RUU5\004\001\000\374\377\377?\004\001\000\246\252\252J\004\001\000PUUU\004\001\000\372\377\377_\004\001\000\244\252\252j\004\001\000NUUu"
  indirect_data: """"
}
partition_schema {
  range_schema {
    columns {
      name: "key"
    }
  }
}
W20260630 12:27:21.793715 11505 catalog_manager.cc:7077] The number of live tablet servers is not enough to re-replicate a tablet replica of the newly created table test-workload in case of a server failure: 4 tablet servers would be needed, 3 are available. Consider bringing up more tablet servers.
I20260630 12:27:21.880841 11743 tablet_service.cc:1511] Processing CreateTablet for tablet 9d3fcb154e724fd693165dbb58e1bf62 (DEFAULT_TABLE table=test-workload [id=8b8a0daad57047d1bde95e0392eb69ff]), partition=RANGE (key) PARTITION 536870910 <= VALUES < 715827880
I20260630 12:27:21.884891 11742 tablet_service.cc:1511] Processing CreateTablet for tablet 31995dee288b4a33a5dc3e345caa8c1c (DEFAULT_TABLE table=test-workload [id=8b8a0daad57047d1bde95e0392eb69ff]), partition=RANGE (key) PARTITION 715827880 <= VALUES < 894784850
I20260630 12:27:21.884949 11744 tablet_service.cc:1511] Processing CreateTablet for tablet 797e8c50225d4e0895a8ceb2c4eabbef (DEFAULT_TABLE table=test-workload [id=8b8a0daad57047d1bde95e0392eb69ff]), partition=RANGE (key) PARTITION 357913940 <= VALUES < 536870910
I20260630 12:27:21.886260 11743 data_dirs.cc:400] Could only allocate 1 dirs of requested 3 for tablet 9d3fcb154e724fd693165dbb58e1bf62. 1 dirs total, 0 dirs full, 0 dirs failed
I20260630 12:27:21.888021 11672 tablet_service.cc:1511] Processing CreateTablet for tablet 5522a18e4e604ffe94aa985bd7ad486c (DEFAULT_TABLE table=test-workload [id=8b8a0daad57047d1bde95e0392eb69ff]), partition=RANGE (key) PARTITION VALUES < 178956970
I20260630 12:27:21.888347 11671 tablet_service.cc:1511] Processing CreateTablet for tablet caad439b6c0d4b01a5b298691c5c979e (DEFAULT_TABLE table=test-workload [id=8b8a0daad57047d1bde95e0392eb69ff]), partition=RANGE (key) PARTITION 178956970 <= VALUES < 357913940
I20260630 12:27:21.889380 11672 data_dirs.cc:400] Could only allocate 1 dirs of requested 3 for tablet 5522a18e4e604ffe94aa985bd7ad486c. 1 dirs total, 0 dirs full, 0 dirs failed
I20260630 12:27:21.882743 11745 tablet_service.cc:1511] Processing CreateTablet for tablet caad439b6c0d4b01a5b298691c5c979e (DEFAULT_TABLE table=test-workload [id=8b8a0daad57047d1bde95e0392eb69ff]), partition=RANGE (key) PARTITION 178956970 <= VALUES < 357913940
I20260630 12:27:21.884649 11746 tablet_service.cc:1511] Processing CreateTablet for tablet 5522a18e4e604ffe94aa985bd7ad486c (DEFAULT_TABLE table=test-workload [id=8b8a0daad57047d1bde95e0392eb69ff]), partition=RANGE (key) PARTITION VALUES < 178956970
I20260630 12:27:21.890583 11670 tablet_service.cc:1511] Processing CreateTablet for tablet 797e8c50225d4e0895a8ceb2c4eabbef (DEFAULT_TABLE table=test-workload [id=8b8a0daad57047d1bde95e0392eb69ff]), partition=RANGE (key) PARTITION 357913940 <= VALUES < 536870910
I20260630 12:27:21.891613 11744 data_dirs.cc:400] Could only allocate 1 dirs of requested 3 for tablet 797e8c50225d4e0895a8ceb2c4eabbef. 1 dirs total, 0 dirs full, 0 dirs failed
I20260630 12:27:21.892023 11670 data_dirs.cc:400] Could only allocate 1 dirs of requested 3 for tablet 797e8c50225d4e0895a8ceb2c4eabbef. 1 dirs total, 0 dirs full, 0 dirs failed
I20260630 12:27:21.892249 11745 data_dirs.cc:400] Could only allocate 1 dirs of requested 3 for tablet caad439b6c0d4b01a5b298691c5c979e. 1 dirs total, 0 dirs full, 0 dirs failed
I20260630 12:27:21.893230 11746 data_dirs.cc:400] Could only allocate 1 dirs of requested 3 for tablet 5522a18e4e604ffe94aa985bd7ad486c. 1 dirs total, 0 dirs full, 0 dirs failed
I20260630 12:27:21.895418 11669 tablet_service.cc:1511] Processing CreateTablet for tablet 9d3fcb154e724fd693165dbb58e1bf62 (DEFAULT_TABLE table=test-workload [id=8b8a0daad57047d1bde95e0392eb69ff]), partition=RANGE (key) PARTITION 536870910 <= VALUES < 715827880
I20260630 12:27:21.896727 11669 data_dirs.cc:400] Could only allocate 1 dirs of requested 3 for tablet 9d3fcb154e724fd693165dbb58e1bf62. 1 dirs total, 0 dirs full, 0 dirs failed
I20260630 12:27:21.898859 11742 data_dirs.cc:400] Could only allocate 1 dirs of requested 3 for tablet 31995dee288b4a33a5dc3e345caa8c1c. 1 dirs total, 0 dirs full, 0 dirs failed
I20260630 12:27:21.899468 11668 tablet_service.cc:1511] Processing CreateTablet for tablet 31995dee288b4a33a5dc3e345caa8c1c (DEFAULT_TABLE table=test-workload [id=8b8a0daad57047d1bde95e0392eb69ff]), partition=RANGE (key) PARTITION 715827880 <= VALUES < 894784850
I20260630 12:27:21.900792 11668 data_dirs.cc:400] Could only allocate 1 dirs of requested 3 for tablet 31995dee288b4a33a5dc3e345caa8c1c. 1 dirs total, 0 dirs full, 0 dirs failed
I20260630 12:27:21.902550 11671 data_dirs.cc:400] Could only allocate 1 dirs of requested 3 for tablet caad439b6c0d4b01a5b298691c5c979e. 1 dirs total, 0 dirs full, 0 dirs failed
I20260630 12:27:21.905755 11667 tablet_service.cc:1511] Processing CreateTablet for tablet aecbe3054a614d0d976eac38ccbeab89 (DEFAULT_TABLE table=test-workload [id=8b8a0daad57047d1bde95e0392eb69ff]), partition=RANGE (key) PARTITION 894784850 <= VALUES < 1073741820
I20260630 12:27:21.907176 11667 data_dirs.cc:400] Could only allocate 1 dirs of requested 3 for tablet aecbe3054a614d0d976eac38ccbeab89. 1 dirs total, 0 dirs full, 0 dirs failed
I20260630 12:27:21.908306 11741 tablet_service.cc:1511] Processing CreateTablet for tablet aecbe3054a614d0d976eac38ccbeab89 (DEFAULT_TABLE table=test-workload [id=8b8a0daad57047d1bde95e0392eb69ff]), partition=RANGE (key) PARTITION 894784850 <= VALUES < 1073741820
I20260630 12:27:21.909775 11741 data_dirs.cc:400] Could only allocate 1 dirs of requested 3 for tablet aecbe3054a614d0d976eac38ccbeab89. 1 dirs total, 0 dirs full, 0 dirs failed
I20260630 12:27:21.923878 11666 tablet_service.cc:1511] Processing CreateTablet for tablet 557ce6194fc341a5a30bb837f616f282 (DEFAULT_TABLE table=test-workload [id=8b8a0daad57047d1bde95e0392eb69ff]), partition=RANGE (key) PARTITION 1073741820 <= VALUES < 1252698790
I20260630 12:27:21.925297 11666 data_dirs.cc:400] Could only allocate 1 dirs of requested 3 for tablet 557ce6194fc341a5a30bb837f616f282. 1 dirs total, 0 dirs full, 0 dirs failed
I20260630 12:27:21.937834 11744 tablet_service.cc:1511] Processing CreateTablet for tablet 557ce6194fc341a5a30bb837f616f282 (DEFAULT_TABLE table=test-workload [id=8b8a0daad57047d1bde95e0392eb69ff]), partition=RANGE (key) PARTITION 1073741820 <= VALUES < 1252698790
I20260630 12:27:21.939590 11744 data_dirs.cc:400] Could only allocate 1 dirs of requested 3 for tablet 557ce6194fc341a5a30bb837f616f282. 1 dirs total, 0 dirs full, 0 dirs failed
I20260630 12:27:21.962237 11802 tablet_bootstrap.cc:492] T 5522a18e4e604ffe94aa985bd7ad486c P 80a61d845dfd4cd3bf1465a18abf328b: Bootstrap starting.
I20260630 12:27:21.964530 11801 tablet_bootstrap.cc:492] T 9d3fcb154e724fd693165dbb58e1bf62 P 42ed66276db8411e8be794e2035482b2: Bootstrap starting.
I20260630 12:27:21.969604 11666 tablet_service.cc:1511] Processing CreateTablet for tablet 731d5abe93ad4456aef9841cf4b1028f (DEFAULT_TABLE table=test-workload [id=8b8a0daad57047d1bde95e0392eb69ff]), partition=RANGE (key) PARTITION 1252698790 <= VALUES < 1431655760
I20260630 12:27:21.971047 11666 data_dirs.cc:400] Could only allocate 1 dirs of requested 3 for tablet 731d5abe93ad4456aef9841cf4b1028f. 1 dirs total, 0 dirs full, 0 dirs failed
I20260630 12:27:21.970947 11743 tablet_service.cc:1511] Processing CreateTablet for tablet 731d5abe93ad4456aef9841cf4b1028f (DEFAULT_TABLE table=test-workload [id=8b8a0daad57047d1bde95e0392eb69ff]), partition=RANGE (key) PARTITION 1252698790 <= VALUES < 1431655760
I20260630 12:27:21.975036 11802 tablet_bootstrap.cc:654] T 5522a18e4e604ffe94aa985bd7ad486c P 80a61d845dfd4cd3bf1465a18abf328b: Neither blocks nor log segments found. Creating new log.
I20260630 12:27:21.978544 11743 data_dirs.cc:400] Could only allocate 1 dirs of requested 3 for tablet 731d5abe93ad4456aef9841cf4b1028f. 1 dirs total, 0 dirs full, 0 dirs failed
I20260630 12:27:21.983860 11593 tablet_service.cc:1511] Processing CreateTablet for tablet 31995dee288b4a33a5dc3e345caa8c1c (DEFAULT_TABLE table=test-workload [id=8b8a0daad57047d1bde95e0392eb69ff]), partition=RANGE (key) PARTITION 715827880 <= VALUES < 894784850
I20260630 12:27:21.985287 11593 data_dirs.cc:400] Could only allocate 1 dirs of requested 3 for tablet 31995dee288b4a33a5dc3e345caa8c1c. 1 dirs total, 0 dirs full, 0 dirs failed
I20260630 12:27:21.985316 11802 tablet_bootstrap.cc:492] T 5522a18e4e604ffe94aa985bd7ad486c P 80a61d845dfd4cd3bf1465a18abf328b: No bootstrap required, opened a new log
I20260630 12:27:21.985994 11802 ts_tablet_manager.cc:1403] T 5522a18e4e604ffe94aa985bd7ad486c P 80a61d845dfd4cd3bf1465a18abf328b: Time spent bootstrapping tablet: real 0.024s	user 0.012s	sys 0.003s
I20260630 12:27:21.987416 11592 tablet_service.cc:1511] Processing CreateTablet for tablet aecbe3054a614d0d976eac38ccbeab89 (DEFAULT_TABLE table=test-workload [id=8b8a0daad57047d1bde95e0392eb69ff]), partition=RANGE (key) PARTITION 894784850 <= VALUES < 1073741820
I20260630 12:27:21.988891 11592 data_dirs.cc:400] Could only allocate 1 dirs of requested 3 for tablet aecbe3054a614d0d976eac38ccbeab89. 1 dirs total, 0 dirs full, 0 dirs failed
I20260630 12:27:21.988669 11595 tablet_service.cc:1511] Processing CreateTablet for tablet 797e8c50225d4e0895a8ceb2c4eabbef (DEFAULT_TABLE table=test-workload [id=8b8a0daad57047d1bde95e0392eb69ff]), partition=RANGE (key) PARTITION 357913940 <= VALUES < 536870910
I20260630 12:27:21.989084 11802 raft_consensus.cc:359] T 5522a18e4e604ffe94aa985bd7ad486c P 80a61d845dfd4cd3bf1465a18abf328b [term 0 FOLLOWER]: Replica starting. Triggering 0 pending ops. Active config: opid_index: -1 OBSOLETE_local: false peers { permanent_uuid: "42ed66276db8411e8be794e2035482b2" member_type: VOTER last_known_addr { host: "127.6.250.3" port: 43459 } } peers { permanent_uuid: "eb8f8d4c0081474a8ed8d71752e8f91b" member_type: VOTER last_known_addr { host: "127.6.250.1" port: 41489 } } peers { permanent_uuid: "80a61d845dfd4cd3bf1465a18abf328b" member_type: VOTER last_known_addr { host: "127.6.250.2" port: 40709 } }
I20260630 12:27:21.989894 11802 raft_consensus.cc:385] T 5522a18e4e604ffe94aa985bd7ad486c P 80a61d845dfd4cd3bf1465a18abf328b [term 0 FOLLOWER]: Consensus starting up: Expiring failure detector timer to make a prompt election more likely
I20260630 12:27:21.990347 11802 raft_consensus.cc:740] T 5522a18e4e604ffe94aa985bd7ad486c P 80a61d845dfd4cd3bf1465a18abf328b [term 0 FOLLOWER]: Becoming Follower/Learner. State: Replica: 80a61d845dfd4cd3bf1465a18abf328b, State: Initialized, Role: FOLLOWER
I20260630 12:27:21.991117 11591 tablet_service.cc:1511] Processing CreateTablet for tablet 557ce6194fc341a5a30bb837f616f282 (DEFAULT_TABLE table=test-workload [id=8b8a0daad57047d1bde95e0392eb69ff]), partition=RANGE (key) PARTITION 1073741820 <= VALUES < 1252698790
I20260630 12:27:21.991458 11594 tablet_service.cc:1511] Processing CreateTablet for tablet 9d3fcb154e724fd693165dbb58e1bf62 (DEFAULT_TABLE table=test-workload [id=8b8a0daad57047d1bde95e0392eb69ff]), partition=RANGE (key) PARTITION 536870910 <= VALUES < 715827880
I20260630 12:27:21.991567 11802 consensus_queue.cc:260] T 5522a18e4e604ffe94aa985bd7ad486c P 80a61d845dfd4cd3bf1465a18abf328b [NON_LEADER]: Queue going to NON_LEADER mode. State: All replicated index: 0, Majority replicated index: 0, Committed index: 0, Last appended: 0.0, Last appended by leader: 0, Current term: 0, Majority size: -1, State: 0, Mode: NON_LEADER, active raft config: opid_index: -1 OBSOLETE_local: false peers { permanent_uuid: "42ed66276db8411e8be794e2035482b2" member_type: VOTER last_known_addr { host: "127.6.250.3" port: 43459 } } peers { permanent_uuid: "eb8f8d4c0081474a8ed8d71752e8f91b" member_type: VOTER last_known_addr { host: "127.6.250.1" port: 41489 } } peers { permanent_uuid: "80a61d845dfd4cd3bf1465a18abf328b" member_type: VOTER last_known_addr { host: "127.6.250.2" port: 40709 } }
I20260630 12:27:21.987419 11596 tablet_service.cc:1511] Processing CreateTablet for tablet caad439b6c0d4b01a5b298691c5c979e (DEFAULT_TABLE table=test-workload [id=8b8a0daad57047d1bde95e0392eb69ff]), partition=RANGE (key) PARTITION 178956970 <= VALUES < 357913940
I20260630 12:27:21.993710 11590 tablet_service.cc:1511] Processing CreateTablet for tablet 731d5abe93ad4456aef9841cf4b1028f (DEFAULT_TABLE table=test-workload [id=8b8a0daad57047d1bde95e0392eb69ff]), partition=RANGE (key) PARTITION 1252698790 <= VALUES < 1431655760
I20260630 12:27:21.985770 11597 tablet_service.cc:1511] Processing CreateTablet for tablet 5522a18e4e604ffe94aa985bd7ad486c (DEFAULT_TABLE table=test-workload [id=8b8a0daad57047d1bde95e0392eb69ff]), partition=RANGE (key) PARTITION VALUES < 178956970
I20260630 12:27:21.990013 11595 data_dirs.cc:400] Could only allocate 1 dirs of requested 3 for tablet 797e8c50225d4e0895a8ceb2c4eabbef. 1 dirs total, 0 dirs full, 0 dirs failed
I20260630 12:27:21.994151 11589 tablet_service.cc:1511] Processing CreateTablet for tablet 8651b54e08b14e7fb59caa6ceb459a53 (DEFAULT_TABLE table=test-workload [id=8b8a0daad57047d1bde95e0392eb69ff]), partition=RANGE (key) PARTITION 1431655760 <= VALUES < 1610612730
I20260630 12:27:21.995424 11590 data_dirs.cc:400] Could only allocate 1 dirs of requested 3 for tablet 731d5abe93ad4456aef9841cf4b1028f. 1 dirs total, 0 dirs full, 0 dirs failed
I20260630 12:27:21.996153 11589 data_dirs.cc:400] Could only allocate 1 dirs of requested 3 for tablet 8651b54e08b14e7fb59caa6ceb459a53. 1 dirs total, 0 dirs full, 0 dirs failed
I20260630 12:27:21.998747 11597 data_dirs.cc:400] Could only allocate 1 dirs of requested 3 for tablet 5522a18e4e604ffe94aa985bd7ad486c. 1 dirs total, 0 dirs full, 0 dirs failed
I20260630 12:27:22.001469 11596 data_dirs.cc:400] Could only allocate 1 dirs of requested 3 for tablet caad439b6c0d4b01a5b298691c5c979e. 1 dirs total, 0 dirs full, 0 dirs failed
I20260630 12:27:22.002511 11594 data_dirs.cc:400] Could only allocate 1 dirs of requested 3 for tablet 9d3fcb154e724fd693165dbb58e1bf62. 1 dirs total, 0 dirs full, 0 dirs failed
I20260630 12:27:22.006568 11591 data_dirs.cc:400] Could only allocate 1 dirs of requested 3 for tablet 557ce6194fc341a5a30bb837f616f282. 1 dirs total, 0 dirs full, 0 dirs failed
I20260630 12:27:22.008432 11671 tablet_service.cc:1511] Processing CreateTablet for tablet 8651b54e08b14e7fb59caa6ceb459a53 (DEFAULT_TABLE table=test-workload [id=8b8a0daad57047d1bde95e0392eb69ff]), partition=RANGE (key) PARTITION 1431655760 <= VALUES < 1610612730
I20260630 12:27:22.009750 11671 data_dirs.cc:400] Could only allocate 1 dirs of requested 3 for tablet 8651b54e08b14e7fb59caa6ceb459a53. 1 dirs total, 0 dirs full, 0 dirs failed
I20260630 12:27:22.009941 11744 tablet_service.cc:1511] Processing CreateTablet for tablet 8651b54e08b14e7fb59caa6ceb459a53 (DEFAULT_TABLE table=test-workload [id=8b8a0daad57047d1bde95e0392eb69ff]), partition=RANGE (key) PARTITION 1431655760 <= VALUES < 1610612730
I20260630 12:27:22.011246 11744 data_dirs.cc:400] Could only allocate 1 dirs of requested 3 for tablet 8651b54e08b14e7fb59caa6ceb459a53. 1 dirs total, 0 dirs full, 0 dirs failed
I20260630 12:27:22.016158 11801 tablet_bootstrap.cc:654] T 9d3fcb154e724fd693165dbb58e1bf62 P 42ed66276db8411e8be794e2035482b2: Neither blocks nor log segments found. Creating new log.
I20260630 12:27:22.017871 11588 tablet_service.cc:1511] Processing CreateTablet for tablet 720503d7460d4486a7cd4731e01fc721 (DEFAULT_TABLE table=test-workload [id=8b8a0daad57047d1bde95e0392eb69ff]), partition=RANGE (key) PARTITION 1610612730 <= VALUES < 1789569700
I20260630 12:27:22.019222 11588 data_dirs.cc:400] Could only allocate 1 dirs of requested 3 for tablet 720503d7460d4486a7cd4731e01fc721. 1 dirs total, 0 dirs full, 0 dirs failed
I20260630 12:27:22.036945 11666 tablet_service.cc:1511] Processing CreateTablet for tablet 720503d7460d4486a7cd4731e01fc721 (DEFAULT_TABLE table=test-workload [id=8b8a0daad57047d1bde95e0392eb69ff]), partition=RANGE (key) PARTITION 1610612730 <= VALUES < 1789569700
I20260630 12:27:22.047402 11666 data_dirs.cc:400] Could only allocate 1 dirs of requested 3 for tablet 720503d7460d4486a7cd4731e01fc721. 1 dirs total, 0 dirs full, 0 dirs failed
I20260630 12:27:22.036947 11743 tablet_service.cc:1511] Processing CreateTablet for tablet 720503d7460d4486a7cd4731e01fc721 (DEFAULT_TABLE table=test-workload [id=8b8a0daad57047d1bde95e0392eb69ff]), partition=RANGE (key) PARTITION 1610612730 <= VALUES < 1789569700
I20260630 12:27:22.054085 11743 data_dirs.cc:400] Could only allocate 1 dirs of requested 3 for tablet 720503d7460d4486a7cd4731e01fc721. 1 dirs total, 0 dirs full, 0 dirs failed
I20260630 12:27:22.055956 11669 tablet_service.cc:1511] Processing CreateTablet for tablet 4333cb7d76894920bc366978a6c27e40 (DEFAULT_TABLE table=test-workload [id=8b8a0daad57047d1bde95e0392eb69ff]), partition=RANGE (key) PARTITION 1789569700 <= VALUES < 1968526670
I20260630 12:27:22.060534 11596 tablet_service.cc:1511] Processing CreateTablet for tablet 4333cb7d76894920bc366978a6c27e40 (DEFAULT_TABLE table=test-workload [id=8b8a0daad57047d1bde95e0392eb69ff]), partition=RANGE (key) PARTITION 1789569700 <= VALUES < 1968526670
I20260630 12:27:22.060963 11669 data_dirs.cc:400] Could only allocate 1 dirs of requested 3 for tablet 4333cb7d76894920bc366978a6c27e40. 1 dirs total, 0 dirs full, 0 dirs failed
I20260630 12:27:22.060774 11741 tablet_service.cc:1511] Processing CreateTablet for tablet 4333cb7d76894920bc366978a6c27e40 (DEFAULT_TABLE table=test-workload [id=8b8a0daad57047d1bde95e0392eb69ff]), partition=RANGE (key) PARTITION 1789569700 <= VALUES < 1968526670
I20260630 12:27:22.061745 11596 data_dirs.cc:400] Could only allocate 1 dirs of requested 3 for tablet 4333cb7d76894920bc366978a6c27e40. 1 dirs total, 0 dirs full, 0 dirs failed
I20260630 12:27:22.066709 11741 data_dirs.cc:400] Could only allocate 1 dirs of requested 3 for tablet 4333cb7d76894920bc366978a6c27e40. 1 dirs total, 0 dirs full, 0 dirs failed
I20260630 12:27:22.067720 11668 tablet_service.cc:1511] Processing CreateTablet for tablet f77cc8926c4b41c6a24b0dd6663f53f8 (DEFAULT_TABLE table=test-workload [id=8b8a0daad57047d1bde95e0392eb69ff]), partition=RANGE (key) PARTITION 1968526670 <= VALUES
I20260630 12:27:22.068985 11668 data_dirs.cc:400] Could only allocate 1 dirs of requested 3 for tablet f77cc8926c4b41c6a24b0dd6663f53f8. 1 dirs total, 0 dirs full, 0 dirs failed
I20260630 12:27:22.079460 11802 ts_tablet_manager.cc:1434] T 5522a18e4e604ffe94aa985bd7ad486c P 80a61d845dfd4cd3bf1465a18abf328b: Time spent starting tablet: real 0.093s	user 0.007s	sys 0.007s
I20260630 12:27:22.090597 11802 tablet_bootstrap.cc:492] T 797e8c50225d4e0895a8ceb2c4eabbef P 80a61d845dfd4cd3bf1465a18abf328b: Bootstrap starting.
I20260630 12:27:22.092638 11742 tablet_service.cc:1511] Processing CreateTablet for tablet f77cc8926c4b41c6a24b0dd6663f53f8 (DEFAULT_TABLE table=test-workload [id=8b8a0daad57047d1bde95e0392eb69ff]), partition=RANGE (key) PARTITION 1968526670 <= VALUES
I20260630 12:27:22.093927 11742 data_dirs.cc:400] Could only allocate 1 dirs of requested 3 for tablet f77cc8926c4b41c6a24b0dd6663f53f8. 1 dirs total, 0 dirs full, 0 dirs failed
I20260630 12:27:22.097059 11802 tablet_bootstrap.cc:654] T 797e8c50225d4e0895a8ceb2c4eabbef P 80a61d845dfd4cd3bf1465a18abf328b: Neither blocks nor log segments found. Creating new log.
I20260630 12:27:22.100885 11806 tablet_bootstrap.cc:492] T 8651b54e08b14e7fb59caa6ceb459a53 P eb8f8d4c0081474a8ed8d71752e8f91b: Bootstrap starting.
I20260630 12:27:22.100952 11590 tablet_service.cc:1511] Processing CreateTablet for tablet f77cc8926c4b41c6a24b0dd6663f53f8 (DEFAULT_TABLE table=test-workload [id=8b8a0daad57047d1bde95e0392eb69ff]), partition=RANGE (key) PARTITION 1968526670 <= VALUES
I20260630 12:27:22.116183 11801 tablet_bootstrap.cc:492] T 9d3fcb154e724fd693165dbb58e1bf62 P 42ed66276db8411e8be794e2035482b2: No bootstrap required, opened a new log
I20260630 12:27:22.116772 11801 ts_tablet_manager.cc:1403] T 9d3fcb154e724fd693165dbb58e1bf62 P 42ed66276db8411e8be794e2035482b2: Time spent bootstrapping tablet: real 0.153s	user 0.018s	sys 0.025s
I20260630 12:27:22.117136 11590 data_dirs.cc:400] Could only allocate 1 dirs of requested 3 for tablet f77cc8926c4b41c6a24b0dd6663f53f8. 1 dirs total, 0 dirs full, 0 dirs failed
I20260630 12:27:22.119817 11801 raft_consensus.cc:359] T 9d3fcb154e724fd693165dbb58e1bf62 P 42ed66276db8411e8be794e2035482b2 [term 0 FOLLOWER]: Replica starting. Triggering 0 pending ops. Active config: opid_index: -1 OBSOLETE_local: false peers { permanent_uuid: "eb8f8d4c0081474a8ed8d71752e8f91b" member_type: VOTER last_known_addr { host: "127.6.250.1" port: 41489 } } peers { permanent_uuid: "80a61d845dfd4cd3bf1465a18abf328b" member_type: VOTER last_known_addr { host: "127.6.250.2" port: 40709 } } peers { permanent_uuid: "42ed66276db8411e8be794e2035482b2" member_type: VOTER last_known_addr { host: "127.6.250.3" port: 43459 } }
I20260630 12:27:22.120599 11801 raft_consensus.cc:385] T 9d3fcb154e724fd693165dbb58e1bf62 P 42ed66276db8411e8be794e2035482b2 [term 0 FOLLOWER]: Consensus starting up: Expiring failure detector timer to make a prompt election more likely
I20260630 12:27:22.121064 11801 raft_consensus.cc:740] T 9d3fcb154e724fd693165dbb58e1bf62 P 42ed66276db8411e8be794e2035482b2 [term 0 FOLLOWER]: Becoming Follower/Learner. State: Replica: 42ed66276db8411e8be794e2035482b2, State: Initialized, Role: FOLLOWER
I20260630 12:27:22.121860 11801 consensus_queue.cc:260] T 9d3fcb154e724fd693165dbb58e1bf62 P 42ed66276db8411e8be794e2035482b2 [NON_LEADER]: Queue going to NON_LEADER mode. State: All replicated index: 0, Majority replicated index: 0, Committed index: 0, Last appended: 0.0, Last appended by leader: 0, Current term: 0, Majority size: -1, State: 0, Mode: NON_LEADER, active raft config: opid_index: -1 OBSOLETE_local: false peers { permanent_uuid: "eb8f8d4c0081474a8ed8d71752e8f91b" member_type: VOTER last_known_addr { host: "127.6.250.1" port: 41489 } } peers { permanent_uuid: "80a61d845dfd4cd3bf1465a18abf328b" member_type: VOTER last_known_addr { host: "127.6.250.2" port: 40709 } } peers { permanent_uuid: "42ed66276db8411e8be794e2035482b2" member_type: VOTER last_known_addr { host: "127.6.250.3" port: 43459 } }
I20260630 12:27:22.125140 11802 tablet_bootstrap.cc:492] T 797e8c50225d4e0895a8ceb2c4eabbef P 80a61d845dfd4cd3bf1465a18abf328b: No bootstrap required, opened a new log
I20260630 12:27:22.125788 11802 ts_tablet_manager.cc:1403] T 797e8c50225d4e0895a8ceb2c4eabbef P 80a61d845dfd4cd3bf1465a18abf328b: Time spent bootstrapping tablet: real 0.035s	user 0.005s	sys 0.005s
I20260630 12:27:22.126597 11806 tablet_bootstrap.cc:654] T 8651b54e08b14e7fb59caa6ceb459a53 P eb8f8d4c0081474a8ed8d71752e8f91b: Neither blocks nor log segments found. Creating new log.
I20260630 12:27:22.129680 11802 raft_consensus.cc:359] T 797e8c50225d4e0895a8ceb2c4eabbef P 80a61d845dfd4cd3bf1465a18abf328b [term 0 FOLLOWER]: Replica starting. Triggering 0 pending ops. Active config: opid_index: -1 OBSOLETE_local: false peers { permanent_uuid: "eb8f8d4c0081474a8ed8d71752e8f91b" member_type: VOTER last_known_addr { host: "127.6.250.1" port: 41489 } } peers { permanent_uuid: "80a61d845dfd4cd3bf1465a18abf328b" member_type: VOTER last_known_addr { host: "127.6.250.2" port: 40709 } } peers { permanent_uuid: "42ed66276db8411e8be794e2035482b2" member_type: VOTER last_known_addr { host: "127.6.250.3" port: 43459 } }
I20260630 12:27:22.130825 11802 raft_consensus.cc:385] T 797e8c50225d4e0895a8ceb2c4eabbef P 80a61d845dfd4cd3bf1465a18abf328b [term 0 FOLLOWER]: Consensus starting up: Expiring failure detector timer to make a prompt election more likely
I20260630 12:27:22.131315 11802 raft_consensus.cc:740] T 797e8c50225d4e0895a8ceb2c4eabbef P 80a61d845dfd4cd3bf1465a18abf328b [term 0 FOLLOWER]: Becoming Follower/Learner. State: Replica: 80a61d845dfd4cd3bf1465a18abf328b, State: Initialized, Role: FOLLOWER
I20260630 12:27:22.132575 11802 consensus_queue.cc:260] T 797e8c50225d4e0895a8ceb2c4eabbef P 80a61d845dfd4cd3bf1465a18abf328b [NON_LEADER]: Queue going to NON_LEADER mode. State: All replicated index: 0, Majority replicated index: 0, Committed index: 0, Last appended: 0.0, Last appended by leader: 0, Current term: 0, Majority size: -1, State: 0, Mode: NON_LEADER, active raft config: opid_index: -1 OBSOLETE_local: false peers { permanent_uuid: "eb8f8d4c0081474a8ed8d71752e8f91b" member_type: VOTER last_known_addr { host: "127.6.250.1" port: 41489 } } peers { permanent_uuid: "80a61d845dfd4cd3bf1465a18abf328b" member_type: VOTER last_known_addr { host: "127.6.250.2" port: 40709 } } peers { permanent_uuid: "42ed66276db8411e8be794e2035482b2" member_type: VOTER last_known_addr { host: "127.6.250.3" port: 43459 } }
W20260630 12:27:22.133972 11708 tablet.cc:2406] T 5522a18e4e604ffe94aa985bd7ad486c P 80a61d845dfd4cd3bf1465a18abf328b: Can't schedule compaction. Clean time has not been advanced past its initial value.
I20260630 12:27:22.137219 11802 ts_tablet_manager.cc:1434] T 797e8c50225d4e0895a8ceb2c4eabbef P 80a61d845dfd4cd3bf1465a18abf328b: Time spent starting tablet: real 0.011s	user 0.009s	sys 0.001s
I20260630 12:27:22.138618 11802 tablet_bootstrap.cc:492] T 9d3fcb154e724fd693165dbb58e1bf62 P 80a61d845dfd4cd3bf1465a18abf328b: Bootstrap starting.
I20260630 12:27:22.145236 11802 tablet_bootstrap.cc:654] T 9d3fcb154e724fd693165dbb58e1bf62 P 80a61d845dfd4cd3bf1465a18abf328b: Neither blocks nor log segments found. Creating new log.
I20260630 12:27:22.150727 11801 ts_tablet_manager.cc:1434] T 9d3fcb154e724fd693165dbb58e1bf62 P 42ed66276db8411e8be794e2035482b2: Time spent starting tablet: real 0.034s	user 0.021s	sys 0.002s
I20260630 12:27:22.150899 11802 tablet_bootstrap.cc:492] T 9d3fcb154e724fd693165dbb58e1bf62 P 80a61d845dfd4cd3bf1465a18abf328b: No bootstrap required, opened a new log
I20260630 12:27:22.151547 11802 ts_tablet_manager.cc:1403] T 9d3fcb154e724fd693165dbb58e1bf62 P 80a61d845dfd4cd3bf1465a18abf328b: Time spent bootstrapping tablet: real 0.013s	user 0.006s	sys 0.006s
I20260630 12:27:22.150843 11806 tablet_bootstrap.cc:492] T 8651b54e08b14e7fb59caa6ceb459a53 P eb8f8d4c0081474a8ed8d71752e8f91b: No bootstrap required, opened a new log
I20260630 12:27:22.153034 11806 ts_tablet_manager.cc:1403] T 8651b54e08b14e7fb59caa6ceb459a53 P eb8f8d4c0081474a8ed8d71752e8f91b: Time spent bootstrapping tablet: real 0.053s	user 0.019s	sys 0.011s
I20260630 12:27:22.154357 11802 raft_consensus.cc:359] T 9d3fcb154e724fd693165dbb58e1bf62 P 80a61d845dfd4cd3bf1465a18abf328b [term 0 FOLLOWER]: Replica starting. Triggering 0 pending ops. Active config: opid_index: -1 OBSOLETE_local: false peers { permanent_uuid: "eb8f8d4c0081474a8ed8d71752e8f91b" member_type: VOTER last_known_addr { host: "127.6.250.1" port: 41489 } } peers { permanent_uuid: "80a61d845dfd4cd3bf1465a18abf328b" member_type: VOTER last_known_addr { host: "127.6.250.2" port: 40709 } } peers { permanent_uuid: "42ed66276db8411e8be794e2035482b2" member_type: VOTER last_known_addr { host: "127.6.250.3" port: 43459 } }
I20260630 12:27:22.155123 11802 raft_consensus.cc:385] T 9d3fcb154e724fd693165dbb58e1bf62 P 80a61d845dfd4cd3bf1465a18abf328b [term 0 FOLLOWER]: Consensus starting up: Expiring failure detector timer to make a prompt election more likely
I20260630 12:27:22.155443 11802 raft_consensus.cc:740] T 9d3fcb154e724fd693165dbb58e1bf62 P 80a61d845dfd4cd3bf1465a18abf328b [term 0 FOLLOWER]: Becoming Follower/Learner. State: Replica: 80a61d845dfd4cd3bf1465a18abf328b, State: Initialized, Role: FOLLOWER
I20260630 12:27:22.155365 11806 raft_consensus.cc:359] T 8651b54e08b14e7fb59caa6ceb459a53 P eb8f8d4c0081474a8ed8d71752e8f91b [term 0 FOLLOWER]: Replica starting. Triggering 0 pending ops. Active config: opid_index: -1 OBSOLETE_local: false peers { permanent_uuid: "eb8f8d4c0081474a8ed8d71752e8f91b" member_type: VOTER last_known_addr { host: "127.6.250.1" port: 41489 } } peers { permanent_uuid: "80a61d845dfd4cd3bf1465a18abf328b" member_type: VOTER last_known_addr { host: "127.6.250.2" port: 40709 } } peers { permanent_uuid: "42ed66276db8411e8be794e2035482b2" member_type: VOTER last_known_addr { host: "127.6.250.3" port: 43459 } }
I20260630 12:27:22.156141 11806 raft_consensus.cc:385] T 8651b54e08b14e7fb59caa6ceb459a53 P eb8f8d4c0081474a8ed8d71752e8f91b [term 0 FOLLOWER]: Consensus starting up: Expiring failure detector timer to make a prompt election more likely
I20260630 12:27:22.156399 11806 raft_consensus.cc:740] T 8651b54e08b14e7fb59caa6ceb459a53 P eb8f8d4c0081474a8ed8d71752e8f91b [term 0 FOLLOWER]: Becoming Follower/Learner. State: Replica: eb8f8d4c0081474a8ed8d71752e8f91b, State: Initialized, Role: FOLLOWER
I20260630 12:27:22.156271 11802 consensus_queue.cc:260] T 9d3fcb154e724fd693165dbb58e1bf62 P 80a61d845dfd4cd3bf1465a18abf328b [NON_LEADER]: Queue going to NON_LEADER mode. State: All replicated index: 0, Majority replicated index: 0, Committed index: 0, Last appended: 0.0, Last appended by leader: 0, Current term: 0, Majority size: -1, State: 0, Mode: NON_LEADER, active raft config: opid_index: -1 OBSOLETE_local: false peers { permanent_uuid: "eb8f8d4c0081474a8ed8d71752e8f91b" member_type: VOTER last_known_addr { host: "127.6.250.1" port: 41489 } } peers { permanent_uuid: "80a61d845dfd4cd3bf1465a18abf328b" member_type: VOTER last_known_addr { host: "127.6.250.2" port: 40709 } } peers { permanent_uuid: "42ed66276db8411e8be794e2035482b2" member_type: VOTER last_known_addr { host: "127.6.250.3" port: 43459 } }
I20260630 12:27:22.157450 11801 tablet_bootstrap.cc:492] T caad439b6c0d4b01a5b298691c5c979e P 42ed66276db8411e8be794e2035482b2: Bootstrap starting.
I20260630 12:27:22.157377 11806 consensus_queue.cc:260] T 8651b54e08b14e7fb59caa6ceb459a53 P eb8f8d4c0081474a8ed8d71752e8f91b [NON_LEADER]: Queue going to NON_LEADER mode. State: All replicated index: 0, Majority replicated index: 0, Committed index: 0, Last appended: 0.0, Last appended by leader: 0, Current term: 0, Majority size: -1, State: 0, Mode: NON_LEADER, active raft config: opid_index: -1 OBSOLETE_local: false peers { permanent_uuid: "eb8f8d4c0081474a8ed8d71752e8f91b" member_type: VOTER last_known_addr { host: "127.6.250.1" port: 41489 } } peers { permanent_uuid: "80a61d845dfd4cd3bf1465a18abf328b" member_type: VOTER last_known_addr { host: "127.6.250.2" port: 40709 } } peers { permanent_uuid: "42ed66276db8411e8be794e2035482b2" member_type: VOTER last_known_addr { host: "127.6.250.3" port: 43459 } }
I20260630 12:27:22.158584 11802 ts_tablet_manager.cc:1434] T 9d3fcb154e724fd693165dbb58e1bf62 P 80a61d845dfd4cd3bf1465a18abf328b: Time spent starting tablet: real 0.007s	user 0.006s	sys 0.000s
I20260630 12:27:22.159601 11802 tablet_bootstrap.cc:492] T 557ce6194fc341a5a30bb837f616f282 P 80a61d845dfd4cd3bf1465a18abf328b: Bootstrap starting.
I20260630 12:27:22.165861 11801 tablet_bootstrap.cc:654] T caad439b6c0d4b01a5b298691c5c979e P 42ed66276db8411e8be794e2035482b2: Neither blocks nor log segments found. Creating new log.
I20260630 12:27:22.166046 11802 tablet_bootstrap.cc:654] T 557ce6194fc341a5a30bb837f616f282 P 80a61d845dfd4cd3bf1465a18abf328b: Neither blocks nor log segments found. Creating new log.
I20260630 12:27:22.176069 11806 ts_tablet_manager.cc:1434] T 8651b54e08b14e7fb59caa6ceb459a53 P eb8f8d4c0081474a8ed8d71752e8f91b: Time spent starting tablet: real 0.023s	user 0.010s	sys 0.011s
I20260630 12:27:22.177184 11806 tablet_bootstrap.cc:492] T 731d5abe93ad4456aef9841cf4b1028f P eb8f8d4c0081474a8ed8d71752e8f91b: Bootstrap starting.
I20260630 12:27:22.177440 11802 tablet_bootstrap.cc:492] T 557ce6194fc341a5a30bb837f616f282 P 80a61d845dfd4cd3bf1465a18abf328b: No bootstrap required, opened a new log
I20260630 12:27:22.178129 11802 ts_tablet_manager.cc:1403] T 557ce6194fc341a5a30bb837f616f282 P 80a61d845dfd4cd3bf1465a18abf328b: Time spent bootstrapping tablet: real 0.019s	user 0.010s	sys 0.007s
I20260630 12:27:22.181849 11802 raft_consensus.cc:359] T 557ce6194fc341a5a30bb837f616f282 P 80a61d845dfd4cd3bf1465a18abf328b [term 0 FOLLOWER]: Replica starting. Triggering 0 pending ops. Active config: opid_index: -1 OBSOLETE_local: false peers { permanent_uuid: "eb8f8d4c0081474a8ed8d71752e8f91b" member_type: VOTER last_known_addr { host: "127.6.250.1" port: 41489 } } peers { permanent_uuid: "80a61d845dfd4cd3bf1465a18abf328b" member_type: VOTER last_known_addr { host: "127.6.250.2" port: 40709 } } peers { permanent_uuid: "42ed66276db8411e8be794e2035482b2" member_type: VOTER last_known_addr { host: "127.6.250.3" port: 43459 } }
I20260630 12:27:22.182898 11802 raft_consensus.cc:385] T 557ce6194fc341a5a30bb837f616f282 P 80a61d845dfd4cd3bf1465a18abf328b [term 0 FOLLOWER]: Consensus starting up: Expiring failure detector timer to make a prompt election more likely
I20260630 12:27:22.183313 11802 raft_consensus.cc:740] T 557ce6194fc341a5a30bb837f616f282 P 80a61d845dfd4cd3bf1465a18abf328b [term 0 FOLLOWER]: Becoming Follower/Learner. State: Replica: 80a61d845dfd4cd3bf1465a18abf328b, State: Initialized, Role: FOLLOWER
I20260630 12:27:22.183491 11806 tablet_bootstrap.cc:654] T 731d5abe93ad4456aef9841cf4b1028f P eb8f8d4c0081474a8ed8d71752e8f91b: Neither blocks nor log segments found. Creating new log.
I20260630 12:27:22.184437 11802 consensus_queue.cc:260] T 557ce6194fc341a5a30bb837f616f282 P 80a61d845dfd4cd3bf1465a18abf328b [NON_LEADER]: Queue going to NON_LEADER mode. State: All replicated index: 0, Majority replicated index: 0, Committed index: 0, Last appended: 0.0, Last appended by leader: 0, Current term: 0, Majority size: -1, State: 0, Mode: NON_LEADER, active raft config: opid_index: -1 OBSOLETE_local: false peers { permanent_uuid: "eb8f8d4c0081474a8ed8d71752e8f91b" member_type: VOTER last_known_addr { host: "127.6.250.1" port: 41489 } } peers { permanent_uuid: "80a61d845dfd4cd3bf1465a18abf328b" member_type: VOTER last_known_addr { host: "127.6.250.2" port: 40709 } } peers { permanent_uuid: "42ed66276db8411e8be794e2035482b2" member_type: VOTER last_known_addr { host: "127.6.250.3" port: 43459 } }
I20260630 12:27:22.187894 11802 ts_tablet_manager.cc:1434] T 557ce6194fc341a5a30bb837f616f282 P 80a61d845dfd4cd3bf1465a18abf328b: Time spent starting tablet: real 0.009s	user 0.005s	sys 0.002s
I20260630 12:27:22.189214 11802 tablet_bootstrap.cc:492] T aecbe3054a614d0d976eac38ccbeab89 P 80a61d845dfd4cd3bf1465a18abf328b: Bootstrap starting.
I20260630 12:27:22.195410 11806 tablet_bootstrap.cc:492] T 731d5abe93ad4456aef9841cf4b1028f P eb8f8d4c0081474a8ed8d71752e8f91b: No bootstrap required, opened a new log
I20260630 12:27:22.195955 11806 ts_tablet_manager.cc:1403] T 731d5abe93ad4456aef9841cf4b1028f P eb8f8d4c0081474a8ed8d71752e8f91b: Time spent bootstrapping tablet: real 0.019s	user 0.014s	sys 0.003s
I20260630 12:27:22.197701 11802 tablet_bootstrap.cc:654] T aecbe3054a614d0d976eac38ccbeab89 P 80a61d845dfd4cd3bf1465a18abf328b: Neither blocks nor log segments found. Creating new log.
I20260630 12:27:22.199278 11806 raft_consensus.cc:359] T 731d5abe93ad4456aef9841cf4b1028f P eb8f8d4c0081474a8ed8d71752e8f91b [term 0 FOLLOWER]: Replica starting. Triggering 0 pending ops. Active config: opid_index: -1 OBSOLETE_local: false peers { permanent_uuid: "eb8f8d4c0081474a8ed8d71752e8f91b" member_type: VOTER last_known_addr { host: "127.6.250.1" port: 41489 } } peers { permanent_uuid: "80a61d845dfd4cd3bf1465a18abf328b" member_type: VOTER last_known_addr { host: "127.6.250.2" port: 40709 } } peers { permanent_uuid: "42ed66276db8411e8be794e2035482b2" member_type: VOTER last_known_addr { host: "127.6.250.3" port: 43459 } }
I20260630 12:27:22.200044 11806 raft_consensus.cc:385] T 731d5abe93ad4456aef9841cf4b1028f P eb8f8d4c0081474a8ed8d71752e8f91b [term 0 FOLLOWER]: Consensus starting up: Expiring failure detector timer to make a prompt election more likely
I20260630 12:27:22.200412 11806 raft_consensus.cc:740] T 731d5abe93ad4456aef9841cf4b1028f P eb8f8d4c0081474a8ed8d71752e8f91b [term 0 FOLLOWER]: Becoming Follower/Learner. State: Replica: eb8f8d4c0081474a8ed8d71752e8f91b, State: Initialized, Role: FOLLOWER
