I20260630 12:26:50.106771 10412 raft_consensus.cc:1275] T e1b68e73e98c47c7b70e44dcde8bc49b P e76cf3f3dc424a8e88a8d240dea3f402 [term 1 FOLLOWER]: Refusing update from remote peer 5ea7a35478dd4db987c45c2734461b0b: Log matching property violated. Preceding OpId in replica: term: 1 index: 2. Preceding OpId from leader: term: 1 index: 3. (index mismatch)
I20260630 12:26:50.107277 10251 raft_consensus.cc:1275] T e1b68e73e98c47c7b70e44dcde8bc49b P 99d483d5fbe54223bba957baa9c6fb64 [term 1 LEARNER]: Refusing update from remote peer 5ea7a35478dd4db987c45c2734461b0b: Log matching property violated. Preceding OpId in replica: term: 1 index: 2. Preceding OpId from leader: term: 1 index: 3. (index mismatch)
I20260630 12:26:50.109555 10644 consensus_queue.cc:1048] T e1b68e73e98c47c7b70e44dcde8bc49b P 5ea7a35478dd4db987c45c2734461b0b [LEADER]: Connected to new peer: Peer: permanent_uuid: "99d483d5fbe54223bba957baa9c6fb64" member_type: VOTER last_known_addr { host: "127.6.250.3" port: 46655 } attrs { promote: false }, Status: LMP_MISMATCH, Last received: 0.0, Next index: 3, Last known committed idx: 2, Time since last communication: 0.000s
I20260630 12:26:50.111497 10644 raft_consensus.cc:1064] T e3dd25a04cea4afd8a2f62f34c541bac P 5ea7a35478dd4db987c45c2734461b0b: attempting to promote NON_VOTER b42eb88451564028a83080fc28019cb9 to VOTER
I20260630 12:26:50.110574 10629 raft_consensus.cc:2955] T d1ec779123144906bb1066e80765d745 P 5ea7a35478dd4db987c45c2734461b0b [term 1 LEADER]: Committing config change with OpId 1.3: config changed from index 2 to 3, e76cf3f3dc424a8e88a8d240dea3f402 (127.6.250.4) changed from NON_VOTER to VOTER. New config: { opid_index: 3 OBSOLETE_local: false peers { permanent_uuid: "b42eb88451564028a83080fc28019cb9" member_type: VOTER last_known_addr { host: "127.6.250.2" port: 45041 } attrs { replace: true } } peers { permanent_uuid: "5ea7a35478dd4db987c45c2734461b0b" member_type: VOTER last_known_addr { host: "127.6.250.1" port: 34061 } } peers { permanent_uuid: "99d483d5fbe54223bba957baa9c6fb64" member_type: VOTER last_known_addr { host: "127.6.250.3" port: 46655 } } peers { permanent_uuid: "e76cf3f3dc424a8e88a8d240dea3f402" member_type: VOTER last_known_addr { host: "127.6.250.4" port: 45937 } attrs { promote: false } } }
I20260630 12:26:50.113879 10646 consensus_queue.cc:1048] T e1b68e73e98c47c7b70e44dcde8bc49b P 5ea7a35478dd4db987c45c2734461b0b [LEADER]: Connected to new peer: Peer: permanent_uuid: "e76cf3f3dc424a8e88a8d240dea3f402" member_type: VOTER last_known_addr { host: "127.6.250.4" port: 45937 } attrs { replace: true }, Status: LMP_MISMATCH, Last received: 0.0, Next index: 3, Last known committed idx: 2, Time since last communication: 0.001s
I20260630 12:26:50.113931 10644 consensus_queue.cc:237] T e3dd25a04cea4afd8a2f62f34c541bac P 5ea7a35478dd4db987c45c2734461b0b [LEADER]: Queue going to LEADER mode. State: All replicated index: 0, Majority replicated index: 2, Committed index: 2, Last appended: 1.2, Last appended by leader: 0, Current term: 1, Majority size: 3, State: 0, Mode: LEADER, active raft config: opid_index: 3 OBSOLETE_local: false peers { permanent_uuid: "99d483d5fbe54223bba957baa9c6fb64" member_type: VOTER last_known_addr { host: "127.6.250.3" port: 46655 } } peers { permanent_uuid: "e76cf3f3dc424a8e88a8d240dea3f402" member_type: VOTER last_known_addr { host: "127.6.250.4" port: 45937 } attrs { replace: true } } peers { permanent_uuid: "5ea7a35478dd4db987c45c2734461b0b" member_type: VOTER last_known_addr { host: "127.6.250.1" port: 34061 } } peers { permanent_uuid: "b42eb88451564028a83080fc28019cb9" member_type: VOTER last_known_addr { host: "127.6.250.2" port: 45041 } attrs { promote: false } }
I20260630 12:26:50.120800 10250 raft_consensus.cc:2955] T d1ec779123144906bb1066e80765d745 P 99d483d5fbe54223bba957baa9c6fb64 [term 1 FOLLOWER]: Committing config change with OpId 1.3: config changed from index 2 to 3, e76cf3f3dc424a8e88a8d240dea3f402 (127.6.250.4) changed from NON_VOTER to VOTER. New config: { opid_index: 3 OBSOLETE_local: false peers { permanent_uuid: "b42eb88451564028a83080fc28019cb9" member_type: VOTER last_known_addr { host: "127.6.250.2" port: 45041 } attrs { replace: true } } peers { permanent_uuid: "5ea7a35478dd4db987c45c2734461b0b" member_type: VOTER last_known_addr { host: "127.6.250.1" port: 34061 } } peers { permanent_uuid: "99d483d5fbe54223bba957baa9c6fb64" member_type: VOTER last_known_addr { host: "127.6.250.3" port: 46655 } } peers { permanent_uuid: "e76cf3f3dc424a8e88a8d240dea3f402" member_type: VOTER last_known_addr { host: "127.6.250.4" port: 45937 } attrs { promote: false } } }
I20260630 12:26:50.120988 10412 raft_consensus.cc:2955] T d1ec779123144906bb1066e80765d745 P e76cf3f3dc424a8e88a8d240dea3f402 [term 1 FOLLOWER]: Committing config change with OpId 1.3: config changed from index 2 to 3, e76cf3f3dc424a8e88a8d240dea3f402 (127.6.250.4) changed from NON_VOTER to VOTER. New config: { opid_index: 3 OBSOLETE_local: false peers { permanent_uuid: "b42eb88451564028a83080fc28019cb9" member_type: VOTER last_known_addr { host: "127.6.250.2" port: 45041 } attrs { replace: true } } peers { permanent_uuid: "5ea7a35478dd4db987c45c2734461b0b" member_type: VOTER last_known_addr { host: "127.6.250.1" port: 34061 } } peers { permanent_uuid: "99d483d5fbe54223bba957baa9c6fb64" member_type: VOTER last_known_addr { host: "127.6.250.3" port: 46655 } } peers { permanent_uuid: "e76cf3f3dc424a8e88a8d240dea3f402" member_type: VOTER last_known_addr { host: "127.6.250.4" port: 45937 } attrs { promote: false } } }
I20260630 12:26:50.138576 10177 raft_consensus.cc:2955] T d1ec779123144906bb1066e80765d745 P b42eb88451564028a83080fc28019cb9 [term 1 FOLLOWER]: Committing config change with OpId 1.3: config changed from index 2 to 3, e76cf3f3dc424a8e88a8d240dea3f402 (127.6.250.4) changed from NON_VOTER to VOTER. New config: { opid_index: 3 OBSOLETE_local: false peers { permanent_uuid: "b42eb88451564028a83080fc28019cb9" member_type: VOTER last_known_addr { host: "127.6.250.2" port: 45041 } attrs { replace: true } } peers { permanent_uuid: "5ea7a35478dd4db987c45c2734461b0b" member_type: VOTER last_known_addr { host: "127.6.250.1" port: 34061 } } peers { permanent_uuid: "99d483d5fbe54223bba957baa9c6fb64" member_type: VOTER last_known_addr { host: "127.6.250.3" port: 46655 } } peers { permanent_uuid: "e76cf3f3dc424a8e88a8d240dea3f402" member_type: VOTER last_known_addr { host: "127.6.250.4" port: 45937 } attrs { promote: false } } }
I20260630 12:26:50.141934 10628 consensus_queue.cc:1048] T e1b68e73e98c47c7b70e44dcde8bc49b P 5ea7a35478dd4db987c45c2734461b0b [LEADER]: Connected to new peer: Peer: permanent_uuid: "b42eb88451564028a83080fc28019cb9" member_type: VOTER last_known_addr { host: "127.6.250.2" port: 45041 }, Status: LMP_MISMATCH, Last received: 0.0, Next index: 3, Last known committed idx: 2, Time since last communication: 0.000s
I20260630 12:26:50.168358 10628 raft_consensus.cc:2955] T e1b68e73e98c47c7b70e44dcde8bc49b P 5ea7a35478dd4db987c45c2734461b0b [term 1 LEADER]: Committing config change with OpId 1.3: config changed from index 2 to 3, 99d483d5fbe54223bba957baa9c6fb64 (127.6.250.3) changed from NON_VOTER to VOTER. New config: { opid_index: 3 OBSOLETE_local: false peers { permanent_uuid: "5ea7a35478dd4db987c45c2734461b0b" member_type: VOTER last_known_addr { host: "127.6.250.1" port: 34061 } } peers { permanent_uuid: "b42eb88451564028a83080fc28019cb9" member_type: VOTER last_known_addr { host: "127.6.250.2" port: 45041 } } peers { permanent_uuid: "e76cf3f3dc424a8e88a8d240dea3f402" member_type: VOTER last_known_addr { host: "127.6.250.4" port: 45937 } attrs { replace: true } } peers { permanent_uuid: "99d483d5fbe54223bba957baa9c6fb64" member_type: VOTER last_known_addr { host: "127.6.250.3" port: 46655 } attrs { promote: false } } }
I20260630 12:26:50.183060 10412 raft_consensus.cc:1275] T e3dd25a04cea4afd8a2f62f34c541bac P e76cf3f3dc424a8e88a8d240dea3f402 [term 1 FOLLOWER]: Refusing update from remote peer 5ea7a35478dd4db987c45c2734461b0b: Log matching property violated. Preceding OpId in replica: term: 1 index: 2. Preceding OpId from leader: term: 1 index: 3. (index mismatch)
I20260630 12:26:50.183768 10250 raft_consensus.cc:1275] T e3dd25a04cea4afd8a2f62f34c541bac P 99d483d5fbe54223bba957baa9c6fb64 [term 1 FOLLOWER]: Refusing update from remote peer 5ea7a35478dd4db987c45c2734461b0b: Log matching property violated. Preceding OpId in replica: term: 1 index: 2. Preceding OpId from leader: term: 1 index: 3. (index mismatch)
I20260630 12:26:50.182516 10176 raft_consensus.cc:2955] T e1b68e73e98c47c7b70e44dcde8bc49b P b42eb88451564028a83080fc28019cb9 [term 1 FOLLOWER]: Committing config change with OpId 1.3: config changed from index 2 to 3, 99d483d5fbe54223bba957baa9c6fb64 (127.6.250.3) changed from NON_VOTER to VOTER. New config: { opid_index: 3 OBSOLETE_local: false peers { permanent_uuid: "5ea7a35478dd4db987c45c2734461b0b" member_type: VOTER last_known_addr { host: "127.6.250.1" port: 34061 } } peers { permanent_uuid: "b42eb88451564028a83080fc28019cb9" member_type: VOTER last_known_addr { host: "127.6.250.2" port: 45041 } } peers { permanent_uuid: "e76cf3f3dc424a8e88a8d240dea3f402" member_type: VOTER last_known_addr { host: "127.6.250.4" port: 45937 } attrs { replace: true } } peers { permanent_uuid: "99d483d5fbe54223bba957baa9c6fb64" member_type: VOTER last_known_addr { host: "127.6.250.3" port: 46655 } attrs { promote: false } } }
I20260630 12:26:50.184667 10644 consensus_queue.cc:1048] T e3dd25a04cea4afd8a2f62f34c541bac P 5ea7a35478dd4db987c45c2734461b0b [LEADER]: Connected to new peer: Peer: permanent_uuid: "e76cf3f3dc424a8e88a8d240dea3f402" member_type: VOTER last_known_addr { host: "127.6.250.4" port: 45937 } attrs { replace: true }, Status: LMP_MISMATCH, Last received: 0.0, Next index: 3, Last known committed idx: 2, Time since last communication: 0.000s
I20260630 12:26:50.185591 10629 consensus_queue.cc:1048] T e3dd25a04cea4afd8a2f62f34c541bac P 5ea7a35478dd4db987c45c2734461b0b [LEADER]: Connected to new peer: Peer: permanent_uuid: "99d483d5fbe54223bba957baa9c6fb64" member_type: VOTER last_known_addr { host: "127.6.250.3" port: 46655 }, Status: LMP_MISMATCH, Last received: 0.0, Next index: 3, Last known committed idx: 2, Time since last communication: 0.000s
I20260630 12:26:50.187671 10000 catalog_manager.cc:5697] T d1ec779123144906bb1066e80765d745 P e76cf3f3dc424a8e88a8d240dea3f402 reported cstate change: config changed from index 2 to 3, e76cf3f3dc424a8e88a8d240dea3f402 (127.6.250.4) changed from NON_VOTER to VOTER. New cstate: current_term: 1 leader_uuid: "5ea7a35478dd4db987c45c2734461b0b" committed_config { opid_index: 3 OBSOLETE_local: false peers { permanent_uuid: "b42eb88451564028a83080fc28019cb9" member_type: VOTER last_known_addr { host: "127.6.250.2" port: 45041 } attrs { replace: true } } peers { permanent_uuid: "5ea7a35478dd4db987c45c2734461b0b" member_type: VOTER last_known_addr { host: "127.6.250.1" port: 34061 } } peers { permanent_uuid: "99d483d5fbe54223bba957baa9c6fb64" member_type: VOTER last_known_addr { host: "127.6.250.3" port: 46655 } } peers { permanent_uuid: "e76cf3f3dc424a8e88a8d240dea3f402" member_type: VOTER last_known_addr { host: "127.6.250.4" port: 45937 } attrs { promote: false } } }
I20260630 12:26:50.200634 10177 raft_consensus.cc:1275] T e3dd25a04cea4afd8a2f62f34c541bac P b42eb88451564028a83080fc28019cb9 [term 1 LEARNER]: Refusing update from remote peer 5ea7a35478dd4db987c45c2734461b0b: Log matching property violated. Preceding OpId in replica: term: 1 index: 2. Preceding OpId from leader: term: 1 index: 3. (index mismatch)
I20260630 12:26:50.202270 10644 consensus_queue.cc:1048] T e3dd25a04cea4afd8a2f62f34c541bac P 5ea7a35478dd4db987c45c2734461b0b [LEADER]: Connected to new peer: Peer: permanent_uuid: "b42eb88451564028a83080fc28019cb9" member_type: VOTER last_known_addr { host: "127.6.250.2" port: 45041 } attrs { promote: false }, Status: LMP_MISMATCH, Last received: 0.0, Next index: 3, Last known committed idx: 2, Time since last communication: 0.000s
I20260630 12:26:50.206377 10253 raft_consensus.cc:2955] T e1b68e73e98c47c7b70e44dcde8bc49b P 99d483d5fbe54223bba957baa9c6fb64 [term 1 FOLLOWER]: Committing config change with OpId 1.3: config changed from index 2 to 3, 99d483d5fbe54223bba957baa9c6fb64 (127.6.250.3) changed from NON_VOTER to VOTER. New config: { opid_index: 3 OBSOLETE_local: false peers { permanent_uuid: "5ea7a35478dd4db987c45c2734461b0b" member_type: VOTER last_known_addr { host: "127.6.250.1" port: 34061 } } peers { permanent_uuid: "b42eb88451564028a83080fc28019cb9" member_type: VOTER last_known_addr { host: "127.6.250.2" port: 45041 } } peers { permanent_uuid: "e76cf3f3dc424a8e88a8d240dea3f402" member_type: VOTER last_known_addr { host: "127.6.250.4" port: 45937 } attrs { replace: true } } peers { permanent_uuid: "99d483d5fbe54223bba957baa9c6fb64" member_type: VOTER last_known_addr { host: "127.6.250.3" port: 46655 } attrs { promote: false } } }
I20260630 12:26:50.212599 10411 raft_consensus.cc:2955] T e1b68e73e98c47c7b70e44dcde8bc49b P e76cf3f3dc424a8e88a8d240dea3f402 [term 1 FOLLOWER]: Committing config change with OpId 1.3: config changed from index 2 to 3, 99d483d5fbe54223bba957baa9c6fb64 (127.6.250.3) changed from NON_VOTER to VOTER. New config: { opid_index: 3 OBSOLETE_local: false peers { permanent_uuid: "5ea7a35478dd4db987c45c2734461b0b" member_type: VOTER last_known_addr { host: "127.6.250.1" port: 34061 } } peers { permanent_uuid: "b42eb88451564028a83080fc28019cb9" member_type: VOTER last_known_addr { host: "127.6.250.2" port: 45041 } } peers { permanent_uuid: "e76cf3f3dc424a8e88a8d240dea3f402" member_type: VOTER last_known_addr { host: "127.6.250.4" port: 45937 } attrs { replace: true } } peers { permanent_uuid: "99d483d5fbe54223bba957baa9c6fb64" member_type: VOTER last_known_addr { host: "127.6.250.3" port: 46655 } attrs { promote: false } } }
I20260630 12:26:50.204166 10251 consensus_queue.cc:237] T 89451199cc68439a84cc14849627a93b P 99d483d5fbe54223bba957baa9c6fb64 [LEADER]: Queue going to LEADER mode. State: All replicated index: 0, Majority replicated index: 3, Committed index: 3, Last appended: 1.3, Last appended by leader: 0, Current term: 1, Majority size: 2, State: 0, Mode: LEADER, active raft config: opid_index: 4 OBSOLETE_local: false peers { permanent_uuid: "5ea7a35478dd4db987c45c2734461b0b" member_type: VOTER last_known_addr { host: "127.6.250.1" port: 34061 } } peers { permanent_uuid: "99d483d5fbe54223bba957baa9c6fb64" member_type: VOTER last_known_addr { host: "127.6.250.3" port: 46655 } } peers { permanent_uuid: "e76cf3f3dc424a8e88a8d240dea3f402" member_type: VOTER last_known_addr { host: "127.6.250.4" port: 45937 } attrs { promote: false } }
I20260630 12:26:50.228439 10413 raft_consensus.cc:1275] T 89451199cc68439a84cc14849627a93b P e76cf3f3dc424a8e88a8d240dea3f402 [term 1 FOLLOWER]: Refusing update from remote peer 99d483d5fbe54223bba957baa9c6fb64: Log matching property violated. Preceding OpId in replica: term: 1 index: 3. Preceding OpId from leader: term: 1 index: 4. (index mismatch)
I20260630 12:26:50.230530 10104 raft_consensus.cc:1275] T 89451199cc68439a84cc14849627a93b P 5ea7a35478dd4db987c45c2734461b0b [term 1 FOLLOWER]: Refusing update from remote peer 99d483d5fbe54223bba957baa9c6fb64: Log matching property violated. Preceding OpId in replica: term: 1 index: 3. Preceding OpId from leader: term: 1 index: 4. (index mismatch)
I20260630 12:26:50.232497 10565 consensus_queue.cc:1048] T 89451199cc68439a84cc14849627a93b P 99d483d5fbe54223bba957baa9c6fb64 [LEADER]: Connected to new peer: Peer: permanent_uuid: "5ea7a35478dd4db987c45c2734461b0b" member_type: VOTER last_known_addr { host: "127.6.250.1" port: 34061 }, Status: LMP_MISMATCH, Last received: 0.0, Next index: 4, Last known committed idx: 3, Time since last communication: 0.001s
I20260630 12:26:50.238884 10565 consensus_queue.cc:1048] T 89451199cc68439a84cc14849627a93b P 99d483d5fbe54223bba957baa9c6fb64 [LEADER]: Connected to new peer: Peer: permanent_uuid: "e76cf3f3dc424a8e88a8d240dea3f402" member_type: VOTER last_known_addr { host: "127.6.250.4" port: 45937 } attrs { promote: false }, Status: LMP_MISMATCH, Last received: 0.0, Next index: 4, Last known committed idx: 3, Time since last communication: 0.001s
I20260630 12:26:50.245723 10630 raft_consensus.cc:2955] T 89451199cc68439a84cc14849627a93b P 99d483d5fbe54223bba957baa9c6fb64 [term 1 LEADER]: Committing config change with OpId 1.4: config changed from index 3 to 4, VOTER b42eb88451564028a83080fc28019cb9 (127.6.250.2) evicted. New config: { opid_index: 4 OBSOLETE_local: false peers { permanent_uuid: "5ea7a35478dd4db987c45c2734461b0b" member_type: VOTER last_known_addr { host: "127.6.250.1" port: 34061 } } peers { permanent_uuid: "99d483d5fbe54223bba957baa9c6fb64" member_type: VOTER last_known_addr { host: "127.6.250.3" port: 46655 } } peers { permanent_uuid: "e76cf3f3dc424a8e88a8d240dea3f402" member_type: VOTER last_known_addr { host: "127.6.250.4" port: 45937 } attrs { promote: false } } }
I20260630 12:26:50.243350  9998 catalog_manager.cc:5697] T e1b68e73e98c47c7b70e44dcde8bc49b P 99d483d5fbe54223bba957baa9c6fb64 reported cstate change: config changed from index 2 to 3, 99d483d5fbe54223bba957baa9c6fb64 (127.6.250.3) changed from NON_VOTER to VOTER. New cstate: current_term: 1 leader_uuid: "5ea7a35478dd4db987c45c2734461b0b" committed_config { opid_index: 3 OBSOLETE_local: false peers { permanent_uuid: "5ea7a35478dd4db987c45c2734461b0b" member_type: VOTER last_known_addr { host: "127.6.250.1" port: 34061 } } peers { permanent_uuid: "b42eb88451564028a83080fc28019cb9" member_type: VOTER last_known_addr { host: "127.6.250.2" port: 45041 } } peers { permanent_uuid: "e76cf3f3dc424a8e88a8d240dea3f402" member_type: VOTER last_known_addr { host: "127.6.250.4" port: 45937 } attrs { replace: true } } peers { permanent_uuid: "99d483d5fbe54223bba957baa9c6fb64" member_type: VOTER last_known_addr { host: "127.6.250.3" port: 46655 } attrs { promote: false } } }
I20260630 12:26:50.255892 10102 raft_consensus.cc:2955] T 89451199cc68439a84cc14849627a93b P 5ea7a35478dd4db987c45c2734461b0b [term 1 FOLLOWER]: Committing config change with OpId 1.4: config changed from index 3 to 4, VOTER b42eb88451564028a83080fc28019cb9 (127.6.250.2) evicted. New config: { opid_index: 4 OBSOLETE_local: false peers { permanent_uuid: "5ea7a35478dd4db987c45c2734461b0b" member_type: VOTER last_known_addr { host: "127.6.250.1" port: 34061 } } peers { permanent_uuid: "99d483d5fbe54223bba957baa9c6fb64" member_type: VOTER last_known_addr { host: "127.6.250.3" port: 46655 } } peers { permanent_uuid: "e76cf3f3dc424a8e88a8d240dea3f402" member_type: VOTER last_known_addr { host: "127.6.250.4" port: 45937 } attrs { promote: false } } }
I20260630 12:26:50.252449 10646 raft_consensus.cc:2955] T e3dd25a04cea4afd8a2f62f34c541bac P 5ea7a35478dd4db987c45c2734461b0b [term 1 LEADER]: Committing config change with OpId 1.3: config changed from index 2 to 3, b42eb88451564028a83080fc28019cb9 (127.6.250.2) changed from NON_VOTER to VOTER. New config: { opid_index: 3 OBSOLETE_local: false peers { permanent_uuid: "99d483d5fbe54223bba957baa9c6fb64" member_type: VOTER last_known_addr { host: "127.6.250.3" port: 46655 } } peers { permanent_uuid: "e76cf3f3dc424a8e88a8d240dea3f402" member_type: VOTER last_known_addr { host: "127.6.250.4" port: 45937 } attrs { replace: true } } peers { permanent_uuid: "5ea7a35478dd4db987c45c2734461b0b" member_type: VOTER last_known_addr { host: "127.6.250.1" port: 34061 } } peers { permanent_uuid: "b42eb88451564028a83080fc28019cb9" member_type: VOTER last_known_addr { host: "127.6.250.2" port: 45041 } attrs { promote: false } } }
I20260630 12:26:50.269008 10250 raft_consensus.cc:2955] T e3dd25a04cea4afd8a2f62f34c541bac P 99d483d5fbe54223bba957baa9c6fb64 [term 1 FOLLOWER]: Committing config change with OpId 1.3: config changed from index 2 to 3, b42eb88451564028a83080fc28019cb9 (127.6.250.2) changed from NON_VOTER to VOTER. New config: { opid_index: 3 OBSOLETE_local: false peers { permanent_uuid: "99d483d5fbe54223bba957baa9c6fb64" member_type: VOTER last_known_addr { host: "127.6.250.3" port: 46655 } } peers { permanent_uuid: "e76cf3f3dc424a8e88a8d240dea3f402" member_type: VOTER last_known_addr { host: "127.6.250.4" port: 45937 } attrs { replace: true } } peers { permanent_uuid: "5ea7a35478dd4db987c45c2734461b0b" member_type: VOTER last_known_addr { host: "127.6.250.1" port: 34061 } } peers { permanent_uuid: "b42eb88451564028a83080fc28019cb9" member_type: VOTER last_known_addr { host: "127.6.250.2" port: 45041 } attrs { promote: false } } }
I20260630 12:26:50.254451 10412 raft_consensus.cc:2955] T e3dd25a04cea4afd8a2f62f34c541bac P e76cf3f3dc424a8e88a8d240dea3f402 [term 1 FOLLOWER]: Committing config change with OpId 1.3: config changed from index 2 to 3, b42eb88451564028a83080fc28019cb9 (127.6.250.2) changed from NON_VOTER to VOTER. New config: { opid_index: 3 OBSOLETE_local: false peers { permanent_uuid: "99d483d5fbe54223bba957baa9c6fb64" member_type: VOTER last_known_addr { host: "127.6.250.3" port: 46655 } } peers { permanent_uuid: "e76cf3f3dc424a8e88a8d240dea3f402" member_type: VOTER last_known_addr { host: "127.6.250.4" port: 45937 } attrs { replace: true } } peers { permanent_uuid: "5ea7a35478dd4db987c45c2734461b0b" member_type: VOTER last_known_addr { host: "127.6.250.1" port: 34061 } } peers { permanent_uuid: "b42eb88451564028a83080fc28019cb9" member_type: VOTER last_known_addr { host: "127.6.250.2" port: 45041 } attrs { promote: false } } }
I20260630 12:26:50.277226 10413 raft_consensus.cc:2955] T 89451199cc68439a84cc14849627a93b P e76cf3f3dc424a8e88a8d240dea3f402 [term 1 FOLLOWER]: Committing config change with OpId 1.4: config changed from index 3 to 4, VOTER b42eb88451564028a83080fc28019cb9 (127.6.250.2) evicted. New config: { opid_index: 4 OBSOLETE_local: false peers { permanent_uuid: "5ea7a35478dd4db987c45c2734461b0b" member_type: VOTER last_known_addr { host: "127.6.250.1" port: 34061 } } peers { permanent_uuid: "99d483d5fbe54223bba957baa9c6fb64" member_type: VOTER last_known_addr { host: "127.6.250.3" port: 46655 } } peers { permanent_uuid: "e76cf3f3dc424a8e88a8d240dea3f402" member_type: VOTER last_known_addr { host: "127.6.250.4" port: 45937 } attrs { promote: false } } }
I20260630 12:26:50.290882 10102 consensus_queue.cc:237] T d1ec779123144906bb1066e80765d745 P 5ea7a35478dd4db987c45c2734461b0b [LEADER]: Queue going to LEADER mode. State: All replicated index: 0, Majority replicated index: 3, Committed index: 3, Last appended: 1.3, Last appended by leader: 0, Current term: 1, Majority size: 2, State: 0, Mode: LEADER, active raft config: opid_index: 4 OBSOLETE_local: false peers { permanent_uuid: "5ea7a35478dd4db987c45c2734461b0b" member_type: VOTER last_known_addr { host: "127.6.250.1" port: 34061 } } peers { permanent_uuid: "99d483d5fbe54223bba957baa9c6fb64" member_type: VOTER last_known_addr { host: "127.6.250.3" port: 46655 } } peers { permanent_uuid: "e76cf3f3dc424a8e88a8d240dea3f402" member_type: VOTER last_known_addr { host: "127.6.250.4" port: 45937 } attrs { promote: false } }
I20260630 12:26:50.292783 10104 consensus_queue.cc:237] T e1b68e73e98c47c7b70e44dcde8bc49b P 5ea7a35478dd4db987c45c2734461b0b [LEADER]: Queue going to LEADER mode. State: All replicated index: 0, Majority replicated index: 3, Committed index: 3, Last appended: 1.3, Last appended by leader: 0, Current term: 1, Majority size: 2, State: 0, Mode: LEADER, active raft config: opid_index: 4 OBSOLETE_local: false peers { permanent_uuid: "5ea7a35478dd4db987c45c2734461b0b" member_type: VOTER last_known_addr { host: "127.6.250.1" port: 34061 } } peers { permanent_uuid: "b42eb88451564028a83080fc28019cb9" member_type: VOTER last_known_addr { host: "127.6.250.2" port: 45041 } } peers { permanent_uuid: "99d483d5fbe54223bba957baa9c6fb64" member_type: VOTER last_known_addr { host: "127.6.250.3" port: 46655 } attrs { promote: false } }
I20260630 12:26:50.296118 10001 catalog_manager.cc:5697] T e3dd25a04cea4afd8a2f62f34c541bac P e76cf3f3dc424a8e88a8d240dea3f402 reported cstate change: config changed from index 2 to 3, b42eb88451564028a83080fc28019cb9 (127.6.250.2) changed from NON_VOTER to VOTER. New cstate: current_term: 1 leader_uuid: "5ea7a35478dd4db987c45c2734461b0b" committed_config { opid_index: 3 OBSOLETE_local: false peers { permanent_uuid: "99d483d5fbe54223bba957baa9c6fb64" member_type: VOTER last_known_addr { host: "127.6.250.3" port: 46655 } } peers { permanent_uuid: "e76cf3f3dc424a8e88a8d240dea3f402" member_type: VOTER last_known_addr { host: "127.6.250.4" port: 45937 } attrs { replace: true } } peers { permanent_uuid: "5ea7a35478dd4db987c45c2734461b0b" member_type: VOTER last_known_addr { host: "127.6.250.1" port: 34061 } } peers { permanent_uuid: "b42eb88451564028a83080fc28019cb9" member_type: VOTER last_known_addr { host: "127.6.250.2" port: 45041 } attrs { promote: false } } }
I20260630 12:26:50.295960 10176 raft_consensus.cc:2955] T e3dd25a04cea4afd8a2f62f34c541bac P b42eb88451564028a83080fc28019cb9 [term 1 FOLLOWER]: Committing config change with OpId 1.3: config changed from index 2 to 3, b42eb88451564028a83080fc28019cb9 (127.6.250.2) changed from NON_VOTER to VOTER. New config: { opid_index: 3 OBSOLETE_local: false peers { permanent_uuid: "99d483d5fbe54223bba957baa9c6fb64" member_type: VOTER last_known_addr { host: "127.6.250.3" port: 46655 } } peers { permanent_uuid: "e76cf3f3dc424a8e88a8d240dea3f402" member_type: VOTER last_known_addr { host: "127.6.250.4" port: 45937 } attrs { replace: true } } peers { permanent_uuid: "5ea7a35478dd4db987c45c2734461b0b" member_type: VOTER last_known_addr { host: "127.6.250.1" port: 34061 } } peers { permanent_uuid: "b42eb88451564028a83080fc28019cb9" member_type: VOTER last_known_addr { host: "127.6.250.2" port: 45041 } attrs { promote: false } } }
I20260630 12:26:50.299603 10412 raft_consensus.cc:1275] T d1ec779123144906bb1066e80765d745 P e76cf3f3dc424a8e88a8d240dea3f402 [term 1 FOLLOWER]: Refusing update from remote peer 5ea7a35478dd4db987c45c2734461b0b: Log matching property violated. Preceding OpId in replica: term: 1 index: 3. Preceding OpId from leader: term: 1 index: 4. (index mismatch)
I20260630 12:26:50.300987 10628 consensus_queue.cc:1048] T d1ec779123144906bb1066e80765d745 P 5ea7a35478dd4db987c45c2734461b0b [LEADER]: Connected to new peer: Peer: permanent_uuid: "e76cf3f3dc424a8e88a8d240dea3f402" member_type: VOTER last_known_addr { host: "127.6.250.4" port: 45937 } attrs { promote: false }, Status: LMP_MISMATCH, Last received: 0.0, Next index: 4, Last known committed idx: 3, Time since last communication: 0.000s
I20260630 12:26:50.302986  9987 catalog_manager.cc:5210] ChangeConfig:REMOVE_PEER RPC for tablet 89451199cc68439a84cc14849627a93b with cas_config_opid_index 3: ChangeConfig:REMOVE_PEER succeeded (attempt 1)
I20260630 12:26:50.306981 10251 raft_consensus.cc:1275] T d1ec779123144906bb1066e80765d745 P 99d483d5fbe54223bba957baa9c6fb64 [term 1 FOLLOWER]: Refusing update from remote peer 5ea7a35478dd4db987c45c2734461b0b: Log matching property violated. Preceding OpId in replica: term: 1 index: 3. Preceding OpId from leader: term: 1 index: 4. (index mismatch)
I20260630 12:26:50.308800 10646 consensus_queue.cc:1048] T d1ec779123144906bb1066e80765d745 P 5ea7a35478dd4db987c45c2734461b0b [LEADER]: Connected to new peer: Peer: permanent_uuid: "99d483d5fbe54223bba957baa9c6fb64" member_type: VOTER last_known_addr { host: "127.6.250.3" port: 46655 }, Status: LMP_MISMATCH, Last received: 0.0, Next index: 4, Last known committed idx: 3, Time since last communication: 0.000s
I20260630 12:26:50.314268  9998 catalog_manager.cc:5697] T 89451199cc68439a84cc14849627a93b P 5ea7a35478dd4db987c45c2734461b0b reported cstate change: config changed from index 3 to 4, VOTER b42eb88451564028a83080fc28019cb9 (127.6.250.2) evicted. New cstate: current_term: 1 leader_uuid: "99d483d5fbe54223bba957baa9c6fb64" committed_config { opid_index: 4 OBSOLETE_local: false peers { permanent_uuid: "5ea7a35478dd4db987c45c2734461b0b" member_type: VOTER last_known_addr { host: "127.6.250.1" port: 34061 } } peers { permanent_uuid: "99d483d5fbe54223bba957baa9c6fb64" member_type: VOTER last_known_addr { host: "127.6.250.3" port: 46655 } } peers { permanent_uuid: "e76cf3f3dc424a8e88a8d240dea3f402" member_type: VOTER last_known_addr { host: "127.6.250.4" port: 45937 } attrs { promote: false } } }
I20260630 12:26:50.319238 10614 raft_consensus.cc:2955] T d1ec779123144906bb1066e80765d745 P 5ea7a35478dd4db987c45c2734461b0b [term 1 LEADER]: Committing config change with OpId 1.4: config changed from index 3 to 4, VOTER b42eb88451564028a83080fc28019cb9 (127.6.250.2) evicted. New config: { opid_index: 4 OBSOLETE_local: false peers { permanent_uuid: "5ea7a35478dd4db987c45c2734461b0b" member_type: VOTER last_known_addr { host: "127.6.250.1" port: 34061 } } peers { permanent_uuid: "99d483d5fbe54223bba957baa9c6fb64" member_type: VOTER last_known_addr { host: "127.6.250.3" port: 46655 } } peers { permanent_uuid: "e76cf3f3dc424a8e88a8d240dea3f402" member_type: VOTER last_known_addr { host: "127.6.250.4" port: 45937 } attrs { promote: false } } }
I20260630 12:26:50.329210 10177 raft_consensus.cc:1275] T e1b68e73e98c47c7b70e44dcde8bc49b P b42eb88451564028a83080fc28019cb9 [term 1 FOLLOWER]: Refusing update from remote peer 5ea7a35478dd4db987c45c2734461b0b: Log matching property violated. Preceding OpId in replica: term: 1 index: 3. Preceding OpId from leader: term: 1 index: 4. (index mismatch)
I20260630 12:26:50.331810 10641 consensus_queue.cc:1048] T e1b68e73e98c47c7b70e44dcde8bc49b P 5ea7a35478dd4db987c45c2734461b0b [LEADER]: Connected to new peer: Peer: permanent_uuid: "b42eb88451564028a83080fc28019cb9" member_type: VOTER last_known_addr { host: "127.6.250.2" port: 45041 }, Status: LMP_MISMATCH, Last received: 0.0, Next index: 4, Last known committed idx: 3, Time since last communication: 0.001s
I20260630 12:26:50.334831 10165 tablet_service.cc:1558] Processing DeleteTablet for tablet 89451199cc68439a84cc14849627a93b with delete_type TABLET_DATA_TOMBSTONED (TS b42eb88451564028a83080fc28019cb9 not found in new config with opid_index 4) from {username='slave'} at 127.0.0.1:41366
I20260630 12:26:50.339974 10251 raft_consensus.cc:1275] T e1b68e73e98c47c7b70e44dcde8bc49b P 99d483d5fbe54223bba957baa9c6fb64 [term 1 FOLLOWER]: Refusing update from remote peer 5ea7a35478dd4db987c45c2734461b0b: Log matching property violated. Preceding OpId in replica: term: 1 index: 3. Preceding OpId from leader: term: 1 index: 4. (index mismatch)
I20260630 12:26:50.340006 10411 raft_consensus.cc:2955] T d1ec779123144906bb1066e80765d745 P e76cf3f3dc424a8e88a8d240dea3f402 [term 1 FOLLOWER]: Committing config change with OpId 1.4: config changed from index 3 to 4, VOTER b42eb88451564028a83080fc28019cb9 (127.6.250.2) evicted. New config: { opid_index: 4 OBSOLETE_local: false peers { permanent_uuid: "5ea7a35478dd4db987c45c2734461b0b" member_type: VOTER last_known_addr { host: "127.6.250.1" port: 34061 } } peers { permanent_uuid: "99d483d5fbe54223bba957baa9c6fb64" member_type: VOTER last_known_addr { host: "127.6.250.3" port: 46655 } } peers { permanent_uuid: "e76cf3f3dc424a8e88a8d240dea3f402" member_type: VOTER last_known_addr { host: "127.6.250.4" port: 45937 } attrs { promote: false } } }
I20260630 12:26:50.351850 10628 raft_consensus.cc:2955] T e1b68e73e98c47c7b70e44dcde8bc49b P 5ea7a35478dd4db987c45c2734461b0b [term 1 LEADER]: Committing config change with OpId 1.4: config changed from index 3 to 4, VOTER e76cf3f3dc424a8e88a8d240dea3f402 (127.6.250.4) evicted. New config: { opid_index: 4 OBSOLETE_local: false peers { permanent_uuid: "5ea7a35478dd4db987c45c2734461b0b" member_type: VOTER last_known_addr { host: "127.6.250.1" port: 34061 } } peers { permanent_uuid: "b42eb88451564028a83080fc28019cb9" member_type: VOTER last_known_addr { host: "127.6.250.2" port: 45041 } } peers { permanent_uuid: "99d483d5fbe54223bba957baa9c6fb64" member_type: VOTER last_known_addr { host: "127.6.250.3" port: 46655 } attrs { promote: false } } }
I20260630 12:26:50.356318 10251 raft_consensus.cc:2955] T d1ec779123144906bb1066e80765d745 P 99d483d5fbe54223bba957baa9c6fb64 [term 1 FOLLOWER]: Committing config change with OpId 1.4: config changed from index 3 to 4, VOTER b42eb88451564028a83080fc28019cb9 (127.6.250.2) evicted. New config: { opid_index: 4 OBSOLETE_local: false peers { permanent_uuid: "5ea7a35478dd4db987c45c2734461b0b" member_type: VOTER last_known_addr { host: "127.6.250.1" port: 34061 } } peers { permanent_uuid: "99d483d5fbe54223bba957baa9c6fb64" member_type: VOTER last_known_addr { host: "127.6.250.3" port: 46655 } } peers { permanent_uuid: "e76cf3f3dc424a8e88a8d240dea3f402" member_type: VOTER last_known_addr { host: "127.6.250.4" port: 45937 } attrs { promote: false } } }
I20260630 12:26:50.358404 10177 raft_consensus.cc:2955] T e1b68e73e98c47c7b70e44dcde8bc49b P b42eb88451564028a83080fc28019cb9 [term 1 FOLLOWER]: Committing config change with OpId 1.4: config changed from index 3 to 4, VOTER e76cf3f3dc424a8e88a8d240dea3f402 (127.6.250.4) evicted. New config: { opid_index: 4 OBSOLETE_local: false peers { permanent_uuid: "5ea7a35478dd4db987c45c2734461b0b" member_type: VOTER last_known_addr { host: "127.6.250.1" port: 34061 } } peers { permanent_uuid: "b42eb88451564028a83080fc28019cb9" member_type: VOTER last_known_addr { host: "127.6.250.2" port: 45041 } } peers { permanent_uuid: "99d483d5fbe54223bba957baa9c6fb64" member_type: VOTER last_known_addr { host: "127.6.250.3" port: 46655 } attrs { promote: false } } }
I20260630 12:26:50.360410 10641 consensus_queue.cc:1048] T e1b68e73e98c47c7b70e44dcde8bc49b P 5ea7a35478dd4db987c45c2734461b0b [LEADER]: Connected to new peer: Peer: permanent_uuid: "99d483d5fbe54223bba957baa9c6fb64" member_type: VOTER last_known_addr { host: "127.6.250.3" port: 46655 } attrs { promote: false }, Status: LMP_MISMATCH, Last received: 0.0, Next index: 4, Last known committed idx: 3, Time since last communication: 0.000s
I20260630 12:26:50.369091 10253 raft_consensus.cc:2955] T e1b68e73e98c47c7b70e44dcde8bc49b P 99d483d5fbe54223bba957baa9c6fb64 [term 1 FOLLOWER]: Committing config change with OpId 1.4: config changed from index 3 to 4, VOTER e76cf3f3dc424a8e88a8d240dea3f402 (127.6.250.4) evicted. New config: { opid_index: 4 OBSOLETE_local: false peers { permanent_uuid: "5ea7a35478dd4db987c45c2734461b0b" member_type: VOTER last_known_addr { host: "127.6.250.1" port: 34061 } } peers { permanent_uuid: "b42eb88451564028a83080fc28019cb9" member_type: VOTER last_known_addr { host: "127.6.250.2" port: 45041 } } peers { permanent_uuid: "99d483d5fbe54223bba957baa9c6fb64" member_type: VOTER last_known_addr { host: "127.6.250.3" port: 46655 } attrs { promote: false } } }
I20260630 12:26:50.377096  9986 catalog_manager.cc:5210] ChangeConfig:REMOVE_PEER RPC for tablet d1ec779123144906bb1066e80765d745 with cas_config_opid_index 3: ChangeConfig:REMOVE_PEER succeeded (attempt 1)
I20260630 12:26:50.381954  9998 catalog_manager.cc:5697] T d1ec779123144906bb1066e80765d745 P 5ea7a35478dd4db987c45c2734461b0b reported cstate change: config changed from index 3 to 4, VOTER b42eb88451564028a83080fc28019cb9 (127.6.250.2) evicted. New cstate: current_term: 1 leader_uuid: "5ea7a35478dd4db987c45c2734461b0b" committed_config { opid_index: 4 OBSOLETE_local: false peers { permanent_uuid: "5ea7a35478dd4db987c45c2734461b0b" member_type: VOTER last_known_addr { host: "127.6.250.1" port: 34061 } health_report { overall_health: HEALTHY } } peers { permanent_uuid: "99d483d5fbe54223bba957baa9c6fb64" member_type: VOTER last_known_addr { host: "127.6.250.3" port: 46655 } health_report { overall_health: HEALTHY } } peers { permanent_uuid: "e76cf3f3dc424a8e88a8d240dea3f402" member_type: VOTER last_known_addr { host: "127.6.250.4" port: 45937 } attrs { promote: false } health_report { overall_health: HEALTHY } } }
I20260630 12:26:50.385529 10667 tablet_replica.cc:333] T 89451199cc68439a84cc14849627a93b P b42eb88451564028a83080fc28019cb9: stopping tablet replica
I20260630 12:26:50.390321 10667 raft_consensus.cc:2243] T 89451199cc68439a84cc14849627a93b P b42eb88451564028a83080fc28019cb9 [term 1 FOLLOWER]: Raft consensus shutting down.
I20260630 12:26:50.391192 10667 raft_consensus.cc:2272] T 89451199cc68439a84cc14849627a93b P b42eb88451564028a83080fc28019cb9 [term 1 FOLLOWER]: Raft consensus is shut down!
I20260630 12:26:50.400161 10667 ts_tablet_manager.cc:1916] T 89451199cc68439a84cc14849627a93b P b42eb88451564028a83080fc28019cb9: Deleting tablet data with delete state TABLET_DATA_TOMBSTONED
I20260630 12:26:50.402832  9986 catalog_manager.cc:5210] ChangeConfig:REMOVE_PEER RPC for tablet e1b68e73e98c47c7b70e44dcde8bc49b with cas_config_opid_index 3: ChangeConfig:REMOVE_PEER succeeded (attempt 1)
I20260630 12:26:50.409857 10165 tablet_service.cc:1558] Processing DeleteTablet for tablet d1ec779123144906bb1066e80765d745 with delete_type TABLET_DATA_TOMBSTONED (TS b42eb88451564028a83080fc28019cb9 not found in new config with opid_index 4) from {username='slave'} at 127.0.0.1:41366
I20260630 12:26:50.411461 10104 consensus_queue.cc:237] T e3dd25a04cea4afd8a2f62f34c541bac P 5ea7a35478dd4db987c45c2734461b0b [LEADER]: Queue going to LEADER mode. State: All replicated index: 0, Majority replicated index: 3, Committed index: 3, Last appended: 1.3, Last appended by leader: 0, Current term: 1, Majority size: 2, State: 0, Mode: LEADER, active raft config: opid_index: 4 OBSOLETE_local: false peers { permanent_uuid: "99d483d5fbe54223bba957baa9c6fb64" member_type: VOTER last_known_addr { host: "127.6.250.3" port: 46655 } } peers { permanent_uuid: "5ea7a35478dd4db987c45c2734461b0b" member_type: VOTER last_known_addr { host: "127.6.250.1" port: 34061 } } peers { permanent_uuid: "b42eb88451564028a83080fc28019cb9" member_type: VOTER last_known_addr { host: "127.6.250.2" port: 45041 } attrs { promote: false } }
I20260630 12:26:50.418951 10002 catalog_manager.cc:5697] T e1b68e73e98c47c7b70e44dcde8bc49b P b42eb88451564028a83080fc28019cb9 reported cstate change: config changed from index 3 to 4, VOTER e76cf3f3dc424a8e88a8d240dea3f402 (127.6.250.4) evicted. New cstate: current_term: 1 leader_uuid: "5ea7a35478dd4db987c45c2734461b0b" committed_config { opid_index: 4 OBSOLETE_local: false peers { permanent_uuid: "5ea7a35478dd4db987c45c2734461b0b" member_type: VOTER last_known_addr { host: "127.6.250.1" port: 34061 } } peers { permanent_uuid: "b42eb88451564028a83080fc28019cb9" member_type: VOTER last_known_addr { host: "127.6.250.2" port: 45041 } } peers { permanent_uuid: "99d483d5fbe54223bba957baa9c6fb64" member_type: VOTER last_known_addr { host: "127.6.250.3" port: 46655 } attrs { promote: false } } }
I20260630 12:26:50.420271 10667 ts_tablet_manager.cc:1929] T 89451199cc68439a84cc14849627a93b P b42eb88451564028a83080fc28019cb9: tablet deleted with delete type TABLET_DATA_TOMBSTONED: last-logged OpId 1.3
I20260630 12:26:50.420447 10251 raft_consensus.cc:1275] T e3dd25a04cea4afd8a2f62f34c541bac P 99d483d5fbe54223bba957baa9c6fb64 [term 1 FOLLOWER]: Refusing update from remote peer 5ea7a35478dd4db987c45c2734461b0b: Log matching property violated. Preceding OpId in replica: term: 1 index: 3. Preceding OpId from leader: term: 1 index: 4. (index mismatch)
I20260630 12:26:50.420691 10177 raft_consensus.cc:1275] T e3dd25a04cea4afd8a2f62f34c541bac P b42eb88451564028a83080fc28019cb9 [term 1 FOLLOWER]: Refusing update from remote peer 5ea7a35478dd4db987c45c2734461b0b: Log matching property violated. Preceding OpId in replica: term: 1 index: 3. Preceding OpId from leader: term: 1 index: 4. (index mismatch)
I20260630 12:26:50.420779 10667 log.cc:1199] T 89451199cc68439a84cc14849627a93b P b42eb88451564028a83080fc28019cb9: Deleting WAL directory at /tmp/dist-test-task0o6jOU/test-tmp/auto_rebalancer-test.0.AutoRebalancerTest.RangeAwareRebalancesNewRangeReplicas.1782822321721422-7144-0/minicluster-data/ts-1-root/wals/89451199cc68439a84cc14849627a93b
I20260630 12:26:50.421895 10646 consensus_queue.cc:1048] T e3dd25a04cea4afd8a2f62f34c541bac P 5ea7a35478dd4db987c45c2734461b0b [LEADER]: Connected to new peer: Peer: permanent_uuid: "99d483d5fbe54223bba957baa9c6fb64" member_type: VOTER last_known_addr { host: "127.6.250.3" port: 46655 }, Status: LMP_MISMATCH, Last received: 0.0, Next index: 4, Last known committed idx: 3, Time since last communication: 0.000s
I20260630 12:26:50.423065  9986 catalog_manager.cc:5028] TS b42eb88451564028a83080fc28019cb9 (127.6.250.2:45041): tablet 89451199cc68439a84cc14849627a93b (table range_aware_rebalance_new_range [id=01d3a7fea3554dadba986821d489e5b9]) successfully deleted
I20260630 12:26:50.422950 10641 consensus_queue.cc:1048] T e3dd25a04cea4afd8a2f62f34c541bac P 5ea7a35478dd4db987c45c2734461b0b [LEADER]: Connected to new peer: Peer: permanent_uuid: "b42eb88451564028a83080fc28019cb9" member_type: VOTER last_known_addr { host: "127.6.250.2" port: 45041 } attrs { promote: false }, Status: LMP_MISMATCH, Last received: 0.0, Next index: 4, Last known committed idx: 3, Time since last communication: 0.000s
I20260630 12:26:50.423085 10667 tablet_replica.cc:333] T d1ec779123144906bb1066e80765d745 P b42eb88451564028a83080fc28019cb9: stopping tablet replica
I20260630 12:26:50.425287 10667 raft_consensus.cc:2243] T d1ec779123144906bb1066e80765d745 P b42eb88451564028a83080fc28019cb9 [term 1 FOLLOWER]: Raft consensus shutting down.
I20260630 12:26:50.426008 10667 raft_consensus.cc:2272] T d1ec779123144906bb1066e80765d745 P b42eb88451564028a83080fc28019cb9 [term 1 FOLLOWER]: Raft consensus is shut down!
I20260630 12:26:50.429454 10667 ts_tablet_manager.cc:1916] T d1ec779123144906bb1066e80765d745 P b42eb88451564028a83080fc28019cb9: Deleting tablet data with delete state TABLET_DATA_TOMBSTONED
I20260630 12:26:50.431285 10401 tablet_service.cc:1558] Processing DeleteTablet for tablet e1b68e73e98c47c7b70e44dcde8bc49b with delete_type TABLET_DATA_TOMBSTONED (TS e76cf3f3dc424a8e88a8d240dea3f402 not found in new config with opid_index 4) from {username='slave'} at 127.0.0.1:56152
I20260630 12:26:50.430934 10646 raft_consensus.cc:2955] T e3dd25a04cea4afd8a2f62f34c541bac P 5ea7a35478dd4db987c45c2734461b0b [term 1 LEADER]: Committing config change with OpId 1.4: config changed from index 3 to 4, VOTER e76cf3f3dc424a8e88a8d240dea3f402 (127.6.250.4) evicted. New config: { opid_index: 4 OBSOLETE_local: false peers { permanent_uuid: "99d483d5fbe54223bba957baa9c6fb64" member_type: VOTER last_known_addr { host: "127.6.250.3" port: 46655 } } peers { permanent_uuid: "5ea7a35478dd4db987c45c2734461b0b" member_type: VOTER last_known_addr { host: "127.6.250.1" port: 34061 } } peers { permanent_uuid: "b42eb88451564028a83080fc28019cb9" member_type: VOTER last_known_addr { host: "127.6.250.2" port: 45041 } attrs { promote: false } } }
I20260630 12:26:50.435724 10251 raft_consensus.cc:2955] T e3dd25a04cea4afd8a2f62f34c541bac P 99d483d5fbe54223bba957baa9c6fb64 [term 1 FOLLOWER]: Committing config change with OpId 1.4: config changed from index 3 to 4, VOTER e76cf3f3dc424a8e88a8d240dea3f402 (127.6.250.4) evicted. New config: { opid_index: 4 OBSOLETE_local: false peers { permanent_uuid: "99d483d5fbe54223bba957baa9c6fb64" member_type: VOTER last_known_addr { host: "127.6.250.3" port: 46655 } } peers { permanent_uuid: "5ea7a35478dd4db987c45c2734461b0b" member_type: VOTER last_known_addr { host: "127.6.250.1" port: 34061 } } peers { permanent_uuid: "b42eb88451564028a83080fc28019cb9" member_type: VOTER last_known_addr { host: "127.6.250.2" port: 45041 } attrs { promote: false } } }
I20260630 12:26:50.436585 10176 raft_consensus.cc:2955] T e3dd25a04cea4afd8a2f62f34c541bac P b42eb88451564028a83080fc28019cb9 [term 1 FOLLOWER]: Committing config change with OpId 1.4: config changed from index 3 to 4, VOTER e76cf3f3dc424a8e88a8d240dea3f402 (127.6.250.4) evicted. New config: { opid_index: 4 OBSOLETE_local: false peers { permanent_uuid: "99d483d5fbe54223bba957baa9c6fb64" member_type: VOTER last_known_addr { host: "127.6.250.3" port: 46655 } } peers { permanent_uuid: "5ea7a35478dd4db987c45c2734461b0b" member_type: VOTER last_known_addr { host: "127.6.250.1" port: 34061 } } peers { permanent_uuid: "b42eb88451564028a83080fc28019cb9" member_type: VOTER last_known_addr { host: "127.6.250.2" port: 45041 } attrs { promote: false } } }
I20260630 12:26:50.446007 10667 ts_tablet_manager.cc:1929] T d1ec779123144906bb1066e80765d745 P b42eb88451564028a83080fc28019cb9: tablet deleted with delete type TABLET_DATA_TOMBSTONED: last-logged OpId 1.3
I20260630 12:26:50.446856 10667 log.cc:1199] T d1ec779123144906bb1066e80765d745 P b42eb88451564028a83080fc28019cb9: Deleting WAL directory at /tmp/dist-test-task0o6jOU/test-tmp/auto_rebalancer-test.0.AutoRebalancerTest.RangeAwareRebalancesNewRangeReplicas.1782822321721422-7144-0/minicluster-data/ts-1-root/wals/d1ec779123144906bb1066e80765d745
I20260630 12:26:50.450788  9986 catalog_manager.cc:5028] TS b42eb88451564028a83080fc28019cb9 (127.6.250.2:45041): tablet d1ec779123144906bb1066e80765d745 (table range_aware_rebalance_new_range [id=01d3a7fea3554dadba986821d489e5b9]) successfully deleted
I20260630 12:26:50.455492  9986 catalog_manager.cc:5210] ChangeConfig:REMOVE_PEER RPC for tablet e3dd25a04cea4afd8a2f62f34c541bac with cas_config_opid_index 3: ChangeConfig:REMOVE_PEER succeeded (attempt 1)
I20260630 12:26:50.455292 10000 catalog_manager.cc:5697] T e3dd25a04cea4afd8a2f62f34c541bac P 99d483d5fbe54223bba957baa9c6fb64 reported cstate change: config changed from index 3 to 4, VOTER e76cf3f3dc424a8e88a8d240dea3f402 (127.6.250.4) evicted. New cstate: current_term: 1 leader_uuid: "5ea7a35478dd4db987c45c2734461b0b" committed_config { opid_index: 4 OBSOLETE_local: false peers { permanent_uuid: "99d483d5fbe54223bba957baa9c6fb64" member_type: VOTER last_known_addr { host: "127.6.250.3" port: 46655 } } peers { permanent_uuid: "5ea7a35478dd4db987c45c2734461b0b" member_type: VOTER last_known_addr { host: "127.6.250.1" port: 34061 } } peers { permanent_uuid: "b42eb88451564028a83080fc28019cb9" member_type: VOTER last_known_addr { host: "127.6.250.2" port: 45041 } attrs { promote: false } } }
I20260630 12:26:50.458287 10668 tablet_replica.cc:333] T e1b68e73e98c47c7b70e44dcde8bc49b P e76cf3f3dc424a8e88a8d240dea3f402: stopping tablet replica
I20260630 12:26:50.459656 10668 raft_consensus.cc:2243] T e1b68e73e98c47c7b70e44dcde8bc49b P e76cf3f3dc424a8e88a8d240dea3f402 [term 1 FOLLOWER]: Raft consensus shutting down.
I20260630 12:26:50.460580 10668 raft_consensus.cc:2272] T e1b68e73e98c47c7b70e44dcde8bc49b P e76cf3f3dc424a8e88a8d240dea3f402 [term 1 FOLLOWER]: Raft consensus is shut down!
I20260630 12:26:50.464207 10668 ts_tablet_manager.cc:1916] T e1b68e73e98c47c7b70e44dcde8bc49b P e76cf3f3dc424a8e88a8d240dea3f402: Deleting tablet data with delete state TABLET_DATA_TOMBSTONED
I20260630 12:26:50.468127 10401 tablet_service.cc:1558] Processing DeleteTablet for tablet e3dd25a04cea4afd8a2f62f34c541bac with delete_type TABLET_DATA_TOMBSTONED (TS e76cf3f3dc424a8e88a8d240dea3f402 not found in new config with opid_index 4) from {username='slave'} at 127.0.0.1:56152
I20260630 12:26:50.475816 10668 ts_tablet_manager.cc:1929] T e1b68e73e98c47c7b70e44dcde8bc49b P e76cf3f3dc424a8e88a8d240dea3f402: tablet deleted with delete type TABLET_DATA_TOMBSTONED: last-logged OpId 1.3
I20260630 12:26:50.476186 10668 log.cc:1199] T e1b68e73e98c47c7b70e44dcde8bc49b P e76cf3f3dc424a8e88a8d240dea3f402: Deleting WAL directory at /tmp/dist-test-task0o6jOU/test-tmp/auto_rebalancer-test.0.AutoRebalancerTest.RangeAwareRebalancesNewRangeReplicas.1782822321721422-7144-0/minicluster-data/ts-3-root/wals/e1b68e73e98c47c7b70e44dcde8bc49b
I20260630 12:26:50.477524 10668 tablet_replica.cc:333] T e3dd25a04cea4afd8a2f62f34c541bac P e76cf3f3dc424a8e88a8d240dea3f402: stopping tablet replica
I20260630 12:26:50.477447  9987 catalog_manager.cc:5028] TS e76cf3f3dc424a8e88a8d240dea3f402 (127.6.250.4:45937): tablet e1b68e73e98c47c7b70e44dcde8bc49b (table range_aware_rebalance_new_range [id=01d3a7fea3554dadba986821d489e5b9]) successfully deleted
I20260630 12:26:50.478317 10668 raft_consensus.cc:2243] T e3dd25a04cea4afd8a2f62f34c541bac P e76cf3f3dc424a8e88a8d240dea3f402 [term 1 FOLLOWER]: Raft consensus shutting down.
I20260630 12:26:50.478873 10668 raft_consensus.cc:2272] T e3dd25a04cea4afd8a2f62f34c541bac P e76cf3f3dc424a8e88a8d240dea3f402 [term 1 FOLLOWER]: Raft consensus is shut down!
I20260630 12:26:50.481192 10668 ts_tablet_manager.cc:1916] T e3dd25a04cea4afd8a2f62f34c541bac P e76cf3f3dc424a8e88a8d240dea3f402: Deleting tablet data with delete state TABLET_DATA_TOMBSTONED
I20260630 12:26:50.492095 10668 ts_tablet_manager.cc:1929] T e3dd25a04cea4afd8a2f62f34c541bac P e76cf3f3dc424a8e88a8d240dea3f402: tablet deleted with delete type TABLET_DATA_TOMBSTONED: last-logged OpId 1.3
I20260630 12:26:50.492411 10668 log.cc:1199] T e3dd25a04cea4afd8a2f62f34c541bac P e76cf3f3dc424a8e88a8d240dea3f402: Deleting WAL directory at /tmp/dist-test-task0o6jOU/test-tmp/auto_rebalancer-test.0.AutoRebalancerTest.RangeAwareRebalancesNewRangeReplicas.1782822321721422-7144-0/minicluster-data/ts-3-root/wals/e3dd25a04cea4afd8a2f62f34c541bac
I20260630 12:26:50.493600  9987 catalog_manager.cc:5028] TS e76cf3f3dc424a8e88a8d240dea3f402 (127.6.250.4:45937): tablet e3dd25a04cea4afd8a2f62f34c541bac (table range_aware_rebalance_new_range [id=01d3a7fea3554dadba986821d489e5b9]) successfully deleted
I20260630 12:26:51.388514 10055 auto_leader_rebalancer.cc:141] leader rebalance for table range_aware_rebalance_new_range
I20260630 12:26:51.402941 10104 tablet_service.cc:2072] Received LeaderStepDown RPC: tablet_id: "d1ec779123144906bb1066e80765d745"
dest_uuid: "5ea7a35478dd4db987c45c2734461b0b"
mode: GRACEFUL
new_leader_uuid: "e76cf3f3dc424a8e88a8d240dea3f402"
 from {username='slave'} at 127.0.0.1:60010
