I20260630 12:12:24.422233  3709 raft_consensus.cc:2955] T ba34be2bb81345aa80fd65f0032fbd8d P 57f0381b990e4fe4b2f736795e52cc00 [term 1 FOLLOWER]: Committing config change with OpId 1.4: config changed from index 3 to 4, VOTER b13b447401c84bfca670d45eb5482aa0 (127.0.107.193) evicted. New config: { opid_index: 4 OBSOLETE_local: false peers { permanent_uuid: "3528a5bfe53d429da6e50d404fc519a5" member_type: VOTER last_known_addr { host: "127.0.107.194" port: 38547 } } peers { permanent_uuid: "920337505c8d46e3b7d02534beba7a52" member_type: VOTER last_known_addr { host: "127.0.107.195" port: 42535 } } peers { permanent_uuid: "57f0381b990e4fe4b2f736795e52cc00" member_type: VOTER last_known_addr { host: "127.0.107.196" port: 44047 } attrs { promote: false } } }
I20260630 12:12:24.446352  3308 catalog_manager.cc:5697] T ba34be2bb81345aa80fd65f0032fbd8d P 57f0381b990e4fe4b2f736795e52cc00 reported cstate change: config changed from index 3 to 4, VOTER b13b447401c84bfca670d45eb5482aa0 (127.0.107.193) evicted. New cstate: current_term: 1 leader_uuid: "3528a5bfe53d429da6e50d404fc519a5" committed_config { opid_index: 4 OBSOLETE_local: false peers { permanent_uuid: "3528a5bfe53d429da6e50d404fc519a5" member_type: VOTER last_known_addr { host: "127.0.107.194" port: 38547 } } peers { permanent_uuid: "920337505c8d46e3b7d02534beba7a52" member_type: VOTER last_known_addr { host: "127.0.107.195" port: 42535 } } peers { permanent_uuid: "57f0381b990e4fe4b2f736795e52cc00" member_type: VOTER last_known_addr { host: "127.0.107.196" port: 44047 } attrs { promote: false } } }
I20260630 12:12:24.450819  3830 raft_consensus.cc:1064] T 7885a16c556a46419e5e6335897edd4e P 920337505c8d46e3b7d02534beba7a52: attempting to promote NON_VOTER 57f0381b990e4fe4b2f736795e52cc00 to VOTER
I20260630 12:12:24.453231  3830 consensus_queue.cc:237] T 7885a16c556a46419e5e6335897edd4e P 920337505c8d46e3b7d02534beba7a52 [LEADER]: Queue going to LEADER mode. State: All replicated index: 0, Majority replicated index: 2, Committed index: 2, Last appended: 1.2, Last appended by leader: 0, Current term: 1, Majority size: 3, State: 0, Mode: LEADER, active raft config: opid_index: 3 OBSOLETE_local: false peers { permanent_uuid: "b13b447401c84bfca670d45eb5482aa0" member_type: VOTER last_known_addr { host: "127.0.107.193" port: 39759 } } peers { permanent_uuid: "3528a5bfe53d429da6e50d404fc519a5" member_type: VOTER last_known_addr { host: "127.0.107.194" port: 38547 } attrs { replace: true } } peers { permanent_uuid: "920337505c8d46e3b7d02534beba7a52" member_type: VOTER last_known_addr { host: "127.0.107.195" port: 42535 } } peers { permanent_uuid: "57f0381b990e4fe4b2f736795e52cc00" member_type: VOTER last_known_addr { host: "127.0.107.196" port: 44047 } attrs { promote: false } }
I20260630 12:12:24.465651  3749 raft_consensus.cc:2955] T 60f5f49d1a8d42d0879940a6592f84dc P 920337505c8d46e3b7d02534beba7a52 [term 1 LEADER]: Committing config change with OpId 1.3: config changed from index 2 to 3, 57f0381b990e4fe4b2f736795e52cc00 (127.0.107.196) changed from NON_VOTER to VOTER. New config: { opid_index: 3 OBSOLETE_local: false peers { permanent_uuid: "3528a5bfe53d429da6e50d404fc519a5" member_type: VOTER last_known_addr { host: "127.0.107.194" port: 38547 } } peers { permanent_uuid: "b13b447401c84bfca670d45eb5482aa0" member_type: VOTER last_known_addr { host: "127.0.107.193" port: 39759 } attrs { replace: true } } peers { permanent_uuid: "920337505c8d46e3b7d02534beba7a52" member_type: VOTER last_known_addr { host: "127.0.107.195" port: 42535 } } peers { permanent_uuid: "57f0381b990e4fe4b2f736795e52cc00" member_type: VOTER last_known_addr { host: "127.0.107.196" port: 44047 } attrs { promote: false } } }
I20260630 12:12:24.486806  3395 tablet_service.cc:1558] Processing DeleteTablet for tablet ba34be2bb81345aa80fd65f0032fbd8d with delete_type TABLET_DATA_TOMBSTONED (TS b13b447401c84bfca670d45eb5482aa0 not found in new config with opid_index 4) from {username='slave'} at 127.0.0.1:59730
I20260630 12:12:24.482761  3482 raft_consensus.cc:2955] T 60f5f49d1a8d42d0879940a6592f84dc P 3528a5bfe53d429da6e50d404fc519a5 [term 1 FOLLOWER]: Committing config change with OpId 1.3: config changed from index 2 to 3, 57f0381b990e4fe4b2f736795e52cc00 (127.0.107.196) changed from NON_VOTER to VOTER. New config: { opid_index: 3 OBSOLETE_local: false peers { permanent_uuid: "3528a5bfe53d429da6e50d404fc519a5" member_type: VOTER last_known_addr { host: "127.0.107.194" port: 38547 } } peers { permanent_uuid: "b13b447401c84bfca670d45eb5482aa0" member_type: VOTER last_known_addr { host: "127.0.107.193" port: 39759 } attrs { replace: true } } peers { permanent_uuid: "920337505c8d46e3b7d02534beba7a52" member_type: VOTER last_known_addr { host: "127.0.107.195" port: 42535 } } peers { permanent_uuid: "57f0381b990e4fe4b2f736795e52cc00" member_type: VOTER last_known_addr { host: "127.0.107.196" port: 44047 } attrs { promote: false } } }
I20260630 12:12:24.487349  3556 raft_consensus.cc:2955] T ba34be2bb81345aa80fd65f0032fbd8d P 920337505c8d46e3b7d02534beba7a52 [term 1 FOLLOWER]: Committing config change with OpId 1.4: config changed from index 3 to 4, VOTER b13b447401c84bfca670d45eb5482aa0 (127.0.107.193) evicted. New config: { opid_index: 4 OBSOLETE_local: false peers { permanent_uuid: "3528a5bfe53d429da6e50d404fc519a5" member_type: VOTER last_known_addr { host: "127.0.107.194" port: 38547 } } peers { permanent_uuid: "920337505c8d46e3b7d02534beba7a52" member_type: VOTER last_known_addr { host: "127.0.107.195" port: 42535 } } peers { permanent_uuid: "57f0381b990e4fe4b2f736795e52cc00" member_type: VOTER last_known_addr { host: "127.0.107.196" port: 44047 } attrs { promote: false } } }
I20260630 12:12:24.496505  3295 catalog_manager.cc:5210] ChangeConfig:REMOVE_PEER RPC for tablet ba34be2bb81345aa80fd65f0032fbd8d with cas_config_opid_index 3: ChangeConfig:REMOVE_PEER succeeded (attempt 1)
I20260630 12:12:24.497403  3872 raft_consensus.cc:1064] T 7b51b818e7294befaef5363d67a7a0b6 P 3528a5bfe53d429da6e50d404fc519a5: attempting to promote NON_VOTER 57f0381b990e4fe4b2f736795e52cc00 to VOTER
I20260630 12:12:24.499670  3872 consensus_queue.cc:237] T 7b51b818e7294befaef5363d67a7a0b6 P 3528a5bfe53d429da6e50d404fc519a5 [LEADER]: Queue going to LEADER mode. State: All replicated index: 0, Majority replicated index: 2, Committed index: 2, Last appended: 1.2, Last appended by leader: 0, Current term: 1, Majority size: 3, State: 0, Mode: LEADER, active raft config: opid_index: 3 OBSOLETE_local: false peers { permanent_uuid: "3528a5bfe53d429da6e50d404fc519a5" member_type: VOTER last_known_addr { host: "127.0.107.194" port: 38547 } } peers { permanent_uuid: "b13b447401c84bfca670d45eb5482aa0" member_type: VOTER last_known_addr { host: "127.0.107.193" port: 39759 } } peers { permanent_uuid: "920337505c8d46e3b7d02534beba7a52" member_type: VOTER last_known_addr { host: "127.0.107.195" port: 42535 } attrs { replace: true } } peers { permanent_uuid: "57f0381b990e4fe4b2f736795e52cc00" member_type: VOTER last_known_addr { host: "127.0.107.196" port: 44047 } attrs { promote: false } }
I20260630 12:12:24.509169  3888 tablet_replica.cc:333] T ba34be2bb81345aa80fd65f0032fbd8d P b13b447401c84bfca670d45eb5482aa0: stopping tablet replica
I20260630 12:12:24.522370  3709 raft_consensus.cc:1275] T 7b51b818e7294befaef5363d67a7a0b6 P 57f0381b990e4fe4b2f736795e52cc00 [term 1 LEARNER]: Refusing update from remote peer 3528a5bfe53d429da6e50d404fc519a5: Log matching property violated. Preceding OpId in replica: term: 1 index: 2. Preceding OpId from leader: term: 1 index: 3. (index mismatch)
I20260630 12:12:24.523833  3882 consensus_queue.cc:1048] T 7b51b818e7294befaef5363d67a7a0b6 P 3528a5bfe53d429da6e50d404fc519a5 [LEADER]: Connected to new peer: Peer: permanent_uuid: "57f0381b990e4fe4b2f736795e52cc00" member_type: VOTER last_known_addr { host: "127.0.107.196" port: 44047 } attrs { promote: false }, Status: LMP_MISMATCH, Last received: 0.0, Next index: 3, Last known committed idx: 2, Time since last communication: 0.000s
I20260630 12:12:24.529793  3308 catalog_manager.cc:5697] T 60f5f49d1a8d42d0879940a6592f84dc P 920337505c8d46e3b7d02534beba7a52 reported cstate change: config changed from index 2 to 3, 57f0381b990e4fe4b2f736795e52cc00 (127.0.107.196) changed from NON_VOTER to VOTER. New cstate: current_term: 1 leader_uuid: "920337505c8d46e3b7d02534beba7a52" committed_config { opid_index: 3 OBSOLETE_local: false peers { permanent_uuid: "3528a5bfe53d429da6e50d404fc519a5" member_type: VOTER last_known_addr { host: "127.0.107.194" port: 38547 } health_report { overall_health: HEALTHY } } peers { permanent_uuid: "b13b447401c84bfca670d45eb5482aa0" member_type: VOTER last_known_addr { host: "127.0.107.193" port: 39759 } attrs { replace: true } health_report { overall_health: UNKNOWN } } peers { permanent_uuid: "920337505c8d46e3b7d02534beba7a52" member_type: VOTER last_known_addr { host: "127.0.107.195" port: 42535 } health_report { overall_health: HEALTHY } } peers { permanent_uuid: "57f0381b990e4fe4b2f736795e52cc00" member_type: VOTER last_known_addr { host: "127.0.107.196" port: 44047 } attrs { promote: false } health_report { overall_health: UNKNOWN } } }
I20260630 12:12:24.535247  3407 raft_consensus.cc:1275] T 7b51b818e7294befaef5363d67a7a0b6 P b13b447401c84bfca670d45eb5482aa0 [term 1 FOLLOWER]: Refusing update from remote peer 3528a5bfe53d429da6e50d404fc519a5: Log matching property violated. Preceding OpId in replica: term: 1 index: 2. Preceding OpId from leader: term: 1 index: 3. (index mismatch)
I20260630 12:12:24.535197  3710 raft_consensus.cc:2955] T 60f5f49d1a8d42d0879940a6592f84dc P 57f0381b990e4fe4b2f736795e52cc00 [term 1 FOLLOWER]: Committing config change with OpId 1.3: config changed from index 2 to 3, 57f0381b990e4fe4b2f736795e52cc00 (127.0.107.196) changed from NON_VOTER to VOTER. New config: { opid_index: 3 OBSOLETE_local: false peers { permanent_uuid: "3528a5bfe53d429da6e50d404fc519a5" member_type: VOTER last_known_addr { host: "127.0.107.194" port: 38547 } } peers { permanent_uuid: "b13b447401c84bfca670d45eb5482aa0" member_type: VOTER last_known_addr { host: "127.0.107.193" port: 39759 } attrs { replace: true } } peers { permanent_uuid: "920337505c8d46e3b7d02534beba7a52" member_type: VOTER last_known_addr { host: "127.0.107.195" port: 42535 } } peers { permanent_uuid: "57f0381b990e4fe4b2f736795e52cc00" member_type: VOTER last_known_addr { host: "127.0.107.196" port: 44047 } attrs { promote: false } } }
I20260630 12:12:24.537276  3872 consensus_queue.cc:1048] T 7b51b818e7294befaef5363d67a7a0b6 P 3528a5bfe53d429da6e50d404fc519a5 [LEADER]: Connected to new peer: Peer: permanent_uuid: "b13b447401c84bfca670d45eb5482aa0" member_type: VOTER last_known_addr { host: "127.0.107.193" port: 39759 }, Status: LMP_MISMATCH, Last received: 0.0, Next index: 3, Last known committed idx: 2, Time since last communication: 0.000s
I20260630 12:12:24.537922  3888 raft_consensus.cc:2243] T ba34be2bb81345aa80fd65f0032fbd8d P b13b447401c84bfca670d45eb5482aa0 [term 1 FOLLOWER]: Raft consensus shutting down.
I20260630 12:12:24.538753  3888 raft_consensus.cc:2272] T ba34be2bb81345aa80fd65f0032fbd8d P b13b447401c84bfca670d45eb5482aa0 [term 1 FOLLOWER]: Raft consensus is shut down!
I20260630 12:12:24.545970  3410 raft_consensus.cc:2955] T 60f5f49d1a8d42d0879940a6592f84dc P b13b447401c84bfca670d45eb5482aa0 [term 1 FOLLOWER]: Committing config change with OpId 1.3: config changed from index 2 to 3, 57f0381b990e4fe4b2f736795e52cc00 (127.0.107.196) changed from NON_VOTER to VOTER. New config: { opid_index: 3 OBSOLETE_local: false peers { permanent_uuid: "3528a5bfe53d429da6e50d404fc519a5" member_type: VOTER last_known_addr { host: "127.0.107.194" port: 38547 } } peers { permanent_uuid: "b13b447401c84bfca670d45eb5482aa0" member_type: VOTER last_known_addr { host: "127.0.107.193" port: 39759 } attrs { replace: true } } peers { permanent_uuid: "920337505c8d46e3b7d02534beba7a52" member_type: VOTER last_known_addr { host: "127.0.107.195" port: 42535 } } peers { permanent_uuid: "57f0381b990e4fe4b2f736795e52cc00" member_type: VOTER last_known_addr { host: "127.0.107.196" port: 44047 } attrs { promote: false } } }
I20260630 12:12:24.560257  3557 consensus_queue.cc:237] T 60f5f49d1a8d42d0879940a6592f84dc P 920337505c8d46e3b7d02534beba7a52 [LEADER]: Queue going to LEADER mode. State: All replicated index: 0, Majority replicated index: 3, Committed index: 3, Last appended: 1.3, Last appended by leader: 0, Current term: 1, Majority size: 2, State: 0, Mode: LEADER, active raft config: opid_index: 4 OBSOLETE_local: false peers { permanent_uuid: "3528a5bfe53d429da6e50d404fc519a5" member_type: VOTER last_known_addr { host: "127.0.107.194" port: 38547 } } peers { permanent_uuid: "920337505c8d46e3b7d02534beba7a52" member_type: VOTER last_known_addr { host: "127.0.107.195" port: 42535 } } peers { permanent_uuid: "57f0381b990e4fe4b2f736795e52cc00" member_type: VOTER last_known_addr { host: "127.0.107.196" port: 44047 } attrs { promote: false } }
I20260630 12:12:24.563910  3556 raft_consensus.cc:1275] T 7b51b818e7294befaef5363d67a7a0b6 P 920337505c8d46e3b7d02534beba7a52 [term 1 FOLLOWER]: Refusing update from remote peer 3528a5bfe53d429da6e50d404fc519a5: Log matching property violated. Preceding OpId in replica: term: 1 index: 2. Preceding OpId from leader: term: 1 index: 3. (index mismatch)
I20260630 12:12:24.565428  3872 consensus_queue.cc:1048] T 7b51b818e7294befaef5363d67a7a0b6 P 3528a5bfe53d429da6e50d404fc519a5 [LEADER]: Connected to new peer: Peer: permanent_uuid: "920337505c8d46e3b7d02534beba7a52" member_type: VOTER last_known_addr { host: "127.0.107.195" port: 42535 } attrs { replace: true }, Status: LMP_MISMATCH, Last received: 0.0, Next index: 3, Last known committed idx: 2, Time since last communication: 0.000s
I20260630 12:12:24.568992  3483 raft_consensus.cc:1275] T 60f5f49d1a8d42d0879940a6592f84dc P 3528a5bfe53d429da6e50d404fc519a5 [term 1 FOLLOWER]: Refusing update from remote peer 920337505c8d46e3b7d02534beba7a52: Log matching property violated. Preceding OpId in replica: term: 1 index: 3. Preceding OpId from leader: term: 1 index: 4. (index mismatch)
I20260630 12:12:24.570363  3845 consensus_queue.cc:1048] T 60f5f49d1a8d42d0879940a6592f84dc P 920337505c8d46e3b7d02534beba7a52 [LEADER]: Connected to new peer: Peer: permanent_uuid: "3528a5bfe53d429da6e50d404fc519a5" member_type: VOTER last_known_addr { host: "127.0.107.194" port: 38547 }, Status: LMP_MISMATCH, Last received: 0.0, Next index: 4, Last known committed idx: 3, Time since last communication: 0.000s
I20260630 12:12:24.580144  3483 raft_consensus.cc:2955] T 60f5f49d1a8d42d0879940a6592f84dc P 3528a5bfe53d429da6e50d404fc519a5 [term 1 FOLLOWER]: Committing config change with OpId 1.4: config changed from index 3 to 4, VOTER b13b447401c84bfca670d45eb5482aa0 (127.0.107.193) evicted. New config: { opid_index: 4 OBSOLETE_local: false peers { permanent_uuid: "3528a5bfe53d429da6e50d404fc519a5" member_type: VOTER last_known_addr { host: "127.0.107.194" port: 38547 } } peers { permanent_uuid: "920337505c8d46e3b7d02534beba7a52" member_type: VOTER last_known_addr { host: "127.0.107.195" port: 42535 } } peers { permanent_uuid: "57f0381b990e4fe4b2f736795e52cc00" member_type: VOTER last_known_addr { host: "127.0.107.196" port: 44047 } attrs { promote: false } } }
I20260630 12:12:24.584851  3886 raft_consensus.cc:2955] T 7b51b818e7294befaef5363d67a7a0b6 P 3528a5bfe53d429da6e50d404fc519a5 [term 1 LEADER]: Committing config change with OpId 1.3: config changed from index 2 to 3, 57f0381b990e4fe4b2f736795e52cc00 (127.0.107.196) changed from NON_VOTER to VOTER. New config: { opid_index: 3 OBSOLETE_local: false peers { permanent_uuid: "3528a5bfe53d429da6e50d404fc519a5" member_type: VOTER last_known_addr { host: "127.0.107.194" port: 38547 } } peers { permanent_uuid: "b13b447401c84bfca670d45eb5482aa0" member_type: VOTER last_known_addr { host: "127.0.107.193" port: 39759 } } peers { permanent_uuid: "920337505c8d46e3b7d02534beba7a52" member_type: VOTER last_known_addr { host: "127.0.107.195" port: 42535 } attrs { replace: true } } peers { permanent_uuid: "57f0381b990e4fe4b2f736795e52cc00" member_type: VOTER last_known_addr { host: "127.0.107.196" port: 44047 } attrs { promote: false } } }
I20260630 12:12:24.586658  3557 raft_consensus.cc:2955] T 7b51b818e7294befaef5363d67a7a0b6 P 920337505c8d46e3b7d02534beba7a52 [term 1 FOLLOWER]: Committing config change with OpId 1.3: config changed from index 2 to 3, 57f0381b990e4fe4b2f736795e52cc00 (127.0.107.196) changed from NON_VOTER to VOTER. New config: { opid_index: 3 OBSOLETE_local: false peers { permanent_uuid: "3528a5bfe53d429da6e50d404fc519a5" member_type: VOTER last_known_addr { host: "127.0.107.194" port: 38547 } } peers { permanent_uuid: "b13b447401c84bfca670d45eb5482aa0" member_type: VOTER last_known_addr { host: "127.0.107.193" port: 39759 } } peers { permanent_uuid: "920337505c8d46e3b7d02534beba7a52" member_type: VOTER last_known_addr { host: "127.0.107.195" port: 42535 } attrs { replace: true } } peers { permanent_uuid: "57f0381b990e4fe4b2f736795e52cc00" member_type: VOTER last_known_addr { host: "127.0.107.196" port: 44047 } attrs { promote: false } } }
I20260630 12:12:24.577802  3889 raft_consensus.cc:2955] T 60f5f49d1a8d42d0879940a6592f84dc P 920337505c8d46e3b7d02534beba7a52 [term 1 LEADER]: Committing config change with OpId 1.4: config changed from index 3 to 4, VOTER b13b447401c84bfca670d45eb5482aa0 (127.0.107.193) evicted. New config: { opid_index: 4 OBSOLETE_local: false peers { permanent_uuid: "3528a5bfe53d429da6e50d404fc519a5" member_type: VOTER last_known_addr { host: "127.0.107.194" port: 38547 } } peers { permanent_uuid: "920337505c8d46e3b7d02534beba7a52" member_type: VOTER last_known_addr { host: "127.0.107.195" port: 42535 } } peers { permanent_uuid: "57f0381b990e4fe4b2f736795e52cc00" member_type: VOTER last_known_addr { host: "127.0.107.196" port: 44047 } attrs { promote: false } } }
I20260630 12:12:24.605082  3407 raft_consensus.cc:2955] T 7b51b818e7294befaef5363d67a7a0b6 P b13b447401c84bfca670d45eb5482aa0 [term 1 FOLLOWER]: Committing config change with OpId 1.3: config changed from index 2 to 3, 57f0381b990e4fe4b2f736795e52cc00 (127.0.107.196) changed from NON_VOTER to VOTER. New config: { opid_index: 3 OBSOLETE_local: false peers { permanent_uuid: "3528a5bfe53d429da6e50d404fc519a5" member_type: VOTER last_known_addr { host: "127.0.107.194" port: 38547 } } peers { permanent_uuid: "b13b447401c84bfca670d45eb5482aa0" member_type: VOTER last_known_addr { host: "127.0.107.193" port: 39759 } } peers { permanent_uuid: "920337505c8d46e3b7d02534beba7a52" member_type: VOTER last_known_addr { host: "127.0.107.195" port: 42535 } attrs { replace: true } } peers { permanent_uuid: "57f0381b990e4fe4b2f736795e52cc00" member_type: VOTER last_known_addr { host: "127.0.107.196" port: 44047 } attrs { promote: false } } }
I20260630 12:12:24.609831  3307 catalog_manager.cc:5697] T 7b51b818e7294befaef5363d67a7a0b6 P 3528a5bfe53d429da6e50d404fc519a5 reported cstate change: config changed from index 2 to 3, 57f0381b990e4fe4b2f736795e52cc00 (127.0.107.196) changed from NON_VOTER to VOTER. New cstate: current_term: 1 leader_uuid: "3528a5bfe53d429da6e50d404fc519a5" committed_config { opid_index: 3 OBSOLETE_local: false peers { permanent_uuid: "3528a5bfe53d429da6e50d404fc519a5" member_type: VOTER last_known_addr { host: "127.0.107.194" port: 38547 } health_report { overall_health: HEALTHY } } peers { permanent_uuid: "b13b447401c84bfca670d45eb5482aa0" member_type: VOTER last_known_addr { host: "127.0.107.193" port: 39759 } health_report { overall_health: HEALTHY } } peers { permanent_uuid: "920337505c8d46e3b7d02534beba7a52" member_type: VOTER last_known_addr { host: "127.0.107.195" port: 42535 } attrs { replace: true } health_report { overall_health: HEALTHY } } peers { permanent_uuid: "57f0381b990e4fe4b2f736795e52cc00" member_type: VOTER last_known_addr { host: "127.0.107.196" port: 44047 } attrs { promote: false } health_report { overall_health: UNKNOWN } } }
I20260630 12:12:24.617141  3707 raft_consensus.cc:2955] T 7b51b818e7294befaef5363d67a7a0b6 P 57f0381b990e4fe4b2f736795e52cc00 [term 1 FOLLOWER]: Committing config change with OpId 1.3: config changed from index 2 to 3, 57f0381b990e4fe4b2f736795e52cc00 (127.0.107.196) changed from NON_VOTER to VOTER. New config: { opid_index: 3 OBSOLETE_local: false peers { permanent_uuid: "3528a5bfe53d429da6e50d404fc519a5" member_type: VOTER last_known_addr { host: "127.0.107.194" port: 38547 } } peers { permanent_uuid: "b13b447401c84bfca670d45eb5482aa0" member_type: VOTER last_known_addr { host: "127.0.107.193" port: 39759 } } peers { permanent_uuid: "920337505c8d46e3b7d02534beba7a52" member_type: VOTER last_known_addr { host: "127.0.107.195" port: 42535 } attrs { replace: true } } peers { permanent_uuid: "57f0381b990e4fe4b2f736795e52cc00" member_type: VOTER last_known_addr { host: "127.0.107.196" port: 44047 } attrs { promote: false } } }
I20260630 12:12:24.619618  3888 ts_tablet_manager.cc:1916] T ba34be2bb81345aa80fd65f0032fbd8d P b13b447401c84bfca670d45eb5482aa0: Deleting tablet data with delete state TABLET_DATA_TOMBSTONED
I20260630 12:12:24.623201  3709 raft_consensus.cc:1275] T 7885a16c556a46419e5e6335897edd4e P 57f0381b990e4fe4b2f736795e52cc00 [term 1 LEARNER]: Refusing update from remote peer 920337505c8d46e3b7d02534beba7a52: Log matching property violated. Preceding OpId in replica: term: 1 index: 2. Preceding OpId from leader: term: 1 index: 3. (index mismatch)
I20260630 12:12:24.624976  3708 raft_consensus.cc:1275] T 60f5f49d1a8d42d0879940a6592f84dc P 57f0381b990e4fe4b2f736795e52cc00 [term 1 FOLLOWER]: Refusing update from remote peer 920337505c8d46e3b7d02534beba7a52: Log matching property violated. Preceding OpId in replica: term: 1 index: 3. Preceding OpId from leader: term: 1 index: 4. (index mismatch)
I20260630 12:12:24.627234  3482 raft_consensus.cc:1275] T 7885a16c556a46419e5e6335897edd4e P 3528a5bfe53d429da6e50d404fc519a5 [term 1 FOLLOWER]: Refusing update from remote peer 920337505c8d46e3b7d02534beba7a52: Log matching property violated. Preceding OpId in replica: term: 1 index: 2. Preceding OpId from leader: term: 1 index: 3. (index mismatch)
I20260630 12:12:24.628096  3890 consensus_queue.cc:1048] T 7885a16c556a46419e5e6335897edd4e P 920337505c8d46e3b7d02534beba7a52 [LEADER]: Connected to new peer: Peer: permanent_uuid: "57f0381b990e4fe4b2f736795e52cc00" member_type: VOTER last_known_addr { host: "127.0.107.196" port: 44047 } attrs { promote: false }, Status: LMP_MISMATCH, Last received: 0.0, Next index: 3, Last known committed idx: 2, Time since last communication: 0.001s
I20260630 12:12:24.630905  3845 consensus_queue.cc:1048] T 60f5f49d1a8d42d0879940a6592f84dc P 920337505c8d46e3b7d02534beba7a52 [LEADER]: Connected to new peer: Peer: permanent_uuid: "57f0381b990e4fe4b2f736795e52cc00" member_type: VOTER last_known_addr { host: "127.0.107.196" port: 44047 } attrs { promote: false }, Status: LMP_MISMATCH, Last received: 0.0, Next index: 4, Last known committed idx: 3, Time since last communication: 0.003s
I20260630 12:12:24.638453  3292 catalog_manager.cc:5210] ChangeConfig:REMOVE_PEER RPC for tablet 60f5f49d1a8d42d0879940a6592f84dc with cas_config_opid_index 3: ChangeConfig:REMOVE_PEER succeeded (attempt 1)
I20260630 12:12:24.639737  3407 raft_consensus.cc:1275] T 7885a16c556a46419e5e6335897edd4e P b13b447401c84bfca670d45eb5482aa0 [term 1 FOLLOWER]: Refusing update from remote peer 920337505c8d46e3b7d02534beba7a52: Log matching property violated. Preceding OpId in replica: term: 1 index: 2. Preceding OpId from leader: term: 1 index: 3. (index mismatch)
I20260630 12:12:24.655961  3888 ts_tablet_manager.cc:1929] T ba34be2bb81345aa80fd65f0032fbd8d P b13b447401c84bfca670d45eb5482aa0: tablet deleted with delete type TABLET_DATA_TOMBSTONED: last-logged OpId 1.3
I20260630 12:12:24.656354  3888 log.cc:1199] T ba34be2bb81345aa80fd65f0032fbd8d P b13b447401c84bfca670d45eb5482aa0: Deleting WAL directory at /tmp/dist-test-task2i6lW5/test-tmp/auto_rebalancer-test.0.AutoRebalancerTest.RangeAwareRebalancesNewRangeReplicas.1782821457285581-431-0/minicluster-data/ts-0-root/wals/ba34be2bb81345aa80fd65f0032fbd8d
I20260630 12:12:24.658679  3308 catalog_manager.cc:5697] T 60f5f49d1a8d42d0879940a6592f84dc P 920337505c8d46e3b7d02534beba7a52 reported cstate change: config changed from index 3 to 4, VOTER b13b447401c84bfca670d45eb5482aa0 (127.0.107.193) evicted. New cstate: current_term: 1 leader_uuid: "920337505c8d46e3b7d02534beba7a52" committed_config { opid_index: 4 OBSOLETE_local: false peers { permanent_uuid: "3528a5bfe53d429da6e50d404fc519a5" member_type: VOTER last_known_addr { host: "127.0.107.194" port: 38547 } health_report { overall_health: HEALTHY } } peers { permanent_uuid: "920337505c8d46e3b7d02534beba7a52" member_type: VOTER last_known_addr { host: "127.0.107.195" port: 42535 } health_report { overall_health: HEALTHY } } peers { permanent_uuid: "57f0381b990e4fe4b2f736795e52cc00" member_type: VOTER last_known_addr { host: "127.0.107.196" port: 44047 } attrs { promote: false } health_report { overall_health: UNKNOWN } } }
I20260630 12:12:24.665088  3292 catalog_manager.cc:5028] TS b13b447401c84bfca670d45eb5482aa0 (127.0.107.193:39759): tablet ba34be2bb81345aa80fd65f0032fbd8d (table range_aware_rebalance_new_range [id=bdadaa8d5f7b494c93b5e8dd31ad2743]) successfully deleted
I20260630 12:12:24.640811  3845 consensus_queue.cc:1048] T 7885a16c556a46419e5e6335897edd4e P 920337505c8d46e3b7d02534beba7a52 [LEADER]: Connected to new peer: Peer: permanent_uuid: "3528a5bfe53d429da6e50d404fc519a5" member_type: VOTER last_known_addr { host: "127.0.107.194" port: 38547 } attrs { replace: true }, Status: LMP_MISMATCH, Last received: 0.0, Next index: 3, Last known committed idx: 2, Time since last communication: 0.027s
I20260630 12:12:24.668807  3889 consensus_queue.cc:1048] T 7885a16c556a46419e5e6335897edd4e P 920337505c8d46e3b7d02534beba7a52 [LEADER]: Connected to new peer: Peer: permanent_uuid: "b13b447401c84bfca670d45eb5482aa0" member_type: VOTER last_known_addr { host: "127.0.107.193" port: 39759 }, Status: LMP_MISMATCH, Last received: 0.0, Next index: 3, Last known committed idx: 2, Time since last communication: 0.000s
I20260630 12:12:24.674839  3395 tablet_service.cc:1558] Processing DeleteTablet for tablet 60f5f49d1a8d42d0879940a6592f84dc with delete_type TABLET_DATA_TOMBSTONED (TS b13b447401c84bfca670d45eb5482aa0 not found in new config with opid_index 4) from {username='slave'} at 127.0.0.1:59730
I20260630 12:12:24.680576  3888 tablet_replica.cc:333] T 60f5f49d1a8d42d0879940a6592f84dc P b13b447401c84bfca670d45eb5482aa0: stopping tablet replica
I20260630 12:12:24.681452  3888 raft_consensus.cc:2243] T 60f5f49d1a8d42d0879940a6592f84dc P b13b447401c84bfca670d45eb5482aa0 [term 1 FOLLOWER]: Raft consensus shutting down.
I20260630 12:12:24.682124  3888 raft_consensus.cc:2272] T 60f5f49d1a8d42d0879940a6592f84dc P b13b447401c84bfca670d45eb5482aa0 [term 1 FOLLOWER]: Raft consensus is shut down!
W20260630 12:12:24.683447  3525 outbound_call.cc:321] RPC callback for RPC call kudu.consensus.ConsensusService.UpdateConsensus -> {remote=127.0.107.194:38547, user_credentials={real_user=slave}} blocked reactor thread for 54628.9us
I20260630 12:12:24.690048  3888 ts_tablet_manager.cc:1916] T 60f5f49d1a8d42d0879940a6592f84dc P b13b447401c84bfca670d45eb5482aa0: Deleting tablet data with delete state TABLET_DATA_TOMBSTONED
I20260630 12:12:24.698798  3482 consensus_queue.cc:237] T 7b51b818e7294befaef5363d67a7a0b6 P 3528a5bfe53d429da6e50d404fc519a5 [LEADER]: Queue going to LEADER mode. State: All replicated index: 0, Majority replicated index: 3, Committed index: 3, Last appended: 1.3, Last appended by leader: 0, Current term: 1, Majority size: 2, State: 0, Mode: LEADER, active raft config: opid_index: 4 OBSOLETE_local: false peers { permanent_uuid: "3528a5bfe53d429da6e50d404fc519a5" member_type: VOTER last_known_addr { host: "127.0.107.194" port: 38547 } } peers { permanent_uuid: "b13b447401c84bfca670d45eb5482aa0" member_type: VOTER last_known_addr { host: "127.0.107.193" port: 39759 } } peers { permanent_uuid: "57f0381b990e4fe4b2f736795e52cc00" member_type: VOTER last_known_addr { host: "127.0.107.196" port: 44047 } attrs { promote: false } }
I20260630 12:12:24.702670  3361 auto_leader_rebalancer.cc:141] leader rebalance for table range_aware_rebalance_new_range
I20260630 12:12:24.708957  3710 raft_consensus.cc:1275] T 7b51b818e7294befaef5363d67a7a0b6 P 57f0381b990e4fe4b2f736795e52cc00 [term 1 FOLLOWER]: Refusing update from remote peer 3528a5bfe53d429da6e50d404fc519a5: Log matching property violated. Preceding OpId in replica: term: 1 index: 3. Preceding OpId from leader: term: 1 index: 4. (index mismatch)
I20260630 12:12:24.710520  3872 consensus_queue.cc:1048] T 7b51b818e7294befaef5363d67a7a0b6 P 3528a5bfe53d429da6e50d404fc519a5 [LEADER]: Connected to new peer: Peer: permanent_uuid: "57f0381b990e4fe4b2f736795e52cc00" member_type: VOTER last_known_addr { host: "127.0.107.196" port: 44047 } attrs { promote: false }, Status: LMP_MISMATCH, Last received: 0.0, Next index: 4, Last known committed idx: 3, Time since last communication: 0.000s
I20260630 12:12:24.714588  3845 raft_consensus.cc:2955] T 7885a16c556a46419e5e6335897edd4e P 920337505c8d46e3b7d02534beba7a52 [term 1 LEADER]: Committing config change with OpId 1.3: config changed from index 2 to 3, 57f0381b990e4fe4b2f736795e52cc00 (127.0.107.196) changed from NON_VOTER to VOTER. New config: { opid_index: 3 OBSOLETE_local: false peers { permanent_uuid: "b13b447401c84bfca670d45eb5482aa0" member_type: VOTER last_known_addr { host: "127.0.107.193" port: 39759 } } peers { permanent_uuid: "3528a5bfe53d429da6e50d404fc519a5" member_type: VOTER last_known_addr { host: "127.0.107.194" port: 38547 } attrs { replace: true } } peers { permanent_uuid: "920337505c8d46e3b7d02534beba7a52" member_type: VOTER last_known_addr { host: "127.0.107.195" port: 42535 } } peers { permanent_uuid: "57f0381b990e4fe4b2f736795e52cc00" member_type: VOTER last_known_addr { host: "127.0.107.196" port: 44047 } attrs { promote: false } } }
I20260630 12:12:24.718015  3886 raft_consensus.cc:2955] T 7b51b818e7294befaef5363d67a7a0b6 P 3528a5bfe53d429da6e50d404fc519a5 [term 1 LEADER]: Committing config change with OpId 1.4: config changed from index 3 to 4, VOTER 920337505c8d46e3b7d02534beba7a52 (127.0.107.195) evicted. New config: { opid_index: 4 OBSOLETE_local: false peers { permanent_uuid: "3528a5bfe53d429da6e50d404fc519a5" member_type: VOTER last_known_addr { host: "127.0.107.194" port: 38547 } } peers { permanent_uuid: "b13b447401c84bfca670d45eb5482aa0" member_type: VOTER last_known_addr { host: "127.0.107.193" port: 39759 } } peers { permanent_uuid: "57f0381b990e4fe4b2f736795e52cc00" member_type: VOTER last_known_addr { host: "127.0.107.196" port: 44047 } attrs { promote: false } } }
I20260630 12:12:24.725317  3485 raft_consensus.cc:2955] T 7885a16c556a46419e5e6335897edd4e P 3528a5bfe53d429da6e50d404fc519a5 [term 1 FOLLOWER]: Committing config change with OpId 1.3: config changed from index 2 to 3, 57f0381b990e4fe4b2f736795e52cc00 (127.0.107.196) changed from NON_VOTER to VOTER. New config: { opid_index: 3 OBSOLETE_local: false peers { permanent_uuid: "b13b447401c84bfca670d45eb5482aa0" member_type: VOTER last_known_addr { host: "127.0.107.193" port: 39759 } } peers { permanent_uuid: "3528a5bfe53d429da6e50d404fc519a5" member_type: VOTER last_known_addr { host: "127.0.107.194" port: 38547 } attrs { replace: true } } peers { permanent_uuid: "920337505c8d46e3b7d02534beba7a52" member_type: VOTER last_known_addr { host: "127.0.107.195" port: 42535 } } peers { permanent_uuid: "57f0381b990e4fe4b2f736795e52cc00" member_type: VOTER last_known_addr { host: "127.0.107.196" port: 44047 } attrs { promote: false } } }
I20260630 12:12:24.726455  3407 raft_consensus.cc:2955] T 7885a16c556a46419e5e6335897edd4e P b13b447401c84bfca670d45eb5482aa0 [term 1 FOLLOWER]: Committing config change with OpId 1.3: config changed from index 2 to 3, 57f0381b990e4fe4b2f736795e52cc00 (127.0.107.196) changed from NON_VOTER to VOTER. New config: { opid_index: 3 OBSOLETE_local: false peers { permanent_uuid: "b13b447401c84bfca670d45eb5482aa0" member_type: VOTER last_known_addr { host: "127.0.107.193" port: 39759 } } peers { permanent_uuid: "3528a5bfe53d429da6e50d404fc519a5" member_type: VOTER last_known_addr { host: "127.0.107.194" port: 38547 } attrs { replace: true } } peers { permanent_uuid: "920337505c8d46e3b7d02534beba7a52" member_type: VOTER last_known_addr { host: "127.0.107.195" port: 42535 } } peers { permanent_uuid: "57f0381b990e4fe4b2f736795e52cc00" member_type: VOTER last_known_addr { host: "127.0.107.196" port: 44047 } attrs { promote: false } } }
I20260630 12:12:24.729990  3307 catalog_manager.cc:5697] T 7885a16c556a46419e5e6335897edd4e P 920337505c8d46e3b7d02534beba7a52 reported cstate change: config changed from index 2 to 3, 57f0381b990e4fe4b2f736795e52cc00 (127.0.107.196) changed from NON_VOTER to VOTER. New cstate: current_term: 1 leader_uuid: "920337505c8d46e3b7d02534beba7a52" committed_config { opid_index: 3 OBSOLETE_local: false peers { permanent_uuid: "b13b447401c84bfca670d45eb5482aa0" member_type: VOTER last_known_addr { host: "127.0.107.193" port: 39759 } health_report { overall_health: HEALTHY } } peers { permanent_uuid: "3528a5bfe53d429da6e50d404fc519a5" member_type: VOTER last_known_addr { host: "127.0.107.194" port: 38547 } attrs { replace: true } health_report { overall_health: HEALTHY } } peers { permanent_uuid: "920337505c8d46e3b7d02534beba7a52" member_type: VOTER last_known_addr { host: "127.0.107.195" port: 42535 } health_report { overall_health: HEALTHY } } peers { permanent_uuid: "57f0381b990e4fe4b2f736795e52cc00" member_type: VOTER last_known_addr { host: "127.0.107.196" port: 44047 } attrs { promote: false } health_report { overall_health: UNKNOWN } } }
I20260630 12:12:24.736632  3410 raft_consensus.cc:1275] T 7b51b818e7294befaef5363d67a7a0b6 P b13b447401c84bfca670d45eb5482aa0 [term 1 FOLLOWER]: Refusing update from remote peer 3528a5bfe53d429da6e50d404fc519a5: Log matching property violated. Preceding OpId in replica: term: 1 index: 3. Preceding OpId from leader: term: 1 index: 4. (index mismatch)
I20260630 12:12:24.739553  3882 consensus_queue.cc:1048] T 7b51b818e7294befaef5363d67a7a0b6 P 3528a5bfe53d429da6e50d404fc519a5 [LEADER]: Connected to new peer: Peer: permanent_uuid: "b13b447401c84bfca670d45eb5482aa0" member_type: VOTER last_known_addr { host: "127.0.107.193" port: 39759 }, Status: LMP_MISMATCH, Last received: 0.0, Next index: 4, Last known committed idx: 3, Time since last communication: 0.000s
I20260630 12:12:24.742463  3888 ts_tablet_manager.cc:1929] T 60f5f49d1a8d42d0879940a6592f84dc P b13b447401c84bfca670d45eb5482aa0: tablet deleted with delete type TABLET_DATA_TOMBSTONED: last-logged OpId 1.3
I20260630 12:12:24.745249  3888 log.cc:1199] T 60f5f49d1a8d42d0879940a6592f84dc P b13b447401c84bfca670d45eb5482aa0: Deleting WAL directory at /tmp/dist-test-task2i6lW5/test-tmp/auto_rebalancer-test.0.AutoRebalancerTest.RangeAwareRebalancesNewRangeReplicas.1782821457285581-431-0/minicluster-data/ts-0-root/wals/60f5f49d1a8d42d0879940a6592f84dc
I20260630 12:12:24.747584  3292 catalog_manager.cc:5028] TS b13b447401c84bfca670d45eb5482aa0 (127.0.107.193:39759): tablet 60f5f49d1a8d42d0879940a6592f84dc (table range_aware_rebalance_new_range [id=bdadaa8d5f7b494c93b5e8dd31ad2743]) successfully deleted
I20260630 12:12:24.744175  3410 raft_consensus.cc:2955] T 7b51b818e7294befaef5363d67a7a0b6 P b13b447401c84bfca670d45eb5482aa0 [term 1 FOLLOWER]: Committing config change with OpId 1.4: config changed from index 3 to 4, VOTER 920337505c8d46e3b7d02534beba7a52 (127.0.107.195) evicted. New config: { opid_index: 4 OBSOLETE_local: false peers { permanent_uuid: "3528a5bfe53d429da6e50d404fc519a5" member_type: VOTER last_known_addr { host: "127.0.107.194" port: 38547 } } peers { permanent_uuid: "b13b447401c84bfca670d45eb5482aa0" member_type: VOTER last_known_addr { host: "127.0.107.193" port: 39759 } } peers { permanent_uuid: "57f0381b990e4fe4b2f736795e52cc00" member_type: VOTER last_known_addr { host: "127.0.107.196" port: 44047 } attrs { promote: false } } }
I20260630 12:12:24.751997  3708 raft_consensus.cc:2955] T 7885a16c556a46419e5e6335897edd4e P 57f0381b990e4fe4b2f736795e52cc00 [term 1 FOLLOWER]: Committing config change with OpId 1.3: config changed from index 2 to 3, 57f0381b990e4fe4b2f736795e52cc00 (127.0.107.196) changed from NON_VOTER to VOTER. New config: { opid_index: 3 OBSOLETE_local: false peers { permanent_uuid: "b13b447401c84bfca670d45eb5482aa0" member_type: VOTER last_known_addr { host: "127.0.107.193" port: 39759 } } peers { permanent_uuid: "3528a5bfe53d429da6e50d404fc519a5" member_type: VOTER last_known_addr { host: "127.0.107.194" port: 38547 } attrs { replace: true } } peers { permanent_uuid: "920337505c8d46e3b7d02534beba7a52" member_type: VOTER last_known_addr { host: "127.0.107.195" port: 42535 } } peers { permanent_uuid: "57f0381b990e4fe4b2f736795e52cc00" member_type: VOTER last_known_addr { host: "127.0.107.196" port: 44047 } attrs { promote: false } } }
I20260630 12:12:24.733058  3710 raft_consensus.cc:2955] T 7b51b818e7294befaef5363d67a7a0b6 P 57f0381b990e4fe4b2f736795e52cc00 [term 1 FOLLOWER]: Committing config change with OpId 1.4: config changed from index 3 to 4, VOTER 920337505c8d46e3b7d02534beba7a52 (127.0.107.195) evicted. New config: { opid_index: 4 OBSOLETE_local: false peers { permanent_uuid: "3528a5bfe53d429da6e50d404fc519a5" member_type: VOTER last_known_addr { host: "127.0.107.194" port: 38547 } } peers { permanent_uuid: "b13b447401c84bfca670d45eb5482aa0" member_type: VOTER last_known_addr { host: "127.0.107.193" port: 39759 } } peers { permanent_uuid: "57f0381b990e4fe4b2f736795e52cc00" member_type: VOTER last_known_addr { host: "127.0.107.196" port: 44047 } attrs { promote: false } } }
I20260630 12:12:24.692019  3707 raft_consensus.cc:2955] T 60f5f49d1a8d42d0879940a6592f84dc P 57f0381b990e4fe4b2f736795e52cc00 [term 1 FOLLOWER]: Committing config change with OpId 1.4: config changed from index 3 to 4, VOTER b13b447401c84bfca670d45eb5482aa0 (127.0.107.193) evicted. New config: { opid_index: 4 OBSOLETE_local: false peers { permanent_uuid: "3528a5bfe53d429da6e50d404fc519a5" member_type: VOTER last_known_addr { host: "127.0.107.194" port: 38547 } } peers { permanent_uuid: "920337505c8d46e3b7d02534beba7a52" member_type: VOTER last_known_addr { host: "127.0.107.195" port: 42535 } } peers { permanent_uuid: "57f0381b990e4fe4b2f736795e52cc00" member_type: VOTER last_known_addr { host: "127.0.107.196" port: 44047 } attrs { promote: false } } }
I20260630 12:12:24.775432  3557 consensus_queue.cc:237] T 7885a16c556a46419e5e6335897edd4e P 920337505c8d46e3b7d02534beba7a52 [LEADER]: Queue going to LEADER mode. State: All replicated index: 0, Majority replicated index: 3, Committed index: 3, Last appended: 1.3, Last appended by leader: 0, Current term: 1, Majority size: 2, State: 0, Mode: LEADER, active raft config: opid_index: 4 OBSOLETE_local: false peers { permanent_uuid: "b13b447401c84bfca670d45eb5482aa0" member_type: VOTER last_known_addr { host: "127.0.107.193" port: 39759 } } peers { permanent_uuid: "920337505c8d46e3b7d02534beba7a52" member_type: VOTER last_known_addr { host: "127.0.107.195" port: 42535 } } peers { permanent_uuid: "57f0381b990e4fe4b2f736795e52cc00" member_type: VOTER last_known_addr { host: "127.0.107.196" port: 44047 } attrs { promote: false } }
I20260630 12:12:24.776552  3295 catalog_manager.cc:5210] ChangeConfig:REMOVE_PEER RPC for tablet 7b51b818e7294befaef5363d67a7a0b6 with cas_config_opid_index 3: ChangeConfig:REMOVE_PEER succeeded (attempt 1)
I20260630 12:12:24.796276  3410 raft_consensus.cc:1275] T 7885a16c556a46419e5e6335897edd4e P b13b447401c84bfca670d45eb5482aa0 [term 1 FOLLOWER]: Refusing update from remote peer 920337505c8d46e3b7d02534beba7a52: Log matching property violated. Preceding OpId in replica: term: 1 index: 3. Preceding OpId from leader: term: 1 index: 4. (index mismatch)
I20260630 12:12:24.801154  3897 consensus_queue.cc:1048] T 7885a16c556a46419e5e6335897edd4e P 920337505c8d46e3b7d02534beba7a52 [LEADER]: Connected to new peer: Peer: permanent_uuid: "b13b447401c84bfca670d45eb5482aa0" member_type: VOTER last_known_addr { host: "127.0.107.193" port: 39759 }, Status: LMP_MISMATCH, Last received: 0.0, Next index: 4, Last known committed idx: 3, Time since last communication: 0.002s
I20260630 12:12:24.795459  3307 catalog_manager.cc:5697] T 7b51b818e7294befaef5363d67a7a0b6 P 57f0381b990e4fe4b2f736795e52cc00 reported cstate change: config changed from index 3 to 4, VOTER 920337505c8d46e3b7d02534beba7a52 (127.0.107.195) evicted. New cstate: current_term: 1 leader_uuid: "3528a5bfe53d429da6e50d404fc519a5" committed_config { opid_index: 4 OBSOLETE_local: false peers { permanent_uuid: "3528a5bfe53d429da6e50d404fc519a5" member_type: VOTER last_known_addr { host: "127.0.107.194" port: 38547 } } peers { permanent_uuid: "b13b447401c84bfca670d45eb5482aa0" member_type: VOTER last_known_addr { host: "127.0.107.193" port: 39759 } } peers { permanent_uuid: "57f0381b990e4fe4b2f736795e52cc00" member_type: VOTER last_known_addr { host: "127.0.107.196" port: 44047 } attrs { promote: false } } }
I20260630 12:12:24.812633  3707 raft_consensus.cc:1275] T 7885a16c556a46419e5e6335897edd4e P 57f0381b990e4fe4b2f736795e52cc00 [term 1 FOLLOWER]: Refusing update from remote peer 920337505c8d46e3b7d02534beba7a52: Log matching property violated. Preceding OpId in replica: term: 1 index: 3. Preceding OpId from leader: term: 1 index: 4. (index mismatch)
I20260630 12:12:24.814909  3897 consensus_queue.cc:1048] T 7885a16c556a46419e5e6335897edd4e P 920337505c8d46e3b7d02534beba7a52 [LEADER]: Connected to new peer: Peer: permanent_uuid: "57f0381b990e4fe4b2f736795e52cc00" member_type: VOTER last_known_addr { host: "127.0.107.196" port: 44047 } attrs { promote: false }, Status: LMP_MISMATCH, Last received: 0.0, Next index: 4, Last known committed idx: 3, Time since last communication: 0.000s
I20260630 12:12:24.818140  3845 raft_consensus.cc:2955] T 7885a16c556a46419e5e6335897edd4e P 920337505c8d46e3b7d02534beba7a52 [term 1 LEADER]: Committing config change with OpId 1.4: config changed from index 3 to 4, VOTER 3528a5bfe53d429da6e50d404fc519a5 (127.0.107.194) evicted. New config: { opid_index: 4 OBSOLETE_local: false peers { permanent_uuid: "b13b447401c84bfca670d45eb5482aa0" member_type: VOTER last_known_addr { host: "127.0.107.193" port: 39759 } } peers { permanent_uuid: "920337505c8d46e3b7d02534beba7a52" member_type: VOTER last_known_addr { host: "127.0.107.195" port: 42535 } } peers { permanent_uuid: "57f0381b990e4fe4b2f736795e52cc00" member_type: VOTER last_known_addr { host: "127.0.107.196" port: 44047 } attrs { promote: false } } }
I20260630 12:12:24.820055  3410 raft_consensus.cc:2955] T 7885a16c556a46419e5e6335897edd4e P b13b447401c84bfca670d45eb5482aa0 [term 1 FOLLOWER]: Committing config change with OpId 1.4: config changed from index 3 to 4, VOTER 3528a5bfe53d429da6e50d404fc519a5 (127.0.107.194) evicted. New config: { opid_index: 4 OBSOLETE_local: false peers { permanent_uuid: "b13b447401c84bfca670d45eb5482aa0" member_type: VOTER last_known_addr { host: "127.0.107.193" port: 39759 } } peers { permanent_uuid: "920337505c8d46e3b7d02534beba7a52" member_type: VOTER last_known_addr { host: "127.0.107.195" port: 42535 } } peers { permanent_uuid: "57f0381b990e4fe4b2f736795e52cc00" member_type: VOTER last_known_addr { host: "127.0.107.196" port: 44047 } attrs { promote: false } } }
I20260630 12:12:24.825109  3485 tablet_service.cc:2072] Received LeaderStepDown RPC: tablet_id: "33ed43039b954013b144e879a5f91f53"
dest_uuid: "3528a5bfe53d429da6e50d404fc519a5"
mode: GRACEFUL
new_leader_uuid: "920337505c8d46e3b7d02534beba7a52"
 from {username='slave'} at 127.0.0.1:55406
I20260630 12:12:24.825668  3485 raft_consensus.cc:606] T 33ed43039b954013b144e879a5f91f53 P 3528a5bfe53d429da6e50d404fc519a5 [term 1 LEADER]: Received request to transfer leadership to TS 920337505c8d46e3b7d02534beba7a52
I20260630 12:12:24.824775  3707 raft_consensus.cc:2955] T 7885a16c556a46419e5e6335897edd4e P 57f0381b990e4fe4b2f736795e52cc00 [term 1 FOLLOWER]: Committing config change with OpId 1.4: config changed from index 3 to 4, VOTER 3528a5bfe53d429da6e50d404fc519a5 (127.0.107.194) evicted. New config: { opid_index: 4 OBSOLETE_local: false peers { permanent_uuid: "b13b447401c84bfca670d45eb5482aa0" member_type: VOTER last_known_addr { host: "127.0.107.193" port: 39759 } } peers { permanent_uuid: "920337505c8d46e3b7d02534beba7a52" member_type: VOTER last_known_addr { host: "127.0.107.195" port: 42535 } } peers { permanent_uuid: "57f0381b990e4fe4b2f736795e52cc00" member_type: VOTER last_known_addr { host: "127.0.107.196" port: 44047 } attrs { promote: false } } }
I20260630 12:12:24.835575  3292 catalog_manager.cc:5210] ChangeConfig:REMOVE_PEER RPC for tablet 7885a16c556a46419e5e6335897edd4e with cas_config_opid_index 3: ChangeConfig:REMOVE_PEER succeeded (attempt 1)
I20260630 12:12:24.837087  3545 tablet_service.cc:1558] Processing DeleteTablet for tablet 7b51b818e7294befaef5363d67a7a0b6 with delete_type TABLET_DATA_TOMBSTONED (TS 920337505c8d46e3b7d02534beba7a52 not found in new config with opid_index 4) from {username='slave'} at 127.0.0.1:36314
I20260630 12:12:24.840320  3303 catalog_manager.cc:5697] T 7885a16c556a46419e5e6335897edd4e P 920337505c8d46e3b7d02534beba7a52 reported cstate change: config changed from index 3 to 4, VOTER 3528a5bfe53d429da6e50d404fc519a5 (127.0.107.194) evicted. New cstate: current_term: 1 leader_uuid: "920337505c8d46e3b7d02534beba7a52" committed_config { opid_index: 4 OBSOLETE_local: false peers { permanent_uuid: "b13b447401c84bfca670d45eb5482aa0" member_type: VOTER last_known_addr { host: "127.0.107.193" port: 39759 } health_report { overall_health: HEALTHY } } peers { permanent_uuid: "920337505c8d46e3b7d02534beba7a52" member_type: VOTER last_known_addr { host: "127.0.107.195" port: 42535 } health_report { overall_health: HEALTHY } } peers { permanent_uuid: "57f0381b990e4fe4b2f736795e52cc00" member_type: VOTER last_known_addr { host: "127.0.107.196" port: 44047 } attrs { promote: false } health_report { overall_health: HEALTHY } } }
I20260630 12:12:24.852662  3906 tablet_replica.cc:333] T 7b51b818e7294befaef5363d67a7a0b6 P 920337505c8d46e3b7d02534beba7a52: stopping tablet replica
I20260630 12:12:24.853902  3906 raft_consensus.cc:2243] T 7b51b818e7294befaef5363d67a7a0b6 P 920337505c8d46e3b7d02534beba7a52 [term 1 FOLLOWER]: Raft consensus shutting down.
I20260630 12:12:24.854581  3906 raft_consensus.cc:2272] T 7b51b818e7294befaef5363d67a7a0b6 P 920337505c8d46e3b7d02534beba7a52 [term 1 FOLLOWER]: Raft consensus is shut down!
I20260630 12:12:24.855957  3474 tablet_service.cc:1558] Processing DeleteTablet for tablet 7885a16c556a46419e5e6335897edd4e with delete_type TABLET_DATA_TOMBSTONED (TS 3528a5bfe53d429da6e50d404fc519a5 not found in new config with opid_index 4) from {username='slave'} at 127.0.0.1:39166
I20260630 12:12:24.859781  3906 ts_tablet_manager.cc:1916] T 7b51b818e7294befaef5363d67a7a0b6 P 920337505c8d46e3b7d02534beba7a52: Deleting tablet data with delete state TABLET_DATA_TOMBSTONED
I20260630 12:12:24.861133  3907 tablet_replica.cc:333] T 7885a16c556a46419e5e6335897edd4e P 3528a5bfe53d429da6e50d404fc519a5: stopping tablet replica
I20260630 12:12:24.862071  3907 raft_consensus.cc:2243] T 7885a16c556a46419e5e6335897edd4e P 3528a5bfe53d429da6e50d404fc519a5 [term 1 FOLLOWER]: Raft consensus shutting down.
I20260630 12:12:24.862603  3907 raft_consensus.cc:2272] T 7885a16c556a46419e5e6335897edd4e P 3528a5bfe53d429da6e50d404fc519a5 [term 1 FOLLOWER]: Raft consensus is shut down!
I20260630 12:12:24.865694  3907 ts_tablet_manager.cc:1916] T 7885a16c556a46419e5e6335897edd4e P 3528a5bfe53d429da6e50d404fc519a5: Deleting tablet data with delete state TABLET_DATA_TOMBSTONED
I20260630 12:12:24.865813  3410 tablet_service.cc:2072] Received LeaderStepDown RPC: tablet_id: "679c6b22ae6244c49319fa697a0380c7"
dest_uuid: "b13b447401c84bfca670d45eb5482aa0"
mode: GRACEFUL
new_leader_uuid: "57f0381b990e4fe4b2f736795e52cc00"
 from {username='slave'} at 127.0.0.1:56402
I20260630 12:12:24.866369  3410 raft_consensus.cc:606] T 679c6b22ae6244c49319fa697a0380c7 P b13b447401c84bfca670d45eb5482aa0 [term 1 LEADER]: Received request to transfer leadership to TS 57f0381b990e4fe4b2f736795e52cc00
I20260630 12:12:24.868701  3410 tablet_service.cc:2072] Received LeaderStepDown RPC: tablet_id: "b3d0da5eecb24b84a0a0594618c0d6ea"
dest_uuid: "b13b447401c84bfca670d45eb5482aa0"
mode: GRACEFUL
new_leader_uuid: "57f0381b990e4fe4b2f736795e52cc00"
 from {username='slave'} at 127.0.0.1:56402
I20260630 12:12:24.869148  3410 raft_consensus.cc:606] T b3d0da5eecb24b84a0a0594618c0d6ea P b13b447401c84bfca670d45eb5482aa0 [term 1 LEADER]: Received request to transfer leadership to TS 57f0381b990e4fe4b2f736795e52cc00
I20260630 12:12:24.870183  3361 auto_leader_rebalancer.cc:440] table: range_aware_rebalance_new_range, leader rebalance finish, leader transfer count: 3
I20260630 12:12:24.870740  3361 auto_leader_rebalancer.cc:515] All tables' leader rebalancing finished this round
I20260630 12:12:24.875844  3906 ts_tablet_manager.cc:1929] T 7b51b818e7294befaef5363d67a7a0b6 P 920337505c8d46e3b7d02534beba7a52: tablet deleted with delete type TABLET_DATA_TOMBSTONED: last-logged OpId 1.3
I20260630 12:12:24.876281  3906 log.cc:1199] T 7b51b818e7294befaef5363d67a7a0b6 P 920337505c8d46e3b7d02534beba7a52: Deleting WAL directory at /tmp/dist-test-task2i6lW5/test-tmp/auto_rebalancer-test.0.AutoRebalancerTest.RangeAwareRebalancesNewRangeReplicas.1782821457285581-431-0/minicluster-data/ts-2-root/wals/7b51b818e7294befaef5363d67a7a0b6
