W20260630 12:25:31.874431 11148 leader_election.cc:343] T ef7b0d1ebcd5447a9196afd583b071ff P 3fefc2cb7df14990ae794c91dc4612b3 [CANDIDATE]: Term 1 pre-election: Tablet error from VoteRequest() call to peer deee4c193afb4a69848f3424d08241da (127.10.31.193:46785): Illegal state: must be running to vote when last-logged opid is not known
I20260630 12:25:31.880105 11229 ts_tablet_manager.cc:1434] T 1c76b94ac16c41f684f0ce2e2cb63538 P 3fefc2cb7df14990ae794c91dc4612b3: Time spent starting tablet: real 0.022s	user 0.006s	sys 0.000s
I20260630 12:25:31.880189 11109 raft_consensus.cc:2468] T 3bedc67075144c10b50de36bd477d8c4 P 693601c0c9124a50b422e7fd0af121fd [term 1 FOLLOWER]: Leader election vote request: Granting yes vote for candidate deee4c193afb4a69848f3424d08241da in term 1.
I20260630 12:25:31.884858 11232 leader_election.cc:290] T ffe92596f111467b93f4cb5f75bf8b4f P 3fefc2cb7df14990ae794c91dc4612b3 [CANDIDATE]: Term 1 election: Requested vote from peers deee4c193afb4a69848f3424d08241da (127.10.31.193:46785), 693601c0c9124a50b422e7fd0af121fd (127.10.31.194:44555)
I20260630 12:25:31.886569 11034 tablet_service.cc:1917] Received RequestConsensusVote() RPC: tablet_id: "ffe92596f111467b93f4cb5f75bf8b4f" candidate_uuid: "3fefc2cb7df14990ae794c91dc4612b3" candidate_term: 1 candidate_status { last_received { term: 0 index: 0 } } ignore_live_leader: false dest_uuid: "deee4c193afb4a69848f3424d08241da"
I20260630 12:25:31.887313 11034 raft_consensus.cc:3060] T ffe92596f111467b93f4cb5f75bf8b4f P deee4c193afb4a69848f3424d08241da [term 0 FOLLOWER]: Advancing to term 1
I20260630 12:25:31.893657 11229 tablet_bootstrap.cc:492] T 4ebe4c07adea4d37a26928f2910f2a32 P 3fefc2cb7df14990ae794c91dc4612b3: Bootstrap starting.
I20260630 12:25:31.896754 11034 raft_consensus.cc:2468] T ffe92596f111467b93f4cb5f75bf8b4f P deee4c193afb4a69848f3424d08241da [term 1 FOLLOWER]: Leader election vote request: Granting yes vote for candidate 3fefc2cb7df14990ae794c91dc4612b3 in term 1.
I20260630 12:25:31.905159 10999 leader_election.cc:304] T 3bedc67075144c10b50de36bd477d8c4 P deee4c193afb4a69848f3424d08241da [CANDIDATE]: Term 1 election: Election decided. Result: candidate won. Election summary: received 2 responses out of 3 voters: 2 yes votes; 0 no votes. yes voters: 693601c0c9124a50b422e7fd0af121fd, deee4c193afb4a69848f3424d08241da; no voters: 
I20260630 12:25:31.910432 11229 tablet_bootstrap.cc:654] T 4ebe4c07adea4d37a26928f2910f2a32 P 3fefc2cb7df14990ae794c91dc4612b3: Neither blocks nor log segments found. Creating new log.
I20260630 12:25:31.912849 11238 leader_election.cc:290] T 3bedc67075144c10b50de36bd477d8c4 P deee4c193afb4a69848f3424d08241da [CANDIDATE]: Term 1 election: Requested vote from peers 693601c0c9124a50b422e7fd0af121fd (127.10.31.194:44555), 3fefc2cb7df14990ae794c91dc4612b3 (127.10.31.195:34397)
I20260630 12:25:31.917435 11238 raft_consensus.cc:2804] T 3bedc67075144c10b50de36bd477d8c4 P deee4c193afb4a69848f3424d08241da [term 1 FOLLOWER]: Leader election won for term 1
I20260630 12:25:31.918242 11238 raft_consensus.cc:697] T 3bedc67075144c10b50de36bd477d8c4 P deee4c193afb4a69848f3424d08241da [term 1 LEADER]: Becoming Leader. State: Replica: deee4c193afb4a69848f3424d08241da, State: Running, Role: LEADER
I20260630 12:25:31.919643 11238 consensus_queue.cc:237] T 3bedc67075144c10b50de36bd477d8c4 P deee4c193afb4a69848f3424d08241da [LEADER]: Queue going to LEADER mode. State: All replicated index: 0, Majority replicated index: 0, Committed index: 0, Last appended: 0.0, Last appended by leader: 0, Current term: 1, Majority size: 2, State: 0, Mode: LEADER, active raft config: opid_index: -1 OBSOLETE_local: false peers { permanent_uuid: "deee4c193afb4a69848f3424d08241da" member_type: VOTER last_known_addr { host: "127.10.31.193" port: 46785 } } peers { permanent_uuid: "693601c0c9124a50b422e7fd0af121fd" member_type: VOTER last_known_addr { host: "127.10.31.194" port: 44555 } } peers { permanent_uuid: "3fefc2cb7df14990ae794c91dc4612b3" member_type: VOTER last_known_addr { host: "127.10.31.195" port: 34397 } }
I20260630 12:25:31.920868 11233 tablet_bootstrap.cc:492] T ef7b0d1ebcd5447a9196afd583b071ff P deee4c193afb4a69848f3424d08241da: No bootstrap required, opened a new log
I20260630 12:25:31.924079 11035 raft_consensus.cc:2468] T 9bde622ae15748be8e66fd40b3aff6c8 P deee4c193afb4a69848f3424d08241da [term 1 FOLLOWER]: Leader election vote request: Granting yes vote for candidate 3fefc2cb7df14990ae794c91dc4612b3 in term 1.
I20260630 12:25:31.925043 11233 ts_tablet_manager.cc:1403] T ef7b0d1ebcd5447a9196afd583b071ff P deee4c193afb4a69848f3424d08241da: Time spent bootstrapping tablet: real 0.237s	user 0.025s	sys 0.039s
I20260630 12:25:31.928925 11148 leader_election.cc:304] T ffe92596f111467b93f4cb5f75bf8b4f P 3fefc2cb7df14990ae794c91dc4612b3 [CANDIDATE]: Term 1 election: Election decided. Result: candidate won. Election summary: received 2 responses out of 3 voters: 2 yes votes; 0 no votes. yes voters: 3fefc2cb7df14990ae794c91dc4612b3, deee4c193afb4a69848f3424d08241da; no voters: 
I20260630 12:25:31.928979 11109 tablet_service.cc:1917] Received RequestConsensusVote() RPC: tablet_id: "9bde622ae15748be8e66fd40b3aff6c8" candidate_uuid: "3fefc2cb7df14990ae794c91dc4612b3" candidate_term: 1 candidate_status { last_received { term: 0 index: 0 } } ignore_live_leader: false dest_uuid: "693601c0c9124a50b422e7fd0af121fd"
I20260630 12:25:31.930153 11109 raft_consensus.cc:3060] T 9bde622ae15748be8e66fd40b3aff6c8 P 693601c0c9124a50b422e7fd0af121fd [term 0 FOLLOWER]: Advancing to term 1
I20260630 12:25:31.930135 11232 raft_consensus.cc:2804] T ffe92596f111467b93f4cb5f75bf8b4f P 3fefc2cb7df14990ae794c91dc4612b3 [term 1 FOLLOWER]: Leader election won for term 1
I20260630 12:25:31.931879 11232 raft_consensus.cc:697] T ffe92596f111467b93f4cb5f75bf8b4f P 3fefc2cb7df14990ae794c91dc4612b3 [term 1 LEADER]: Becoming Leader. State: Replica: 3fefc2cb7df14990ae794c91dc4612b3, State: Running, Role: LEADER
I20260630 12:25:31.932818 11232 consensus_queue.cc:237] T ffe92596f111467b93f4cb5f75bf8b4f P 3fefc2cb7df14990ae794c91dc4612b3 [LEADER]: Queue going to LEADER mode. State: All replicated index: 0, Majority replicated index: 0, Committed index: 0, Last appended: 0.0, Last appended by leader: 0, Current term: 1, Majority size: 2, State: 0, Mode: LEADER, active raft config: opid_index: -1 OBSOLETE_local: false peers { permanent_uuid: "deee4c193afb4a69848f3424d08241da" member_type: VOTER last_known_addr { host: "127.10.31.193" port: 46785 } } peers { permanent_uuid: "693601c0c9124a50b422e7fd0af121fd" member_type: VOTER last_known_addr { host: "127.10.31.194" port: 44555 } } peers { permanent_uuid: "3fefc2cb7df14990ae794c91dc4612b3" member_type: VOTER last_known_addr { host: "127.10.31.195" port: 34397 } }
I20260630 12:25:31.933470 11233 raft_consensus.cc:359] T ef7b0d1ebcd5447a9196afd583b071ff P deee4c193afb4a69848f3424d08241da [term 0 FOLLOWER]: Replica starting. Triggering 0 pending ops. Active config: opid_index: -1 OBSOLETE_local: false peers { permanent_uuid: "deee4c193afb4a69848f3424d08241da" member_type: VOTER last_known_addr { host: "127.10.31.193" port: 46785 } } peers { permanent_uuid: "693601c0c9124a50b422e7fd0af121fd" member_type: VOTER last_known_addr { host: "127.10.31.194" port: 44555 } } peers { permanent_uuid: "3fefc2cb7df14990ae794c91dc4612b3" member_type: VOTER last_known_addr { host: "127.10.31.195" port: 34397 } }
I20260630 12:25:31.938181 11233 raft_consensus.cc:385] T ef7b0d1ebcd5447a9196afd583b071ff P deee4c193afb4a69848f3424d08241da [term 0 FOLLOWER]: Consensus starting up: Expiring failure detector timer to make a prompt election more likely
I20260630 12:25:31.938580 11110 tablet_service.cc:1917] Received RequestConsensusVote() RPC: tablet_id: "ef7b0d1ebcd5447a9196afd583b071ff" candidate_uuid: "3fefc2cb7df14990ae794c91dc4612b3" candidate_term: 1 candidate_status { last_received { term: 0 index: 0 } } ignore_live_leader: false dest_uuid: "693601c0c9124a50b422e7fd0af121fd" is_pre_election: true
I20260630 12:25:31.940565 11108 tablet_service.cc:1917] Received RequestConsensusVote() RPC: tablet_id: "ffe92596f111467b93f4cb5f75bf8b4f" candidate_uuid: "3fefc2cb7df14990ae794c91dc4612b3" candidate_term: 1 candidate_status { last_received { term: 0 index: 0 } } ignore_live_leader: false dest_uuid: "693601c0c9124a50b422e7fd0af121fd"
W20260630 12:25:31.941017 11148 leader_election.cc:343] T ef7b0d1ebcd5447a9196afd583b071ff P 3fefc2cb7df14990ae794c91dc4612b3 [CANDIDATE]: Term 1 pre-election: Tablet error from VoteRequest() call to peer 693601c0c9124a50b422e7fd0af121fd (127.10.31.194:44555): Illegal state: must be running to vote when last-logged opid is not known
I20260630 12:25:31.941555 11108 raft_consensus.cc:3060] T ffe92596f111467b93f4cb5f75bf8b4f P 693601c0c9124a50b422e7fd0af121fd [term 0 FOLLOWER]: Advancing to term 1
I20260630 12:25:31.943671 11237 raft_consensus.cc:493] T e8e0c69eeb8e4b81a12258b1904b9189 P 693601c0c9124a50b422e7fd0af121fd [term 0 FOLLOWER]: Starting pre-election (no leader contacted us within the election timeout)
I20260630 12:25:31.943816 11184 tablet_service.cc:1917] Received RequestConsensusVote() RPC: tablet_id: "3bedc67075144c10b50de36bd477d8c4" candidate_uuid: "deee4c193afb4a69848f3424d08241da" candidate_term: 1 candidate_status { last_received { term: 0 index: 0 } } ignore_live_leader: false dest_uuid: "3fefc2cb7df14990ae794c91dc4612b3"
I20260630 12:25:31.941653 11148 leader_election.cc:304] T ef7b0d1ebcd5447a9196afd583b071ff P 3fefc2cb7df14990ae794c91dc4612b3 [CANDIDATE]: Term 1 pre-election: Election decided. Result: candidate lost. Election summary: received 3 responses out of 3 voters: 1 yes votes; 2 no votes. yes voters: 3fefc2cb7df14990ae794c91dc4612b3; no voters: 693601c0c9124a50b422e7fd0af121fd, deee4c193afb4a69848f3424d08241da
I20260630 12:25:31.944744 11184 raft_consensus.cc:3060] T 3bedc67075144c10b50de36bd477d8c4 P 3fefc2cb7df14990ae794c91dc4612b3 [term 0 FOLLOWER]: Advancing to term 1
I20260630 12:25:31.944250 11237 raft_consensus.cc:515] T e8e0c69eeb8e4b81a12258b1904b9189 P 693601c0c9124a50b422e7fd0af121fd [term 0 FOLLOWER]: Starting pre-election with config: opid_index: -1 OBSOLETE_local: false peers { permanent_uuid: "deee4c193afb4a69848f3424d08241da" member_type: VOTER last_known_addr { host: "127.10.31.193" port: 46785 } } peers { permanent_uuid: "693601c0c9124a50b422e7fd0af121fd" member_type: VOTER last_known_addr { host: "127.10.31.194" port: 44555 } } peers { permanent_uuid: "3fefc2cb7df14990ae794c91dc4612b3" member_type: VOTER last_known_addr { host: "127.10.31.195" port: 34397 } }
I20260630 12:25:31.938915 11233 raft_consensus.cc:740] T ef7b0d1ebcd5447a9196afd583b071ff P deee4c193afb4a69848f3424d08241da [term 0 FOLLOWER]: Becoming Follower/Learner. State: Replica: deee4c193afb4a69848f3424d08241da, State: Initialized, Role: FOLLOWER
I20260630 12:25:31.947516 11035 tablet_service.cc:1917] Received RequestConsensusVote() RPC: tablet_id: "ffe92596f111467b93f4cb5f75bf8b4f" candidate_uuid: "693601c0c9124a50b422e7fd0af121fd" candidate_term: 1 candidate_status { last_received { term: 0 index: 0 } } ignore_live_leader: false dest_uuid: "deee4c193afb4a69848f3424d08241da" is_pre_election: true
I20260630 12:25:31.948755 11035 raft_consensus.cc:2393] T ffe92596f111467b93f4cb5f75bf8b4f P deee4c193afb4a69848f3424d08241da [term 1 FOLLOWER]: Leader pre-election vote request: Denying vote to candidate 693601c0c9124a50b422e7fd0af121fd in current term 1: Already voted for candidate 3fefc2cb7df14990ae794c91dc4612b3 in this term.
I20260630 12:25:31.947619 11183 tablet_service.cc:1917] Received RequestConsensusVote() RPC: tablet_id: "ffe92596f111467b93f4cb5f75bf8b4f" candidate_uuid: "693601c0c9124a50b422e7fd0af121fd" candidate_term: 1 candidate_status { last_received { term: 0 index: 0 } } ignore_live_leader: false dest_uuid: "3fefc2cb7df14990ae794c91dc4612b3" is_pre_election: true
I20260630 12:25:31.949263 11233 consensus_queue.cc:260] T ef7b0d1ebcd5447a9196afd583b071ff P deee4c193afb4a69848f3424d08241da [NON_LEADER]: Queue going to NON_LEADER mode. State: All replicated index: 0, Majority replicated index: 0, Committed index: 0, Last appended: 0.0, Last appended by leader: 0, Current term: 0, Majority size: -1, State: 0, Mode: NON_LEADER, active raft config: opid_index: -1 OBSOLETE_local: false peers { permanent_uuid: "deee4c193afb4a69848f3424d08241da" member_type: VOTER last_known_addr { host: "127.10.31.193" port: 46785 } } peers { permanent_uuid: "693601c0c9124a50b422e7fd0af121fd" member_type: VOTER last_known_addr { host: "127.10.31.194" port: 44555 } } peers { permanent_uuid: "3fefc2cb7df14990ae794c91dc4612b3" member_type: VOTER last_known_addr { host: "127.10.31.195" port: 34397 } }
I20260630 12:25:31.958077 11237 leader_election.cc:290] T e8e0c69eeb8e4b81a12258b1904b9189 P 693601c0c9124a50b422e7fd0af121fd [CANDIDATE]: Term 1 pre-election: Requested pre-vote from peers deee4c193afb4a69848f3424d08241da (127.10.31.193:46785), 3fefc2cb7df14990ae794c91dc4612b3 (127.10.31.195:34397)
I20260630 12:25:31.951028 10932 catalog_manager.cc:5697] T 3bedc67075144c10b50de36bd477d8c4 P deee4c193afb4a69848f3424d08241da reported cstate change: term changed from 0 to 1, leader changed from <none> to deee4c193afb4a69848f3424d08241da (127.10.31.193). New cstate: current_term: 1 leader_uuid: "deee4c193afb4a69848f3424d08241da" committed_config { opid_index: -1 OBSOLETE_local: false peers { permanent_uuid: "deee4c193afb4a69848f3424d08241da" member_type: VOTER last_known_addr { host: "127.10.31.193" port: 46785 } health_report { overall_health: HEALTHY } } peers { permanent_uuid: "693601c0c9124a50b422e7fd0af121fd" member_type: VOTER last_known_addr { host: "127.10.31.194" port: 44555 } health_report { overall_health: UNKNOWN } } peers { permanent_uuid: "3fefc2cb7df14990ae794c91dc4612b3" member_type: VOTER last_known_addr { host: "127.10.31.195" port: 34397 } health_report { overall_health: UNKNOWN } } }
I20260630 12:25:31.954375 11250 raft_consensus.cc:2749] T ef7b0d1ebcd5447a9196afd583b071ff P 3fefc2cb7df14990ae794c91dc4612b3 [term 0 FOLLOWER]: Leader pre-election lost for term 1. Reason: could not achieve majority
I20260630 12:25:31.965426 11233 ts_tablet_manager.cc:1434] T ef7b0d1ebcd5447a9196afd583b071ff P deee4c193afb4a69848f3424d08241da: Time spent starting tablet: real 0.040s	user 0.002s	sys 0.009s
I20260630 12:25:31.968293 11238 raft_consensus.cc:493] T e8e0c69eeb8e4b81a12258b1904b9189 P deee4c193afb4a69848f3424d08241da [term 0 FOLLOWER]: Starting pre-election (no leader contacted us within the election timeout)
I20260630 12:25:31.971952 11148 leader_election.cc:304] T 9bde622ae15748be8e66fd40b3aff6c8 P 3fefc2cb7df14990ae794c91dc4612b3 [CANDIDATE]: Term 1 election: Election decided. Result: candidate won. Election summary: received 2 responses out of 3 voters: 2 yes votes; 0 no votes. yes voters: 3fefc2cb7df14990ae794c91dc4612b3, deee4c193afb4a69848f3424d08241da; no voters: 
I20260630 12:25:31.979367 11232 raft_consensus.cc:2804] T 9bde622ae15748be8e66fd40b3aff6c8 P 3fefc2cb7df14990ae794c91dc4612b3 [term 1 FOLLOWER]: Leader election won for term 1
I20260630 12:25:31.980062 11232 raft_consensus.cc:697] T 9bde622ae15748be8e66fd40b3aff6c8 P 3fefc2cb7df14990ae794c91dc4612b3 [term 1 LEADER]: Becoming Leader. State: Replica: 3fefc2cb7df14990ae794c91dc4612b3, State: Running, Role: LEADER
I20260630 12:25:31.980167 11035 tablet_service.cc:1917] Received RequestConsensusVote() RPC: tablet_id: "e8e0c69eeb8e4b81a12258b1904b9189" candidate_uuid: "693601c0c9124a50b422e7fd0af121fd" candidate_term: 1 candidate_status { last_received { term: 0 index: 0 } } ignore_live_leader: false dest_uuid: "deee4c193afb4a69848f3424d08241da" is_pre_election: true
I20260630 12:25:31.979256 11238 raft_consensus.cc:515] T e8e0c69eeb8e4b81a12258b1904b9189 P deee4c193afb4a69848f3424d08241da [term 0 FOLLOWER]: Starting pre-election with config: opid_index: -1 OBSOLETE_local: false peers { permanent_uuid: "deee4c193afb4a69848f3424d08241da" member_type: VOTER last_known_addr { host: "127.10.31.193" port: 46785 } } peers { permanent_uuid: "693601c0c9124a50b422e7fd0af121fd" member_type: VOTER last_known_addr { host: "127.10.31.194" port: 44555 } } peers { permanent_uuid: "3fefc2cb7df14990ae794c91dc4612b3" member_type: VOTER last_known_addr { host: "127.10.31.195" port: 34397 } }
I20260630 12:25:31.981251 11232 consensus_queue.cc:237] T 9bde622ae15748be8e66fd40b3aff6c8 P 3fefc2cb7df14990ae794c91dc4612b3 [LEADER]: Queue going to LEADER mode. State: All replicated index: 0, Majority replicated index: 0, Committed index: 0, Last appended: 0.0, Last appended by leader: 0, Current term: 1, Majority size: 2, State: 0, Mode: LEADER, active raft config: opid_index: -1 OBSOLETE_local: false peers { permanent_uuid: "693601c0c9124a50b422e7fd0af121fd" member_type: VOTER last_known_addr { host: "127.10.31.194" port: 44555 } } peers { permanent_uuid: "deee4c193afb4a69848f3424d08241da" member_type: VOTER last_known_addr { host: "127.10.31.193" port: 46785 } } peers { permanent_uuid: "3fefc2cb7df14990ae794c91dc4612b3" member_type: VOTER last_known_addr { host: "127.10.31.195" port: 34397 } }
I20260630 12:25:31.983572 11035 raft_consensus.cc:2468] T e8e0c69eeb8e4b81a12258b1904b9189 P deee4c193afb4a69848f3424d08241da [term 0 FOLLOWER]: Leader pre-election vote request: Granting yes vote for candidate 693601c0c9124a50b422e7fd0af121fd in term 0.
I20260630 12:25:31.984350 11250 raft_consensus.cc:493] T e8e0c69eeb8e4b81a12258b1904b9189 P 3fefc2cb7df14990ae794c91dc4612b3 [term 0 FOLLOWER]: Starting pre-election (no leader contacted us within the election timeout)
I20260630 12:25:31.984872 11250 raft_consensus.cc:515] T e8e0c69eeb8e4b81a12258b1904b9189 P 3fefc2cb7df14990ae794c91dc4612b3 [term 0 FOLLOWER]: Starting pre-election with config: opid_index: -1 OBSOLETE_local: false peers { permanent_uuid: "deee4c193afb4a69848f3424d08241da" member_type: VOTER last_known_addr { host: "127.10.31.193" port: 46785 } } peers { permanent_uuid: "693601c0c9124a50b422e7fd0af121fd" member_type: VOTER last_known_addr { host: "127.10.31.194" port: 44555 } } peers { permanent_uuid: "3fefc2cb7df14990ae794c91dc4612b3" member_type: VOTER last_known_addr { host: "127.10.31.195" port: 34397 } }
I20260630 12:25:31.987226 11110 tablet_service.cc:1917] Received RequestConsensusVote() RPC: tablet_id: "e8e0c69eeb8e4b81a12258b1904b9189" candidate_uuid: "deee4c193afb4a69848f3424d08241da" candidate_term: 1 candidate_status { last_received { term: 0 index: 0 } } ignore_live_leader: false dest_uuid: "693601c0c9124a50b422e7fd0af121fd" is_pre_election: true
I20260630 12:25:31.987401 11250 leader_election.cc:290] T e8e0c69eeb8e4b81a12258b1904b9189 P 3fefc2cb7df14990ae794c91dc4612b3 [CANDIDATE]: Term 1 pre-election: Requested pre-vote from peers deee4c193afb4a69848f3424d08241da (127.10.31.193:46785), 693601c0c9124a50b422e7fd0af121fd (127.10.31.194:44555)
I20260630 12:25:31.988176 11110 raft_consensus.cc:2468] T e8e0c69eeb8e4b81a12258b1904b9189 P 693601c0c9124a50b422e7fd0af121fd [term 0 FOLLOWER]: Leader pre-election vote request: Granting yes vote for candidate deee4c193afb4a69848f3424d08241da in term 0.
I20260630 12:25:31.987455 11238 leader_election.cc:290] T e8e0c69eeb8e4b81a12258b1904b9189 P deee4c193afb4a69848f3424d08241da [CANDIDATE]: Term 1 pre-election: Requested pre-vote from peers 693601c0c9124a50b422e7fd0af121fd (127.10.31.194:44555), 3fefc2cb7df14990ae794c91dc4612b3 (127.10.31.195:34397)
I20260630 12:25:31.993826 11183 tablet_service.cc:1917] Received RequestConsensusVote() RPC: tablet_id: "e8e0c69eeb8e4b81a12258b1904b9189" candidate_uuid: "deee4c193afb4a69848f3424d08241da" candidate_term: 1 candidate_status { last_received { term: 0 index: 0 } } ignore_live_leader: false dest_uuid: "3fefc2cb7df14990ae794c91dc4612b3" is_pre_election: true
I20260630 12:25:31.994434 11182 tablet_service.cc:1917] Received RequestConsensusVote() RPC: tablet_id: "e8e0c69eeb8e4b81a12258b1904b9189" candidate_uuid: "693601c0c9124a50b422e7fd0af121fd" candidate_term: 1 candidate_status { last_received { term: 0 index: 0 } } ignore_live_leader: false dest_uuid: "3fefc2cb7df14990ae794c91dc4612b3" is_pre_election: true
I20260630 12:25:31.998740 11183 raft_consensus.cc:2468] T e8e0c69eeb8e4b81a12258b1904b9189 P 3fefc2cb7df14990ae794c91dc4612b3 [term 0 FOLLOWER]: Leader pre-election vote request: Granting yes vote for candidate deee4c193afb4a69848f3424d08241da in term 0.
I20260630 12:25:32.000958 11034 tablet_service.cc:1917] Received RequestConsensusVote() RPC: tablet_id: "e8e0c69eeb8e4b81a12258b1904b9189" candidate_uuid: "3fefc2cb7df14990ae794c91dc4612b3" candidate_term: 1 candidate_status { last_received { term: 0 index: 0 } } ignore_live_leader: false dest_uuid: "deee4c193afb4a69848f3424d08241da" is_pre_election: true
I20260630 12:25:32.000890 10999 leader_election.cc:304] T e8e0c69eeb8e4b81a12258b1904b9189 P deee4c193afb4a69848f3424d08241da [CANDIDATE]: Term 1 pre-election: Election decided. Result: candidate won. Election summary: received 2 responses out of 3 voters: 2 yes votes; 0 no votes. yes voters: 693601c0c9124a50b422e7fd0af121fd, deee4c193afb4a69848f3424d08241da; no voters: 
I20260630 12:25:31.985936 11108 raft_consensus.cc:2468] T ffe92596f111467b93f4cb5f75bf8b4f P 693601c0c9124a50b422e7fd0af121fd [term 1 FOLLOWER]: Leader election vote request: Granting yes vote for candidate 3fefc2cb7df14990ae794c91dc4612b3 in term 1.
I20260630 12:25:32.006071 11074 leader_election.cc:304] T ffe92596f111467b93f4cb5f75bf8b4f P 693601c0c9124a50b422e7fd0af121fd [CANDIDATE]: Term 1 pre-election: Election decided. Result: candidate lost. Election summary: received 3 responses out of 3 voters: 1 yes votes; 2 no votes. yes voters: 693601c0c9124a50b422e7fd0af121fd; no voters: 3fefc2cb7df14990ae794c91dc4612b3, deee4c193afb4a69848f3424d08241da
I20260630 12:25:32.013566 11237 raft_consensus.cc:2749] T ffe92596f111467b93f4cb5f75bf8b4f P 693601c0c9124a50b422e7fd0af121fd [term 1 FOLLOWER]: Leader pre-election lost for term 1. Reason: could not achieve majority
I20260630 12:25:32.014038 11250 raft_consensus.cc:493] T 3226702a1393495db0e463000c19ce3e P 3fefc2cb7df14990ae794c91dc4612b3 [term 0 FOLLOWER]: Starting pre-election (no leader contacted us within the election timeout)
I20260630 12:25:32.014756 11250 raft_consensus.cc:515] T 3226702a1393495db0e463000c19ce3e P 3fefc2cb7df14990ae794c91dc4612b3 [term 0 FOLLOWER]: Starting pre-election with config: opid_index: -1 OBSOLETE_local: false peers { permanent_uuid: "deee4c193afb4a69848f3424d08241da" member_type: VOTER last_known_addr { host: "127.10.31.193" port: 46785 } } peers { permanent_uuid: "693601c0c9124a50b422e7fd0af121fd" member_type: VOTER last_known_addr { host: "127.10.31.194" port: 44555 } } peers { permanent_uuid: "3fefc2cb7df14990ae794c91dc4612b3" member_type: VOTER last_known_addr { host: "127.10.31.195" port: 34397 } }
I20260630 12:25:32.037388 11184 raft_consensus.cc:2468] T 3bedc67075144c10b50de36bd477d8c4 P 3fefc2cb7df14990ae794c91dc4612b3 [term 1 FOLLOWER]: Leader election vote request: Granting yes vote for candidate deee4c193afb4a69848f3424d08241da in term 1.
I20260630 12:25:32.041093 11229 tablet_bootstrap.cc:492] T 4ebe4c07adea4d37a26928f2910f2a32 P 3fefc2cb7df14990ae794c91dc4612b3: No bootstrap required, opened a new log
I20260630 12:25:32.041733 11229 ts_tablet_manager.cc:1403] T 4ebe4c07adea4d37a26928f2910f2a32 P 3fefc2cb7df14990ae794c91dc4612b3: Time spent bootstrapping tablet: real 0.148s	user 0.022s	sys 0.045s
I20260630 12:25:32.041340 11250 leader_election.cc:290] T 3226702a1393495db0e463000c19ce3e P 3fefc2cb7df14990ae794c91dc4612b3 [CANDIDATE]: Term 1 pre-election: Requested pre-vote from peers deee4c193afb4a69848f3424d08241da (127.10.31.193:46785), 693601c0c9124a50b422e7fd0af121fd (127.10.31.194:44555)
I20260630 12:25:32.045598 11231 tablet_bootstrap.cc:492] T ef7b0d1ebcd5447a9196afd583b071ff P 693601c0c9124a50b422e7fd0af121fd: No bootstrap required, opened a new log
I20260630 12:25:32.046794 11108 tablet_service.cc:1917] Received RequestConsensusVote() RPC: tablet_id: "e8e0c69eeb8e4b81a12258b1904b9189" candidate_uuid: "3fefc2cb7df14990ae794c91dc4612b3" candidate_term: 1 candidate_status { last_received { term: 0 index: 0 } } ignore_live_leader: false dest_uuid: "693601c0c9124a50b422e7fd0af121fd" is_pre_election: true
I20260630 12:25:32.047586 11108 raft_consensus.cc:2468] T e8e0c69eeb8e4b81a12258b1904b9189 P 693601c0c9124a50b422e7fd0af121fd [term 0 FOLLOWER]: Leader pre-election vote request: Granting yes vote for candidate 3fefc2cb7df14990ae794c91dc4612b3 in term 0.
I20260630 12:25:32.047483 11110 tablet_service.cc:1917] Received RequestConsensusVote() RPC: tablet_id: "3226702a1393495db0e463000c19ce3e" candidate_uuid: "3fefc2cb7df14990ae794c91dc4612b3" candidate_term: 1 candidate_status { last_received { term: 0 index: 0 } } ignore_live_leader: false dest_uuid: "693601c0c9124a50b422e7fd0af121fd" is_pre_election: true
I20260630 12:25:32.048961 11148 leader_election.cc:304] T e8e0c69eeb8e4b81a12258b1904b9189 P 3fefc2cb7df14990ae794c91dc4612b3 [CANDIDATE]: Term 1 pre-election: Election decided. Result: candidate won. Election summary: received 2 responses out of 3 voters: 2 yes votes; 0 no votes. yes voters: 3fefc2cb7df14990ae794c91dc4612b3, 693601c0c9124a50b422e7fd0af121fd; no voters: 
I20260630 12:25:32.050330 11262 raft_consensus.cc:493] T ef7b0d1ebcd5447a9196afd583b071ff P deee4c193afb4a69848f3424d08241da [term 0 FOLLOWER]: Starting pre-election (no leader contacted us within the election timeout)
W20260630 12:25:32.050482 10999 outbound_call.cc:321] RPC callback for RPC call kudu.consensus.ConsensusService.RequestConsensusVote -> {remote=127.10.31.194:44555, user_credentials={real_user=slave}} blocked reactor thread for 49678.1us
I20260630 12:25:32.050971 11109 raft_consensus.cc:2468] T 9bde622ae15748be8e66fd40b3aff6c8 P 693601c0c9124a50b422e7fd0af121fd [term 1 FOLLOWER]: Leader election vote request: Granting yes vote for candidate 3fefc2cb7df14990ae794c91dc4612b3 in term 1.
I20260630 12:25:32.050895 11262 raft_consensus.cc:515] T ef7b0d1ebcd5447a9196afd583b071ff P deee4c193afb4a69848f3424d08241da [term 0 FOLLOWER]: Starting pre-election with config: opid_index: -1 OBSOLETE_local: false peers { permanent_uuid: "deee4c193afb4a69848f3424d08241da" member_type: VOTER last_known_addr { host: "127.10.31.193" port: 46785 } } peers { permanent_uuid: "693601c0c9124a50b422e7fd0af121fd" member_type: VOTER last_known_addr { host: "127.10.31.194" port: 44555 } } peers { permanent_uuid: "3fefc2cb7df14990ae794c91dc4612b3" member_type: VOTER last_known_addr { host: "127.10.31.195" port: 34397 } }
I20260630 12:25:32.046766 11231 ts_tablet_manager.cc:1403] T ef7b0d1ebcd5447a9196afd583b071ff P 693601c0c9124a50b422e7fd0af121fd: Time spent bootstrapping tablet: real 0.205s	user 0.023s	sys 0.017s
I20260630 12:25:32.055449 11267 raft_consensus.cc:2804] T e8e0c69eeb8e4b81a12258b1904b9189 P deee4c193afb4a69848f3424d08241da [term 0 FOLLOWER]: Leader pre-election won for term 1
I20260630 12:25:32.056118 11267 raft_consensus.cc:493] T e8e0c69eeb8e4b81a12258b1904b9189 P deee4c193afb4a69848f3424d08241da [term 0 FOLLOWER]: Starting leader election (no leader contacted us within the election timeout)
I20260630 12:25:32.056661 11267 raft_consensus.cc:3060] T e8e0c69eeb8e4b81a12258b1904b9189 P deee4c193afb4a69848f3424d08241da [term 0 FOLLOWER]: Advancing to term 1
I20260630 12:25:32.060299 11034 tablet_service.cc:1917] Received RequestConsensusVote() RPC: tablet_id: "3226702a1393495db0e463000c19ce3e" candidate_uuid: "3fefc2cb7df14990ae794c91dc4612b3" candidate_term: 1 candidate_status { last_received { term: 0 index: 0 } } ignore_live_leader: false dest_uuid: "deee4c193afb4a69848f3424d08241da" is_pre_election: true
I20260630 12:25:32.053601 11250 raft_consensus.cc:2804] T e8e0c69eeb8e4b81a12258b1904b9189 P 3fefc2cb7df14990ae794c91dc4612b3 [term 0 FOLLOWER]: Leader pre-election won for term 1
I20260630 12:25:32.061617 11233 tablet_bootstrap.cc:492] T 3226702a1393495db0e463000c19ce3e P deee4c193afb4a69848f3424d08241da: Bootstrap starting.
W20260630 12:25:32.059163 11148 leader_election.cc:343] T 3226702a1393495db0e463000c19ce3e P 3fefc2cb7df14990ae794c91dc4612b3 [CANDIDATE]: Term 1 pre-election: Tablet error from VoteRequest() call to peer 693601c0c9124a50b422e7fd0af121fd (127.10.31.194:44555): Illegal state: must be running to vote when last-logged opid is not known
I20260630 12:25:32.068291 11074 leader_election.cc:304] T e8e0c69eeb8e4b81a12258b1904b9189 P 693601c0c9124a50b422e7fd0af121fd [CANDIDATE]: Term 1 pre-election: Election decided. Result: candidate won. Election summary: received 3 responses out of 3 voters: 2 yes votes; 1 no votes. yes voters: 693601c0c9124a50b422e7fd0af121fd, deee4c193afb4a69848f3424d08241da; no voters: 3fefc2cb7df14990ae794c91dc4612b3
I20260630 12:25:32.064488 11250 raft_consensus.cc:493] T e8e0c69eeb8e4b81a12258b1904b9189 P 3fefc2cb7df14990ae794c91dc4612b3 [term 0 FOLLOWER]: Starting leader election (no leader contacted us within the election timeout)
I20260630 12:25:32.070084 11237 raft_consensus.cc:2804] T e8e0c69eeb8e4b81a12258b1904b9189 P 693601c0c9124a50b422e7fd0af121fd [term 0 FOLLOWER]: Leader pre-election won for term 1
I20260630 12:25:32.070168 11250 raft_consensus.cc:3060] T e8e0c69eeb8e4b81a12258b1904b9189 P 3fefc2cb7df14990ae794c91dc4612b3 [term 0 FOLLOWER]: Advancing to term 1
I20260630 12:25:32.070392 11109 tablet_service.cc:1917] Received RequestConsensusVote() RPC: tablet_id: "ef7b0d1ebcd5447a9196afd583b071ff" candidate_uuid: "deee4c193afb4a69848f3424d08241da" candidate_term: 1 candidate_status { last_received { term: 0 index: 0 } } ignore_live_leader: false dest_uuid: "693601c0c9124a50b422e7fd0af121fd" is_pre_election: true
I20260630 12:25:32.070683 11237 raft_consensus.cc:493] T e8e0c69eeb8e4b81a12258b1904b9189 P 693601c0c9124a50b422e7fd0af121fd [term 0 FOLLOWER]: Starting leader election (no leader contacted us within the election timeout)
I20260630 12:25:32.071295 11237 raft_consensus.cc:3060] T e8e0c69eeb8e4b81a12258b1904b9189 P 693601c0c9124a50b422e7fd0af121fd [term 0 FOLLOWER]: Advancing to term 1
I20260630 12:25:32.071017 10933 catalog_manager.cc:5697] T ffe92596f111467b93f4cb5f75bf8b4f P 3fefc2cb7df14990ae794c91dc4612b3 reported cstate change: term changed from 0 to 1, leader changed from <none> to 3fefc2cb7df14990ae794c91dc4612b3 (127.10.31.195). New cstate: current_term: 1 leader_uuid: "3fefc2cb7df14990ae794c91dc4612b3" committed_config { opid_index: -1 OBSOLETE_local: false peers { permanent_uuid: "deee4c193afb4a69848f3424d08241da" member_type: VOTER last_known_addr { host: "127.10.31.193" port: 46785 } health_report { overall_health: UNKNOWN } } peers { permanent_uuid: "693601c0c9124a50b422e7fd0af121fd" member_type: VOTER last_known_addr { host: "127.10.31.194" port: 44555 } health_report { overall_health: UNKNOWN } } peers { permanent_uuid: "3fefc2cb7df14990ae794c91dc4612b3" member_type: VOTER last_known_addr { host: "127.10.31.195" port: 34397 } health_report { overall_health: HEALTHY } } }
W20260630 12:25:32.073917 10999 leader_election.cc:343] T ef7b0d1ebcd5447a9196afd583b071ff P deee4c193afb4a69848f3424d08241da [CANDIDATE]: Term 1 pre-election: Tablet error from VoteRequest() call to peer 693601c0c9124a50b422e7fd0af121fd (127.10.31.194:44555): Illegal state: must be running to vote when last-logged opid is not known
W20260630 12:25:32.076535 11148 leader_election.cc:343] T 3226702a1393495db0e463000c19ce3e P 3fefc2cb7df14990ae794c91dc4612b3 [CANDIDATE]: Term 1 pre-election: Tablet error from VoteRequest() call to peer deee4c193afb4a69848f3424d08241da (127.10.31.193:46785): Illegal state: must be running to vote when last-logged opid is not known
I20260630 12:25:32.077033 11148 leader_election.cc:304] T 3226702a1393495db0e463000c19ce3e P 3fefc2cb7df14990ae794c91dc4612b3 [CANDIDATE]: Term 1 pre-election: Election decided. Result: candidate lost. Election summary: received 3 responses out of 3 voters: 1 yes votes; 2 no votes. yes voters: 3fefc2cb7df14990ae794c91dc4612b3; no voters: 693601c0c9124a50b422e7fd0af121fd, deee4c193afb4a69848f3424d08241da
I20260630 12:25:32.078334 11184 tablet_service.cc:1917] Received RequestConsensusVote() RPC: tablet_id: "ef7b0d1ebcd5447a9196afd583b071ff" candidate_uuid: "deee4c193afb4a69848f3424d08241da" candidate_term: 1 candidate_status { last_received { term: 0 index: 0 } } ignore_live_leader: false dest_uuid: "3fefc2cb7df14990ae794c91dc4612b3" is_pre_election: true
I20260630 12:25:32.078616 11250 raft_consensus.cc:515] T e8e0c69eeb8e4b81a12258b1904b9189 P 3fefc2cb7df14990ae794c91dc4612b3 [term 1 FOLLOWER]: Starting leader election with config: opid_index: -1 OBSOLETE_local: false peers { permanent_uuid: "deee4c193afb4a69848f3424d08241da" member_type: VOTER last_known_addr { host: "127.10.31.193" port: 46785 } } peers { permanent_uuid: "693601c0c9124a50b422e7fd0af121fd" member_type: VOTER last_known_addr { host: "127.10.31.194" port: 44555 } } peers { permanent_uuid: "3fefc2cb7df14990ae794c91dc4612b3" member_type: VOTER last_known_addr { host: "127.10.31.195" port: 34397 } }
I20260630 12:25:32.062472 11262 leader_election.cc:290] T ef7b0d1ebcd5447a9196afd583b071ff P deee4c193afb4a69848f3424d08241da [CANDIDATE]: Term 1 pre-election: Requested pre-vote from peers 693601c0c9124a50b422e7fd0af121fd (127.10.31.194:44555), 3fefc2cb7df14990ae794c91dc4612b3 (127.10.31.195:34397)
I20260630 12:25:32.079806 11237 raft_consensus.cc:515] T e8e0c69eeb8e4b81a12258b1904b9189 P 693601c0c9124a50b422e7fd0af121fd [term 1 FOLLOWER]: Starting leader election with config: opid_index: -1 OBSOLETE_local: false peers { permanent_uuid: "deee4c193afb4a69848f3424d08241da" member_type: VOTER last_known_addr { host: "127.10.31.193" port: 46785 } } peers { permanent_uuid: "693601c0c9124a50b422e7fd0af121fd" member_type: VOTER last_known_addr { host: "127.10.31.194" port: 44555 } } peers { permanent_uuid: "3fefc2cb7df14990ae794c91dc4612b3" member_type: VOTER last_known_addr { host: "127.10.31.195" port: 34397 } }
I20260630 12:25:32.080490 11232 raft_consensus.cc:2749] T 3226702a1393495db0e463000c19ce3e P 3fefc2cb7df14990ae794c91dc4612b3 [term 0 FOLLOWER]: Leader pre-election lost for term 1. Reason: could not achieve majority
I20260630 12:25:32.081164 11250 leader_election.cc:290] T e8e0c69eeb8e4b81a12258b1904b9189 P 3fefc2cb7df14990ae794c91dc4612b3 [CANDIDATE]: Term 1 election: Requested vote from peers deee4c193afb4a69848f3424d08241da (127.10.31.193:46785), 693601c0c9124a50b422e7fd0af121fd (127.10.31.194:44555)
I20260630 12:25:32.082427 11035 tablet_service.cc:1917] Received RequestConsensusVote() RPC: tablet_id: "e8e0c69eeb8e4b81a12258b1904b9189" candidate_uuid: "3fefc2cb7df14990ae794c91dc4612b3" candidate_term: 1 candidate_status { last_received { term: 0 index: 0 } } ignore_live_leader: false dest_uuid: "deee4c193afb4a69848f3424d08241da"
I20260630 12:25:32.082537 11237 leader_election.cc:290] T e8e0c69eeb8e4b81a12258b1904b9189 P 693601c0c9124a50b422e7fd0af121fd [CANDIDATE]: Term 1 election: Requested vote from peers deee4c193afb4a69848f3424d08241da (127.10.31.193:46785), 3fefc2cb7df14990ae794c91dc4612b3 (127.10.31.195:34397)
I20260630 12:25:32.079034 11184 raft_consensus.cc:2468] T ef7b0d1ebcd5447a9196afd583b071ff P 3fefc2cb7df14990ae794c91dc4612b3 [term 0 FOLLOWER]: Leader pre-election vote request: Granting yes vote for candidate deee4c193afb4a69848f3424d08241da in term 0.
I20260630 12:25:32.083088 11034 tablet_service.cc:1917] Received RequestConsensusVote() RPC: tablet_id: "e8e0c69eeb8e4b81a12258b1904b9189" candidate_uuid: "693601c0c9124a50b422e7fd0af121fd" candidate_term: 1 candidate_status { last_received { term: 0 index: 0 } } ignore_live_leader: false dest_uuid: "deee4c193afb4a69848f3424d08241da"
I20260630 12:25:32.084439 11183 tablet_service.cc:1917] Received RequestConsensusVote() RPC: tablet_id: "e8e0c69eeb8e4b81a12258b1904b9189" candidate_uuid: "693601c0c9124a50b422e7fd0af121fd" candidate_term: 1 candidate_status { last_received { term: 0 index: 0 } } ignore_live_leader: false dest_uuid: "3fefc2cb7df14990ae794c91dc4612b3"
I20260630 12:25:32.084498 11229 raft_consensus.cc:359] T 4ebe4c07adea4d37a26928f2910f2a32 P 3fefc2cb7df14990ae794c91dc4612b3 [term 0 FOLLOWER]: Replica starting. Triggering 0 pending ops. Active config: opid_index: -1 OBSOLETE_local: false peers { permanent_uuid: "deee4c193afb4a69848f3424d08241da" member_type: VOTER last_known_addr { host: "127.10.31.193" port: 46785 } } peers { permanent_uuid: "693601c0c9124a50b422e7fd0af121fd" member_type: VOTER last_known_addr { host: "127.10.31.194" port: 44555 } } peers { permanent_uuid: "3fefc2cb7df14990ae794c91dc4612b3" member_type: VOTER last_known_addr { host: "127.10.31.195" port: 34397 } }
I20260630 12:25:32.085258 11229 raft_consensus.cc:385] T 4ebe4c07adea4d37a26928f2910f2a32 P 3fefc2cb7df14990ae794c91dc4612b3 [term 0 FOLLOWER]: Consensus starting up: Expiring failure detector timer to make a prompt election more likely
I20260630 12:25:32.085397 11183 raft_consensus.cc:2393] T e8e0c69eeb8e4b81a12258b1904b9189 P 3fefc2cb7df14990ae794c91dc4612b3 [term 1 FOLLOWER]: Leader election vote request: Denying vote to candidate 693601c0c9124a50b422e7fd0af121fd in current term 1: Already voted for candidate 3fefc2cb7df14990ae794c91dc4612b3 in this term.
I20260630 12:25:32.085574 11229 raft_consensus.cc:740] T 4ebe4c07adea4d37a26928f2910f2a32 P 3fefc2cb7df14990ae794c91dc4612b3 [term 0 FOLLOWER]: Becoming Follower/Learner. State: Replica: 3fefc2cb7df14990ae794c91dc4612b3, State: Initialized, Role: FOLLOWER
I20260630 12:25:32.086952 11229 consensus_queue.cc:260] T 4ebe4c07adea4d37a26928f2910f2a32 P 3fefc2cb7df14990ae794c91dc4612b3 [NON_LEADER]: Queue going to NON_LEADER mode. State: All replicated index: 0, Majority replicated index: 0, Committed index: 0, Last appended: 0.0, Last appended by leader: 0, Current term: 0, Majority size: -1, State: 0, Mode: NON_LEADER, active raft config: opid_index: -1 OBSOLETE_local: false peers { permanent_uuid: "deee4c193afb4a69848f3424d08241da" member_type: VOTER last_known_addr { host: "127.10.31.193" port: 46785 } } peers { permanent_uuid: "693601c0c9124a50b422e7fd0af121fd" member_type: VOTER last_known_addr { host: "127.10.31.194" port: 44555 } } peers { permanent_uuid: "3fefc2cb7df14990ae794c91dc4612b3" member_type: VOTER last_known_addr { host: "127.10.31.195" port: 34397 } }
I20260630 12:25:32.088459 11109 tablet_service.cc:1917] Received RequestConsensusVote() RPC: tablet_id: "e8e0c69eeb8e4b81a12258b1904b9189" candidate_uuid: "3fefc2cb7df14990ae794c91dc4612b3" candidate_term: 1 candidate_status { last_received { term: 0 index: 0 } } ignore_live_leader: false dest_uuid: "693601c0c9124a50b422e7fd0af121fd"
I20260630 12:25:32.088946 11074 leader_election.cc:304] T e8e0c69eeb8e4b81a12258b1904b9189 P 693601c0c9124a50b422e7fd0af121fd [CANDIDATE]: Term 1 election: Election decided. Result: candidate lost. Election summary: received 3 responses out of 3 voters: 1 yes votes; 2 no votes. yes voters: 693601c0c9124a50b422e7fd0af121fd; no voters: 3fefc2cb7df14990ae794c91dc4612b3, deee4c193afb4a69848f3424d08241da
I20260630 12:25:32.089259 11109 raft_consensus.cc:2393] T e8e0c69eeb8e4b81a12258b1904b9189 P 693601c0c9124a50b422e7fd0af121fd [term 1 FOLLOWER]: Leader election vote request: Denying vote to candidate 3fefc2cb7df14990ae794c91dc4612b3 in current term 1: Already voted for candidate 693601c0c9124a50b422e7fd0af121fd in this term.
I20260630 12:25:32.089345 11229 ts_tablet_manager.cc:1434] T 4ebe4c07adea4d37a26928f2910f2a32 P 3fefc2cb7df14990ae794c91dc4612b3: Time spent starting tablet: real 0.047s	user 0.006s	sys 0.001s
I20260630 12:25:32.089763 11237 raft_consensus.cc:2749] T e8e0c69eeb8e4b81a12258b1904b9189 P 693601c0c9124a50b422e7fd0af121fd [term 1 FOLLOWER]: Leader election lost for term 1. Reason: could not achieve majority
I20260630 12:25:32.093904 10999 leader_election.cc:304] T ef7b0d1ebcd5447a9196afd583b071ff P deee4c193afb4a69848f3424d08241da [CANDIDATE]: Term 1 pre-election: Election decided. Result: candidate won. Election summary: received 3 responses out of 3 voters: 2 yes votes; 1 no votes. yes voters: 3fefc2cb7df14990ae794c91dc4612b3, deee4c193afb4a69848f3424d08241da; no voters: 693601c0c9124a50b422e7fd0af121fd
I20260630 12:25:32.095059 11262 raft_consensus.cc:2804] T ef7b0d1ebcd5447a9196afd583b071ff P deee4c193afb4a69848f3424d08241da [term 0 FOLLOWER]: Leader pre-election won for term 1
I20260630 12:25:32.095476 11262 raft_consensus.cc:493] T ef7b0d1ebcd5447a9196afd583b071ff P deee4c193afb4a69848f3424d08241da [term 0 FOLLOWER]: Starting leader election (no leader contacted us within the election timeout)
I20260630 12:25:32.096053 11262 raft_consensus.cc:3060] T ef7b0d1ebcd5447a9196afd583b071ff P deee4c193afb4a69848f3424d08241da [term 0 FOLLOWER]: Advancing to term 1
I20260630 12:25:32.097389 11233 tablet_bootstrap.cc:654] T 3226702a1393495db0e463000c19ce3e P deee4c193afb4a69848f3424d08241da: Neither blocks nor log segments found. Creating new log.
I20260630 12:25:32.094198 11231 raft_consensus.cc:359] T ef7b0d1ebcd5447a9196afd583b071ff P 693601c0c9124a50b422e7fd0af121fd [term 0 FOLLOWER]: Replica starting. Triggering 0 pending ops. Active config: opid_index: -1 OBSOLETE_local: false peers { permanent_uuid: "deee4c193afb4a69848f3424d08241da" member_type: VOTER last_known_addr { host: "127.10.31.193" port: 46785 } } peers { permanent_uuid: "693601c0c9124a50b422e7fd0af121fd" member_type: VOTER last_known_addr { host: "127.10.31.194" port: 44555 } } peers { permanent_uuid: "3fefc2cb7df14990ae794c91dc4612b3" member_type: VOTER last_known_addr { host: "127.10.31.195" port: 34397 } }
I20260630 12:25:32.101892 11231 raft_consensus.cc:385] T ef7b0d1ebcd5447a9196afd583b071ff P 693601c0c9124a50b422e7fd0af121fd [term 0 FOLLOWER]: Consensus starting up: Expiring failure detector timer to make a prompt election more likely
I20260630 12:25:32.102319 11231 raft_consensus.cc:740] T ef7b0d1ebcd5447a9196afd583b071ff P 693601c0c9124a50b422e7fd0af121fd [term 0 FOLLOWER]: Becoming Follower/Learner. State: Replica: 693601c0c9124a50b422e7fd0af121fd, State: Initialized, Role: FOLLOWER
I20260630 12:25:32.099956 11267 raft_consensus.cc:515] T e8e0c69eeb8e4b81a12258b1904b9189 P deee4c193afb4a69848f3424d08241da [term 1 FOLLOWER]: Starting leader election with config: opid_index: -1 OBSOLETE_local: false peers { permanent_uuid: "deee4c193afb4a69848f3424d08241da" member_type: VOTER last_known_addr { host: "127.10.31.193" port: 46785 } } peers { permanent_uuid: "693601c0c9124a50b422e7fd0af121fd" member_type: VOTER last_known_addr { host: "127.10.31.194" port: 44555 } } peers { permanent_uuid: "3fefc2cb7df14990ae794c91dc4612b3" member_type: VOTER last_known_addr { host: "127.10.31.195" port: 34397 } }
I20260630 12:25:32.103713 11035 raft_consensus.cc:2393] T e8e0c69eeb8e4b81a12258b1904b9189 P deee4c193afb4a69848f3424d08241da [term 1 FOLLOWER]: Leader election vote request: Denying vote to candidate 3fefc2cb7df14990ae794c91dc4612b3 in current term 1: Already voted for candidate deee4c193afb4a69848f3424d08241da in this term.
I20260630 12:25:32.103590 11231 consensus_queue.cc:260] T ef7b0d1ebcd5447a9196afd583b071ff P 693601c0c9124a50b422e7fd0af121fd [NON_LEADER]: Queue going to NON_LEADER mode. State: All replicated index: 0, Majority replicated index: 0, Committed index: 0, Last appended: 0.0, Last appended by leader: 0, Current term: 0, Majority size: -1, State: 0, Mode: NON_LEADER, active raft config: opid_index: -1 OBSOLETE_local: false peers { permanent_uuid: "deee4c193afb4a69848f3424d08241da" member_type: VOTER last_known_addr { host: "127.10.31.193" port: 46785 } } peers { permanent_uuid: "693601c0c9124a50b422e7fd0af121fd" member_type: VOTER last_known_addr { host: "127.10.31.194" port: 44555 } } peers { permanent_uuid: "3fefc2cb7df14990ae794c91dc4612b3" member_type: VOTER last_known_addr { host: "127.10.31.195" port: 34397 } }
I20260630 12:25:32.109082 11262 raft_consensus.cc:515] T ef7b0d1ebcd5447a9196afd583b071ff P deee4c193afb4a69848f3424d08241da [term 1 FOLLOWER]: Starting leader election with config: opid_index: -1 OBSOLETE_local: false peers { permanent_uuid: "deee4c193afb4a69848f3424d08241da" member_type: VOTER last_known_addr { host: "127.10.31.193" port: 46785 } } peers { permanent_uuid: "693601c0c9124a50b422e7fd0af121fd" member_type: VOTER last_known_addr { host: "127.10.31.194" port: 44555 } } peers { permanent_uuid: "3fefc2cb7df14990ae794c91dc4612b3" member_type: VOTER last_known_addr { host: "127.10.31.195" port: 34397 } }
I20260630 12:25:32.108601 10932 catalog_manager.cc:5697] T 9bde622ae15748be8e66fd40b3aff6c8 P 3fefc2cb7df14990ae794c91dc4612b3 reported cstate change: term changed from 0 to 1, leader changed from <none> to 3fefc2cb7df14990ae794c91dc4612b3 (127.10.31.195). New cstate: current_term: 1 leader_uuid: "3fefc2cb7df14990ae794c91dc4612b3" committed_config { opid_index: -1 OBSOLETE_local: false peers { permanent_uuid: "693601c0c9124a50b422e7fd0af121fd" member_type: VOTER last_known_addr { host: "127.10.31.194" port: 44555 } health_report { overall_health: UNKNOWN } } peers { permanent_uuid: "deee4c193afb4a69848f3424d08241da" member_type: VOTER last_known_addr { host: "127.10.31.193" port: 46785 } health_report { overall_health: UNKNOWN } } peers { permanent_uuid: "3fefc2cb7df14990ae794c91dc4612b3" member_type: VOTER last_known_addr { host: "127.10.31.195" port: 34397 } health_report { overall_health: HEALTHY } } }
I20260630 12:25:32.109584 11231 ts_tablet_manager.cc:1434] T ef7b0d1ebcd5447a9196afd583b071ff P 693601c0c9124a50b422e7fd0af121fd: Time spent starting tablet: real 0.056s	user 0.010s	sys 0.000s
I20260630 12:25:32.111245 11231 tablet_bootstrap.cc:492] T 3226702a1393495db0e463000c19ce3e P 693601c0c9124a50b422e7fd0af121fd: Bootstrap starting.
I20260630 12:25:32.117946 11148 leader_election.cc:304] T e8e0c69eeb8e4b81a12258b1904b9189 P 3fefc2cb7df14990ae794c91dc4612b3 [CANDIDATE]: Term 1 election: Election decided. Result: candidate lost. Election summary: received 3 responses out of 3 voters: 1 yes votes; 2 no votes. yes voters: 3fefc2cb7df14990ae794c91dc4612b3; no voters: 693601c0c9124a50b422e7fd0af121fd, deee4c193afb4a69848f3424d08241da
I20260630 12:25:32.119335 11250 raft_consensus.cc:2749] T e8e0c69eeb8e4b81a12258b1904b9189 P 3fefc2cb7df14990ae794c91dc4612b3 [term 1 FOLLOWER]: Leader election lost for term 1. Reason: could not achieve majority
I20260630 12:25:32.122704 11109 tablet_service.cc:1917] Received RequestConsensusVote() RPC: tablet_id: "ef7b0d1ebcd5447a9196afd583b071ff" candidate_uuid: "deee4c193afb4a69848f3424d08241da" candidate_term: 1 candidate_status { last_received { term: 0 index: 0 } } ignore_live_leader: false dest_uuid: "693601c0c9124a50b422e7fd0af121fd"
I20260630 12:25:32.123559 11109 raft_consensus.cc:3060] T ef7b0d1ebcd5447a9196afd583b071ff P 693601c0c9124a50b422e7fd0af121fd [term 0 FOLLOWER]: Advancing to term 1
I20260630 12:25:32.125157 11267 leader_election.cc:290] T e8e0c69eeb8e4b81a12258b1904b9189 P deee4c193afb4a69848f3424d08241da [CANDIDATE]: Term 1 election: Requested vote from peers 693601c0c9124a50b422e7fd0af121fd (127.10.31.194:44555), 3fefc2cb7df14990ae794c91dc4612b3 (127.10.31.195:34397)
I20260630 12:25:32.126554 11184 tablet_service.cc:1917] Received RequestConsensusVote() RPC: tablet_id: "e8e0c69eeb8e4b81a12258b1904b9189" candidate_uuid: "deee4c193afb4a69848f3424d08241da" candidate_term: 1 candidate_status { last_received { term: 0 index: 0 } } ignore_live_leader: false dest_uuid: "3fefc2cb7df14990ae794c91dc4612b3"
I20260630 12:25:32.127621 11184 raft_consensus.cc:2393] T e8e0c69eeb8e4b81a12258b1904b9189 P 3fefc2cb7df14990ae794c91dc4612b3 [term 1 FOLLOWER]: Leader election vote request: Denying vote to candidate deee4c193afb4a69848f3424d08241da in current term 1: Already voted for candidate 3fefc2cb7df14990ae794c91dc4612b3 in this term.
I20260630 12:25:32.128947 11231 tablet_bootstrap.cc:654] T 3226702a1393495db0e463000c19ce3e P 693601c0c9124a50b422e7fd0af121fd: Neither blocks nor log segments found. Creating new log.
I20260630 12:25:32.128796 11110 tablet_service.cc:1917] Received RequestConsensusVote() RPC: tablet_id: "e8e0c69eeb8e4b81a12258b1904b9189" candidate_uuid: "deee4c193afb4a69848f3424d08241da" candidate_term: 1 candidate_status { last_received { term: 0 index: 0 } } ignore_live_leader: false dest_uuid: "693601c0c9124a50b422e7fd0af121fd"
I20260630 12:25:32.129733 11110 raft_consensus.cc:2393] T e8e0c69eeb8e4b81a12258b1904b9189 P 693601c0c9124a50b422e7fd0af121fd [term 1 FOLLOWER]: Leader election vote request: Denying vote to candidate deee4c193afb4a69848f3424d08241da in current term 1: Already voted for candidate 693601c0c9124a50b422e7fd0af121fd in this term.
I20260630 12:25:32.135458 11109 raft_consensus.cc:2468] T ef7b0d1ebcd5447a9196afd583b071ff P 693601c0c9124a50b422e7fd0af121fd [term 1 FOLLOWER]: Leader election vote request: Granting yes vote for candidate deee4c193afb4a69848f3424d08241da in term 1.
I20260630 12:25:32.136898 10999 leader_election.cc:304] T e8e0c69eeb8e4b81a12258b1904b9189 P deee4c193afb4a69848f3424d08241da [CANDIDATE]: Term 1 election: Election decided. Result: candidate lost. Election summary: received 3 responses out of 3 voters: 1 yes votes; 2 no votes. yes voters: deee4c193afb4a69848f3424d08241da; no voters: 3fefc2cb7df14990ae794c91dc4612b3, 693601c0c9124a50b422e7fd0af121fd
I20260630 12:25:32.137753 11231 tablet_bootstrap.cc:492] T 3226702a1393495db0e463000c19ce3e P 693601c0c9124a50b422e7fd0af121fd: No bootstrap required, opened a new log
I20260630 12:25:32.137826 11267 raft_consensus.cc:2749] T e8e0c69eeb8e4b81a12258b1904b9189 P deee4c193afb4a69848f3424d08241da [term 1 FOLLOWER]: Leader election lost for term 1. Reason: could not achieve majority
