I20260630 12:26:50.630295 10155 tablet_copy_source_session.cc:215] T 23762c28c04b4d13bbbd7f1878401026 P fb73c32a48ec4606be3b1d8634cdc3c1: Tablet Copy: opened 0 blocks and 1 log segments
I20260630 12:26:50.634145 10631 data_dirs.cc:400] Could only allocate 1 dirs of requested 3 for tablet 23762c28c04b4d13bbbd7f1878401026. 1 dirs total, 0 dirs full, 0 dirs failed
I20260630 12:26:50.662221 10635 tablet_bootstrap.cc:492] T bbd17e9c4982475c974de040a5d28308 P e7250010f7664cd3949bdb0d509243f5: Bootstrap replayed 1/1 log segments. Stats: ops{read=2 overwritten=0 applied=2 ignored=0} inserts{seen=0 ignored=0} mutations{seen=0 ignored=0} orphaned_commits=0. Pending: 0 replicates
I20260630 12:26:50.663515 10635 tablet_bootstrap.cc:492] T bbd17e9c4982475c974de040a5d28308 P e7250010f7664cd3949bdb0d509243f5: Bootstrap complete.
I20260630 12:26:50.664341 10635 ts_tablet_manager.cc:1403] T bbd17e9c4982475c974de040a5d28308 P e7250010f7664cd3949bdb0d509243f5: Time spent bootstrapping tablet: real 0.058s	user 0.029s	sys 0.027s
I20260630 12:26:50.667711 10635 raft_consensus.cc:359] T bbd17e9c4982475c974de040a5d28308 P e7250010f7664cd3949bdb0d509243f5 [term 1 LEARNER]: Replica starting. Triggering 0 pending ops. Active config: opid_index: 2 OBSOLETE_local: false peers { permanent_uuid: "cd0f7525fa0d408ea2df8bf9603b8bff" member_type: VOTER last_known_addr { host: "127.6.242.132" port: 43891 } attrs { replace: true } } peers { permanent_uuid: "66dd904b36384b709cbcba43f161fc78" member_type: VOTER last_known_addr { host: "127.6.242.129" port: 46541 } } peers { permanent_uuid: "fb73c32a48ec4606be3b1d8634cdc3c1" member_type: VOTER last_known_addr { host: "127.6.242.130" port: 32999 } } peers { permanent_uuid: "e7250010f7664cd3949bdb0d509243f5" member_type: NON_VOTER last_known_addr { host: "127.6.242.131" port: 37009 } attrs { promote: true } }
I20260630 12:26:50.668728 10635 raft_consensus.cc:740] T bbd17e9c4982475c974de040a5d28308 P e7250010f7664cd3949bdb0d509243f5 [term 1 LEARNER]: Becoming Follower/Learner. State: Replica: e7250010f7664cd3949bdb0d509243f5, State: Initialized, Role: LEARNER
I20260630 12:26:50.669728 10635 consensus_queue.cc:260] T bbd17e9c4982475c974de040a5d28308 P e7250010f7664cd3949bdb0d509243f5 [NON_LEADER]: Queue going to NON_LEADER mode. State: All replicated index: 0, Majority replicated index: 0, Committed index: 2, Last appended: 1.2, Last appended by leader: 2, Current term: 0, Majority size: -1, State: 0, Mode: NON_LEADER, active raft config: opid_index: 2 OBSOLETE_local: false peers { permanent_uuid: "cd0f7525fa0d408ea2df8bf9603b8bff" member_type: VOTER last_known_addr { host: "127.6.242.132" port: 43891 } attrs { replace: true } } peers { permanent_uuid: "66dd904b36384b709cbcba43f161fc78" member_type: VOTER last_known_addr { host: "127.6.242.129" port: 46541 } } peers { permanent_uuid: "fb73c32a48ec4606be3b1d8634cdc3c1" member_type: VOTER last_known_addr { host: "127.6.242.130" port: 32999 } } peers { permanent_uuid: "e7250010f7664cd3949bdb0d509243f5" member_type: NON_VOTER last_known_addr { host: "127.6.242.131" port: 37009 } attrs { promote: true } }
I20260630 12:26:50.672626 10635 ts_tablet_manager.cc:1434] T bbd17e9c4982475c974de040a5d28308 P e7250010f7664cd3949bdb0d509243f5: Time spent starting tablet: real 0.008s	user 0.005s	sys 0.001s
I20260630 12:26:50.677672 10080 tablet_copy_service.cc:342] P 66dd904b36384b709cbcba43f161fc78: Request end of tablet copy session e7250010f7664cd3949bdb0d509243f5-bbd17e9c4982475c974de040a5d28308 received from {username='slave'} at 127.0.0.1:54618
I20260630 12:26:50.678006 10631 tablet_copy_client.cc:806] T 23762c28c04b4d13bbbd7f1878401026 P cd0f7525fa0d408ea2df8bf9603b8bff: tablet copy: Starting download of 0 data blocks...
I20260630 12:26:50.678150 10080 tablet_copy_service.cc:434] P 66dd904b36384b709cbcba43f161fc78: ending tablet copy session e7250010f7664cd3949bdb0d509243f5-bbd17e9c4982475c974de040a5d28308 on tablet bbd17e9c4982475c974de040a5d28308 with peer e7250010f7664cd3949bdb0d509243f5
I20260630 12:26:50.678635 10631 tablet_copy_client.cc:670] T 23762c28c04b4d13bbbd7f1878401026 P cd0f7525fa0d408ea2df8bf9603b8bff: tablet copy: Starting download of 1 WAL segments...
I20260630 12:26:50.682085 10639 ts_tablet_manager.cc:933] T 8bb174525925408188d849f21e967ee3 P fb73c32a48ec4606be3b1d8634cdc3c1: Initiating tablet copy from peer 66dd904b36384b709cbcba43f161fc78 (127.6.242.129:46541)
I20260630 12:26:50.689771 10631 tablet_copy_client.cc:538] T 23762c28c04b4d13bbbd7f1878401026 P cd0f7525fa0d408ea2df8bf9603b8bff: tablet copy: Tablet Copy complete. Replacing tablet superblock.
I20260630 12:26:50.690588 10639 tablet_copy_client.cc:323] T 8bb174525925408188d849f21e967ee3 P fb73c32a48ec4606be3b1d8634cdc3c1: tablet copy: Beginning tablet copy session from remote peer at address 127.6.242.129:46541
I20260630 12:26:50.692293 10080 tablet_copy_service.cc:140] P 66dd904b36384b709cbcba43f161fc78: Received BeginTabletCopySession request for tablet 8bb174525925408188d849f21e967ee3 from peer fb73c32a48ec4606be3b1d8634cdc3c1 ({username='slave'} at 127.0.0.1:54610)
I20260630 12:26:50.692822 10080 tablet_copy_service.cc:161] P 66dd904b36384b709cbcba43f161fc78: Beginning new tablet copy session on tablet 8bb174525925408188d849f21e967ee3 from peer fb73c32a48ec4606be3b1d8634cdc3c1 at {username='slave'} at 127.0.0.1:54610: session id = fb73c32a48ec4606be3b1d8634cdc3c1-8bb174525925408188d849f21e967ee3
I20260630 12:26:50.699620 10631 tablet_bootstrap.cc:492] T 23762c28c04b4d13bbbd7f1878401026 P cd0f7525fa0d408ea2df8bf9603b8bff: Bootstrap starting.
I20260630 12:26:50.701546 10080 tablet_copy_source_session.cc:215] T 8bb174525925408188d849f21e967ee3 P 66dd904b36384b709cbcba43f161fc78: Tablet Copy: opened 0 blocks and 1 log segments
I20260630 12:26:50.705056 10639 data_dirs.cc:400] Could only allocate 1 dirs of requested 3 for tablet 8bb174525925408188d849f21e967ee3. 1 dirs total, 0 dirs full, 0 dirs failed
I20260630 12:26:50.722380 10639 tablet_copy_client.cc:806] T 8bb174525925408188d849f21e967ee3 P fb73c32a48ec4606be3b1d8634cdc3c1: tablet copy: Starting download of 0 data blocks...
I20260630 12:26:50.723079 10639 tablet_copy_client.cc:670] T 8bb174525925408188d849f21e967ee3 P fb73c32a48ec4606be3b1d8634cdc3c1: tablet copy: Starting download of 1 WAL segments...
I20260630 12:26:50.727065 10639 tablet_copy_client.cc:538] T 8bb174525925408188d849f21e967ee3 P fb73c32a48ec4606be3b1d8634cdc3c1: tablet copy: Tablet Copy complete. Replacing tablet superblock.
I20260630 12:26:50.734277 10631 tablet_bootstrap.cc:492] T 23762c28c04b4d13bbbd7f1878401026 P cd0f7525fa0d408ea2df8bf9603b8bff: Bootstrap replayed 1/1 log segments. Stats: ops{read=2 overwritten=0 applied=2 ignored=0} inserts{seen=0 ignored=0} mutations{seen=0 ignored=0} orphaned_commits=0. Pending: 0 replicates
I20260630 12:26:50.735368 10631 tablet_bootstrap.cc:492] T 23762c28c04b4d13bbbd7f1878401026 P cd0f7525fa0d408ea2df8bf9603b8bff: Bootstrap complete.
I20260630 12:26:50.736343 10631 ts_tablet_manager.cc:1403] T 23762c28c04b4d13bbbd7f1878401026 P cd0f7525fa0d408ea2df8bf9603b8bff: Time spent bootstrapping tablet: real 0.037s	user 0.022s	sys 0.009s
I20260630 12:26:50.736878 10639 tablet_bootstrap.cc:492] T 8bb174525925408188d849f21e967ee3 P fb73c32a48ec4606be3b1d8634cdc3c1: Bootstrap starting.
I20260630 12:26:50.739383 10631 raft_consensus.cc:359] T 23762c28c04b4d13bbbd7f1878401026 P cd0f7525fa0d408ea2df8bf9603b8bff [term 1 LEARNER]: Replica starting. Triggering 0 pending ops. Active config: opid_index: 2 OBSOLETE_local: false peers { permanent_uuid: "66dd904b36384b709cbcba43f161fc78" member_type: VOTER last_known_addr { host: "127.6.242.129" port: 46541 } } peers { permanent_uuid: "fb73c32a48ec4606be3b1d8634cdc3c1" member_type: VOTER last_known_addr { host: "127.6.242.130" port: 32999 } } peers { permanent_uuid: "e7250010f7664cd3949bdb0d509243f5" member_type: VOTER last_known_addr { host: "127.6.242.131" port: 37009 } attrs { replace: true } } peers { permanent_uuid: "cd0f7525fa0d408ea2df8bf9603b8bff" member_type: NON_VOTER last_known_addr { host: "127.6.242.132" port: 43891 } attrs { promote: true } }
I20260630 12:26:50.740298 10631 raft_consensus.cc:740] T 23762c28c04b4d13bbbd7f1878401026 P cd0f7525fa0d408ea2df8bf9603b8bff [term 1 LEARNER]: Becoming Follower/Learner. State: Replica: cd0f7525fa0d408ea2df8bf9603b8bff, State: Initialized, Role: LEARNER
I20260630 12:26:50.740978 10631 consensus_queue.cc:260] T 23762c28c04b4d13bbbd7f1878401026 P cd0f7525fa0d408ea2df8bf9603b8bff [NON_LEADER]: Queue going to NON_LEADER mode. State: All replicated index: 0, Majority replicated index: 0, Committed index: 2, Last appended: 1.2, Last appended by leader: 2, Current term: 0, Majority size: -1, State: 0, Mode: NON_LEADER, active raft config: opid_index: 2 OBSOLETE_local: false peers { permanent_uuid: "66dd904b36384b709cbcba43f161fc78" member_type: VOTER last_known_addr { host: "127.6.242.129" port: 46541 } } peers { permanent_uuid: "fb73c32a48ec4606be3b1d8634cdc3c1" member_type: VOTER last_known_addr { host: "127.6.242.130" port: 32999 } } peers { permanent_uuid: "e7250010f7664cd3949bdb0d509243f5" member_type: VOTER last_known_addr { host: "127.6.242.131" port: 37009 } attrs { replace: true } } peers { permanent_uuid: "cd0f7525fa0d408ea2df8bf9603b8bff" member_type: NON_VOTER last_known_addr { host: "127.6.242.132" port: 43891 } attrs { promote: true } }
I20260630 12:26:50.743479 10631 ts_tablet_manager.cc:1434] T 23762c28c04b4d13bbbd7f1878401026 P cd0f7525fa0d408ea2df8bf9603b8bff: Time spent starting tablet: real 0.007s	user 0.005s	sys 0.000s
I20260630 12:26:50.748648 10155 tablet_copy_service.cc:342] P fb73c32a48ec4606be3b1d8634cdc3c1: Request end of tablet copy session cd0f7525fa0d408ea2df8bf9603b8bff-23762c28c04b4d13bbbd7f1878401026 received from {username='slave'} at 127.0.0.1:33828
I20260630 12:26:50.749109 10155 tablet_copy_service.cc:434] P fb73c32a48ec4606be3b1d8634cdc3c1: ending tablet copy session cd0f7525fa0d408ea2df8bf9603b8bff-23762c28c04b4d13bbbd7f1878401026 on tablet 23762c28c04b4d13bbbd7f1878401026 with peer cd0f7525fa0d408ea2df8bf9603b8bff
I20260630 12:26:50.766104 10639 tablet_bootstrap.cc:492] T 8bb174525925408188d849f21e967ee3 P fb73c32a48ec4606be3b1d8634cdc3c1: Bootstrap replayed 1/1 log segments. Stats: ops{read=3 overwritten=0 applied=3 ignored=0} inserts{seen=0 ignored=0} mutations{seen=0 ignored=0} orphaned_commits=0. Pending: 0 replicates
I20260630 12:26:50.767125 10639 tablet_bootstrap.cc:492] T 8bb174525925408188d849f21e967ee3 P fb73c32a48ec4606be3b1d8634cdc3c1: Bootstrap complete.
I20260630 12:26:50.767807 10639 ts_tablet_manager.cc:1403] T 8bb174525925408188d849f21e967ee3 P fb73c32a48ec4606be3b1d8634cdc3c1: Time spent bootstrapping tablet: real 0.031s	user 0.022s	sys 0.005s
I20260630 12:26:50.770781 10639 raft_consensus.cc:359] T 8bb174525925408188d849f21e967ee3 P fb73c32a48ec4606be3b1d8634cdc3c1 [term 2 LEARNER]: Replica starting. Triggering 0 pending ops. Active config: opid_index: 3 OBSOLETE_local: false peers { permanent_uuid: "cd0f7525fa0d408ea2df8bf9603b8bff" member_type: VOTER last_known_addr { host: "127.6.242.132" port: 43891 } attrs { replace: true } } peers { permanent_uuid: "e7250010f7664cd3949bdb0d509243f5" member_type: VOTER last_known_addr { host: "127.6.242.131" port: 37009 } } peers { permanent_uuid: "66dd904b36384b709cbcba43f161fc78" member_type: VOTER last_known_addr { host: "127.6.242.129" port: 46541 } } peers { permanent_uuid: "fb73c32a48ec4606be3b1d8634cdc3c1" member_type: NON_VOTER last_known_addr { host: "127.6.242.130" port: 32999 } attrs { promote: true } }
I20260630 12:26:50.771625 10639 raft_consensus.cc:740] T 8bb174525925408188d849f21e967ee3 P fb73c32a48ec4606be3b1d8634cdc3c1 [term 2 LEARNER]: Becoming Follower/Learner. State: Replica: fb73c32a48ec4606be3b1d8634cdc3c1, State: Initialized, Role: LEARNER
I20260630 12:26:50.772269 10639 consensus_queue.cc:260] T 8bb174525925408188d849f21e967ee3 P fb73c32a48ec4606be3b1d8634cdc3c1 [NON_LEADER]: Queue going to NON_LEADER mode. State: All replicated index: 0, Majority replicated index: 0, Committed index: 3, Last appended: 2.3, Last appended by leader: 3, Current term: 0, Majority size: -1, State: 0, Mode: NON_LEADER, active raft config: opid_index: 3 OBSOLETE_local: false peers { permanent_uuid: "cd0f7525fa0d408ea2df8bf9603b8bff" member_type: VOTER last_known_addr { host: "127.6.242.132" port: 43891 } attrs { replace: true } } peers { permanent_uuid: "e7250010f7664cd3949bdb0d509243f5" member_type: VOTER last_known_addr { host: "127.6.242.131" port: 37009 } } peers { permanent_uuid: "66dd904b36384b709cbcba43f161fc78" member_type: VOTER last_known_addr { host: "127.6.242.129" port: 46541 } } peers { permanent_uuid: "fb73c32a48ec4606be3b1d8634cdc3c1" member_type: NON_VOTER last_known_addr { host: "127.6.242.130" port: 32999 } attrs { promote: true } }
I20260630 12:26:50.774637 10639 ts_tablet_manager.cc:1434] T 8bb174525925408188d849f21e967ee3 P fb73c32a48ec4606be3b1d8634cdc3c1: Time spent starting tablet: real 0.007s	user 0.008s	sys 0.000s
I20260630 12:26:50.776935 10080 tablet_copy_service.cc:342] P 66dd904b36384b709cbcba43f161fc78: Request end of tablet copy session fb73c32a48ec4606be3b1d8634cdc3c1-8bb174525925408188d849f21e967ee3 received from {username='slave'} at 127.0.0.1:54610
I20260630 12:26:50.777385 10080 tablet_copy_service.cc:434] P 66dd904b36384b709cbcba43f161fc78: ending tablet copy session fb73c32a48ec4606be3b1d8634cdc3c1-8bb174525925408188d849f21e967ee3 on tablet 8bb174525925408188d849f21e967ee3 with peer fb73c32a48ec4606be3b1d8634cdc3c1
I20260630 12:26:50.792815 10369 raft_consensus.cc:1217] T dc137319a56c4db58880d9bc7d79316a P cd0f7525fa0d408ea2df8bf9603b8bff [term 1 LEARNER]: Deduplicated request from leader. Original: 1.1->[1.2-1.2]   Dedup: 1.2->[]
I20260630 12:26:50.841045 10606 raft_consensus.cc:993] T 5ec25e92ebdb40ef831078475c917286 P fb73c32a48ec4606be3b1d8634cdc3c1: : Instructing follower 66dd904b36384b709cbcba43f161fc78 to start an election
I20260630 12:26:50.841549 10579 raft_consensus.cc:1081] T 5ec25e92ebdb40ef831078475c917286 P fb73c32a48ec4606be3b1d8634cdc3c1 [term 1 LEADER]: Signalling peer 66dd904b36384b709cbcba43f161fc78 to start an election
I20260630 12:26:50.843350 10065 tablet_service.cc:2044] Received Run Leader Election RPC: tablet_id: "5ec25e92ebdb40ef831078475c917286"
dest_uuid: "66dd904b36384b709cbcba43f161fc78"
 from {username='slave'} at 127.0.0.1:54610
I20260630 12:26:50.843982 10065 raft_consensus.cc:493] T 5ec25e92ebdb40ef831078475c917286 P 66dd904b36384b709cbcba43f161fc78 [term 1 FOLLOWER]: Starting forced leader election (received explicit request)
I20260630 12:26:50.844341 10065 raft_consensus.cc:3060] T 5ec25e92ebdb40ef831078475c917286 P 66dd904b36384b709cbcba43f161fc78 [term 1 FOLLOWER]: Advancing to term 2
I20260630 12:26:50.852799 10065 raft_consensus.cc:515] T 5ec25e92ebdb40ef831078475c917286 P 66dd904b36384b709cbcba43f161fc78 [term 2 FOLLOWER]: Starting forced leader election with config: opid_index: -1 OBSOLETE_local: false peers { permanent_uuid: "66dd904b36384b709cbcba43f161fc78" member_type: VOTER last_known_addr { host: "127.6.242.129" port: 46541 } } peers { permanent_uuid: "fb73c32a48ec4606be3b1d8634cdc3c1" member_type: VOTER last_known_addr { host: "127.6.242.130" port: 32999 } } peers { permanent_uuid: "e7250010f7664cd3949bdb0d509243f5" member_type: VOTER last_known_addr { host: "127.6.242.131" port: 37009 } }
I20260630 12:26:50.855798 10142 tablet_service.cc:1917] Received RequestConsensusVote() RPC: tablet_id: "5ec25e92ebdb40ef831078475c917286" candidate_uuid: "66dd904b36384b709cbcba43f161fc78" candidate_term: 2 candidate_status { last_received { term: 1 index: 1 } } ignore_live_leader: true dest_uuid: "fb73c32a48ec4606be3b1d8634cdc3c1"
I20260630 12:26:50.855841 10065 leader_election.cc:290] T 5ec25e92ebdb40ef831078475c917286 P 66dd904b36384b709cbcba43f161fc78 [CANDIDATE]: Term 2 election: Requested vote from peers fb73c32a48ec4606be3b1d8634cdc3c1 (127.6.242.130:32999), e7250010f7664cd3949bdb0d509243f5 (127.6.242.131:37009)
I20260630 12:26:50.856518 10142 raft_consensus.cc:3055] T 5ec25e92ebdb40ef831078475c917286 P fb73c32a48ec4606be3b1d8634cdc3c1 [term 1 LEADER]: Stepping down as leader of term 1
I20260630 12:26:50.856920 10142 raft_consensus.cc:740] T 5ec25e92ebdb40ef831078475c917286 P fb73c32a48ec4606be3b1d8634cdc3c1 [term 1 LEADER]: Becoming Follower/Learner. State: Replica: fb73c32a48ec4606be3b1d8634cdc3c1, State: Running, Role: LEADER
I20260630 12:26:50.857722 10142 consensus_queue.cc:260] T 5ec25e92ebdb40ef831078475c917286 P fb73c32a48ec4606be3b1d8634cdc3c1 [NON_LEADER]: Queue going to NON_LEADER mode. State: All replicated index: 0, Majority replicated index: 1, Committed index: 1, Last appended: 1.1, Last appended by leader: 1, Current term: 1, Majority size: -1, State: 0, Mode: NON_LEADER, active raft config: opid_index: -1 OBSOLETE_local: false peers { permanent_uuid: "66dd904b36384b709cbcba43f161fc78" member_type: VOTER last_known_addr { host: "127.6.242.129" port: 46541 } } peers { permanent_uuid: "fb73c32a48ec4606be3b1d8634cdc3c1" member_type: VOTER last_known_addr { host: "127.6.242.130" port: 32999 } } peers { permanent_uuid: "e7250010f7664cd3949bdb0d509243f5" member_type: VOTER last_known_addr { host: "127.6.242.131" port: 37009 } }
I20260630 12:26:50.858923 10142 raft_consensus.cc:3060] T 5ec25e92ebdb40ef831078475c917286 P fb73c32a48ec4606be3b1d8634cdc3c1 [term 1 FOLLOWER]: Advancing to term 2
I20260630 12:26:50.860888 10217 tablet_service.cc:1917] Received RequestConsensusVote() RPC: tablet_id: "5ec25e92ebdb40ef831078475c917286" candidate_uuid: "66dd904b36384b709cbcba43f161fc78" candidate_term: 2 candidate_status { last_received { term: 1 index: 1 } } ignore_live_leader: true dest_uuid: "e7250010f7664cd3949bdb0d509243f5"
I20260630 12:26:50.861460 10217 raft_consensus.cc:3060] T 5ec25e92ebdb40ef831078475c917286 P e7250010f7664cd3949bdb0d509243f5 [term 1 FOLLOWER]: Advancing to term 2
I20260630 12:26:50.867987 10217 raft_consensus.cc:2468] T 5ec25e92ebdb40ef831078475c917286 P e7250010f7664cd3949bdb0d509243f5 [term 2 FOLLOWER]: Leader election vote request: Granting yes vote for candidate 66dd904b36384b709cbcba43f161fc78 in term 2.
I20260630 12:26:50.869184 10033 leader_election.cc:304] T 5ec25e92ebdb40ef831078475c917286 P 66dd904b36384b709cbcba43f161fc78 [CANDIDATE]: Term 2 election: Election decided. Result: candidate won. Election summary: received 2 responses out of 3 voters: 2 yes votes; 0 no votes. yes voters: 66dd904b36384b709cbcba43f161fc78, e7250010f7664cd3949bdb0d509243f5; no voters: 
I20260630 12:26:50.873194 10622 raft_consensus.cc:2804] T 5ec25e92ebdb40ef831078475c917286 P 66dd904b36384b709cbcba43f161fc78 [term 2 FOLLOWER]: Leader election won for term 2
I20260630 12:26:50.873700 10622 raft_consensus.cc:697] T 5ec25e92ebdb40ef831078475c917286 P 66dd904b36384b709cbcba43f161fc78 [term 2 LEADER]: Becoming Leader. State: Replica: 66dd904b36384b709cbcba43f161fc78, State: Running, Role: LEADER
I20260630 12:26:50.874502 10622 consensus_queue.cc:237] T 5ec25e92ebdb40ef831078475c917286 P 66dd904b36384b709cbcba43f161fc78 [LEADER]: Queue going to LEADER mode. State: All replicated index: 0, Majority replicated index: 1, Committed index: 1, Last appended: 1.1, Last appended by leader: 1, Current term: 2, Majority size: 2, State: 0, Mode: LEADER, active raft config: opid_index: -1 OBSOLETE_local: false peers { permanent_uuid: "66dd904b36384b709cbcba43f161fc78" member_type: VOTER last_known_addr { host: "127.6.242.129" port: 46541 } } peers { permanent_uuid: "fb73c32a48ec4606be3b1d8634cdc3c1" member_type: VOTER last_known_addr { host: "127.6.242.130" port: 32999 } } peers { permanent_uuid: "e7250010f7664cd3949bdb0d509243f5" member_type: VOTER last_known_addr { host: "127.6.242.131" port: 37009 } }
I20260630 12:26:50.890795 10142 raft_consensus.cc:2468] T 5ec25e92ebdb40ef831078475c917286 P fb73c32a48ec4606be3b1d8634cdc3c1 [term 2 FOLLOWER]: Leader election vote request: Granting yes vote for candidate 66dd904b36384b709cbcba43f161fc78 in term 2.
I20260630 12:26:50.899701  9968 catalog_manager.cc:5697] T 5ec25e92ebdb40ef831078475c917286 P 66dd904b36384b709cbcba43f161fc78 reported cstate change: term changed from 1 to 2, leader changed from fb73c32a48ec4606be3b1d8634cdc3c1 (127.6.242.130) to 66dd904b36384b709cbcba43f161fc78 (127.6.242.129). New cstate: current_term: 2 leader_uuid: "66dd904b36384b709cbcba43f161fc78" committed_config { opid_index: -1 OBSOLETE_local: false peers { permanent_uuid: "66dd904b36384b709cbcba43f161fc78" member_type: VOTER last_known_addr { host: "127.6.242.129" port: 46541 } health_report { overall_health: HEALTHY } } peers { permanent_uuid: "fb73c32a48ec4606be3b1d8634cdc3c1" member_type: VOTER last_known_addr { host: "127.6.242.130" port: 32999 } health_report { overall_health: UNKNOWN } } peers { permanent_uuid: "e7250010f7664cd3949bdb0d509243f5" member_type: VOTER last_known_addr { host: "127.6.242.131" port: 37009 } health_report { overall_health: UNKNOWN } } }
I20260630 12:26:51.069661 10142 raft_consensus.cc:1217] T 8bb174525925408188d849f21e967ee3 P fb73c32a48ec4606be3b1d8634cdc3c1 [term 2 LEARNER]: Deduplicated request from leader. Original: 2.2->[2.3-2.3]   Dedup: 2.3->[]
I20260630 12:26:51.103123 10218 raft_consensus.cc:1217] T bbd17e9c4982475c974de040a5d28308 P e7250010f7664cd3949bdb0d509243f5 [term 1 LEARNER]: Deduplicated request from leader. Original: 1.1->[1.2-1.2]   Dedup: 1.2->[]
I20260630 12:26:51.179591 10369 raft_consensus.cc:1217] T 23762c28c04b4d13bbbd7f1878401026 P cd0f7525fa0d408ea2df8bf9603b8bff [term 1 LEARNER]: Deduplicated request from leader. Original: 1.1->[1.2-1.2]   Dedup: 1.2->[]
I20260630 12:26:51.301956 10574 raft_consensus.cc:1064] T dc137319a56c4db58880d9bc7d79316a P e7250010f7664cd3949bdb0d509243f5: attempting to promote NON_VOTER cd0f7525fa0d408ea2df8bf9603b8bff to VOTER
I20260630 12:26:51.306629 10574 consensus_queue.cc:237] T dc137319a56c4db58880d9bc7d79316a P e7250010f7664cd3949bdb0d509243f5 [LEADER]: Queue going to LEADER mode. State: All replicated index: 0, Majority replicated index: 2, Committed index: 2, Last appended: 1.2, Last appended by leader: 0, Current term: 1, Majority size: 3, State: 0, Mode: LEADER, active raft config: opid_index: 3 OBSOLETE_local: false peers { permanent_uuid: "66dd904b36384b709cbcba43f161fc78" member_type: VOTER last_known_addr { host: "127.6.242.129" port: 46541 } attrs { replace: true } } peers { permanent_uuid: "fb73c32a48ec4606be3b1d8634cdc3c1" member_type: VOTER last_known_addr { host: "127.6.242.130" port: 32999 } } peers { permanent_uuid: "e7250010f7664cd3949bdb0d509243f5" member_type: VOTER last_known_addr { host: "127.6.242.131" port: 37009 } } peers { permanent_uuid: "cd0f7525fa0d408ea2df8bf9603b8bff" member_type: VOTER last_known_addr { host: "127.6.242.132" port: 43891 } attrs { promote: false } }
I20260630 12:26:51.324103 10218 raft_consensus.cc:1275] T 5ec25e92ebdb40ef831078475c917286 P e7250010f7664cd3949bdb0d509243f5 [term 2 FOLLOWER]: Refusing update from remote peer 66dd904b36384b709cbcba43f161fc78: Log matching property violated. Preceding OpId in replica: term: 1 index: 1. Preceding OpId from leader: term: 2 index: 2. (index mismatch)
I20260630 12:26:51.326380 10644 consensus_queue.cc:1048] T 5ec25e92ebdb40ef831078475c917286 P 66dd904b36384b709cbcba43f161fc78 [LEADER]: Connected to new peer: Peer: permanent_uuid: "e7250010f7664cd3949bdb0d509243f5" member_type: VOTER last_known_addr { host: "127.6.242.131" port: 37009 }, Status: LMP_MISMATCH, Last received: 0.0, Next index: 2, Last known committed idx: 1, Time since last communication: 0.001s
I20260630 12:26:51.333083 10065 raft_consensus.cc:1275] T dc137319a56c4db58880d9bc7d79316a P 66dd904b36384b709cbcba43f161fc78 [term 1 FOLLOWER]: Refusing update from remote peer e7250010f7664cd3949bdb0d509243f5: Log matching property violated. Preceding OpId in replica: term: 1 index: 2. Preceding OpId from leader: term: 1 index: 3. (index mismatch)
I20260630 12:26:51.334848 10656 consensus_queue.cc:1048] T dc137319a56c4db58880d9bc7d79316a P e7250010f7664cd3949bdb0d509243f5 [LEADER]: Connected to new peer: Peer: permanent_uuid: "66dd904b36384b709cbcba43f161fc78" member_type: VOTER last_known_addr { host: "127.6.242.129" port: 46541 } attrs { replace: true }, Status: LMP_MISMATCH, Last received: 0.0, Next index: 3, Last known committed idx: 2, Time since last communication: 0.001s
I20260630 12:26:51.356254 10142 raft_consensus.cc:1275] T dc137319a56c4db58880d9bc7d79316a P fb73c32a48ec4606be3b1d8634cdc3c1 [term 1 FOLLOWER]: Refusing update from remote peer e7250010f7664cd3949bdb0d509243f5: Log matching property violated. Preceding OpId in replica: term: 1 index: 2. Preceding OpId from leader: term: 1 index: 3. (index mismatch)
I20260630 12:26:51.361369 10369 raft_consensus.cc:1275] T dc137319a56c4db58880d9bc7d79316a P cd0f7525fa0d408ea2df8bf9603b8bff [term 1 LEARNER]: Refusing update from remote peer e7250010f7664cd3949bdb0d509243f5: Log matching property violated. Preceding OpId in replica: term: 1 index: 2. Preceding OpId from leader: term: 1 index: 3. (index mismatch)
I20260630 12:26:51.361157 10643 consensus_queue.cc:1048] T dc137319a56c4db58880d9bc7d79316a P e7250010f7664cd3949bdb0d509243f5 [LEADER]: Connected to new peer: Peer: permanent_uuid: "fb73c32a48ec4606be3b1d8634cdc3c1" member_type: VOTER last_known_addr { host: "127.6.242.130" port: 32999 }, Status: LMP_MISMATCH, Last received: 0.0, Next index: 3, Last known committed idx: 2, Time since last communication: 0.001s
I20260630 12:26:51.370342 10643 consensus_queue.cc:1048] T dc137319a56c4db58880d9bc7d79316a P e7250010f7664cd3949bdb0d509243f5 [LEADER]: Connected to new peer: Peer: permanent_uuid: "cd0f7525fa0d408ea2df8bf9603b8bff" member_type: VOTER last_known_addr { host: "127.6.242.132" port: 43891 } attrs { promote: false }, Status: LMP_MISMATCH, Last received: 0.0, Next index: 3, Last known committed idx: 2, Time since last communication: 0.001s
I20260630 12:26:51.391618 10656 raft_consensus.cc:2955] T dc137319a56c4db58880d9bc7d79316a P e7250010f7664cd3949bdb0d509243f5 [term 1 LEADER]: Committing config change with OpId 1.3: config changed from index 2 to 3, cd0f7525fa0d408ea2df8bf9603b8bff (127.6.242.132) changed from NON_VOTER to VOTER. New config: { opid_index: 3 OBSOLETE_local: false peers { permanent_uuid: "66dd904b36384b709cbcba43f161fc78" member_type: VOTER last_known_addr { host: "127.6.242.129" port: 46541 } attrs { replace: true } } peers { permanent_uuid: "fb73c32a48ec4606be3b1d8634cdc3c1" member_type: VOTER last_known_addr { host: "127.6.242.130" port: 32999 } } peers { permanent_uuid: "e7250010f7664cd3949bdb0d509243f5" member_type: VOTER last_known_addr { host: "127.6.242.131" port: 37009 } } peers { permanent_uuid: "cd0f7525fa0d408ea2df8bf9603b8bff" member_type: VOTER last_known_addr { host: "127.6.242.132" port: 43891 } attrs { promote: false } } }
I20260630 12:26:51.418180 10145 raft_consensus.cc:1275] T 5ec25e92ebdb40ef831078475c917286 P fb73c32a48ec4606be3b1d8634cdc3c1 [term 2 FOLLOWER]: Refusing update from remote peer 66dd904b36384b709cbcba43f161fc78: Log matching property violated. Preceding OpId in replica: term: 1 index: 1. Preceding OpId from leader: term: 2 index: 2. (index mismatch)
I20260630 12:26:51.414247 10142 raft_consensus.cc:2955] T dc137319a56c4db58880d9bc7d79316a P fb73c32a48ec4606be3b1d8634cdc3c1 [term 1 FOLLOWER]: Committing config change with OpId 1.3: config changed from index 2 to 3, cd0f7525fa0d408ea2df8bf9603b8bff (127.6.242.132) changed from NON_VOTER to VOTER. New config: { opid_index: 3 OBSOLETE_local: false peers { permanent_uuid: "66dd904b36384b709cbcba43f161fc78" member_type: VOTER last_known_addr { host: "127.6.242.129" port: 46541 } attrs { replace: true } } peers { permanent_uuid: "fb73c32a48ec4606be3b1d8634cdc3c1" member_type: VOTER last_known_addr { host: "127.6.242.130" port: 32999 } } peers { permanent_uuid: "e7250010f7664cd3949bdb0d509243f5" member_type: VOTER last_known_addr { host: "127.6.242.131" port: 37009 } } peers { permanent_uuid: "cd0f7525fa0d408ea2df8bf9603b8bff" member_type: VOTER last_known_addr { host: "127.6.242.132" port: 43891 } attrs { promote: false } } }
I20260630 12:26:51.420943 10644 consensus_queue.cc:1048] T 5ec25e92ebdb40ef831078475c917286 P 66dd904b36384b709cbcba43f161fc78 [LEADER]: Connected to new peer: Peer: permanent_uuid: "fb73c32a48ec4606be3b1d8634cdc3c1" member_type: VOTER last_known_addr { host: "127.6.242.130" port: 32999 }, Status: LMP_MISMATCH, Last received: 0.0, Next index: 2, Last known committed idx: 1, Time since last communication: 0.000s
I20260630 12:26:51.445515 10065 raft_consensus.cc:2955] T dc137319a56c4db58880d9bc7d79316a P 66dd904b36384b709cbcba43f161fc78 [term 1 FOLLOWER]: Committing config change with OpId 1.3: config changed from index 2 to 3, cd0f7525fa0d408ea2df8bf9603b8bff (127.6.242.132) changed from NON_VOTER to VOTER. New config: { opid_index: 3 OBSOLETE_local: false peers { permanent_uuid: "66dd904b36384b709cbcba43f161fc78" member_type: VOTER last_known_addr { host: "127.6.242.129" port: 46541 } attrs { replace: true } } peers { permanent_uuid: "fb73c32a48ec4606be3b1d8634cdc3c1" member_type: VOTER last_known_addr { host: "127.6.242.130" port: 32999 } } peers { permanent_uuid: "e7250010f7664cd3949bdb0d509243f5" member_type: VOTER last_known_addr { host: "127.6.242.131" port: 37009 } } peers { permanent_uuid: "cd0f7525fa0d408ea2df8bf9603b8bff" member_type: VOTER last_known_addr { host: "127.6.242.132" port: 43891 } attrs { promote: false } } }
I20260630 12:26:51.447544  9968 catalog_manager.cc:5697] T dc137319a56c4db58880d9bc7d79316a P e7250010f7664cd3949bdb0d509243f5 reported cstate change: config changed from index 2 to 3, cd0f7525fa0d408ea2df8bf9603b8bff (127.6.242.132) changed from NON_VOTER to VOTER. New cstate: current_term: 1 leader_uuid: "e7250010f7664cd3949bdb0d509243f5" committed_config { opid_index: 3 OBSOLETE_local: false peers { permanent_uuid: "66dd904b36384b709cbcba43f161fc78" member_type: VOTER last_known_addr { host: "127.6.242.129" port: 46541 } attrs { replace: true } health_report { overall_health: HEALTHY } } peers { permanent_uuid: "fb73c32a48ec4606be3b1d8634cdc3c1" member_type: VOTER last_known_addr { host: "127.6.242.130" port: 32999 } health_report { overall_health: HEALTHY } } peers { permanent_uuid: "e7250010f7664cd3949bdb0d509243f5" member_type: VOTER last_known_addr { host: "127.6.242.131" port: 37009 } health_report { overall_health: HEALTHY } } peers { permanent_uuid: "cd0f7525fa0d408ea2df8bf9603b8bff" member_type: VOTER last_known_addr { host: "127.6.242.132" port: 43891 } attrs { promote: false } health_report { overall_health: HEALTHY } } }
I20260630 12:26:51.458014 10370 raft_consensus.cc:2955] T dc137319a56c4db58880d9bc7d79316a P cd0f7525fa0d408ea2df8bf9603b8bff [term 1 FOLLOWER]: Committing config change with OpId 1.3: config changed from index 2 to 3, cd0f7525fa0d408ea2df8bf9603b8bff (127.6.242.132) changed from NON_VOTER to VOTER. New config: { opid_index: 3 OBSOLETE_local: false peers { permanent_uuid: "66dd904b36384b709cbcba43f161fc78" member_type: VOTER last_known_addr { host: "127.6.242.129" port: 46541 } attrs { replace: true } } peers { permanent_uuid: "fb73c32a48ec4606be3b1d8634cdc3c1" member_type: VOTER last_known_addr { host: "127.6.242.130" port: 32999 } } peers { permanent_uuid: "e7250010f7664cd3949bdb0d509243f5" member_type: VOTER last_known_addr { host: "127.6.242.131" port: 37009 } } peers { permanent_uuid: "cd0f7525fa0d408ea2df8bf9603b8bff" member_type: VOTER last_known_addr { host: "127.6.242.132" port: 43891 } attrs { promote: false } } }
I20260630 12:26:51.517799 10217 consensus_queue.cc:237] T dc137319a56c4db58880d9bc7d79316a P e7250010f7664cd3949bdb0d509243f5 [LEADER]: Queue going to LEADER mode. State: All replicated index: 0, Majority replicated index: 3, Committed index: 3, Last appended: 1.3, Last appended by leader: 0, Current term: 1, Majority size: 2, State: 0, Mode: LEADER, active raft config: opid_index: 4 OBSOLETE_local: false peers { permanent_uuid: "fb73c32a48ec4606be3b1d8634cdc3c1" member_type: VOTER last_known_addr { host: "127.6.242.130" port: 32999 } } peers { permanent_uuid: "e7250010f7664cd3949bdb0d509243f5" member_type: VOTER last_known_addr { host: "127.6.242.131" port: 37009 } } peers { permanent_uuid: "cd0f7525fa0d408ea2df8bf9603b8bff" member_type: VOTER last_known_addr { host: "127.6.242.132" port: 43891 } attrs { promote: false } }
I20260630 12:26:51.530622 10145 raft_consensus.cc:1275] T dc137319a56c4db58880d9bc7d79316a P fb73c32a48ec4606be3b1d8634cdc3c1 [term 1 FOLLOWER]: Refusing update from remote peer e7250010f7664cd3949bdb0d509243f5: Log matching property violated. Preceding OpId in replica: term: 1 index: 3. Preceding OpId from leader: term: 1 index: 4. (index mismatch)
I20260630 12:26:51.532897 10643 consensus_queue.cc:1048] T dc137319a56c4db58880d9bc7d79316a P e7250010f7664cd3949bdb0d509243f5 [LEADER]: Connected to new peer: Peer: permanent_uuid: "fb73c32a48ec4606be3b1d8634cdc3c1" member_type: VOTER last_known_addr { host: "127.6.242.130" port: 32999 }, Status: LMP_MISMATCH, Last received: 0.0, Next index: 4, Last known committed idx: 3, Time since last communication: 0.000s
I20260630 12:26:51.535524 10370 raft_consensus.cc:1275] T dc137319a56c4db58880d9bc7d79316a P cd0f7525fa0d408ea2df8bf9603b8bff [term 1 FOLLOWER]: Refusing update from remote peer e7250010f7664cd3949bdb0d509243f5: Log matching property violated. Preceding OpId in replica: term: 1 index: 3. Preceding OpId from leader: term: 1 index: 4. (index mismatch)
I20260630 12:26:51.538797 10643 consensus_queue.cc:1048] T dc137319a56c4db58880d9bc7d79316a P e7250010f7664cd3949bdb0d509243f5 [LEADER]: Connected to new peer: Peer: permanent_uuid: "cd0f7525fa0d408ea2df8bf9603b8bff" member_type: VOTER last_known_addr { host: "127.6.242.132" port: 43891 } attrs { promote: false }, Status: LMP_MISMATCH, Last received: 0.0, Next index: 4, Last known committed idx: 3, Time since last communication: 0.000s
I20260630 12:26:51.543087 10656 raft_consensus.cc:2955] T dc137319a56c4db58880d9bc7d79316a P e7250010f7664cd3949bdb0d509243f5 [term 1 LEADER]: Committing config change with OpId 1.4: config changed from index 3 to 4, VOTER 66dd904b36384b709cbcba43f161fc78 (127.6.242.129) evicted. New config: { opid_index: 4 OBSOLETE_local: false peers { permanent_uuid: "fb73c32a48ec4606be3b1d8634cdc3c1" member_type: VOTER last_known_addr { host: "127.6.242.130" port: 32999 } } peers { permanent_uuid: "e7250010f7664cd3949bdb0d509243f5" member_type: VOTER last_known_addr { host: "127.6.242.131" port: 37009 } } peers { permanent_uuid: "cd0f7525fa0d408ea2df8bf9603b8bff" member_type: VOTER last_known_addr { host: "127.6.242.132" port: 43891 } attrs { promote: false } } }
I20260630 12:26:51.550307 10142 raft_consensus.cc:2955] T dc137319a56c4db58880d9bc7d79316a P fb73c32a48ec4606be3b1d8634cdc3c1 [term 1 FOLLOWER]: Committing config change with OpId 1.4: config changed from index 3 to 4, VOTER 66dd904b36384b709cbcba43f161fc78 (127.6.242.129) evicted. New config: { opid_index: 4 OBSOLETE_local: false peers { permanent_uuid: "fb73c32a48ec4606be3b1d8634cdc3c1" member_type: VOTER last_known_addr { host: "127.6.242.130" port: 32999 } } peers { permanent_uuid: "e7250010f7664cd3949bdb0d509243f5" member_type: VOTER last_known_addr { host: "127.6.242.131" port: 37009 } } peers { permanent_uuid: "cd0f7525fa0d408ea2df8bf9603b8bff" member_type: VOTER last_known_addr { host: "127.6.242.132" port: 43891 } attrs { promote: false } } }
I20260630 12:26:51.553009 10370 raft_consensus.cc:2955] T dc137319a56c4db58880d9bc7d79316a P cd0f7525fa0d408ea2df8bf9603b8bff [term 1 FOLLOWER]: Committing config change with OpId 1.4: config changed from index 3 to 4, VOTER 66dd904b36384b709cbcba43f161fc78 (127.6.242.129) evicted. New config: { opid_index: 4 OBSOLETE_local: false peers { permanent_uuid: "fb73c32a48ec4606be3b1d8634cdc3c1" member_type: VOTER last_known_addr { host: "127.6.242.130" port: 32999 } } peers { permanent_uuid: "e7250010f7664cd3949bdb0d509243f5" member_type: VOTER last_known_addr { host: "127.6.242.131" port: 37009 } } peers { permanent_uuid: "cd0f7525fa0d408ea2df8bf9603b8bff" member_type: VOTER last_known_addr { host: "127.6.242.132" port: 43891 } attrs { promote: false } } }
I20260630 12:26:51.566327  9966 catalog_manager.cc:5697] T dc137319a56c4db58880d9bc7d79316a P fb73c32a48ec4606be3b1d8634cdc3c1 reported cstate change: config changed from index 3 to 4, VOTER 66dd904b36384b709cbcba43f161fc78 (127.6.242.129) evicted. New cstate: current_term: 1 leader_uuid: "e7250010f7664cd3949bdb0d509243f5" committed_config { opid_index: 4 OBSOLETE_local: false peers { permanent_uuid: "fb73c32a48ec4606be3b1d8634cdc3c1" member_type: VOTER last_known_addr { host: "127.6.242.130" port: 32999 } } peers { permanent_uuid: "e7250010f7664cd3949bdb0d509243f5" member_type: VOTER last_known_addr { host: "127.6.242.131" port: 37009 } } peers { permanent_uuid: "cd0f7525fa0d408ea2df8bf9603b8bff" member_type: VOTER last_known_addr { host: "127.6.242.132" port: 43891 } attrs { promote: false } } }
I20260630 12:26:51.573632  9952 catalog_manager.cc:5210] ChangeConfig:REMOVE_PEER RPC for tablet dc137319a56c4db58880d9bc7d79316a with cas_config_opid_index 3: ChangeConfig:REMOVE_PEER succeeded (attempt 1)
I20260630 12:26:51.588822 10059 tablet_service.cc:1558] Processing DeleteTablet for tablet dc137319a56c4db58880d9bc7d79316a with delete_type TABLET_DATA_TOMBSTONED (TS 66dd904b36384b709cbcba43f161fc78 not found in new config with opid_index 4) from {username='slave'} at 127.0.0.1:54604
I20260630 12:26:51.591542 10668 tablet_replica.cc:333] T dc137319a56c4db58880d9bc7d79316a P 66dd904b36384b709cbcba43f161fc78: stopping tablet replica
I20260630 12:26:51.592730 10668 raft_consensus.cc:2243] T dc137319a56c4db58880d9bc7d79316a P 66dd904b36384b709cbcba43f161fc78 [term 1 FOLLOWER]: Raft consensus shutting down.
I20260630 12:26:51.593799 10668 raft_consensus.cc:2272] T dc137319a56c4db58880d9bc7d79316a P 66dd904b36384b709cbcba43f161fc78 [term 1 FOLLOWER]: Raft consensus is shut down!
I20260630 12:26:51.598161 10668 ts_tablet_manager.cc:1916] T dc137319a56c4db58880d9bc7d79316a P 66dd904b36384b709cbcba43f161fc78: Deleting tablet data with delete state TABLET_DATA_TOMBSTONED
I20260630 12:26:51.611568 10668 ts_tablet_manager.cc:1929] T dc137319a56c4db58880d9bc7d79316a P 66dd904b36384b709cbcba43f161fc78: tablet deleted with delete type TABLET_DATA_TOMBSTONED: last-logged OpId 1.3
I20260630 12:26:51.612002 10668 log.cc:1199] T dc137319a56c4db58880d9bc7d79316a P 66dd904b36384b709cbcba43f161fc78: Deleting WAL directory at /tmp/dist-test-task1yz5dT/test-tmp/auto_rebalancer-test.0.AutoRebalancerTest.RangeAwareRebalancesNewRangeReplicas.1782822320662057-7114-0/minicluster-data/ts-0-root/wals/dc137319a56c4db58880d9bc7d79316a
I20260630 12:26:51.613955  9955 catalog_manager.cc:5028] TS 66dd904b36384b709cbcba43f161fc78 (127.6.242.129:46541): tablet dc137319a56c4db58880d9bc7d79316a (table range_aware_rebalance_new_range [id=58613558e1a946f0a0da059b3aa92478]) successfully deleted
I20260630 12:26:51.675393 10644 raft_consensus.cc:1064] T 8bb174525925408188d849f21e967ee3 P 66dd904b36384b709cbcba43f161fc78: attempting to promote NON_VOTER fb73c32a48ec4606be3b1d8634cdc3c1 to VOTER
I20260630 12:26:51.678862 10644 consensus_queue.cc:237] T 8bb174525925408188d849f21e967ee3 P 66dd904b36384b709cbcba43f161fc78 [LEADER]: Queue going to LEADER mode. State: All replicated index: 0, Majority replicated index: 3, Committed index: 3, Last appended: 2.3, Last appended by leader: 1, Current term: 2, Majority size: 3, State: 0, Mode: LEADER, active raft config: opid_index: 4 OBSOLETE_local: false peers { permanent_uuid: "cd0f7525fa0d408ea2df8bf9603b8bff" member_type: VOTER last_known_addr { host: "127.6.242.132" port: 43891 } attrs { replace: true } } peers { permanent_uuid: "e7250010f7664cd3949bdb0d509243f5" member_type: VOTER last_known_addr { host: "127.6.242.131" port: 37009 } } peers { permanent_uuid: "66dd904b36384b709cbcba43f161fc78" member_type: VOTER last_known_addr { host: "127.6.242.129" port: 46541 } } peers { permanent_uuid: "fb73c32a48ec4606be3b1d8634cdc3c1" member_type: VOTER last_known_addr { host: "127.6.242.130" port: 32999 } attrs { promote: false } }
I20260630 12:26:51.702090 10142 raft_consensus.cc:1275] T 8bb174525925408188d849f21e967ee3 P fb73c32a48ec4606be3b1d8634cdc3c1 [term 2 LEARNER]: Refusing update from remote peer 66dd904b36384b709cbcba43f161fc78: Log matching property violated. Preceding OpId in replica: term: 2 index: 3. Preceding OpId from leader: term: 2 index: 4. (index mismatch)
I20260630 12:26:51.702090 10217 raft_consensus.cc:1275] T 8bb174525925408188d849f21e967ee3 P e7250010f7664cd3949bdb0d509243f5 [term 2 FOLLOWER]: Refusing update from remote peer 66dd904b36384b709cbcba43f161fc78: Log matching property violated. Preceding OpId in replica: term: 2 index: 3. Preceding OpId from leader: term: 2 index: 4. (index mismatch)
I20260630 12:26:51.704156 10370 raft_consensus.cc:1275] T 8bb174525925408188d849f21e967ee3 P cd0f7525fa0d408ea2df8bf9603b8bff [term 2 FOLLOWER]: Refusing update from remote peer 66dd904b36384b709cbcba43f161fc78: Log matching property violated. Preceding OpId in replica: term: 2 index: 3. Preceding OpId from leader: term: 2 index: 4. (index mismatch)
I20260630 12:26:51.705940 10622 consensus_queue.cc:1048] T 8bb174525925408188d849f21e967ee3 P 66dd904b36384b709cbcba43f161fc78 [LEADER]: Connected to new peer: Peer: permanent_uuid: "fb73c32a48ec4606be3b1d8634cdc3c1" member_type: VOTER last_known_addr { host: "127.6.242.130" port: 32999 } attrs { promote: false }, Status: LMP_MISMATCH, Last received: 0.0, Next index: 4, Last known committed idx: 3, Time since last communication: 0.001s
I20260630 12:26:51.707568 10650 consensus_queue.cc:1048] T 8bb174525925408188d849f21e967ee3 P 66dd904b36384b709cbcba43f161fc78 [LEADER]: Connected to new peer: Peer: permanent_uuid: "e7250010f7664cd3949bdb0d509243f5" member_type: VOTER last_known_addr { host: "127.6.242.131" port: 37009 }, Status: LMP_MISMATCH, Last received: 0.0, Next index: 4, Last known committed idx: 3, Time since last communication: 0.000s
I20260630 12:26:51.712461 10650 raft_consensus.cc:1064] T bbd17e9c4982475c974de040a5d28308 P 66dd904b36384b709cbcba43f161fc78: attempting to promote NON_VOTER e7250010f7664cd3949bdb0d509243f5 to VOTER
I20260630 12:26:51.713387 10622 consensus_queue.cc:1048] T 8bb174525925408188d849f21e967ee3 P 66dd904b36384b709cbcba43f161fc78 [LEADER]: Connected to new peer: Peer: permanent_uuid: "cd0f7525fa0d408ea2df8bf9603b8bff" member_type: VOTER last_known_addr { host: "127.6.242.132" port: 43891 } attrs { replace: true }, Status: LMP_MISMATCH, Last received: 0.0, Next index: 4, Last known committed idx: 3, Time since last communication: 0.000s
I20260630 12:26:51.715760 10650 consensus_queue.cc:237] T bbd17e9c4982475c974de040a5d28308 P 66dd904b36384b709cbcba43f161fc78 [LEADER]: Queue going to LEADER mode. State: All replicated index: 0, Majority replicated index: 2, Committed index: 2, Last appended: 1.2, Last appended by leader: 0, Current term: 1, Majority size: 3, State: 0, Mode: LEADER, active raft config: opid_index: 3 OBSOLETE_local: false peers { permanent_uuid: "cd0f7525fa0d408ea2df8bf9603b8bff" member_type: VOTER last_known_addr { host: "127.6.242.132" port: 43891 } attrs { replace: true } } peers { permanent_uuid: "66dd904b36384b709cbcba43f161fc78" member_type: VOTER last_known_addr { host: "127.6.242.129" port: 46541 } } peers { permanent_uuid: "fb73c32a48ec4606be3b1d8634cdc3c1" member_type: VOTER last_known_addr { host: "127.6.242.130" port: 32999 } } peers { permanent_uuid: "e7250010f7664cd3949bdb0d509243f5" member_type: VOTER last_known_addr { host: "127.6.242.131" port: 37009 } attrs { promote: false } }
I20260630 12:26:51.740870 10217 raft_consensus.cc:1275] T bbd17e9c4982475c974de040a5d28308 P e7250010f7664cd3949bdb0d509243f5 [term 1 LEARNER]: Refusing update from remote peer 66dd904b36384b709cbcba43f161fc78: Log matching property violated. Preceding OpId in replica: term: 1 index: 2. Preceding OpId from leader: term: 1 index: 3. (index mismatch)
I20260630 12:26:51.743098 10622 consensus_queue.cc:1048] T bbd17e9c4982475c974de040a5d28308 P 66dd904b36384b709cbcba43f161fc78 [LEADER]: Connected to new peer: Peer: permanent_uuid: "e7250010f7664cd3949bdb0d509243f5" member_type: VOTER last_known_addr { host: "127.6.242.131" port: 37009 } attrs { promote: false }, Status: LMP_MISMATCH, Last received: 0.0, Next index: 3, Last known committed idx: 2, Time since last communication: 0.000s
I20260630 12:26:51.742753 10670 raft_consensus.cc:2955] T 8bb174525925408188d849f21e967ee3 P 66dd904b36384b709cbcba43f161fc78 [term 2 LEADER]: Committing config change with OpId 2.4: config changed from index 3 to 4, fb73c32a48ec4606be3b1d8634cdc3c1 (127.6.242.130) changed from NON_VOTER to VOTER. New config: { opid_index: 4 OBSOLETE_local: false peers { permanent_uuid: "cd0f7525fa0d408ea2df8bf9603b8bff" member_type: VOTER last_known_addr { host: "127.6.242.132" port: 43891 } attrs { replace: true } } peers { permanent_uuid: "e7250010f7664cd3949bdb0d509243f5" member_type: VOTER last_known_addr { host: "127.6.242.131" port: 37009 } } peers { permanent_uuid: "66dd904b36384b709cbcba43f161fc78" member_type: VOTER last_known_addr { host: "127.6.242.129" port: 46541 } } peers { permanent_uuid: "fb73c32a48ec4606be3b1d8634cdc3c1" member_type: VOTER last_known_addr { host: "127.6.242.130" port: 32999 } attrs { promote: false } } }
I20260630 12:26:51.749737 10142 raft_consensus.cc:2955] T 8bb174525925408188d849f21e967ee3 P fb73c32a48ec4606be3b1d8634cdc3c1 [term 2 FOLLOWER]: Committing config change with OpId 2.4: config changed from index 3 to 4, fb73c32a48ec4606be3b1d8634cdc3c1 (127.6.242.130) changed from NON_VOTER to VOTER. New config: { opid_index: 4 OBSOLETE_local: false peers { permanent_uuid: "cd0f7525fa0d408ea2df8bf9603b8bff" member_type: VOTER last_known_addr { host: "127.6.242.132" port: 43891 } attrs { replace: true } } peers { permanent_uuid: "e7250010f7664cd3949bdb0d509243f5" member_type: VOTER last_known_addr { host: "127.6.242.131" port: 37009 } } peers { permanent_uuid: "66dd904b36384b709cbcba43f161fc78" member_type: VOTER last_known_addr { host: "127.6.242.129" port: 46541 } } peers { permanent_uuid: "fb73c32a48ec4606be3b1d8634cdc3c1" member_type: VOTER last_known_addr { host: "127.6.242.130" port: 32999 } attrs { promote: false } } }
I20260630 12:26:51.753262 10145 raft_consensus.cc:1275] T bbd17e9c4982475c974de040a5d28308 P fb73c32a48ec4606be3b1d8634cdc3c1 [term 1 FOLLOWER]: Refusing update from remote peer 66dd904b36384b709cbcba43f161fc78: Log matching property violated. Preceding OpId in replica: term: 1 index: 2. Preceding OpId from leader: term: 1 index: 3. (index mismatch)
I20260630 12:26:51.754726 10370 raft_consensus.cc:1275] T bbd17e9c4982475c974de040a5d28308 P cd0f7525fa0d408ea2df8bf9603b8bff [term 1 FOLLOWER]: Refusing update from remote peer 66dd904b36384b709cbcba43f161fc78: Log matching property violated. Preceding OpId in replica: term: 1 index: 2. Preceding OpId from leader: term: 1 index: 3. (index mismatch)
I20260630 12:26:51.771081 10675 consensus_queue.cc:1048] T bbd17e9c4982475c974de040a5d28308 P 66dd904b36384b709cbcba43f161fc78 [LEADER]: Connected to new peer: Peer: permanent_uuid: "fb73c32a48ec4606be3b1d8634cdc3c1" member_type: VOTER last_known_addr { host: "127.6.242.130" port: 32999 }, Status: LMP_MISMATCH, Last received: 0.0, Next index: 3, Last known committed idx: 2, Time since last communication: 0.001s
I20260630 12:26:51.783233 10370 raft_consensus.cc:2955] T 8bb174525925408188d849f21e967ee3 P cd0f7525fa0d408ea2df8bf9603b8bff [term 2 FOLLOWER]: Committing config change with OpId 2.4: config changed from index 3 to 4, fb73c32a48ec4606be3b1d8634cdc3c1 (127.6.242.130) changed from NON_VOTER to VOTER. New config: { opid_index: 4 OBSOLETE_local: false peers { permanent_uuid: "cd0f7525fa0d408ea2df8bf9603b8bff" member_type: VOTER last_known_addr { host: "127.6.242.132" port: 43891 } attrs { replace: true } } peers { permanent_uuid: "e7250010f7664cd3949bdb0d509243f5" member_type: VOTER last_known_addr { host: "127.6.242.131" port: 37009 } } peers { permanent_uuid: "66dd904b36384b709cbcba43f161fc78" member_type: VOTER last_known_addr { host: "127.6.242.129" port: 46541 } } peers { permanent_uuid: "fb73c32a48ec4606be3b1d8634cdc3c1" member_type: VOTER last_known_addr { host: "127.6.242.130" port: 32999 } attrs { promote: false } } }
I20260630 12:26:51.795027 10675 consensus_queue.cc:1048] T bbd17e9c4982475c974de040a5d28308 P 66dd904b36384b709cbcba43f161fc78 [LEADER]: Connected to new peer: Peer: permanent_uuid: "cd0f7525fa0d408ea2df8bf9603b8bff" member_type: VOTER last_known_addr { host: "127.6.242.132" port: 43891 } attrs { replace: true }, Status: LMP_MISMATCH, Last received: 0.0, Next index: 3, Last known committed idx: 2, Time since last communication: 0.001s
I20260630 12:26:51.797564 10622 raft_consensus.cc:2955] T bbd17e9c4982475c974de040a5d28308 P 66dd904b36384b709cbcba43f161fc78 [term 1 LEADER]: Committing config change with OpId 1.3: config changed from index 2 to 3, e7250010f7664cd3949bdb0d509243f5 (127.6.242.131) changed from NON_VOTER to VOTER. New config: { opid_index: 3 OBSOLETE_local: false peers { permanent_uuid: "cd0f7525fa0d408ea2df8bf9603b8bff" member_type: VOTER last_known_addr { host: "127.6.242.132" port: 43891 } attrs { replace: true } } peers { permanent_uuid: "66dd904b36384b709cbcba43f161fc78" member_type: VOTER last_known_addr { host: "127.6.242.129" port: 46541 } } peers { permanent_uuid: "fb73c32a48ec4606be3b1d8634cdc3c1" member_type: VOTER last_known_addr { host: "127.6.242.130" port: 32999 } } peers { permanent_uuid: "e7250010f7664cd3949bdb0d509243f5" member_type: VOTER last_known_addr { host: "127.6.242.131" port: 37009 } attrs { promote: false } } }
