I20260630 12:26:51.052644 17934 raft_consensus.cc:2804] T 00000000000000000000000000000000 P 6658e37fe14b42af810512937748fcf6 [term 1 FOLLOWER]: Leader election won for term 1
I20260630 12:26:51.054178 17934 raft_consensus.cc:697] T 00000000000000000000000000000000 P 6658e37fe14b42af810512937748fcf6 [term 1 LEADER]: Becoming Leader. State: Replica: 6658e37fe14b42af810512937748fcf6, State: Running, Role: LEADER
I20260630 12:26:51.054963 17934 consensus_queue.cc:237] T 00000000000000000000000000000000 P 6658e37fe14b42af810512937748fcf6 [LEADER]: Queue going to LEADER mode. State: All replicated index: 0, Majority replicated index: 0, Committed index: 0, Last appended: 0.0, Last appended by leader: 0, Current term: 1, Majority size: 1, State: 0, Mode: LEADER, active raft config: opid_index: -1 OBSOLETE_local: true peers { permanent_uuid: "6658e37fe14b42af810512937748fcf6" member_type: VOTER }
I20260630 12:26:51.055603 17931 sys_catalog.cc:565] T 00000000000000000000000000000000 P 6658e37fe14b42af810512937748fcf6 [sys.catalog]: configured and running, proceeding with master startup.
I20260630 12:26:51.060132 17936 sys_catalog.cc:455] T 00000000000000000000000000000000 P 6658e37fe14b42af810512937748fcf6 [sys.catalog]: SysCatalogTable state changed. Reason: New leader 6658e37fe14b42af810512937748fcf6. Latest consensus state: current_term: 1 leader_uuid: "6658e37fe14b42af810512937748fcf6" committed_config { opid_index: -1 OBSOLETE_local: true peers { permanent_uuid: "6658e37fe14b42af810512937748fcf6" member_type: VOTER } }
I20260630 12:26:51.060981 17936 sys_catalog.cc:458] T 00000000000000000000000000000000 P 6658e37fe14b42af810512937748fcf6 [sys.catalog]: This master's current role is: LEADER
I20260630 12:26:51.062618 17935 sys_catalog.cc:455] T 00000000000000000000000000000000 P 6658e37fe14b42af810512937748fcf6 [sys.catalog]: SysCatalogTable state changed. Reason: RaftConsensus started. Latest consensus state: current_term: 1 leader_uuid: "6658e37fe14b42af810512937748fcf6" committed_config { opid_index: -1 OBSOLETE_local: true peers { permanent_uuid: "6658e37fe14b42af810512937748fcf6" member_type: VOTER } }
I20260630 12:26:51.063424 17935 sys_catalog.cc:458] T 00000000000000000000000000000000 P 6658e37fe14b42af810512937748fcf6 [sys.catalog]: This master's current role is: LEADER
I20260630 12:26:51.068416 17943 catalog_manager.cc:1511] Loading table and tablet metadata into memory...
I20260630 12:26:51.077780 17943 catalog_manager.cc:1520] Initializing Kudu cluster ID...
I20260630 12:26:51.078956 14332 internal_mini_cluster.cc:184] Waiting to initialize catalog manager on master 0
I20260630 12:26:51.088202 17943 catalog_manager.cc:1383] Generated new cluster ID: a5fb21ea317d46a28f03a3d32a7780a8
I20260630 12:26:51.088567 17943 catalog_manager.cc:1531] Initializing Kudu internal certificate authority...
I20260630 12:26:51.109721 17943 catalog_manager.cc:1406] Generated new certificate authority record
I20260630 12:26:51.111109 17943 catalog_manager.cc:1540] Loading token signing keys...
I20260630 12:26:51.141134 17943 catalog_manager.cc:6070] T 00000000000000000000000000000000 P 6658e37fe14b42af810512937748fcf6: Generated new TSK 0
I20260630 12:26:51.141812 17943 catalog_manager.cc:1550] Initializing in-progress tserver states...
I20260630 12:26:51.210156 14332 file_cache.cc:492] Constructed file cache file cache with capacity 419430
W20260630 12:26:51.216154 17952 instance_detector.cc:116] could not retrieve AWS instance metadata: Network error: curl error: HTTP response code said error: The requested URL returned error: 404
W20260630 12:26:51.217300 17953 instance_detector.cc:116] could not retrieve Azure instance metadata: Network error: curl error: HTTP response code said error: The requested URL returned error: 404
W20260630 12:26:51.220124 17955 instance_detector.cc:116] could not retrieve OpenStack instance metadata: Network error: curl error: HTTP response code said error: The requested URL returned error: 404
I20260630 12:26:51.220554 14332 server_base.cc:1061] running on GCE node
I20260630 12:26:51.221482 14332 hybrid_clock.cc:584] initializing the hybrid clock with 'system_unsync' time source
W20260630 12:26:51.221678 14332 system_unsync_time.cc:38] NTP support is disabled. Clock error bounds will not be accurate. This configuration is not suitable for distributed clusters.
I20260630 12:26:51.221804 14332 hybrid_clock.cc:648] HybridClock initialized: now 1782822411221793 us; error 0 us; skew 500 ppm
I20260630 12:26:51.222262 14332 server_base.cc:861] Flag tcmalloc_max_total_thread_cache_bytes is not working since tcmalloc is not enabled.
I20260630 12:26:51.224785 14332 webserver.cc:533] Webserver started at http://127.13.255.1:44961/ using document root <none> and password file <none>
I20260630 12:26:51.225236 14332 fs_manager.cc:362] Metadata directory not provided
I20260630 12:26:51.225392 14332 fs_manager.cc:368] Using write-ahead log directory (fs_wal_dir) as metadata directory
I20260630 12:26:51.225600 14332 server_base.cc:909] This appears to be a new deployment of Kudu; creating new FS layout
I20260630 12:26:51.226810 14332 fs_manager.cc:1068] Generated new instance metadata in path /tmp/dist-test-tasko_2It8/test-tmp/auto_rebalancer-test.0.AutoRebalancerTest.NoReplicaMovesIfLocationLoadSkewedByOne.1782822318384804-14332-0/minicluster-data/ts-0-root/instance:
uuid: "c7ae034796224f568172c48fb95f1d32"
format_stamp: "Formatted at 2026-06-30 12:26:51 on dist-test-slave-c6n3"
I20260630 12:26:51.232033 14332 fs_manager.cc:696] Time spent creating directory manager: real 0.005s	user 0.005s	sys 0.000s
I20260630 12:26:51.235582 17960 log_block_manager.cc:4031] Time spent loading block containers with low live blocks: real 0.000s	user 0.000s	sys 0.000s
I20260630 12:26:51.236589 14332 fs_manager.cc:730] Time spent opening block manager: real 0.003s	user 0.002s	sys 0.001s
I20260630 12:26:51.236934 14332 fs_manager.cc:647] Opened local filesystem: /tmp/dist-test-tasko_2It8/test-tmp/auto_rebalancer-test.0.AutoRebalancerTest.NoReplicaMovesIfLocationLoadSkewedByOne.1782822318384804-14332-0/minicluster-data/ts-0-root
uuid: "c7ae034796224f568172c48fb95f1d32"
format_stamp: "Formatted at 2026-06-30 12:26:51 on dist-test-slave-c6n3"
I20260630 12:26:51.237254 14332 fs_report.cc:389] FS layout report
--------------------
wal directory: /tmp/dist-test-tasko_2It8/test-tmp/auto_rebalancer-test.0.AutoRebalancerTest.NoReplicaMovesIfLocationLoadSkewedByOne.1782822318384804-14332-0/minicluster-data/ts-0-root
metadata directory: /tmp/dist-test-tasko_2It8/test-tmp/auto_rebalancer-test.0.AutoRebalancerTest.NoReplicaMovesIfLocationLoadSkewedByOne.1782822318384804-14332-0/minicluster-data/ts-0-root
1 data directories: /tmp/dist-test-tasko_2It8/test-tmp/auto_rebalancer-test.0.AutoRebalancerTest.NoReplicaMovesIfLocationLoadSkewedByOne.1782822318384804-14332-0/minicluster-data/ts-0-root/data
Total live blocks: 0
Total live bytes: 0
Total live bytes (after alignment): 0
Total number of LBM containers: 0 (0 full)
Did not check for missing blocks
Did not check for orphaned blocks
Total full LBM containers with extra space: 0 (0 repaired)
Total full LBM container extra space in bytes: 0 (0 repaired)
Total incomplete LBM containers: 0 (0 repaired)
Total LBM partial records: 0 (0 repaired)
Total corrupted LBM metadata records in RocksDB: 0 (0 repaired)
I20260630 12:26:51.253504 14332 rpc_server.cc:225] running with OpenSSL 1.1.1  11 Sep 2018
I20260630 12:26:51.254895 14332 kserver.cc:163] Server-wide thread pool size limit: 3276
I20260630 12:26:51.256493 14332 txn_system_client.cc:432] TxnSystemClient initialization is disabled...
I20260630 12:26:51.259369 14332 ts_tablet_manager.cc:585] Loaded tablet metadata (0 total tablets, 0 live tablets)
I20260630 12:26:51.259608 14332 ts_tablet_manager.cc:531] Time spent load tablet metadata: real 0.000s	user 0.000s	sys 0.000s
I20260630 12:26:51.259850 14332 ts_tablet_manager.cc:616] Registered 0 tablets
I20260630 12:26:51.260067 14332 ts_tablet_manager.cc:595] Time spent register tablets: real 0.000s	user 0.000s	sys 0.000s
I20260630 12:26:51.302268 14332 rpc_server.cc:307] RPC server started. Bound to: 127.13.255.1:43075
I20260630 12:26:51.302378 18022 acceptor_pool.cc:272] collecting diagnostics on the listening RPC socket 127.13.255.1:43075 every 8 connection(s)
I20260630 12:26:51.307467 14332 file_cache.cc:492] Constructed file cache file cache with capacity 419430
W20260630 12:26:51.316505 18028 instance_detector.cc:116] could not retrieve Azure instance metadata: Network error: curl error: HTTP response code said error: The requested URL returned error: 404
W20260630 12:26:51.316768 18027 instance_detector.cc:116] could not retrieve AWS instance metadata: Network error: curl error: HTTP response code said error: The requested URL returned error: 404
W20260630 12:26:51.320787 18030 instance_detector.cc:116] could not retrieve OpenStack instance metadata: Network error: curl error: HTTP response code said error: The requested URL returned error: 404
I20260630 12:26:51.321002 14332 server_base.cc:1061] running on GCE node
I20260630 12:26:51.321966 14332 hybrid_clock.cc:584] initializing the hybrid clock with 'system_unsync' time source
W20260630 12:26:51.322168 14332 system_unsync_time.cc:38] NTP support is disabled. Clock error bounds will not be accurate. This configuration is not suitable for distributed clusters.
I20260630 12:26:51.322304 14332 hybrid_clock.cc:648] HybridClock initialized: now 1782822411322291 us; error 0 us; skew 500 ppm
I20260630 12:26:51.322847 14332 server_base.cc:861] Flag tcmalloc_max_total_thread_cache_bytes is not working since tcmalloc is not enabled.
I20260630 12:26:51.325897 14332 webserver.cc:533] Webserver started at http://127.13.255.2:37477/ using document root <none> and password file <none>
I20260630 12:26:51.326572 14332 fs_manager.cc:362] Metadata directory not provided
I20260630 12:26:51.326874 14332 fs_manager.cc:368] Using write-ahead log directory (fs_wal_dir) as metadata directory
I20260630 12:26:51.326764 18023 heartbeater.cc:344] Connected to a master server at 127.13.255.62:40465
I20260630 12:26:51.327381 14332 server_base.cc:909] This appears to be a new deployment of Kudu; creating new FS layout
I20260630 12:26:51.327440 18023 heartbeater.cc:461] Registering TS with master...
I20260630 12:26:51.328297 18023 heartbeater.cc:507] Master 127.13.255.62:40465 requested a full tablet report, sending...
I20260630 12:26:51.328688 14332 fs_manager.cc:1068] Generated new instance metadata in path /tmp/dist-test-tasko_2It8/test-tmp/auto_rebalancer-test.0.AutoRebalancerTest.NoReplicaMovesIfLocationLoadSkewedByOne.1782822318384804-14332-0/minicluster-data/ts-1-root/instance:
uuid: "fc45d2c354bb44ed878a058d5cea9488"
format_stamp: "Formatted at 2026-06-30 12:26:51 on dist-test-slave-c6n3"
I20260630 12:26:51.330709 17896 ts_manager.cc:194] Registered new tserver with Master: c7ae034796224f568172c48fb95f1d32 (127.13.255.1:43075)
I20260630 12:26:51.332566 17896 master_service.cc:502] Signed X509 certificate for tserver {username='slave'} at 127.0.0.1:57498
I20260630 12:26:51.334692 14332 fs_manager.cc:696] Time spent creating directory manager: real 0.005s	user 0.007s	sys 0.000s
I20260630 12:26:51.338855 18035 log_block_manager.cc:4031] Time spent loading block containers with low live blocks: real 0.000s	user 0.000s	sys 0.000s
I20260630 12:26:51.339949 14332 fs_manager.cc:730] Time spent opening block manager: real 0.003s	user 0.002s	sys 0.002s
I20260630 12:26:51.340245 14332 fs_manager.cc:647] Opened local filesystem: /tmp/dist-test-tasko_2It8/test-tmp/auto_rebalancer-test.0.AutoRebalancerTest.NoReplicaMovesIfLocationLoadSkewedByOne.1782822318384804-14332-0/minicluster-data/ts-1-root
uuid: "fc45d2c354bb44ed878a058d5cea9488"
format_stamp: "Formatted at 2026-06-30 12:26:51 on dist-test-slave-c6n3"
I20260630 12:26:51.340585 14332 fs_report.cc:389] FS layout report
--------------------
wal directory: /tmp/dist-test-tasko_2It8/test-tmp/auto_rebalancer-test.0.AutoRebalancerTest.NoReplicaMovesIfLocationLoadSkewedByOne.1782822318384804-14332-0/minicluster-data/ts-1-root
metadata directory: /tmp/dist-test-tasko_2It8/test-tmp/auto_rebalancer-test.0.AutoRebalancerTest.NoReplicaMovesIfLocationLoadSkewedByOne.1782822318384804-14332-0/minicluster-data/ts-1-root
1 data directories: /tmp/dist-test-tasko_2It8/test-tmp/auto_rebalancer-test.0.AutoRebalancerTest.NoReplicaMovesIfLocationLoadSkewedByOne.1782822318384804-14332-0/minicluster-data/ts-1-root/data
Total live blocks: 0
Total live bytes: 0
Total live bytes (after alignment): 0
Total number of LBM containers: 0 (0 full)
Did not check for missing blocks
Did not check for orphaned blocks
Total full LBM containers with extra space: 0 (0 repaired)
Total full LBM container extra space in bytes: 0 (0 repaired)
Total incomplete LBM containers: 0 (0 repaired)
Total LBM partial records: 0 (0 repaired)
Total corrupted LBM metadata records in RocksDB: 0 (0 repaired)
I20260630 12:26:51.366307 14332 rpc_server.cc:225] running with OpenSSL 1.1.1  11 Sep 2018
I20260630 12:26:51.367615 14332 kserver.cc:163] Server-wide thread pool size limit: 3276
I20260630 12:26:51.369185 14332 txn_system_client.cc:432] TxnSystemClient initialization is disabled...
I20260630 12:26:51.371582 14332 ts_tablet_manager.cc:585] Loaded tablet metadata (0 total tablets, 0 live tablets)
I20260630 12:26:51.371789 14332 ts_tablet_manager.cc:531] Time spent load tablet metadata: real 0.000s	user 0.000s	sys 0.000s
I20260630 12:26:51.372092 14332 ts_tablet_manager.cc:616] Registered 0 tablets
I20260630 12:26:51.372236 14332 ts_tablet_manager.cc:595] Time spent register tablets: real 0.000s	user 0.000s	sys 0.000s
I20260630 12:26:51.414314 14332 rpc_server.cc:307] RPC server started. Bound to: 127.13.255.2:42785
I20260630 12:26:51.414474 18097 acceptor_pool.cc:272] collecting diagnostics on the listening RPC socket 127.13.255.2:42785 every 8 connection(s)
I20260630 12:26:51.419742 14332 file_cache.cc:492] Constructed file cache file cache with capacity 419430
W20260630 12:26:51.427084 18101 instance_detector.cc:116] could not retrieve AWS instance metadata: Network error: curl error: HTTP response code said error: The requested URL returned error: 404
W20260630 12:26:51.429791 18102 instance_detector.cc:116] could not retrieve Azure instance metadata: Network error: curl error: HTTP response code said error: The requested URL returned error: 404
I20260630 12:26:51.430276 14332 server_base.cc:1061] running on GCE node
W20260630 12:26:51.431238 18104 instance_detector.cc:116] could not retrieve OpenStack instance metadata: Network error: curl error: HTTP response code said error: The requested URL returned error: 404
I20260630 12:26:51.432659 14332 hybrid_clock.cc:584] initializing the hybrid clock with 'system_unsync' time source
W20260630 12:26:51.432922 14332 system_unsync_time.cc:38] NTP support is disabled. Clock error bounds will not be accurate. This configuration is not suitable for distributed clusters.
I20260630 12:26:51.433167 14332 hybrid_clock.cc:648] HybridClock initialized: now 1782822411433148 us; error 0 us; skew 500 ppm
I20260630 12:26:51.433548 18098 heartbeater.cc:344] Connected to a master server at 127.13.255.62:40465
I20260630 12:26:51.433741 14332 server_base.cc:861] Flag tcmalloc_max_total_thread_cache_bytes is not working since tcmalloc is not enabled.
I20260630 12:26:51.433956 18098 heartbeater.cc:461] Registering TS with master...
I20260630 12:26:51.434926 18098 heartbeater.cc:507] Master 127.13.255.62:40465 requested a full tablet report, sending...
I20260630 12:26:51.436650 14332 webserver.cc:533] Webserver started at http://127.13.255.3:38467/ using document root <none> and password file <none>
I20260630 12:26:51.437227 14332 fs_manager.cc:362] Metadata directory not provided
I20260630 12:26:51.437281 17896 ts_manager.cc:194] Registered new tserver with Master: fc45d2c354bb44ed878a058d5cea9488 (127.13.255.2:42785)
I20260630 12:26:51.437449 14332 fs_manager.cc:368] Using write-ahead log directory (fs_wal_dir) as metadata directory
I20260630 12:26:51.438158 14332 server_base.cc:909] This appears to be a new deployment of Kudu; creating new FS layout
I20260630 12:26:51.438964 17896 master_service.cc:502] Signed X509 certificate for tserver {username='slave'} at 127.0.0.1:57506
I20260630 12:26:51.439898 14332 fs_manager.cc:1068] Generated new instance metadata in path /tmp/dist-test-tasko_2It8/test-tmp/auto_rebalancer-test.0.AutoRebalancerTest.NoReplicaMovesIfLocationLoadSkewedByOne.1782822318384804-14332-0/minicluster-data/ts-2-root/instance:
uuid: "ed78f37d45114d2db6e185d383d959f9"
format_stamp: "Formatted at 2026-06-30 12:26:51 on dist-test-slave-c6n3"
I20260630 12:26:51.444761 14332 fs_manager.cc:696] Time spent creating directory manager: real 0.004s	user 0.005s	sys 0.000s
I20260630 12:26:51.448387 18109 log_block_manager.cc:4031] Time spent loading block containers with low live blocks: real 0.000s	user 0.000s	sys 0.000s
I20260630 12:26:51.449254 14332 fs_manager.cc:730] Time spent opening block manager: real 0.002s	user 0.001s	sys 0.000s
I20260630 12:26:51.449565 14332 fs_manager.cc:647] Opened local filesystem: /tmp/dist-test-tasko_2It8/test-tmp/auto_rebalancer-test.0.AutoRebalancerTest.NoReplicaMovesIfLocationLoadSkewedByOne.1782822318384804-14332-0/minicluster-data/ts-2-root
uuid: "ed78f37d45114d2db6e185d383d959f9"
format_stamp: "Formatted at 2026-06-30 12:26:51 on dist-test-slave-c6n3"
I20260630 12:26:51.449839 14332 fs_report.cc:389] FS layout report
--------------------
wal directory: /tmp/dist-test-tasko_2It8/test-tmp/auto_rebalancer-test.0.AutoRebalancerTest.NoReplicaMovesIfLocationLoadSkewedByOne.1782822318384804-14332-0/minicluster-data/ts-2-root
metadata directory: /tmp/dist-test-tasko_2It8/test-tmp/auto_rebalancer-test.0.AutoRebalancerTest.NoReplicaMovesIfLocationLoadSkewedByOne.1782822318384804-14332-0/minicluster-data/ts-2-root
1 data directories: /tmp/dist-test-tasko_2It8/test-tmp/auto_rebalancer-test.0.AutoRebalancerTest.NoReplicaMovesIfLocationLoadSkewedByOne.1782822318384804-14332-0/minicluster-data/ts-2-root/data
Total live blocks: 0
Total live bytes: 0
Total live bytes (after alignment): 0
Total number of LBM containers: 0 (0 full)
Did not check for missing blocks
Did not check for orphaned blocks
Total full LBM containers with extra space: 0 (0 repaired)
Total full LBM container extra space in bytes: 0 (0 repaired)
Total incomplete LBM containers: 0 (0 repaired)
Total LBM partial records: 0 (0 repaired)
Total corrupted LBM metadata records in RocksDB: 0 (0 repaired)
I20260630 12:26:51.475688 14332 rpc_server.cc:225] running with OpenSSL 1.1.1  11 Sep 2018
I20260630 12:26:51.476933 14332 kserver.cc:163] Server-wide thread pool size limit: 3276
I20260630 12:26:51.478544 14332 txn_system_client.cc:432] TxnSystemClient initialization is disabled...
I20260630 12:26:51.480969 14332 ts_tablet_manager.cc:585] Loaded tablet metadata (0 total tablets, 0 live tablets)
I20260630 12:26:51.481168 14332 ts_tablet_manager.cc:531] Time spent load tablet metadata: real 0.000s	user 0.000s	sys 0.000s
I20260630 12:26:51.481480 14332 ts_tablet_manager.cc:616] Registered 0 tablets
I20260630 12:26:51.481627 14332 ts_tablet_manager.cc:595] Time spent register tablets: real 0.000s	user 0.000s	sys 0.000s
I20260630 12:26:51.527365 14332 rpc_server.cc:307] RPC server started. Bound to: 127.13.255.3:46757
I20260630 12:26:51.527465 18171 acceptor_pool.cc:272] collecting diagnostics on the listening RPC socket 127.13.255.3:46757 every 8 connection(s)
I20260630 12:26:51.532483 14332 file_cache.cc:492] Constructed file cache file cache with capacity 419430
W20260630 12:26:51.542505 18176 instance_detector.cc:116] could not retrieve Azure instance metadata: Network error: curl error: HTTP response code said error: The requested URL returned error: 404
W20260630 12:26:51.541791 18175 instance_detector.cc:116] could not retrieve AWS instance metadata: Network error: curl error: HTTP response code said error: The requested URL returned error: 404
W20260630 12:26:51.546432 18178 instance_detector.cc:116] could not retrieve OpenStack instance metadata: Network error: curl error: HTTP response code said error: The requested URL returned error: 404
I20260630 12:26:51.547401 18172 heartbeater.cc:344] Connected to a master server at 127.13.255.62:40465
I20260630 12:26:51.547876 18172 heartbeater.cc:461] Registering TS with master...
I20260630 12:26:51.548420 14332 server_base.cc:1061] running on GCE node
I20260630 12:26:51.548931 18172 heartbeater.cc:507] Master 127.13.255.62:40465 requested a full tablet report, sending...
I20260630 12:26:51.549841 14332 hybrid_clock.cc:584] initializing the hybrid clock with 'system_unsync' time source
W20260630 12:26:51.550168 14332 system_unsync_time.cc:38] NTP support is disabled. Clock error bounds will not be accurate. This configuration is not suitable for distributed clusters.
I20260630 12:26:51.550447 14332 hybrid_clock.cc:648] HybridClock initialized: now 1782822411550424 us; error 0 us; skew 500 ppm
I20260630 12:26:51.551322 14332 server_base.cc:861] Flag tcmalloc_max_total_thread_cache_bytes is not working since tcmalloc is not enabled.
I20260630 12:26:51.552063 17896 ts_manager.cc:194] Registered new tserver with Master: ed78f37d45114d2db6e185d383d959f9 (127.13.255.3:46757)
I20260630 12:26:51.553720 17896 master_service.cc:502] Signed X509 certificate for tserver {username='slave'} at 127.0.0.1:57508
I20260630 12:26:51.555229 14332 webserver.cc:533] Webserver started at http://127.13.255.4:43207/ using document root <none> and password file <none>
I20260630 12:26:51.555994 14332 fs_manager.cc:362] Metadata directory not provided
I20260630 12:26:51.556277 14332 fs_manager.cc:368] Using write-ahead log directory (fs_wal_dir) as metadata directory
I20260630 12:26:51.556663 14332 server_base.cc:909] This appears to be a new deployment of Kudu; creating new FS layout
I20260630 12:26:51.558451 14332 fs_manager.cc:1068] Generated new instance metadata in path /tmp/dist-test-tasko_2It8/test-tmp/auto_rebalancer-test.0.AutoRebalancerTest.NoReplicaMovesIfLocationLoadSkewedByOne.1782822318384804-14332-0/minicluster-data/ts-3-root/instance:
uuid: "28d890e4d6b34509b6337310d0871e03"
format_stamp: "Formatted at 2026-06-30 12:26:51 on dist-test-slave-c6n3"
I20260630 12:26:51.563421 14332 fs_manager.cc:696] Time spent creating directory manager: real 0.004s	user 0.004s	sys 0.000s
I20260630 12:26:51.567070 18183 log_block_manager.cc:4031] Time spent loading block containers with low live blocks: real 0.000s	user 0.000s	sys 0.000s
I20260630 12:26:51.568060 14332 fs_manager.cc:730] Time spent opening block manager: real 0.003s	user 0.003s	sys 0.001s
I20260630 12:26:51.568413 14332 fs_manager.cc:647] Opened local filesystem: /tmp/dist-test-tasko_2It8/test-tmp/auto_rebalancer-test.0.AutoRebalancerTest.NoReplicaMovesIfLocationLoadSkewedByOne.1782822318384804-14332-0/minicluster-data/ts-3-root
uuid: "28d890e4d6b34509b6337310d0871e03"
format_stamp: "Formatted at 2026-06-30 12:26:51 on dist-test-slave-c6n3"
I20260630 12:26:51.568672 14332 fs_report.cc:389] FS layout report
--------------------
wal directory: /tmp/dist-test-tasko_2It8/test-tmp/auto_rebalancer-test.0.AutoRebalancerTest.NoReplicaMovesIfLocationLoadSkewedByOne.1782822318384804-14332-0/minicluster-data/ts-3-root
metadata directory: /tmp/dist-test-tasko_2It8/test-tmp/auto_rebalancer-test.0.AutoRebalancerTest.NoReplicaMovesIfLocationLoadSkewedByOne.1782822318384804-14332-0/minicluster-data/ts-3-root
1 data directories: /tmp/dist-test-tasko_2It8/test-tmp/auto_rebalancer-test.0.AutoRebalancerTest.NoReplicaMovesIfLocationLoadSkewedByOne.1782822318384804-14332-0/minicluster-data/ts-3-root/data
Total live blocks: 0
Total live bytes: 0
Total live bytes (after alignment): 0
Total number of LBM containers: 0 (0 full)
Did not check for missing blocks
Did not check for orphaned blocks
Total full LBM containers with extra space: 0 (0 repaired)
Total full LBM container extra space in bytes: 0 (0 repaired)
Total incomplete LBM containers: 0 (0 repaired)
Total LBM partial records: 0 (0 repaired)
Total corrupted LBM metadata records in RocksDB: 0 (0 repaired)
I20260630 12:26:51.584371 14332 rpc_server.cc:225] running with OpenSSL 1.1.1  11 Sep 2018
I20260630 12:26:51.585657 14332 kserver.cc:163] Server-wide thread pool size limit: 3276
I20260630 12:26:51.587247 14332 txn_system_client.cc:432] TxnSystemClient initialization is disabled...
I20260630 12:26:51.589615 14332 ts_tablet_manager.cc:585] Loaded tablet metadata (0 total tablets, 0 live tablets)
I20260630 12:26:51.589880 14332 ts_tablet_manager.cc:531] Time spent load tablet metadata: real 0.000s	user 0.000s	sys 0.000s
I20260630 12:26:51.590126 14332 ts_tablet_manager.cc:616] Registered 0 tablets
I20260630 12:26:51.590317 14332 ts_tablet_manager.cc:595] Time spent register tablets: real 0.000s	user 0.000s	sys 0.000s
I20260630 12:26:51.634218 14332 rpc_server.cc:307] RPC server started. Bound to: 127.13.255.4:36467
I20260630 12:26:51.634382 18245 acceptor_pool.cc:272] collecting diagnostics on the listening RPC socket 127.13.255.4:36467 every 8 connection(s)
I20260630 12:26:51.649523 18246 heartbeater.cc:344] Connected to a master server at 127.13.255.62:40465
I20260630 12:26:51.649893 18246 heartbeater.cc:461] Registering TS with master...
I20260630 12:26:51.650630 18246 heartbeater.cc:507] Master 127.13.255.62:40465 requested a full tablet report, sending...
I20260630 12:26:51.652709 17896 ts_manager.cc:194] Registered new tserver with Master: 28d890e4d6b34509b6337310d0871e03 (127.13.255.4:36467)
I20260630 12:26:51.653823 14332 internal_mini_cluster.cc:371] 4 TS(s) registered with all masters after 0.016020088s
I20260630 12:26:51.654177 17896 master_service.cc:502] Signed X509 certificate for tserver {username='slave'} at 127.0.0.1:57522
I20260630 12:26:52.212679 17896 catalog_manager.cc:2283] Servicing CreateTable request from {username='slave'} at 127.0.0.1:57546:
name: "test-workload"
schema {
  columns {
    name: "key"
    type: INT32
    is_key: true
    is_nullable: false
    encoding: AUTO_ENCODING
    compression: DEFAULT_COMPRESSION
    cfile_block_size: 0
    immutable: false
  }
  columns {
    name: "int_val"
    type: INT32
    is_key: false
    is_nullable: false
    encoding: AUTO_ENCODING
    compression: DEFAULT_COMPRESSION
    cfile_block_size: 0
    immutable: false
  }
  columns {
    name: "string_val"
    type: STRING
    is_key: false
    is_nullable: true
    encoding: AUTO_ENCODING
    compression: DEFAULT_COMPRESSION
    cfile_block_size: 0
    immutable: false
  }
}
num_replicas: 3
split_rows_range_bounds {
}
partition_schema {
  range_schema {
    columns {
      name: "key"
    }
  }
}
I20260630 12:26:52.261236 18137 tablet_service.cc:1511] Processing CreateTablet for tablet 919a56cdadcd462e8655f480fe39730f (DEFAULT_TABLE table=test-workload [id=2cd27399ad674f39894bdb50c8133de9]), partition=RANGE (key) PARTITION UNBOUNDED
I20260630 12:26:52.263012 18137 data_dirs.cc:400] Could only allocate 1 dirs of requested 3 for tablet 919a56cdadcd462e8655f480fe39730f. 1 dirs total, 0 dirs full, 0 dirs failed
I20260630 12:26:52.275739 17988 tablet_service.cc:1511] Processing CreateTablet for tablet 919a56cdadcd462e8655f480fe39730f (DEFAULT_TABLE table=test-workload [id=2cd27399ad674f39894bdb50c8133de9]), partition=RANGE (key) PARTITION UNBOUNDED
I20260630 12:26:52.276475 18063 tablet_service.cc:1511] Processing CreateTablet for tablet 919a56cdadcd462e8655f480fe39730f (DEFAULT_TABLE table=test-workload [id=2cd27399ad674f39894bdb50c8133de9]), partition=RANGE (key) PARTITION UNBOUNDED
I20260630 12:26:52.276856 17988 data_dirs.cc:400] Could only allocate 1 dirs of requested 3 for tablet 919a56cdadcd462e8655f480fe39730f. 1 dirs total, 0 dirs full, 0 dirs failed
I20260630 12:26:52.277787 18063 data_dirs.cc:400] Could only allocate 1 dirs of requested 3 for tablet 919a56cdadcd462e8655f480fe39730f. 1 dirs total, 0 dirs full, 0 dirs failed
I20260630 12:26:52.283195 18267 tablet_bootstrap.cc:492] T 919a56cdadcd462e8655f480fe39730f P ed78f37d45114d2db6e185d383d959f9: Bootstrap starting.
I20260630 12:26:52.290421 18267 tablet_bootstrap.cc:654] T 919a56cdadcd462e8655f480fe39730f P ed78f37d45114d2db6e185d383d959f9: Neither blocks nor log segments found. Creating new log.
I20260630 12:26:52.294709 18268 tablet_bootstrap.cc:492] T 919a56cdadcd462e8655f480fe39730f P fc45d2c354bb44ed878a058d5cea9488: Bootstrap starting.
I20260630 12:26:52.297036 18270 tablet_bootstrap.cc:492] T 919a56cdadcd462e8655f480fe39730f P c7ae034796224f568172c48fb95f1d32: Bootstrap starting.
I20260630 12:26:52.298569 18267 tablet_bootstrap.cc:492] T 919a56cdadcd462e8655f480fe39730f P ed78f37d45114d2db6e185d383d959f9: No bootstrap required, opened a new log
I20260630 12:26:52.299156 18267 ts_tablet_manager.cc:1403] T 919a56cdadcd462e8655f480fe39730f P ed78f37d45114d2db6e185d383d959f9: Time spent bootstrapping tablet: real 0.016s	user 0.011s	sys 0.003s
I20260630 12:26:52.302297 18267 raft_consensus.cc:359] T 919a56cdadcd462e8655f480fe39730f P ed78f37d45114d2db6e185d383d959f9 [term 0 FOLLOWER]: Replica starting. Triggering 0 pending ops. Active config: opid_index: -1 OBSOLETE_local: false peers { permanent_uuid: "ed78f37d45114d2db6e185d383d959f9" member_type: VOTER last_known_addr { host: "127.13.255.3" port: 46757 } } peers { permanent_uuid: "c7ae034796224f568172c48fb95f1d32" member_type: VOTER last_known_addr { host: "127.13.255.1" port: 43075 } } peers { permanent_uuid: "fc45d2c354bb44ed878a058d5cea9488" member_type: VOTER last_known_addr { host: "127.13.255.2" port: 42785 } }
I20260630 12:26:52.303121 18267 raft_consensus.cc:385] T 919a56cdadcd462e8655f480fe39730f P ed78f37d45114d2db6e185d383d959f9 [term 0 FOLLOWER]: Consensus starting up: Expiring failure detector timer to make a prompt election more likely
I20260630 12:26:52.303200 18268 tablet_bootstrap.cc:654] T 919a56cdadcd462e8655f480fe39730f P fc45d2c354bb44ed878a058d5cea9488: Neither blocks nor log segments found. Creating new log.
I20260630 12:26:52.303273 18270 tablet_bootstrap.cc:654] T 919a56cdadcd462e8655f480fe39730f P c7ae034796224f568172c48fb95f1d32: Neither blocks nor log segments found. Creating new log.
I20260630 12:26:52.303560 18267 raft_consensus.cc:740] T 919a56cdadcd462e8655f480fe39730f P ed78f37d45114d2db6e185d383d959f9 [term 0 FOLLOWER]: Becoming Follower/Learner. State: Replica: ed78f37d45114d2db6e185d383d959f9, State: Initialized, Role: FOLLOWER
I20260630 12:26:52.304458 18267 consensus_queue.cc:260] T 919a56cdadcd462e8655f480fe39730f P ed78f37d45114d2db6e185d383d959f9 [NON_LEADER]: Queue going to NON_LEADER mode. State: All replicated index: 0, Majority replicated index: 0, Committed index: 0, Last appended: 0.0, Last appended by leader: 0, Current term: 0, Majority size: -1, State: 0, Mode: NON_LEADER, active raft config: opid_index: -1 OBSOLETE_local: false peers { permanent_uuid: "ed78f37d45114d2db6e185d383d959f9" member_type: VOTER last_known_addr { host: "127.13.255.3" port: 46757 } } peers { permanent_uuid: "c7ae034796224f568172c48fb95f1d32" member_type: VOTER last_known_addr { host: "127.13.255.1" port: 43075 } } peers { permanent_uuid: "fc45d2c354bb44ed878a058d5cea9488" member_type: VOTER last_known_addr { host: "127.13.255.2" port: 42785 } }
I20260630 12:26:52.308394 18270 tablet_bootstrap.cc:492] T 919a56cdadcd462e8655f480fe39730f P c7ae034796224f568172c48fb95f1d32: No bootstrap required, opened a new log
I20260630 12:26:52.308516 18267 ts_tablet_manager.cc:1434] T 919a56cdadcd462e8655f480fe39730f P ed78f37d45114d2db6e185d383d959f9: Time spent starting tablet: real 0.009s	user 0.005s	sys 0.003s
I20260630 12:26:52.309010 18270 ts_tablet_manager.cc:1403] T 919a56cdadcd462e8655f480fe39730f P c7ae034796224f568172c48fb95f1d32: Time spent bootstrapping tablet: real 0.012s	user 0.007s	sys 0.004s
I20260630 12:26:52.309402 18172 heartbeater.cc:499] Master 127.13.255.62:40465 was elected leader, sending a full tablet report...
I20260630 12:26:52.312119 18270 raft_consensus.cc:359] T 919a56cdadcd462e8655f480fe39730f P c7ae034796224f568172c48fb95f1d32 [term 0 FOLLOWER]: Replica starting. Triggering 0 pending ops. Active config: opid_index: -1 OBSOLETE_local: false peers { permanent_uuid: "ed78f37d45114d2db6e185d383d959f9" member_type: VOTER last_known_addr { host: "127.13.255.3" port: 46757 } } peers { permanent_uuid: "c7ae034796224f568172c48fb95f1d32" member_type: VOTER last_known_addr { host: "127.13.255.1" port: 43075 } } peers { permanent_uuid: "fc45d2c354bb44ed878a058d5cea9488" member_type: VOTER last_known_addr { host: "127.13.255.2" port: 42785 } }
I20260630 12:26:52.312875 18270 raft_consensus.cc:385] T 919a56cdadcd462e8655f480fe39730f P c7ae034796224f568172c48fb95f1d32 [term 0 FOLLOWER]: Consensus starting up: Expiring failure detector timer to make a prompt election more likely
I20260630 12:26:52.313195 18270 raft_consensus.cc:740] T 919a56cdadcd462e8655f480fe39730f P c7ae034796224f568172c48fb95f1d32 [term 0 FOLLOWER]: Becoming Follower/Learner. State: Replica: c7ae034796224f568172c48fb95f1d32, State: Initialized, Role: FOLLOWER
I20260630 12:26:52.314028 18270 consensus_queue.cc:260] T 919a56cdadcd462e8655f480fe39730f P c7ae034796224f568172c48fb95f1d32 [NON_LEADER]: Queue going to NON_LEADER mode. State: All replicated index: 0, Majority replicated index: 0, Committed index: 0, Last appended: 0.0, Last appended by leader: 0, Current term: 0, Majority size: -1, State: 0, Mode: NON_LEADER, active raft config: opid_index: -1 OBSOLETE_local: false peers { permanent_uuid: "ed78f37d45114d2db6e185d383d959f9" member_type: VOTER last_known_addr { host: "127.13.255.3" port: 46757 } } peers { permanent_uuid: "c7ae034796224f568172c48fb95f1d32" member_type: VOTER last_known_addr { host: "127.13.255.1" port: 43075 } } peers { permanent_uuid: "fc45d2c354bb44ed878a058d5cea9488" member_type: VOTER last_known_addr { host: "127.13.255.2" port: 42785 } }
I20260630 12:26:52.316934 18023 heartbeater.cc:499] Master 127.13.255.62:40465 was elected leader, sending a full tablet report...
I20260630 12:26:52.317404 18270 ts_tablet_manager.cc:1434] T 919a56cdadcd462e8655f480fe39730f P c7ae034796224f568172c48fb95f1d32: Time spent starting tablet: real 0.008s	user 0.007s	sys 0.000s
I20260630 12:26:52.317740 18268 tablet_bootstrap.cc:492] T 919a56cdadcd462e8655f480fe39730f P fc45d2c354bb44ed878a058d5cea9488: No bootstrap required, opened a new log
I20260630 12:26:52.318240 18268 ts_tablet_manager.cc:1403] T 919a56cdadcd462e8655f480fe39730f P fc45d2c354bb44ed878a058d5cea9488: Time spent bootstrapping tablet: real 0.024s	user 0.008s	sys 0.008s
I20260630 12:26:52.317346 18272 raft_consensus.cc:493] T 919a56cdadcd462e8655f480fe39730f P ed78f37d45114d2db6e185d383d959f9 [term 0 FOLLOWER]: Starting pre-election (no leader contacted us within the election timeout)
I20260630 12:26:52.318989 18272 raft_consensus.cc:515] T 919a56cdadcd462e8655f480fe39730f P ed78f37d45114d2db6e185d383d959f9 [term 0 FOLLOWER]: Starting pre-election with config: opid_index: -1 OBSOLETE_local: false peers { permanent_uuid: "ed78f37d45114d2db6e185d383d959f9" member_type: VOTER last_known_addr { host: "127.13.255.3" port: 46757 } } peers { permanent_uuid: "c7ae034796224f568172c48fb95f1d32" member_type: VOTER last_known_addr { host: "127.13.255.1" port: 43075 } } peers { permanent_uuid: "fc45d2c354bb44ed878a058d5cea9488" member_type: VOTER last_known_addr { host: "127.13.255.2" port: 42785 } }
I20260630 12:26:52.321358 18268 raft_consensus.cc:359] T 919a56cdadcd462e8655f480fe39730f P fc45d2c354bb44ed878a058d5cea9488 [term 0 FOLLOWER]: Replica starting. Triggering 0 pending ops. Active config: opid_index: -1 OBSOLETE_local: false peers { permanent_uuid: "ed78f37d45114d2db6e185d383d959f9" member_type: VOTER last_known_addr { host: "127.13.255.3" port: 46757 } } peers { permanent_uuid: "c7ae034796224f568172c48fb95f1d32" member_type: VOTER last_known_addr { host: "127.13.255.1" port: 43075 } } peers { permanent_uuid: "fc45d2c354bb44ed878a058d5cea9488" member_type: VOTER last_known_addr { host: "127.13.255.2" port: 42785 } }
I20260630 12:26:52.321985 18272 leader_election.cc:290] T 919a56cdadcd462e8655f480fe39730f P ed78f37d45114d2db6e185d383d959f9 [CANDIDATE]: Term 1 pre-election: Requested pre-vote from peers c7ae034796224f568172c48fb95f1d32 (127.13.255.1:43075), fc45d2c354bb44ed878a058d5cea9488 (127.13.255.2:42785)
I20260630 12:26:52.322212 18268 raft_consensus.cc:385] T 919a56cdadcd462e8655f480fe39730f P fc45d2c354bb44ed878a058d5cea9488 [term 0 FOLLOWER]: Consensus starting up: Expiring failure detector timer to make a prompt election more likely
I20260630 12:26:52.322961 18268 raft_consensus.cc:740] T 919a56cdadcd462e8655f480fe39730f P fc45d2c354bb44ed878a058d5cea9488 [term 0 FOLLOWER]: Becoming Follower/Learner. State: Replica: fc45d2c354bb44ed878a058d5cea9488, State: Initialized, Role: FOLLOWER
I20260630 12:26:52.323935 18268 consensus_queue.cc:260] T 919a56cdadcd462e8655f480fe39730f P fc45d2c354bb44ed878a058d5cea9488 [NON_LEADER]: Queue going to NON_LEADER mode. State: All replicated index: 0, Majority replicated index: 0, Committed index: 0, Last appended: 0.0, Last appended by leader: 0, Current term: 0, Majority size: -1, State: 0, Mode: NON_LEADER, active raft config: opid_index: -1 OBSOLETE_local: false peers { permanent_uuid: "ed78f37d45114d2db6e185d383d959f9" member_type: VOTER last_known_addr { host: "127.13.255.3" port: 46757 } } peers { permanent_uuid: "c7ae034796224f568172c48fb95f1d32" member_type: VOTER last_known_addr { host: "127.13.255.1" port: 43075 } } peers { permanent_uuid: "fc45d2c354bb44ed878a058d5cea9488" member_type: VOTER last_known_addr { host: "127.13.255.2" port: 42785 } }
I20260630 12:26:52.337567 18098 heartbeater.cc:499] Master 127.13.255.62:40465 was elected leader, sending a full tablet report...
I20260630 12:26:52.340925 17998 tablet_service.cc:1917] Received RequestConsensusVote() RPC: tablet_id: "919a56cdadcd462e8655f480fe39730f" candidate_uuid: "ed78f37d45114d2db6e185d383d959f9" candidate_term: 1 candidate_status { last_received { term: 0 index: 0 } } ignore_live_leader: false dest_uuid: "c7ae034796224f568172c48fb95f1d32" is_pre_election: true
I20260630 12:26:52.341566 18268 ts_tablet_manager.cc:1434] T 919a56cdadcd462e8655f480fe39730f P fc45d2c354bb44ed878a058d5cea9488: Time spent starting tablet: real 0.023s	user 0.011s	sys 0.008s
I20260630 12:26:52.341624 17998 raft_consensus.cc:2468] T 919a56cdadcd462e8655f480fe39730f P c7ae034796224f568172c48fb95f1d32 [term 0 FOLLOWER]: Leader pre-election vote request: Granting yes vote for candidate ed78f37d45114d2db6e185d383d959f9 in term 0.
I20260630 12:26:52.343472 18112 leader_election.cc:304] T 919a56cdadcd462e8655f480fe39730f P ed78f37d45114d2db6e185d383d959f9 [CANDIDATE]: Term 1 pre-election: Election decided. Result: candidate won. Election summary: received 2 responses out of 3 voters: 2 yes votes; 0 no votes. yes voters: c7ae034796224f568172c48fb95f1d32, ed78f37d45114d2db6e185d383d959f9; no voters: 
I20260630 12:26:52.344401 18272 raft_consensus.cc:2804] T 919a56cdadcd462e8655f480fe39730f P ed78f37d45114d2db6e185d383d959f9 [term 0 FOLLOWER]: Leader pre-election won for term 1
I20260630 12:26:52.344786 18272 raft_consensus.cc:493] T 919a56cdadcd462e8655f480fe39730f P ed78f37d45114d2db6e185d383d959f9 [term 0 FOLLOWER]: Starting leader election (no leader contacted us within the election timeout)
I20260630 12:26:52.345090 18272 raft_consensus.cc:3060] T 919a56cdadcd462e8655f480fe39730f P ed78f37d45114d2db6e185d383d959f9 [term 0 FOLLOWER]: Advancing to term 1
I20260630 12:26:52.346113 18073 tablet_service.cc:1917] Received RequestConsensusVote() RPC: tablet_id: "919a56cdadcd462e8655f480fe39730f" candidate_uuid: "ed78f37d45114d2db6e185d383d959f9" candidate_term: 1 candidate_status { last_received { term: 0 index: 0 } } ignore_live_leader: false dest_uuid: "fc45d2c354bb44ed878a058d5cea9488" is_pre_election: true
I20260630 12:26:52.346922 18073 raft_consensus.cc:2468] T 919a56cdadcd462e8655f480fe39730f P fc45d2c354bb44ed878a058d5cea9488 [term 0 FOLLOWER]: Leader pre-election vote request: Granting yes vote for candidate ed78f37d45114d2db6e185d383d959f9 in term 0.
I20260630 12:26:52.351949 18272 raft_consensus.cc:515] T 919a56cdadcd462e8655f480fe39730f P ed78f37d45114d2db6e185d383d959f9 [term 1 FOLLOWER]: Starting leader election with config: opid_index: -1 OBSOLETE_local: false peers { permanent_uuid: "ed78f37d45114d2db6e185d383d959f9" member_type: VOTER last_known_addr { host: "127.13.255.3" port: 46757 } } peers { permanent_uuid: "c7ae034796224f568172c48fb95f1d32" member_type: VOTER last_known_addr { host: "127.13.255.1" port: 43075 } } peers { permanent_uuid: "fc45d2c354bb44ed878a058d5cea9488" member_type: VOTER last_known_addr { host: "127.13.255.2" port: 42785 } }
I20260630 12:26:52.353708 18272 leader_election.cc:290] T 919a56cdadcd462e8655f480fe39730f P ed78f37d45114d2db6e185d383d959f9 [CANDIDATE]: Term 1 election: Requested vote from peers c7ae034796224f568172c48fb95f1d32 (127.13.255.1:43075), fc45d2c354bb44ed878a058d5cea9488 (127.13.255.2:42785)
I20260630 12:26:52.354581 17998 tablet_service.cc:1917] Received RequestConsensusVote() RPC: tablet_id: "919a56cdadcd462e8655f480fe39730f" candidate_uuid: "ed78f37d45114d2db6e185d383d959f9" candidate_term: 1 candidate_status { last_received { term: 0 index: 0 } } ignore_live_leader: false dest_uuid: "c7ae034796224f568172c48fb95f1d32"
I20260630 12:26:52.354791 18073 tablet_service.cc:1917] Received RequestConsensusVote() RPC: tablet_id: "919a56cdadcd462e8655f480fe39730f" candidate_uuid: "ed78f37d45114d2db6e185d383d959f9" candidate_term: 1 candidate_status { last_received { term: 0 index: 0 } } ignore_live_leader: false dest_uuid: "fc45d2c354bb44ed878a058d5cea9488"
I20260630 12:26:52.355247 17998 raft_consensus.cc:3060] T 919a56cdadcd462e8655f480fe39730f P c7ae034796224f568172c48fb95f1d32 [term 0 FOLLOWER]: Advancing to term 1
I20260630 12:26:52.355266 18073 raft_consensus.cc:3060] T 919a56cdadcd462e8655f480fe39730f P fc45d2c354bb44ed878a058d5cea9488 [term 0 FOLLOWER]: Advancing to term 1
I20260630 12:26:52.362913 17998 raft_consensus.cc:2468] T 919a56cdadcd462e8655f480fe39730f P c7ae034796224f568172c48fb95f1d32 [term 1 FOLLOWER]: Leader election vote request: Granting yes vote for candidate ed78f37d45114d2db6e185d383d959f9 in term 1.
I20260630 12:26:52.362913 18073 raft_consensus.cc:2468] T 919a56cdadcd462e8655f480fe39730f P fc45d2c354bb44ed878a058d5cea9488 [term 1 FOLLOWER]: Leader election vote request: Granting yes vote for candidate ed78f37d45114d2db6e185d383d959f9 in term 1.
I20260630 12:26:52.364497 18112 leader_election.cc:304] T 919a56cdadcd462e8655f480fe39730f P ed78f37d45114d2db6e185d383d959f9 [CANDIDATE]: Term 1 election: Election decided. Result: candidate won. Election summary: received 3 responses out of 3 voters: 3 yes votes; 0 no votes. yes voters: c7ae034796224f568172c48fb95f1d32, ed78f37d45114d2db6e185d383d959f9, fc45d2c354bb44ed878a058d5cea9488; no voters: 
I20260630 12:26:52.365356 18272 raft_consensus.cc:2804] T 919a56cdadcd462e8655f480fe39730f P ed78f37d45114d2db6e185d383d959f9 [term 1 FOLLOWER]: Leader election won for term 1
I20260630 12:26:52.366547 18272 raft_consensus.cc:697] T 919a56cdadcd462e8655f480fe39730f P ed78f37d45114d2db6e185d383d959f9 [term 1 LEADER]: Becoming Leader. State: Replica: ed78f37d45114d2db6e185d383d959f9, State: Running, Role: LEADER
I20260630 12:26:52.367280 18272 consensus_queue.cc:237] T 919a56cdadcd462e8655f480fe39730f P ed78f37d45114d2db6e185d383d959f9 [LEADER]: Queue going to LEADER mode. State: All replicated index: 0, Majority replicated index: 0, Committed index: 0, Last appended: 0.0, Last appended by leader: 0, Current term: 1, Majority size: 2, State: 0, Mode: LEADER, active raft config: opid_index: -1 OBSOLETE_local: false peers { permanent_uuid: "ed78f37d45114d2db6e185d383d959f9" member_type: VOTER last_known_addr { host: "127.13.255.3" port: 46757 } } peers { permanent_uuid: "c7ae034796224f568172c48fb95f1d32" member_type: VOTER last_known_addr { host: "127.13.255.1" port: 43075 } } peers { permanent_uuid: "fc45d2c354bb44ed878a058d5cea9488" member_type: VOTER last_known_addr { host: "127.13.255.2" port: 42785 } }
I20260630 12:26:52.376770 17896 catalog_manager.cc:5697] T 919a56cdadcd462e8655f480fe39730f P ed78f37d45114d2db6e185d383d959f9 reported cstate change: term changed from 0 to 1, leader changed from <none> to ed78f37d45114d2db6e185d383d959f9 (127.13.255.3). New cstate: current_term: 1 leader_uuid: "ed78f37d45114d2db6e185d383d959f9" committed_config { opid_index: -1 OBSOLETE_local: false peers { permanent_uuid: "ed78f37d45114d2db6e185d383d959f9" member_type: VOTER last_known_addr { host: "127.13.255.3" port: 46757 } health_report { overall_health: HEALTHY } } peers { permanent_uuid: "c7ae034796224f568172c48fb95f1d32" member_type: VOTER last_known_addr { host: "127.13.255.1" port: 43075 } health_report { overall_health: UNKNOWN } } peers { permanent_uuid: "fc45d2c354bb44ed878a058d5cea9488" member_type: VOTER last_known_addr { host: "127.13.255.2" port: 42785 } health_report { overall_health: UNKNOWN } } }
I20260630 12:26:52.657321 18246 heartbeater.cc:499] Master 127.13.255.62:40465 was elected leader, sending a full tablet report...
I20260630 12:26:52.799675 18272 consensus_queue.cc:1048] T 919a56cdadcd462e8655f480fe39730f P ed78f37d45114d2db6e185d383d959f9 [LEADER]: Connected to new peer: Peer: permanent_uuid: "c7ae034796224f568172c48fb95f1d32" member_type: VOTER last_known_addr { host: "127.13.255.1" port: 43075 }, Status: LMP_MISMATCH, Last received: 0.0, Next index: 1, Last known committed idx: 0, Time since last communication: 0.000s
I20260630 12:26:52.811914 18278 consensus_queue.cc:1048] T 919a56cdadcd462e8655f480fe39730f P ed78f37d45114d2db6e185d383d959f9 [LEADER]: Connected to new peer: Peer: permanent_uuid: "fc45d2c354bb44ed878a058d5cea9488" member_type: VOTER last_known_addr { host: "127.13.255.2" port: 42785 }, Status: LMP_MISMATCH, Last received: 0.0, Next index: 1, Last known committed idx: 0, Time since last communication: 0.000s
I20260630 12:26:53.072973 17949 auto_leader_rebalancer.cc:141] leader rebalance for table test-workload
I20260630 12:26:53.075081 17949 auto_leader_rebalancer.cc:440] table: test-workload, leader rebalance finish, leader transfer count: 0
I20260630 12:26:53.075537 17949 auto_leader_rebalancer.cc:515] All tables' leader rebalancing finished this round
I20260630 12:26:55.076660 17949 auto_leader_rebalancer.cc:141] leader rebalance for table test-workload
I20260630 12:26:55.078043 17949 auto_leader_rebalancer.cc:440] table: test-workload, leader rebalance finish, leader transfer count: 0
I20260630 12:26:55.078393 17949 auto_leader_rebalancer.cc:515] All tables' leader rebalancing finished this round
I20260630 12:26:57.079632 17949 auto_leader_rebalancer.cc:141] leader rebalance for table test-workload
I20260630 12:26:57.081372 17949 auto_leader_rebalancer.cc:440] table: test-workload, leader rebalance finish, leader transfer count: 0
I20260630 12:26:57.081982 17949 auto_leader_rebalancer.cc:515] All tables' leader rebalancing finished this round
I20260630 12:26:59.083525 17949 auto_leader_rebalancer.cc:141] leader rebalance for table test-workload
I20260630 12:26:59.085314 17949 auto_leader_rebalancer.cc:440] table: test-workload, leader rebalance finish, leader transfer count: 0
I20260630 12:26:59.085647 17949 auto_leader_rebalancer.cc:515] All tables' leader rebalancing finished this round
I20260630 12:27:01.086761 17949 auto_leader_rebalancer.cc:141] leader rebalance for table test-workload
I20260630 12:27:01.088107 17949 auto_leader_rebalancer.cc:440] table: test-workload, leader rebalance finish, leader transfer count: 0
I20260630 12:27:01.088433 17949 auto_leader_rebalancer.cc:515] All tables' leader rebalancing finished this round
I20260630 12:27:03.089534 17949 auto_leader_rebalancer.cc:141] leader rebalance for table test-workload
I20260630 12:27:03.090896 17949 auto_leader_rebalancer.cc:440] table: test-workload, leader rebalance finish, leader transfer count: 0
I20260630 12:27:03.091214 17949 auto_leader_rebalancer.cc:515] All tables' leader rebalancing finished this round
I20260630 12:27:03.461330 14332 tablet_server.cc:179] TabletServer@127.13.255.1:0 shutting down...
I20260630 12:27:03.490864 14332 ts_tablet_manager.cc:1507] Shutting down tablet manager...
I20260630 12:27:03.491667 14332 tablet_replica.cc:333] T 919a56cdadcd462e8655f480fe39730f P c7ae034796224f568172c48fb95f1d32: stopping tablet replica
I20260630 12:27:03.492331 14332 raft_consensus.cc:2243] T 919a56cdadcd462e8655f480fe39730f P c7ae034796224f568172c48fb95f1d32 [term 1 FOLLOWER]: Raft consensus shutting down.
I20260630 12:27:03.492997 14332 raft_consensus.cc:2272] T 919a56cdadcd462e8655f480fe39730f P c7ae034796224f568172c48fb95f1d32 [term 1 FOLLOWER]: Raft consensus is shut down!
I20260630 12:27:03.515842 14332 tablet_server.cc:196] TabletServer@127.13.255.1:0 shutdown complete.
I20260630 12:27:03.531921 14332 tablet_server.cc:179] TabletServer@127.13.255.2:0 shutting down...
I20260630 12:27:03.563723 14332 ts_tablet_manager.cc:1507] Shutting down tablet manager...
I20260630 12:27:03.564469 14332 tablet_replica.cc:333] T 919a56cdadcd462e8655f480fe39730f P fc45d2c354bb44ed878a058d5cea9488: stopping tablet replica
I20260630 12:27:03.565090 14332 raft_consensus.cc:2243] T 919a56cdadcd462e8655f480fe39730f P fc45d2c354bb44ed878a058d5cea9488 [term 1 FOLLOWER]: Raft consensus shutting down.
I20260630 12:27:03.565691 14332 raft_consensus.cc:2272] T 919a56cdadcd462e8655f480fe39730f P fc45d2c354bb44ed878a058d5cea9488 [term 1 FOLLOWER]: Raft consensus is shut down!
I20260630 12:27:03.585707 14332 tablet_server.cc:196] TabletServer@127.13.255.2:0 shutdown complete.
I20260630 12:27:03.597085 14332 tablet_server.cc:179] TabletServer@127.13.255.3:0 shutting down...
