I20260630 12:27:18.947255 18897 tablet_service.cc:1511] Processing CreateTablet for tablet f17d9c3bbe8d486587a6826e45912dae (DEFAULT_TABLE table=test-workload [id=97330e0657884b91be01fd7953dc5295]), partition=RANGE (key) PARTITION 1252698790 <= VALUES < 1431655760
I20260630 12:27:18.948715 18897 data_dirs.cc:400] Could only allocate 1 dirs of requested 3 for tablet f17d9c3bbe8d486587a6826e45912dae. 1 dirs total, 0 dirs full, 0 dirs failed
I20260630 12:27:18.950815 18898 tablet_service.cc:1511] Processing CreateTablet for tablet c630623389b24cb1b67a2084b815dacc (DEFAULT_TABLE table=test-workload [id=97330e0657884b91be01fd7953dc5295]), partition=RANGE (key) PARTITION 1073741820 <= VALUES < 1252698790
I20260630 12:27:18.952427 18898 data_dirs.cc:400] Could only allocate 1 dirs of requested 3 for tablet c630623389b24cb1b67a2084b815dacc. 1 dirs total, 0 dirs full, 0 dirs failed
I20260630 12:27:18.955648 18899 tablet_service.cc:1511] Processing CreateTablet for tablet 9c8ad8f698b74e6cae1cc7d58d2f19ac (DEFAULT_TABLE table=test-workload [id=97330e0657884b91be01fd7953dc5295]), partition=RANGE (key) PARTITION 894784850 <= VALUES < 1073741820
I20260630 12:27:18.957072 18899 data_dirs.cc:400] Could only allocate 1 dirs of requested 3 for tablet 9c8ad8f698b74e6cae1cc7d58d2f19ac. 1 dirs total, 0 dirs full, 0 dirs failed
I20260630 12:27:18.957185 18960 tablet_bootstrap.cc:654] T 924ad4f2dfc34fbabfda1fcb94a6a0c0 P 13d6e41bbb2d497287a309affb0ff5f8: Neither blocks nor log segments found. Creating new log.
I20260630 12:27:18.959193 18900 tablet_service.cc:1511] Processing CreateTablet for tablet 4e7aa0c383d34fbdb32b37a9c22a3bcd (DEFAULT_TABLE table=test-workload [id=97330e0657884b91be01fd7953dc5295]), partition=RANGE (key) PARTITION 715827880 <= VALUES < 894784850
I20260630 12:27:18.960983 18900 data_dirs.cc:400] Could only allocate 1 dirs of requested 3 for tablet 4e7aa0c383d34fbdb32b37a9c22a3bcd. 1 dirs total, 0 dirs full, 0 dirs failed
I20260630 12:27:18.963682 18901 tablet_service.cc:1511] Processing CreateTablet for tablet 9153bb92105543a0ae1cff21d97d8270 (DEFAULT_TABLE table=test-workload [id=97330e0657884b91be01fd7953dc5295]), partition=RANGE (key) PARTITION 536870910 <= VALUES < 715827880
I20260630 12:27:18.965273 18901 data_dirs.cc:400] Could only allocate 1 dirs of requested 3 for tablet 9153bb92105543a0ae1cff21d97d8270. 1 dirs total, 0 dirs full, 0 dirs failed
I20260630 12:27:18.968101 18896 tablet_service.cc:1511] Processing CreateTablet for tablet fe1d6dbda058473da49669586076a845 (DEFAULT_TABLE table=test-workload [id=97330e0657884b91be01fd7953dc5295]), partition=RANGE (key) PARTITION 1431655760 <= VALUES < 1610612730
I20260630 12:27:18.970973 18895 tablet_service.cc:1511] Processing CreateTablet for tablet 11bb696a79f94c1d9f4e2e9c3147ec18 (DEFAULT_TABLE table=test-workload [id=97330e0657884b91be01fd7953dc5295]), partition=RANGE (key) PARTITION 1610612730 <= VALUES < 1789569700
I20260630 12:27:18.972688 18896 data_dirs.cc:400] Could only allocate 1 dirs of requested 3 for tablet fe1d6dbda058473da49669586076a845. 1 dirs total, 0 dirs full, 0 dirs failed
I20260630 12:27:18.977311 18895 data_dirs.cc:400] Could only allocate 1 dirs of requested 3 for tablet 11bb696a79f94c1d9f4e2e9c3147ec18. 1 dirs total, 0 dirs full, 0 dirs failed
I20260630 12:27:19.020689 18902 tablet_service.cc:1511] Processing CreateTablet for tablet 68c85a6be5784ccb858a32c1b414d6a9 (DEFAULT_TABLE table=test-workload [id=97330e0657884b91be01fd7953dc5295]), partition=RANGE (key) PARTITION 1789569700 <= VALUES < 1968526670
I20260630 12:27:19.022156 18902 data_dirs.cc:400] Could only allocate 1 dirs of requested 3 for tablet 68c85a6be5784ccb858a32c1b414d6a9. 1 dirs total, 0 dirs full, 0 dirs failed
I20260630 12:27:19.032987 18959 tablet_bootstrap.cc:492] T 4e7aa0c383d34fbdb32b37a9c22a3bcd P 490d3d7d4df945bead48711c39c23a08: Bootstrap starting.
I20260630 12:27:19.040169 18959 tablet_bootstrap.cc:654] T 4e7aa0c383d34fbdb32b37a9c22a3bcd P 490d3d7d4df945bead48711c39c23a08: Neither blocks nor log segments found. Creating new log.
I20260630 12:27:19.042635 18960 tablet_bootstrap.cc:492] T 924ad4f2dfc34fbabfda1fcb94a6a0c0 P 13d6e41bbb2d497287a309affb0ff5f8: No bootstrap required, opened a new log
I20260630 12:27:19.049836 18960 ts_tablet_manager.cc:1403] T 924ad4f2dfc34fbabfda1fcb94a6a0c0 P 13d6e41bbb2d497287a309affb0ff5f8: Time spent bootstrapping tablet: real 0.127s	user 0.011s	sys 0.006s
I20260630 12:27:19.053092 18960 raft_consensus.cc:359] T 924ad4f2dfc34fbabfda1fcb94a6a0c0 P 13d6e41bbb2d497287a309affb0ff5f8 [term 0 FOLLOWER]: Replica starting. Triggering 0 pending ops. Active config: opid_index: -1 OBSOLETE_local: false peers { permanent_uuid: "490d3d7d4df945bead48711c39c23a08" member_type: VOTER last_known_addr { host: "127.13.255.1" port: 39879 } } peers { permanent_uuid: "13d6e41bbb2d497287a309affb0ff5f8" member_type: VOTER last_known_addr { host: "127.13.255.2" port: 45795 } } peers { permanent_uuid: "ccdf6aeaa04d4b24bcec2b89c8b231b8" member_type: VOTER last_known_addr { host: "127.13.255.3" port: 43731 } }
I20260630 12:27:19.053869 18960 raft_consensus.cc:385] T 924ad4f2dfc34fbabfda1fcb94a6a0c0 P 13d6e41bbb2d497287a309affb0ff5f8 [term 0 FOLLOWER]: Consensus starting up: Expiring failure detector timer to make a prompt election more likely
I20260630 12:27:19.054504 18903 tablet_service.cc:1511] Processing CreateTablet for tablet de9e4e84d34d40da9a09b961e43bc72c (DEFAULT_TABLE table=test-workload [id=97330e0657884b91be01fd7953dc5295]), partition=RANGE (key) PARTITION 1968526670 <= VALUES
I20260630 12:27:19.055931 18903 data_dirs.cc:400] Could only allocate 1 dirs of requested 3 for tablet de9e4e84d34d40da9a09b961e43bc72c. 1 dirs total, 0 dirs full, 0 dirs failed
I20260630 12:27:19.054167 18960 raft_consensus.cc:740] T 924ad4f2dfc34fbabfda1fcb94a6a0c0 P 13d6e41bbb2d497287a309affb0ff5f8 [term 0 FOLLOWER]: Becoming Follower/Learner. State: Replica: 13d6e41bbb2d497287a309affb0ff5f8, State: Initialized, Role: FOLLOWER
I20260630 12:27:19.067451 18960 consensus_queue.cc:260] T 924ad4f2dfc34fbabfda1fcb94a6a0c0 P 13d6e41bbb2d497287a309affb0ff5f8 [NON_LEADER]: Queue going to NON_LEADER mode. State: All replicated index: 0, Majority replicated index: 0, Committed index: 0, Last appended: 0.0, Last appended by leader: 0, Current term: 0, Majority size: -1, State: 0, Mode: NON_LEADER, active raft config: opid_index: -1 OBSOLETE_local: false peers { permanent_uuid: "490d3d7d4df945bead48711c39c23a08" member_type: VOTER last_known_addr { host: "127.13.255.1" port: 39879 } } peers { permanent_uuid: "13d6e41bbb2d497287a309affb0ff5f8" member_type: VOTER last_known_addr { host: "127.13.255.2" port: 45795 } } peers { permanent_uuid: "ccdf6aeaa04d4b24bcec2b89c8b231b8" member_type: VOTER last_known_addr { host: "127.13.255.3" port: 43731 } }
I20260630 12:27:19.075374 18962 tablet_bootstrap.cc:492] T 924ad4f2dfc34fbabfda1fcb94a6a0c0 P ccdf6aeaa04d4b24bcec2b89c8b231b8: Bootstrap starting.
I20260630 12:27:19.084558 18962 tablet_bootstrap.cc:654] T 924ad4f2dfc34fbabfda1fcb94a6a0c0 P ccdf6aeaa04d4b24bcec2b89c8b231b8: Neither blocks nor log segments found. Creating new log.
I20260630 12:27:19.092180 18959 tablet_bootstrap.cc:492] T 4e7aa0c383d34fbdb32b37a9c22a3bcd P 490d3d7d4df945bead48711c39c23a08: No bootstrap required, opened a new log
I20260630 12:27:19.092760 18959 ts_tablet_manager.cc:1403] T 4e7aa0c383d34fbdb32b37a9c22a3bcd P 490d3d7d4df945bead48711c39c23a08: Time spent bootstrapping tablet: real 0.061s	user 0.022s	sys 0.012s
I20260630 12:27:19.095971 18959 raft_consensus.cc:359] T 4e7aa0c383d34fbdb32b37a9c22a3bcd P 490d3d7d4df945bead48711c39c23a08 [term 0 FOLLOWER]: Replica starting. Triggering 0 pending ops. Active config: opid_index: -1 OBSOLETE_local: false peers { permanent_uuid: "490d3d7d4df945bead48711c39c23a08" member_type: VOTER last_known_addr { host: "127.13.255.1" port: 39879 } } peers { permanent_uuid: "13d6e41bbb2d497287a309affb0ff5f8" member_type: VOTER last_known_addr { host: "127.13.255.2" port: 45795 } } peers { permanent_uuid: "ccdf6aeaa04d4b24bcec2b89c8b231b8" member_type: VOTER last_known_addr { host: "127.13.255.3" port: 43731 } }
I20260630 12:27:19.096766 18959 raft_consensus.cc:385] T 4e7aa0c383d34fbdb32b37a9c22a3bcd P 490d3d7d4df945bead48711c39c23a08 [term 0 FOLLOWER]: Consensus starting up: Expiring failure detector timer to make a prompt election more likely
I20260630 12:27:19.097057 18959 raft_consensus.cc:740] T 4e7aa0c383d34fbdb32b37a9c22a3bcd P 490d3d7d4df945bead48711c39c23a08 [term 0 FOLLOWER]: Becoming Follower/Learner. State: Replica: 490d3d7d4df945bead48711c39c23a08, State: Initialized, Role: FOLLOWER
I20260630 12:27:19.097834 18959 consensus_queue.cc:260] T 4e7aa0c383d34fbdb32b37a9c22a3bcd P 490d3d7d4df945bead48711c39c23a08 [NON_LEADER]: Queue going to NON_LEADER mode. State: All replicated index: 0, Majority replicated index: 0, Committed index: 0, Last appended: 0.0, Last appended by leader: 0, Current term: 0, Majority size: -1, State: 0, Mode: NON_LEADER, active raft config: opid_index: -1 OBSOLETE_local: false peers { permanent_uuid: "490d3d7d4df945bead48711c39c23a08" member_type: VOTER last_known_addr { host: "127.13.255.1" port: 39879 } } peers { permanent_uuid: "13d6e41bbb2d497287a309affb0ff5f8" member_type: VOTER last_known_addr { host: "127.13.255.2" port: 45795 } } peers { permanent_uuid: "ccdf6aeaa04d4b24bcec2b89c8b231b8" member_type: VOTER last_known_addr { host: "127.13.255.3" port: 43731 } }
I20260630 12:27:19.108485 18960 ts_tablet_manager.cc:1434] T 924ad4f2dfc34fbabfda1fcb94a6a0c0 P 13d6e41bbb2d497287a309affb0ff5f8: Time spent starting tablet: real 0.058s	user 0.010s	sys 0.015s
I20260630 12:27:19.109977 18960 tablet_bootstrap.cc:492] T 11bb696a79f94c1d9f4e2e9c3147ec18 P 13d6e41bbb2d497287a309affb0ff5f8: Bootstrap starting.
I20260630 12:27:19.113245 18959 ts_tablet_manager.cc:1434] T 4e7aa0c383d34fbdb32b37a9c22a3bcd P 490d3d7d4df945bead48711c39c23a08: Time spent starting tablet: real 0.020s	user 0.005s	sys 0.009s
I20260630 12:27:19.114516 18959 tablet_bootstrap.cc:492] T 9153bb92105543a0ae1cff21d97d8270 P 490d3d7d4df945bead48711c39c23a08: Bootstrap starting.
I20260630 12:27:19.120366 18959 tablet_bootstrap.cc:654] T 9153bb92105543a0ae1cff21d97d8270 P 490d3d7d4df945bead48711c39c23a08: Neither blocks nor log segments found. Creating new log.
I20260630 12:27:19.128270 18960 tablet_bootstrap.cc:654] T 11bb696a79f94c1d9f4e2e9c3147ec18 P 13d6e41bbb2d497287a309affb0ff5f8: Neither blocks nor log segments found. Creating new log.
I20260630 12:27:19.130578 18959 tablet_bootstrap.cc:492] T 9153bb92105543a0ae1cff21d97d8270 P 490d3d7d4df945bead48711c39c23a08: No bootstrap required, opened a new log
I20260630 12:27:19.131142 18959 ts_tablet_manager.cc:1403] T 9153bb92105543a0ae1cff21d97d8270 P 490d3d7d4df945bead48711c39c23a08: Time spent bootstrapping tablet: real 0.017s	user 0.008s	sys 0.007s
I20260630 12:27:19.133736 18962 tablet_bootstrap.cc:492] T 924ad4f2dfc34fbabfda1fcb94a6a0c0 P ccdf6aeaa04d4b24bcec2b89c8b231b8: No bootstrap required, opened a new log
I20260630 12:27:19.134260 18962 ts_tablet_manager.cc:1403] T 924ad4f2dfc34fbabfda1fcb94a6a0c0 P ccdf6aeaa04d4b24bcec2b89c8b231b8: Time spent bootstrapping tablet: real 0.059s	user 0.014s	sys 0.000s
I20260630 12:27:19.135684 18960 tablet_bootstrap.cc:492] T 11bb696a79f94c1d9f4e2e9c3147ec18 P 13d6e41bbb2d497287a309affb0ff5f8: No bootstrap required, opened a new log
I20260630 12:27:19.135082 18959 raft_consensus.cc:359] T 9153bb92105543a0ae1cff21d97d8270 P 490d3d7d4df945bead48711c39c23a08 [term 0 FOLLOWER]: Replica starting. Triggering 0 pending ops. Active config: opid_index: -1 OBSOLETE_local: false peers { permanent_uuid: "490d3d7d4df945bead48711c39c23a08" member_type: VOTER last_known_addr { host: "127.13.255.1" port: 39879 } } peers { permanent_uuid: "13d6e41bbb2d497287a309affb0ff5f8" member_type: VOTER last_known_addr { host: "127.13.255.2" port: 45795 } } peers { permanent_uuid: "ccdf6aeaa04d4b24bcec2b89c8b231b8" member_type: VOTER last_known_addr { host: "127.13.255.3" port: 43731 } }
I20260630 12:27:19.136184 18959 raft_consensus.cc:385] T 9153bb92105543a0ae1cff21d97d8270 P 490d3d7d4df945bead48711c39c23a08 [term 0 FOLLOWER]: Consensus starting up: Expiring failure detector timer to make a prompt election more likely
I20260630 12:27:19.136299 18960 ts_tablet_manager.cc:1403] T 11bb696a79f94c1d9f4e2e9c3147ec18 P 13d6e41bbb2d497287a309affb0ff5f8: Time spent bootstrapping tablet: real 0.027s	user 0.010s	sys 0.003s
I20260630 12:27:19.136552 18959 raft_consensus.cc:740] T 9153bb92105543a0ae1cff21d97d8270 P 490d3d7d4df945bead48711c39c23a08 [term 0 FOLLOWER]: Becoming Follower/Learner. State: Replica: 490d3d7d4df945bead48711c39c23a08, State: Initialized, Role: FOLLOWER
I20260630 12:27:19.137171 18962 raft_consensus.cc:359] T 924ad4f2dfc34fbabfda1fcb94a6a0c0 P ccdf6aeaa04d4b24bcec2b89c8b231b8 [term 0 FOLLOWER]: Replica starting. Triggering 0 pending ops. Active config: opid_index: -1 OBSOLETE_local: false peers { permanent_uuid: "490d3d7d4df945bead48711c39c23a08" member_type: VOTER last_known_addr { host: "127.13.255.1" port: 39879 } } peers { permanent_uuid: "13d6e41bbb2d497287a309affb0ff5f8" member_type: VOTER last_known_addr { host: "127.13.255.2" port: 45795 } } peers { permanent_uuid: "ccdf6aeaa04d4b24bcec2b89c8b231b8" member_type: VOTER last_known_addr { host: "127.13.255.3" port: 43731 } }
I20260630 12:27:19.137925 18962 raft_consensus.cc:385] T 924ad4f2dfc34fbabfda1fcb94a6a0c0 P ccdf6aeaa04d4b24bcec2b89c8b231b8 [term 0 FOLLOWER]: Consensus starting up: Expiring failure detector timer to make a prompt election more likely
I20260630 12:27:19.137578 18959 consensus_queue.cc:260] T 9153bb92105543a0ae1cff21d97d8270 P 490d3d7d4df945bead48711c39c23a08 [NON_LEADER]: Queue going to NON_LEADER mode. State: All replicated index: 0, Majority replicated index: 0, Committed index: 0, Last appended: 0.0, Last appended by leader: 0, Current term: 0, Majority size: -1, State: 0, Mode: NON_LEADER, active raft config: opid_index: -1 OBSOLETE_local: false peers { permanent_uuid: "490d3d7d4df945bead48711c39c23a08" member_type: VOTER last_known_addr { host: "127.13.255.1" port: 39879 } } peers { permanent_uuid: "13d6e41bbb2d497287a309affb0ff5f8" member_type: VOTER last_known_addr { host: "127.13.255.2" port: 45795 } } peers { permanent_uuid: "ccdf6aeaa04d4b24bcec2b89c8b231b8" member_type: VOTER last_known_addr { host: "127.13.255.3" port: 43731 } }
I20260630 12:27:19.138278 18962 raft_consensus.cc:740] T 924ad4f2dfc34fbabfda1fcb94a6a0c0 P ccdf6aeaa04d4b24bcec2b89c8b231b8 [term 0 FOLLOWER]: Becoming Follower/Learner. State: Replica: ccdf6aeaa04d4b24bcec2b89c8b231b8, State: Initialized, Role: FOLLOWER
I20260630 12:27:19.139537 18962 consensus_queue.cc:260] T 924ad4f2dfc34fbabfda1fcb94a6a0c0 P ccdf6aeaa04d4b24bcec2b89c8b231b8 [NON_LEADER]: Queue going to NON_LEADER mode. State: All replicated index: 0, Majority replicated index: 0, Committed index: 0, Last appended: 0.0, Last appended by leader: 0, Current term: 0, Majority size: -1, State: 0, Mode: NON_LEADER, active raft config: opid_index: -1 OBSOLETE_local: false peers { permanent_uuid: "490d3d7d4df945bead48711c39c23a08" member_type: VOTER last_known_addr { host: "127.13.255.1" port: 39879 } } peers { permanent_uuid: "13d6e41bbb2d497287a309affb0ff5f8" member_type: VOTER last_known_addr { host: "127.13.255.2" port: 45795 } } peers { permanent_uuid: "ccdf6aeaa04d4b24bcec2b89c8b231b8" member_type: VOTER last_known_addr { host: "127.13.255.3" port: 43731 } }
I20260630 12:27:19.140457 18959 ts_tablet_manager.cc:1434] T 9153bb92105543a0ae1cff21d97d8270 P 490d3d7d4df945bead48711c39c23a08: Time spent starting tablet: real 0.009s	user 0.008s	sys 0.000s
I20260630 12:27:19.140731 18960 raft_consensus.cc:359] T 11bb696a79f94c1d9f4e2e9c3147ec18 P 13d6e41bbb2d497287a309affb0ff5f8 [term 0 FOLLOWER]: Replica starting. Triggering 0 pending ops. Active config: opid_index: -1 OBSOLETE_local: false peers { permanent_uuid: "490d3d7d4df945bead48711c39c23a08" member_type: VOTER last_known_addr { host: "127.13.255.1" port: 39879 } } peers { permanent_uuid: "13d6e41bbb2d497287a309affb0ff5f8" member_type: VOTER last_known_addr { host: "127.13.255.2" port: 45795 } } peers { permanent_uuid: "ccdf6aeaa04d4b24bcec2b89c8b231b8" member_type: VOTER last_known_addr { host: "127.13.255.3" port: 43731 } }
I20260630 12:27:19.141637 18959 tablet_bootstrap.cc:492] T 1b1de15d1b83422ea58654919a965dfa P 490d3d7d4df945bead48711c39c23a08: Bootstrap starting.
I20260630 12:27:19.141503 18960 raft_consensus.cc:385] T 11bb696a79f94c1d9f4e2e9c3147ec18 P 13d6e41bbb2d497287a309affb0ff5f8 [term 0 FOLLOWER]: Consensus starting up: Expiring failure detector timer to make a prompt election more likely
I20260630 12:27:19.142618 18960 raft_consensus.cc:740] T 11bb696a79f94c1d9f4e2e9c3147ec18 P 13d6e41bbb2d497287a309affb0ff5f8 [term 0 FOLLOWER]: Becoming Follower/Learner. State: Replica: 13d6e41bbb2d497287a309affb0ff5f8, State: Initialized, Role: FOLLOWER
I20260630 12:27:19.144037 18960 consensus_queue.cc:260] T 11bb696a79f94c1d9f4e2e9c3147ec18 P 13d6e41bbb2d497287a309affb0ff5f8 [NON_LEADER]: Queue going to NON_LEADER mode. State: All replicated index: 0, Majority replicated index: 0, Committed index: 0, Last appended: 0.0, Last appended by leader: 0, Current term: 0, Majority size: -1, State: 0, Mode: NON_LEADER, active raft config: opid_index: -1 OBSOLETE_local: false peers { permanent_uuid: "490d3d7d4df945bead48711c39c23a08" member_type: VOTER last_known_addr { host: "127.13.255.1" port: 39879 } } peers { permanent_uuid: "13d6e41bbb2d497287a309affb0ff5f8" member_type: VOTER last_known_addr { host: "127.13.255.2" port: 45795 } } peers { permanent_uuid: "ccdf6aeaa04d4b24bcec2b89c8b231b8" member_type: VOTER last_known_addr { host: "127.13.255.3" port: 43731 } }
I20260630 12:27:19.144811 18962 ts_tablet_manager.cc:1434] T 924ad4f2dfc34fbabfda1fcb94a6a0c0 P ccdf6aeaa04d4b24bcec2b89c8b231b8: Time spent starting tablet: real 0.010s	user 0.009s	sys 0.000s
I20260630 12:27:19.145955 18962 tablet_bootstrap.cc:492] T 1b1de15d1b83422ea58654919a965dfa P ccdf6aeaa04d4b24bcec2b89c8b231b8: Bootstrap starting.
I20260630 12:27:19.147318 18960 ts_tablet_manager.cc:1434] T 11bb696a79f94c1d9f4e2e9c3147ec18 P 13d6e41bbb2d497287a309affb0ff5f8: Time spent starting tablet: real 0.010s	user 0.009s	sys 0.001s
I20260630 12:27:19.148563 18960 tablet_bootstrap.cc:492] T 9153bb92105543a0ae1cff21d97d8270 P 13d6e41bbb2d497287a309affb0ff5f8: Bootstrap starting.
W20260630 12:27:19.181559 18711 auto_rebalancer.cc:298] Could not retrieve cluster info: Service unavailable: Tablet not running
I20260630 12:27:19.189612 18959 tablet_bootstrap.cc:654] T 1b1de15d1b83422ea58654919a965dfa P 490d3d7d4df945bead48711c39c23a08: Neither blocks nor log segments found. Creating new log.
I20260630 12:27:19.195072 18962 tablet_bootstrap.cc:654] T 1b1de15d1b83422ea58654919a965dfa P ccdf6aeaa04d4b24bcec2b89c8b231b8: Neither blocks nor log segments found. Creating new log.
I20260630 12:27:19.200884 18960 tablet_bootstrap.cc:654] T 9153bb92105543a0ae1cff21d97d8270 P 13d6e41bbb2d497287a309affb0ff5f8: Neither blocks nor log segments found. Creating new log.
I20260630 12:27:19.202755 18959 tablet_bootstrap.cc:492] T 1b1de15d1b83422ea58654919a965dfa P 490d3d7d4df945bead48711c39c23a08: No bootstrap required, opened a new log
I20260630 12:27:19.202796 18962 tablet_bootstrap.cc:492] T 1b1de15d1b83422ea58654919a965dfa P ccdf6aeaa04d4b24bcec2b89c8b231b8: No bootstrap required, opened a new log
I20260630 12:27:19.203902 18959 ts_tablet_manager.cc:1403] T 1b1de15d1b83422ea58654919a965dfa P 490d3d7d4df945bead48711c39c23a08: Time spent bootstrapping tablet: real 0.063s	user 0.016s	sys 0.007s
I20260630 12:27:19.203924 18962 ts_tablet_manager.cc:1403] T 1b1de15d1b83422ea58654919a965dfa P ccdf6aeaa04d4b24bcec2b89c8b231b8: Time spent bootstrapping tablet: real 0.058s	user 0.004s	sys 0.012s
I20260630 12:27:19.207899 18960 tablet_bootstrap.cc:492] T 9153bb92105543a0ae1cff21d97d8270 P 13d6e41bbb2d497287a309affb0ff5f8: No bootstrap required, opened a new log
I20260630 12:27:19.208715 18960 ts_tablet_manager.cc:1403] T 9153bb92105543a0ae1cff21d97d8270 P 13d6e41bbb2d497287a309affb0ff5f8: Time spent bootstrapping tablet: real 0.060s	user 0.013s	sys 0.002s
I20260630 12:27:19.209621 18959 raft_consensus.cc:359] T 1b1de15d1b83422ea58654919a965dfa P 490d3d7d4df945bead48711c39c23a08 [term 0 FOLLOWER]: Replica starting. Triggering 0 pending ops. Active config: opid_index: -1 OBSOLETE_local: false peers { permanent_uuid: "490d3d7d4df945bead48711c39c23a08" member_type: VOTER last_known_addr { host: "127.13.255.1" port: 39879 } } peers { permanent_uuid: "13d6e41bbb2d497287a309affb0ff5f8" member_type: VOTER last_known_addr { host: "127.13.255.2" port: 45795 } } peers { permanent_uuid: "ccdf6aeaa04d4b24bcec2b89c8b231b8" member_type: VOTER last_known_addr { host: "127.13.255.3" port: 43731 } }
I20260630 12:27:19.209625 18962 raft_consensus.cc:359] T 1b1de15d1b83422ea58654919a965dfa P ccdf6aeaa04d4b24bcec2b89c8b231b8 [term 0 FOLLOWER]: Replica starting. Triggering 0 pending ops. Active config: opid_index: -1 OBSOLETE_local: false peers { permanent_uuid: "490d3d7d4df945bead48711c39c23a08" member_type: VOTER last_known_addr { host: "127.13.255.1" port: 39879 } } peers { permanent_uuid: "13d6e41bbb2d497287a309affb0ff5f8" member_type: VOTER last_known_addr { host: "127.13.255.2" port: 45795 } } peers { permanent_uuid: "ccdf6aeaa04d4b24bcec2b89c8b231b8" member_type: VOTER last_known_addr { host: "127.13.255.3" port: 43731 } }
I20260630 12:27:19.211355 18959 raft_consensus.cc:385] T 1b1de15d1b83422ea58654919a965dfa P 490d3d7d4df945bead48711c39c23a08 [term 0 FOLLOWER]: Consensus starting up: Expiring failure detector timer to make a prompt election more likely
I20260630 12:27:19.211449 18962 raft_consensus.cc:385] T 1b1de15d1b83422ea58654919a965dfa P ccdf6aeaa04d4b24bcec2b89c8b231b8 [term 0 FOLLOWER]: Consensus starting up: Expiring failure detector timer to make a prompt election more likely
I20260630 12:27:19.211846 18962 raft_consensus.cc:740] T 1b1de15d1b83422ea58654919a965dfa P ccdf6aeaa04d4b24bcec2b89c8b231b8 [term 0 FOLLOWER]: Becoming Follower/Learner. State: Replica: ccdf6aeaa04d4b24bcec2b89c8b231b8, State: Initialized, Role: FOLLOWER
I20260630 12:27:19.211791 18959 raft_consensus.cc:740] T 1b1de15d1b83422ea58654919a965dfa P 490d3d7d4df945bead48711c39c23a08 [term 0 FOLLOWER]: Becoming Follower/Learner. State: Replica: 490d3d7d4df945bead48711c39c23a08, State: Initialized, Role: FOLLOWER
I20260630 12:27:19.212383 18960 raft_consensus.cc:359] T 9153bb92105543a0ae1cff21d97d8270 P 13d6e41bbb2d497287a309affb0ff5f8 [term 0 FOLLOWER]: Replica starting. Triggering 0 pending ops. Active config: opid_index: -1 OBSOLETE_local: false peers { permanent_uuid: "490d3d7d4df945bead48711c39c23a08" member_type: VOTER last_known_addr { host: "127.13.255.1" port: 39879 } } peers { permanent_uuid: "13d6e41bbb2d497287a309affb0ff5f8" member_type: VOTER last_known_addr { host: "127.13.255.2" port: 45795 } } peers { permanent_uuid: "ccdf6aeaa04d4b24bcec2b89c8b231b8" member_type: VOTER last_known_addr { host: "127.13.255.3" port: 43731 } }
I20260630 12:27:19.212997 18962 consensus_queue.cc:260] T 1b1de15d1b83422ea58654919a965dfa P ccdf6aeaa04d4b24bcec2b89c8b231b8 [NON_LEADER]: Queue going to NON_LEADER mode. State: All replicated index: 0, Majority replicated index: 0, Committed index: 0, Last appended: 0.0, Last appended by leader: 0, Current term: 0, Majority size: -1, State: 0, Mode: NON_LEADER, active raft config: opid_index: -1 OBSOLETE_local: false peers { permanent_uuid: "490d3d7d4df945bead48711c39c23a08" member_type: VOTER last_known_addr { host: "127.13.255.1" port: 39879 } } peers { permanent_uuid: "13d6e41bbb2d497287a309affb0ff5f8" member_type: VOTER last_known_addr { host: "127.13.255.2" port: 45795 } } peers { permanent_uuid: "ccdf6aeaa04d4b24bcec2b89c8b231b8" member_type: VOTER last_known_addr { host: "127.13.255.3" port: 43731 } }
I20260630 12:27:19.213627 18960 raft_consensus.cc:385] T 9153bb92105543a0ae1cff21d97d8270 P 13d6e41bbb2d497287a309affb0ff5f8 [term 0 FOLLOWER]: Consensus starting up: Expiring failure detector timer to make a prompt election more likely
I20260630 12:27:19.213129 18959 consensus_queue.cc:260] T 1b1de15d1b83422ea58654919a965dfa P 490d3d7d4df945bead48711c39c23a08 [NON_LEADER]: Queue going to NON_LEADER mode. State: All replicated index: 0, Majority replicated index: 0, Committed index: 0, Last appended: 0.0, Last appended by leader: 0, Current term: 0, Majority size: -1, State: 0, Mode: NON_LEADER, active raft config: opid_index: -1 OBSOLETE_local: false peers { permanent_uuid: "490d3d7d4df945bead48711c39c23a08" member_type: VOTER last_known_addr { host: "127.13.255.1" port: 39879 } } peers { permanent_uuid: "13d6e41bbb2d497287a309affb0ff5f8" member_type: VOTER last_known_addr { host: "127.13.255.2" port: 45795 } } peers { permanent_uuid: "ccdf6aeaa04d4b24bcec2b89c8b231b8" member_type: VOTER last_known_addr { host: "127.13.255.3" port: 43731 } }
I20260630 12:27:19.214102 18960 raft_consensus.cc:740] T 9153bb92105543a0ae1cff21d97d8270 P 13d6e41bbb2d497287a309affb0ff5f8 [term 0 FOLLOWER]: Becoming Follower/Learner. State: Replica: 13d6e41bbb2d497287a309affb0ff5f8, State: Initialized, Role: FOLLOWER
I20260630 12:27:19.215906 18962 ts_tablet_manager.cc:1434] T 1b1de15d1b83422ea58654919a965dfa P ccdf6aeaa04d4b24bcec2b89c8b231b8: Time spent starting tablet: real 0.011s	user 0.009s	sys 0.000s
I20260630 12:27:19.215523 18960 consensus_queue.cc:260] T 9153bb92105543a0ae1cff21d97d8270 P 13d6e41bbb2d497287a309affb0ff5f8 [NON_LEADER]: Queue going to NON_LEADER mode. State: All replicated index: 0, Majority replicated index: 0, Committed index: 0, Last appended: 0.0, Last appended by leader: 0, Current term: 0, Majority size: -1, State: 0, Mode: NON_LEADER, active raft config: opid_index: -1 OBSOLETE_local: false peers { permanent_uuid: "490d3d7d4df945bead48711c39c23a08" member_type: VOTER last_known_addr { host: "127.13.255.1" port: 39879 } } peers { permanent_uuid: "13d6e41bbb2d497287a309affb0ff5f8" member_type: VOTER last_known_addr { host: "127.13.255.2" port: 45795 } } peers { permanent_uuid: "ccdf6aeaa04d4b24bcec2b89c8b231b8" member_type: VOTER last_known_addr { host: "127.13.255.3" port: 43731 } }
I20260630 12:27:19.216429 18959 ts_tablet_manager.cc:1434] T 1b1de15d1b83422ea58654919a965dfa P 490d3d7d4df945bead48711c39c23a08: Time spent starting tablet: real 0.012s	user 0.008s	sys 0.003s
I20260630 12:27:19.217696 18962 tablet_bootstrap.cc:492] T 0ecbfefb171a4af7bd661ca0fdfdf66f P ccdf6aeaa04d4b24bcec2b89c8b231b8: Bootstrap starting.
I20260630 12:27:19.218533 18959 tablet_bootstrap.cc:492] T 9c8ad8f698b74e6cae1cc7d58d2f19ac P 490d3d7d4df945bead48711c39c23a08: Bootstrap starting.
I20260630 12:27:19.222579 18960 ts_tablet_manager.cc:1434] T 9153bb92105543a0ae1cff21d97d8270 P 13d6e41bbb2d497287a309affb0ff5f8: Time spent starting tablet: real 0.013s	user 0.006s	sys 0.006s
I20260630 12:27:19.224602 18960 tablet_bootstrap.cc:492] T 0ecbfefb171a4af7bd661ca0fdfdf66f P 13d6e41bbb2d497287a309affb0ff5f8: Bootstrap starting.
I20260630 12:27:19.226684 18962 tablet_bootstrap.cc:654] T 0ecbfefb171a4af7bd661ca0fdfdf66f P ccdf6aeaa04d4b24bcec2b89c8b231b8: Neither blocks nor log segments found. Creating new log.
I20260630 12:27:19.227476 18959 tablet_bootstrap.cc:654] T 9c8ad8f698b74e6cae1cc7d58d2f19ac P 490d3d7d4df945bead48711c39c23a08: Neither blocks nor log segments found. Creating new log.
I20260630 12:27:19.238374 18960 tablet_bootstrap.cc:654] T 0ecbfefb171a4af7bd661ca0fdfdf66f P 13d6e41bbb2d497287a309affb0ff5f8: Neither blocks nor log segments found. Creating new log.
I20260630 12:27:19.239414 18962 tablet_bootstrap.cc:492] T 0ecbfefb171a4af7bd661ca0fdfdf66f P ccdf6aeaa04d4b24bcec2b89c8b231b8: No bootstrap required, opened a new log
I20260630 12:27:19.239964 18962 ts_tablet_manager.cc:1403] T 0ecbfefb171a4af7bd661ca0fdfdf66f P ccdf6aeaa04d4b24bcec2b89c8b231b8: Time spent bootstrapping tablet: real 0.023s	user 0.004s	sys 0.016s
I20260630 12:27:19.243535 18962 raft_consensus.cc:359] T 0ecbfefb171a4af7bd661ca0fdfdf66f P ccdf6aeaa04d4b24bcec2b89c8b231b8 [term 0 FOLLOWER]: Replica starting. Triggering 0 pending ops. Active config: opid_index: -1 OBSOLETE_local: false peers { permanent_uuid: "490d3d7d4df945bead48711c39c23a08" member_type: VOTER last_known_addr { host: "127.13.255.1" port: 39879 } } peers { permanent_uuid: "13d6e41bbb2d497287a309affb0ff5f8" member_type: VOTER last_known_addr { host: "127.13.255.2" port: 45795 } } peers { permanent_uuid: "ccdf6aeaa04d4b24bcec2b89c8b231b8" member_type: VOTER last_known_addr { host: "127.13.255.3" port: 43731 } }
I20260630 12:27:19.244354 18962 raft_consensus.cc:385] T 0ecbfefb171a4af7bd661ca0fdfdf66f P ccdf6aeaa04d4b24bcec2b89c8b231b8 [term 0 FOLLOWER]: Consensus starting up: Expiring failure detector timer to make a prompt election more likely
I20260630 12:27:19.244665 18962 raft_consensus.cc:740] T 0ecbfefb171a4af7bd661ca0fdfdf66f P ccdf6aeaa04d4b24bcec2b89c8b231b8 [term 0 FOLLOWER]: Becoming Follower/Learner. State: Replica: ccdf6aeaa04d4b24bcec2b89c8b231b8, State: Initialized, Role: FOLLOWER
I20260630 12:27:19.245687 18962 consensus_queue.cc:260] T 0ecbfefb171a4af7bd661ca0fdfdf66f P ccdf6aeaa04d4b24bcec2b89c8b231b8 [NON_LEADER]: Queue going to NON_LEADER mode. State: All replicated index: 0, Majority replicated index: 0, Committed index: 0, Last appended: 0.0, Last appended by leader: 0, Current term: 0, Majority size: -1, State: 0, Mode: NON_LEADER, active raft config: opid_index: -1 OBSOLETE_local: false peers { permanent_uuid: "490d3d7d4df945bead48711c39c23a08" member_type: VOTER last_known_addr { host: "127.13.255.1" port: 39879 } } peers { permanent_uuid: "13d6e41bbb2d497287a309affb0ff5f8" member_type: VOTER last_known_addr { host: "127.13.255.2" port: 45795 } } peers { permanent_uuid: "ccdf6aeaa04d4b24bcec2b89c8b231b8" member_type: VOTER last_known_addr { host: "127.13.255.3" port: 43731 } }
I20260630 12:27:19.247398 18959 tablet_bootstrap.cc:492] T 9c8ad8f698b74e6cae1cc7d58d2f19ac P 490d3d7d4df945bead48711c39c23a08: No bootstrap required, opened a new log
I20260630 12:27:19.248027 18962 ts_tablet_manager.cc:1434] T 0ecbfefb171a4af7bd661ca0fdfdf66f P ccdf6aeaa04d4b24bcec2b89c8b231b8: Time spent starting tablet: real 0.008s	user 0.007s	sys 0.000s
I20260630 12:27:19.248381 18959 ts_tablet_manager.cc:1403] T 9c8ad8f698b74e6cae1cc7d58d2f19ac P 490d3d7d4df945bead48711c39c23a08: Time spent bootstrapping tablet: real 0.030s	user 0.015s	sys 0.014s
I20260630 12:27:19.251910 18960 tablet_bootstrap.cc:492] T 0ecbfefb171a4af7bd661ca0fdfdf66f P 13d6e41bbb2d497287a309affb0ff5f8: No bootstrap required, opened a new log
I20260630 12:27:19.252614 18960 ts_tablet_manager.cc:1403] T 0ecbfefb171a4af7bd661ca0fdfdf66f P 13d6e41bbb2d497287a309affb0ff5f8: Time spent bootstrapping tablet: real 0.028s	user 0.012s	sys 0.007s
I20260630 12:27:19.252974 18962 tablet_bootstrap.cc:492] T f17d9c3bbe8d486587a6826e45912dae P ccdf6aeaa04d4b24bcec2b89c8b231b8: Bootstrap starting.
I20260630 12:27:19.255695 18959 raft_consensus.cc:359] T 9c8ad8f698b74e6cae1cc7d58d2f19ac P 490d3d7d4df945bead48711c39c23a08 [term 0 FOLLOWER]: Replica starting. Triggering 0 pending ops. Active config: opid_index: -1 OBSOLETE_local: false peers { permanent_uuid: "490d3d7d4df945bead48711c39c23a08" member_type: VOTER last_known_addr { host: "127.13.255.1" port: 39879 } } peers { permanent_uuid: "13d6e41bbb2d497287a309affb0ff5f8" member_type: VOTER last_known_addr { host: "127.13.255.2" port: 45795 } } peers { permanent_uuid: "ccdf6aeaa04d4b24bcec2b89c8b231b8" member_type: VOTER last_known_addr { host: "127.13.255.3" port: 43731 } }
I20260630 12:27:19.256749 18959 raft_consensus.cc:385] T 9c8ad8f698b74e6cae1cc7d58d2f19ac P 490d3d7d4df945bead48711c39c23a08 [term 0 FOLLOWER]: Consensus starting up: Expiring failure detector timer to make a prompt election more likely
I20260630 12:27:19.257179 18959 raft_consensus.cc:740] T 9c8ad8f698b74e6cae1cc7d58d2f19ac P 490d3d7d4df945bead48711c39c23a08 [term 0 FOLLOWER]: Becoming Follower/Learner. State: Replica: 490d3d7d4df945bead48711c39c23a08, State: Initialized, Role: FOLLOWER
I20260630 12:27:19.257378 18960 raft_consensus.cc:359] T 0ecbfefb171a4af7bd661ca0fdfdf66f P 13d6e41bbb2d497287a309affb0ff5f8 [term 0 FOLLOWER]: Replica starting. Triggering 0 pending ops. Active config: opid_index: -1 OBSOLETE_local: false peers { permanent_uuid: "490d3d7d4df945bead48711c39c23a08" member_type: VOTER last_known_addr { host: "127.13.255.1" port: 39879 } } peers { permanent_uuid: "13d6e41bbb2d497287a309affb0ff5f8" member_type: VOTER last_known_addr { host: "127.13.255.2" port: 45795 } } peers { permanent_uuid: "ccdf6aeaa04d4b24bcec2b89c8b231b8" member_type: VOTER last_known_addr { host: "127.13.255.3" port: 43731 } }
I20260630 12:27:19.258261 18960 raft_consensus.cc:385] T 0ecbfefb171a4af7bd661ca0fdfdf66f P 13d6e41bbb2d497287a309affb0ff5f8 [term 0 FOLLOWER]: Consensus starting up: Expiring failure detector timer to make a prompt election more likely
I20260630 12:27:19.258692 18960 raft_consensus.cc:740] T 0ecbfefb171a4af7bd661ca0fdfdf66f P 13d6e41bbb2d497287a309affb0ff5f8 [term 0 FOLLOWER]: Becoming Follower/Learner. State: Replica: 13d6e41bbb2d497287a309affb0ff5f8, State: Initialized, Role: FOLLOWER
I20260630 12:27:19.258430 18959 consensus_queue.cc:260] T 9c8ad8f698b74e6cae1cc7d58d2f19ac P 490d3d7d4df945bead48711c39c23a08 [NON_LEADER]: Queue going to NON_LEADER mode. State: All replicated index: 0, Majority replicated index: 0, Committed index: 0, Last appended: 0.0, Last appended by leader: 0, Current term: 0, Majority size: -1, State: 0, Mode: NON_LEADER, active raft config: opid_index: -1 OBSOLETE_local: false peers { permanent_uuid: "490d3d7d4df945bead48711c39c23a08" member_type: VOTER last_known_addr { host: "127.13.255.1" port: 39879 } } peers { permanent_uuid: "13d6e41bbb2d497287a309affb0ff5f8" member_type: VOTER last_known_addr { host: "127.13.255.2" port: 45795 } } peers { permanent_uuid: "ccdf6aeaa04d4b24bcec2b89c8b231b8" member_type: VOTER last_known_addr { host: "127.13.255.3" port: 43731 } }
I20260630 12:27:19.259642 18960 consensus_queue.cc:260] T 0ecbfefb171a4af7bd661ca0fdfdf66f P 13d6e41bbb2d497287a309affb0ff5f8 [NON_LEADER]: Queue going to NON_LEADER mode. State: All replicated index: 0, Majority replicated index: 0, Committed index: 0, Last appended: 0.0, Last appended by leader: 0, Current term: 0, Majority size: -1, State: 0, Mode: NON_LEADER, active raft config: opid_index: -1 OBSOLETE_local: false peers { permanent_uuid: "490d3d7d4df945bead48711c39c23a08" member_type: VOTER last_known_addr { host: "127.13.255.1" port: 39879 } } peers { permanent_uuid: "13d6e41bbb2d497287a309affb0ff5f8" member_type: VOTER last_known_addr { host: "127.13.255.2" port: 45795 } } peers { permanent_uuid: "ccdf6aeaa04d4b24bcec2b89c8b231b8" member_type: VOTER last_known_addr { host: "127.13.255.3" port: 43731 } }
I20260630 12:27:19.262066 18962 tablet_bootstrap.cc:654] T f17d9c3bbe8d486587a6826e45912dae P ccdf6aeaa04d4b24bcec2b89c8b231b8: Neither blocks nor log segments found. Creating new log.
I20260630 12:27:19.264842 18960 ts_tablet_manager.cc:1434] T 0ecbfefb171a4af7bd661ca0fdfdf66f P 13d6e41bbb2d497287a309affb0ff5f8: Time spent starting tablet: real 0.012s	user 0.009s	sys 0.000s
I20260630 12:27:19.266486 18960 tablet_bootstrap.cc:492] T f17d9c3bbe8d486587a6826e45912dae P 13d6e41bbb2d497287a309affb0ff5f8: Bootstrap starting.
I20260630 12:27:19.267498 18959 ts_tablet_manager.cc:1434] T 9c8ad8f698b74e6cae1cc7d58d2f19ac P 490d3d7d4df945bead48711c39c23a08: Time spent starting tablet: real 0.019s	user 0.008s	sys 0.000s
I20260630 12:27:19.269050 18959 tablet_bootstrap.cc:492] T de9e4e84d34d40da9a09b961e43bc72c P 490d3d7d4df945bead48711c39c23a08: Bootstrap starting.
I20260630 12:27:19.273834 18960 tablet_bootstrap.cc:654] T f17d9c3bbe8d486587a6826e45912dae P 13d6e41bbb2d497287a309affb0ff5f8: Neither blocks nor log segments found. Creating new log.
I20260630 12:27:19.290484 18959 tablet_bootstrap.cc:654] T de9e4e84d34d40da9a09b961e43bc72c P 490d3d7d4df945bead48711c39c23a08: Neither blocks nor log segments found. Creating new log.
I20260630 12:27:19.294838 18962 tablet_bootstrap.cc:492] T f17d9c3bbe8d486587a6826e45912dae P ccdf6aeaa04d4b24bcec2b89c8b231b8: No bootstrap required, opened a new log
I20260630 12:27:19.294767 18960 tablet_bootstrap.cc:492] T f17d9c3bbe8d486587a6826e45912dae P 13d6e41bbb2d497287a309affb0ff5f8: No bootstrap required, opened a new log
I20260630 12:27:19.295586 18960 ts_tablet_manager.cc:1403] T f17d9c3bbe8d486587a6826e45912dae P 13d6e41bbb2d497287a309affb0ff5f8: Time spent bootstrapping tablet: real 0.029s	user 0.012s	sys 0.014s
I20260630 12:27:19.296710 18962 ts_tablet_manager.cc:1403] T f17d9c3bbe8d486587a6826e45912dae P ccdf6aeaa04d4b24bcec2b89c8b231b8: Time spent bootstrapping tablet: real 0.044s	user 0.017s	sys 0.023s
I20260630 12:27:19.298131 18959 tablet_bootstrap.cc:492] T de9e4e84d34d40da9a09b961e43bc72c P 490d3d7d4df945bead48711c39c23a08: No bootstrap required, opened a new log
I20260630 12:27:19.298050 18960 raft_consensus.cc:359] T f17d9c3bbe8d486587a6826e45912dae P 13d6e41bbb2d497287a309affb0ff5f8 [term 0 FOLLOWER]: Replica starting. Triggering 0 pending ops. Active config: opid_index: -1 OBSOLETE_local: false peers { permanent_uuid: "490d3d7d4df945bead48711c39c23a08" member_type: VOTER last_known_addr { host: "127.13.255.1" port: 39879 } } peers { permanent_uuid: "13d6e41bbb2d497287a309affb0ff5f8" member_type: VOTER last_known_addr { host: "127.13.255.2" port: 45795 } } peers { permanent_uuid: "ccdf6aeaa04d4b24bcec2b89c8b231b8" member_type: VOTER last_known_addr { host: "127.13.255.3" port: 43731 } }
I20260630 12:27:19.298745 18959 ts_tablet_manager.cc:1403] T de9e4e84d34d40da9a09b961e43bc72c P 490d3d7d4df945bead48711c39c23a08: Time spent bootstrapping tablet: real 0.030s	user 0.010s	sys 0.007s
I20260630 12:27:19.298838 18960 raft_consensus.cc:385] T f17d9c3bbe8d486587a6826e45912dae P 13d6e41bbb2d497287a309affb0ff5f8 [term 0 FOLLOWER]: Consensus starting up: Expiring failure detector timer to make a prompt election more likely
I20260630 12:27:19.299263 18960 raft_consensus.cc:740] T f17d9c3bbe8d486587a6826e45912dae P 13d6e41bbb2d497287a309affb0ff5f8 [term 0 FOLLOWER]: Becoming Follower/Learner. State: Replica: 13d6e41bbb2d497287a309affb0ff5f8, State: Initialized, Role: FOLLOWER
I20260630 12:27:19.300004 18960 consensus_queue.cc:260] T f17d9c3bbe8d486587a6826e45912dae P 13d6e41bbb2d497287a309affb0ff5f8 [NON_LEADER]: Queue going to NON_LEADER mode. State: All replicated index: 0, Majority replicated index: 0, Committed index: 0, Last appended: 0.0, Last appended by leader: 0, Current term: 0, Majority size: -1, State: 0, Mode: NON_LEADER, active raft config: opid_index: -1 OBSOLETE_local: false peers { permanent_uuid: "490d3d7d4df945bead48711c39c23a08" member_type: VOTER last_known_addr { host: "127.13.255.1" port: 39879 } } peers { permanent_uuid: "13d6e41bbb2d497287a309affb0ff5f8" member_type: VOTER last_known_addr { host: "127.13.255.2" port: 45795 } } peers { permanent_uuid: "ccdf6aeaa04d4b24bcec2b89c8b231b8" member_type: VOTER last_known_addr { host: "127.13.255.3" port: 43731 } }
I20260630 12:27:19.299980 18962 raft_consensus.cc:359] T f17d9c3bbe8d486587a6826e45912dae P ccdf6aeaa04d4b24bcec2b89c8b231b8 [term 0 FOLLOWER]: Replica starting. Triggering 0 pending ops. Active config: opid_index: -1 OBSOLETE_local: false peers { permanent_uuid: "490d3d7d4df945bead48711c39c23a08" member_type: VOTER last_known_addr { host: "127.13.255.1" port: 39879 } } peers { permanent_uuid: "13d6e41bbb2d497287a309affb0ff5f8" member_type: VOTER last_known_addr { host: "127.13.255.2" port: 45795 } } peers { permanent_uuid: "ccdf6aeaa04d4b24bcec2b89c8b231b8" member_type: VOTER last_known_addr { host: "127.13.255.3" port: 43731 } }
I20260630 12:27:19.300952 18962 raft_consensus.cc:385] T f17d9c3bbe8d486587a6826e45912dae P ccdf6aeaa04d4b24bcec2b89c8b231b8 [term 0 FOLLOWER]: Consensus starting up: Expiring failure detector timer to make a prompt election more likely
I20260630 12:27:19.301285 18962 raft_consensus.cc:740] T f17d9c3bbe8d486587a6826e45912dae P ccdf6aeaa04d4b24bcec2b89c8b231b8 [term 0 FOLLOWER]: Becoming Follower/Learner. State: Replica: ccdf6aeaa04d4b24bcec2b89c8b231b8, State: Initialized, Role: FOLLOWER
I20260630 12:27:19.301920 18959 raft_consensus.cc:359] T de9e4e84d34d40da9a09b961e43bc72c P 490d3d7d4df945bead48711c39c23a08 [term 0 FOLLOWER]: Replica starting. Triggering 0 pending ops. Active config: opid_index: -1 OBSOLETE_local: false peers { permanent_uuid: "490d3d7d4df945bead48711c39c23a08" member_type: VOTER last_known_addr { host: "127.13.255.1" port: 39879 } } peers { permanent_uuid: "13d6e41bbb2d497287a309affb0ff5f8" member_type: VOTER last_known_addr { host: "127.13.255.2" port: 45795 } } peers { permanent_uuid: "ccdf6aeaa04d4b24bcec2b89c8b231b8" member_type: VOTER last_known_addr { host: "127.13.255.3" port: 43731 } }
I20260630 12:27:19.302177 18962 consensus_queue.cc:260] T f17d9c3bbe8d486587a6826e45912dae P ccdf6aeaa04d4b24bcec2b89c8b231b8 [NON_LEADER]: Queue going to NON_LEADER mode. State: All replicated index: 0, Majority replicated index: 0, Committed index: 0, Last appended: 0.0, Last appended by leader: 0, Current term: 0, Majority size: -1, State: 0, Mode: NON_LEADER, active raft config: opid_index: -1 OBSOLETE_local: false peers { permanent_uuid: "490d3d7d4df945bead48711c39c23a08" member_type: VOTER last_known_addr { host: "127.13.255.1" port: 39879 } } peers { permanent_uuid: "13d6e41bbb2d497287a309affb0ff5f8" member_type: VOTER last_known_addr { host: "127.13.255.2" port: 45795 } } peers { permanent_uuid: "ccdf6aeaa04d4b24bcec2b89c8b231b8" member_type: VOTER last_known_addr { host: "127.13.255.3" port: 43731 } }
I20260630 12:27:19.302589 18960 ts_tablet_manager.cc:1434] T f17d9c3bbe8d486587a6826e45912dae P 13d6e41bbb2d497287a309affb0ff5f8: Time spent starting tablet: real 0.007s	user 0.005s	sys 0.002s
I20260630 12:27:19.302698 18959 raft_consensus.cc:385] T de9e4e84d34d40da9a09b961e43bc72c P 490d3d7d4df945bead48711c39c23a08 [term 0 FOLLOWER]: Consensus starting up: Expiring failure detector timer to make a prompt election more likely
I20260630 12:27:19.303103 18959 raft_consensus.cc:740] T de9e4e84d34d40da9a09b961e43bc72c P 490d3d7d4df945bead48711c39c23a08 [term 0 FOLLOWER]: Becoming Follower/Learner. State: Replica: 490d3d7d4df945bead48711c39c23a08, State: Initialized, Role: FOLLOWER
I20260630 12:27:19.304046 18960 tablet_bootstrap.cc:492] T 4e7aa0c383d34fbdb32b37a9c22a3bcd P 13d6e41bbb2d497287a309affb0ff5f8: Bootstrap starting.
I20260630 12:27:19.304042 18959 consensus_queue.cc:260] T de9e4e84d34d40da9a09b961e43bc72c P 490d3d7d4df945bead48711c39c23a08 [NON_LEADER]: Queue going to NON_LEADER mode. State: All replicated index: 0, Majority replicated index: 0, Committed index: 0, Last appended: 0.0, Last appended by leader: 0, Current term: 0, Majority size: -1, State: 0, Mode: NON_LEADER, active raft config: opid_index: -1 OBSOLETE_local: false peers { permanent_uuid: "490d3d7d4df945bead48711c39c23a08" member_type: VOTER last_known_addr { host: "127.13.255.1" port: 39879 } } peers { permanent_uuid: "13d6e41bbb2d497287a309affb0ff5f8" member_type: VOTER last_known_addr { host: "127.13.255.2" port: 45795 } } peers { permanent_uuid: "ccdf6aeaa04d4b24bcec2b89c8b231b8" member_type: VOTER last_known_addr { host: "127.13.255.3" port: 43731 } }
I20260630 12:27:19.307585 18962 ts_tablet_manager.cc:1434] T f17d9c3bbe8d486587a6826e45912dae P ccdf6aeaa04d4b24bcec2b89c8b231b8: Time spent starting tablet: real 0.010s	user 0.004s	sys 0.003s
I20260630 12:27:19.309074 18962 tablet_bootstrap.cc:492] T fe1d6dbda058473da49669586076a845 P ccdf6aeaa04d4b24bcec2b89c8b231b8: Bootstrap starting.
I20260630 12:27:19.309459 18970 raft_consensus.cc:493] T 924ad4f2dfc34fbabfda1fcb94a6a0c0 P ccdf6aeaa04d4b24bcec2b89c8b231b8 [term 0 FOLLOWER]: Starting pre-election (no leader contacted us within the election timeout)
I20260630 12:27:19.310102 18970 raft_consensus.cc:515] T 924ad4f2dfc34fbabfda1fcb94a6a0c0 P ccdf6aeaa04d4b24bcec2b89c8b231b8 [term 0 FOLLOWER]: Starting pre-election with config: opid_index: -1 OBSOLETE_local: false peers { permanent_uuid: "490d3d7d4df945bead48711c39c23a08" member_type: VOTER last_known_addr { host: "127.13.255.1" port: 39879 } } peers { permanent_uuid: "13d6e41bbb2d497287a309affb0ff5f8" member_type: VOTER last_known_addr { host: "127.13.255.2" port: 45795 } } peers { permanent_uuid: "ccdf6aeaa04d4b24bcec2b89c8b231b8" member_type: VOTER last_known_addr { host: "127.13.255.3" port: 43731 } }
I20260630 12:27:19.314853 18960 tablet_bootstrap.cc:654] T 4e7aa0c383d34fbdb32b37a9c22a3bcd P 13d6e41bbb2d497287a309affb0ff5f8: Neither blocks nor log segments found. Creating new log.
I20260630 12:27:19.317709 18962 tablet_bootstrap.cc:654] T fe1d6dbda058473da49669586076a845 P ccdf6aeaa04d4b24bcec2b89c8b231b8: Neither blocks nor log segments found. Creating new log.
I20260630 12:27:19.331790 18964 raft_consensus.cc:493] T 924ad4f2dfc34fbabfda1fcb94a6a0c0 P 13d6e41bbb2d497287a309affb0ff5f8 [term 0 FOLLOWER]: Starting pre-election (no leader contacted us within the election timeout)
I20260630 12:27:19.342044 18959 ts_tablet_manager.cc:1434] T de9e4e84d34d40da9a09b961e43bc72c P 490d3d7d4df945bead48711c39c23a08: Time spent starting tablet: real 0.043s	user 0.004s	sys 0.005s
I20260630 12:27:19.332767 18964 raft_consensus.cc:515] T 924ad4f2dfc34fbabfda1fcb94a6a0c0 P 13d6e41bbb2d497287a309affb0ff5f8 [term 0 FOLLOWER]: Starting pre-election with config: opid_index: -1 OBSOLETE_local: false peers { permanent_uuid: "490d3d7d4df945bead48711c39c23a08" member_type: VOTER last_known_addr { host: "127.13.255.1" port: 39879 } } peers { permanent_uuid: "13d6e41bbb2d497287a309affb0ff5f8" member_type: VOTER last_known_addr { host: "127.13.255.2" port: 45795 } } peers { permanent_uuid: "ccdf6aeaa04d4b24bcec2b89c8b231b8" member_type: VOTER last_known_addr { host: "127.13.255.3" port: 43731 } }
I20260630 12:27:19.346429 18959 tablet_bootstrap.cc:492] T 11bb696a79f94c1d9f4e2e9c3147ec18 P 490d3d7d4df945bead48711c39c23a08: Bootstrap starting.
I20260630 12:27:19.348234 18962 tablet_bootstrap.cc:492] T fe1d6dbda058473da49669586076a845 P ccdf6aeaa04d4b24bcec2b89c8b231b8: No bootstrap required, opened a new log
I20260630 12:27:19.350731 18962 ts_tablet_manager.cc:1403] T fe1d6dbda058473da49669586076a845 P ccdf6aeaa04d4b24bcec2b89c8b231b8: Time spent bootstrapping tablet: real 0.042s	user 0.022s	sys 0.010s
I20260630 12:27:19.353024 18964 leader_election.cc:290] T 924ad4f2dfc34fbabfda1fcb94a6a0c0 P 13d6e41bbb2d497287a309affb0ff5f8 [CANDIDATE]: Term 1 pre-election: Requested pre-vote from peers 490d3d7d4df945bead48711c39c23a08 (127.13.255.1:39879), ccdf6aeaa04d4b24bcec2b89c8b231b8 (127.13.255.3:43731)
I20260630 12:27:19.327019 18970 leader_election.cc:290] T 924ad4f2dfc34fbabfda1fcb94a6a0c0 P ccdf6aeaa04d4b24bcec2b89c8b231b8 [CANDIDATE]: Term 1 pre-election: Requested pre-vote from peers 490d3d7d4df945bead48711c39c23a08 (127.13.255.1:39879), 13d6e41bbb2d497287a309affb0ff5f8 (127.13.255.2:45795)
I20260630 12:27:19.364850 18962 raft_consensus.cc:359] T fe1d6dbda058473da49669586076a845 P ccdf6aeaa04d4b24bcec2b89c8b231b8 [term 0 FOLLOWER]: Replica starting. Triggering 0 pending ops. Active config: opid_index: -1 OBSOLETE_local: false peers { permanent_uuid: "490d3d7d4df945bead48711c39c23a08" member_type: VOTER last_known_addr { host: "127.13.255.1" port: 39879 } } peers { permanent_uuid: "13d6e41bbb2d497287a309affb0ff5f8" member_type: VOTER last_known_addr { host: "127.13.255.2" port: 45795 } } peers { permanent_uuid: "ccdf6aeaa04d4b24bcec2b89c8b231b8" member_type: VOTER last_known_addr { host: "127.13.255.3" port: 43731 } }
I20260630 12:27:19.366415 18962 raft_consensus.cc:385] T fe1d6dbda058473da49669586076a845 P ccdf6aeaa04d4b24bcec2b89c8b231b8 [term 0 FOLLOWER]: Consensus starting up: Expiring failure detector timer to make a prompt election more likely
I20260630 12:27:19.366773 18962 raft_consensus.cc:740] T fe1d6dbda058473da49669586076a845 P ccdf6aeaa04d4b24bcec2b89c8b231b8 [term 0 FOLLOWER]: Becoming Follower/Learner. State: Replica: ccdf6aeaa04d4b24bcec2b89c8b231b8, State: Initialized, Role: FOLLOWER
I20260630 12:27:19.376569 18959 tablet_bootstrap.cc:654] T 11bb696a79f94c1d9f4e2e9c3147ec18 P 490d3d7d4df945bead48711c39c23a08: Neither blocks nor log segments found. Creating new log.
I20260630 12:27:19.363145 18970 raft_consensus.cc:493] T 1b1de15d1b83422ea58654919a965dfa P ccdf6aeaa04d4b24bcec2b89c8b231b8 [term 0 FOLLOWER]: Starting pre-election (no leader contacted us within the election timeout)
I20260630 12:27:19.380584 18970 raft_consensus.cc:515] T 1b1de15d1b83422ea58654919a965dfa P ccdf6aeaa04d4b24bcec2b89c8b231b8 [term 0 FOLLOWER]: Starting pre-election with config: opid_index: -1 OBSOLETE_local: false peers { permanent_uuid: "490d3d7d4df945bead48711c39c23a08" member_type: VOTER last_known_addr { host: "127.13.255.1" port: 39879 } } peers { permanent_uuid: "13d6e41bbb2d497287a309affb0ff5f8" member_type: VOTER last_known_addr { host: "127.13.255.2" port: 45795 } } peers { permanent_uuid: "ccdf6aeaa04d4b24bcec2b89c8b231b8" member_type: VOTER last_known_addr { host: "127.13.255.3" port: 43731 } }
I20260630 12:27:19.382504 18965 raft_consensus.cc:493] T 9c8ad8f698b74e6cae1cc7d58d2f19ac P 490d3d7d4df945bead48711c39c23a08 [term 0 FOLLOWER]: Starting pre-election (no leader contacted us within the election timeout)
