I20260630 12:26:44.258634 10786 raft_consensus.cc:2955] T 1a86ffc192dc4ff496d13112ec3bb26d P f8c4694cdca1456480221b212d3142d9 [term 1 LEADER]: Committing config change with OpId 1.3: config changed from index 2 to 3, eb3bfb1d338641d8b37d2e459fdc1d8a (127.7.26.4) changed from NON_VOTER to VOTER. New config: { opid_index: 3 OBSOLETE_local: false peers { permanent_uuid: "f8c4694cdca1456480221b212d3142d9" member_type: VOTER last_known_addr { host: "127.7.26.1" port: 37259 } } peers { permanent_uuid: "85c481c843dc49ad9b5ff7b9a36b7030" member_type: VOTER last_known_addr { host: "127.7.26.2" port: 43545 } } peers { permanent_uuid: "27a84403a05343c38a58c06b0869ae06" member_type: VOTER last_known_addr { host: "127.7.26.3" port: 40381 } attrs { replace: true } } peers { permanent_uuid: "eb3bfb1d338641d8b37d2e459fdc1d8a" member_type: VOTER last_known_addr { host: "127.7.26.4" port: 39661 } attrs { promote: false } } }
I20260630 12:26:44.259073 10739 raft_consensus.cc:2955] T cc09a23e63fe4eb1b2434f07f0060bb8 P f8c4694cdca1456480221b212d3142d9 [term 1 LEADER]: Committing config change with OpId 1.3: config changed from index 2 to 3, 27a84403a05343c38a58c06b0869ae06 (127.7.26.3) changed from NON_VOTER to VOTER. New config: { opid_index: 3 OBSOLETE_local: false peers { permanent_uuid: "f8c4694cdca1456480221b212d3142d9" member_type: VOTER last_known_addr { host: "127.7.26.1" port: 37259 } } peers { permanent_uuid: "eb3bfb1d338641d8b37d2e459fdc1d8a" member_type: VOTER last_known_addr { host: "127.7.26.4" port: 39661 } attrs { replace: true } } peers { permanent_uuid: "85c481c843dc49ad9b5ff7b9a36b7030" member_type: VOTER last_known_addr { host: "127.7.26.2" port: 43545 } } peers { permanent_uuid: "27a84403a05343c38a58c06b0869ae06" member_type: VOTER last_known_addr { host: "127.7.26.3" port: 40381 } attrs { promote: false } } }
I20260630 12:26:44.269872 10249 raft_consensus.cc:1275] T a9f46191622549c09fc2033fedbe69c0 P f8c4694cdca1456480221b212d3142d9 [term 2 FOLLOWER]: Refusing update from remote peer eb3bfb1d338641d8b37d2e459fdc1d8a: Log matching property violated. Preceding OpId in replica: term: 1 index: 4. Preceding OpId from leader: term: 2 index: 5. (index mismatch)
I20260630 12:26:44.271345 10753 consensus_queue.cc:1048] T a9f46191622549c09fc2033fedbe69c0 P eb3bfb1d338641d8b37d2e459fdc1d8a [LEADER]: Connected to new peer: Peer: permanent_uuid: "f8c4694cdca1456480221b212d3142d9" member_type: VOTER last_known_addr { host: "127.7.26.1" port: 37259 }, Status: LMP_MISMATCH, Last received: 0.0, Next index: 5, Last known committed idx: 4, Time since last communication: 0.000s
I20260630 12:26:44.272934 10767 consensus_queue.cc:1048] T 547b6df159d54eafb38c64821118103a P 27a84403a05343c38a58c06b0869ae06 [LEADER]: Connected to new peer: Peer: permanent_uuid: "f8c4694cdca1456480221b212d3142d9" member_type: VOTER last_known_addr { host: "127.7.26.1" port: 37259 }, Status: LMP_MISMATCH, Last received: 0.0, Next index: 5, Last known committed idx: 4, Time since last communication: 0.001s
I20260630 12:26:44.277165 10780 raft_consensus.cc:2955] T 547b6df159d54eafb38c64821118103a P 27a84403a05343c38a58c06b0869ae06 [term 2 LEADER]: Committing config change with OpId 2.5: config changed from index 4 to 5, VOTER 85c481c843dc49ad9b5ff7b9a36b7030 (127.7.26.2) evicted. New config: { opid_index: 5 OBSOLETE_local: false peers { permanent_uuid: "f8c4694cdca1456480221b212d3142d9" member_type: VOTER last_known_addr { host: "127.7.26.1" port: 37259 } } peers { permanent_uuid: "27a84403a05343c38a58c06b0869ae06" member_type: VOTER last_known_addr { host: "127.7.26.3" port: 40381 } } peers { permanent_uuid: "eb3bfb1d338641d8b37d2e459fdc1d8a" member_type: VOTER last_known_addr { host: "127.7.26.4" port: 39661 } attrs { promote: false } } }
I20260630 12:26:44.281509 10324 raft_consensus.cc:2955] T 1a86ffc192dc4ff496d13112ec3bb26d P 85c481c843dc49ad9b5ff7b9a36b7030 [term 1 FOLLOWER]: Committing config change with OpId 1.3: config changed from index 2 to 3, eb3bfb1d338641d8b37d2e459fdc1d8a (127.7.26.4) changed from NON_VOTER to VOTER. New config: { opid_index: 3 OBSOLETE_local: false peers { permanent_uuid: "f8c4694cdca1456480221b212d3142d9" member_type: VOTER last_known_addr { host: "127.7.26.1" port: 37259 } } peers { permanent_uuid: "85c481c843dc49ad9b5ff7b9a36b7030" member_type: VOTER last_known_addr { host: "127.7.26.2" port: 43545 } } peers { permanent_uuid: "27a84403a05343c38a58c06b0869ae06" member_type: VOTER last_known_addr { host: "127.7.26.3" port: 40381 } attrs { replace: true } } peers { permanent_uuid: "eb3bfb1d338641d8b37d2e459fdc1d8a" member_type: VOTER last_known_addr { host: "127.7.26.4" port: 39661 } attrs { promote: false } } }
I20260630 12:26:44.291287 10148 catalog_manager.cc:5697] T 1a86ffc192dc4ff496d13112ec3bb26d P f8c4694cdca1456480221b212d3142d9 reported cstate change: config changed from index 2 to 3, eb3bfb1d338641d8b37d2e459fdc1d8a (127.7.26.4) changed from NON_VOTER to VOTER. New cstate: current_term: 1 leader_uuid: "f8c4694cdca1456480221b212d3142d9" committed_config { opid_index: 3 OBSOLETE_local: false peers { permanent_uuid: "f8c4694cdca1456480221b212d3142d9" member_type: VOTER last_known_addr { host: "127.7.26.1" port: 37259 } health_report { overall_health: HEALTHY } } peers { permanent_uuid: "85c481c843dc49ad9b5ff7b9a36b7030" member_type: VOTER last_known_addr { host: "127.7.26.2" port: 43545 } health_report { overall_health: HEALTHY } } peers { permanent_uuid: "27a84403a05343c38a58c06b0869ae06" member_type: VOTER last_known_addr { host: "127.7.26.3" port: 40381 } attrs { replace: true } health_report { overall_health: UNKNOWN } } peers { permanent_uuid: "eb3bfb1d338641d8b37d2e459fdc1d8a" member_type: VOTER last_known_addr { host: "127.7.26.4" port: 39661 } attrs { promote: false } health_report { overall_health: UNKNOWN } } }
I20260630 12:26:44.291631 10552 raft_consensus.cc:2955] T cc09a23e63fe4eb1b2434f07f0060bb8 P eb3bfb1d338641d8b37d2e459fdc1d8a [term 1 FOLLOWER]: Committing config change with OpId 1.3: config changed from index 2 to 3, 27a84403a05343c38a58c06b0869ae06 (127.7.26.3) changed from NON_VOTER to VOTER. New config: { opid_index: 3 OBSOLETE_local: false peers { permanent_uuid: "f8c4694cdca1456480221b212d3142d9" member_type: VOTER last_known_addr { host: "127.7.26.1" port: 37259 } } peers { permanent_uuid: "eb3bfb1d338641d8b37d2e459fdc1d8a" member_type: VOTER last_known_addr { host: "127.7.26.4" port: 39661 } attrs { replace: true } } peers { permanent_uuid: "85c481c843dc49ad9b5ff7b9a36b7030" member_type: VOTER last_known_addr { host: "127.7.26.2" port: 43545 } } peers { permanent_uuid: "27a84403a05343c38a58c06b0869ae06" member_type: VOTER last_known_addr { host: "127.7.26.3" port: 40381 } attrs { promote: false } } }
I20260630 12:26:44.295840 10149 catalog_manager.cc:5697] T 547b6df159d54eafb38c64821118103a P 27a84403a05343c38a58c06b0869ae06 reported cstate change: config changed from index 4 to 5, VOTER 85c481c843dc49ad9b5ff7b9a36b7030 (127.7.26.2) evicted. New cstate: current_term: 2 leader_uuid: "27a84403a05343c38a58c06b0869ae06" committed_config { opid_index: 5 OBSOLETE_local: false peers { permanent_uuid: "f8c4694cdca1456480221b212d3142d9" member_type: VOTER last_known_addr { host: "127.7.26.1" port: 37259 } health_report { overall_health: UNKNOWN } } peers { permanent_uuid: "27a84403a05343c38a58c06b0869ae06" member_type: VOTER last_known_addr { host: "127.7.26.3" port: 40381 } health_report { overall_health: HEALTHY } } peers { permanent_uuid: "eb3bfb1d338641d8b37d2e459fdc1d8a" member_type: VOTER last_known_addr { host: "127.7.26.4" port: 39661 } attrs { promote: false } health_report { overall_health: UNKNOWN } } }
I20260630 12:26:44.297086 10135 catalog_manager.cc:5210] ChangeConfig:REMOVE_PEER RPC for tablet 547b6df159d54eafb38c64821118103a with cas_config_opid_index 4: ChangeConfig:REMOVE_PEER succeeded (attempt 1)
I20260630 12:26:44.301473 10553 raft_consensus.cc:2955] T 1a86ffc192dc4ff496d13112ec3bb26d P eb3bfb1d338641d8b37d2e459fdc1d8a [term 1 FOLLOWER]: Committing config change with OpId 1.3: config changed from index 2 to 3, eb3bfb1d338641d8b37d2e459fdc1d8a (127.7.26.4) changed from NON_VOTER to VOTER. New config: { opid_index: 3 OBSOLETE_local: false peers { permanent_uuid: "f8c4694cdca1456480221b212d3142d9" member_type: VOTER last_known_addr { host: "127.7.26.1" port: 37259 } } peers { permanent_uuid: "85c481c843dc49ad9b5ff7b9a36b7030" member_type: VOTER last_known_addr { host: "127.7.26.2" port: 43545 } } peers { permanent_uuid: "27a84403a05343c38a58c06b0869ae06" member_type: VOTER last_known_addr { host: "127.7.26.3" port: 40381 } attrs { replace: true } } peers { permanent_uuid: "eb3bfb1d338641d8b37d2e459fdc1d8a" member_type: VOTER last_known_addr { host: "127.7.26.4" port: 39661 } attrs { promote: false } } }
W20260630 12:26:44.319557 10367 outbound_call.cc:321] RPC callback for RPC call kudu.consensus.ConsensusService.UpdateConsensus -> {remote=127.7.26.4:39661, user_credentials={real_user=slave}} blocked reactor thread for 46007.3us
I20260630 12:26:44.321018 10400 raft_consensus.cc:1275] T a9f46191622549c09fc2033fedbe69c0 P 27a84403a05343c38a58c06b0869ae06 [term 2 FOLLOWER]: Refusing update from remote peer eb3bfb1d338641d8b37d2e459fdc1d8a: Log matching property violated. Preceding OpId in replica: term: 1 index: 4. Preceding OpId from leader: term: 2 index: 5. (index mismatch)
I20260630 12:26:44.324239 10316 tablet_service.cc:1558] Processing DeleteTablet for tablet 547b6df159d54eafb38c64821118103a with delete_type TABLET_DATA_TOMBSTONED (TS 85c481c843dc49ad9b5ff7b9a36b7030 not found in new config with opid_index 5) from {username='slave'} at 127.0.0.1:45470
I20260630 12:26:44.327211 10753 consensus_queue.cc:1048] T a9f46191622549c09fc2033fedbe69c0 P eb3bfb1d338641d8b37d2e459fdc1d8a [LEADER]: Connected to new peer: Peer: permanent_uuid: "27a84403a05343c38a58c06b0869ae06" member_type: VOTER last_known_addr { host: "127.7.26.3" port: 40381 }, Status: LMP_MISMATCH, Last received: 0.0, Next index: 5, Last known committed idx: 4, Time since last communication: 0.000s
I20260630 12:26:44.325541 10400 raft_consensus.cc:2955] T 1a86ffc192dc4ff496d13112ec3bb26d P 27a84403a05343c38a58c06b0869ae06 [term 1 FOLLOWER]: Committing config change with OpId 1.3: config changed from index 2 to 3, eb3bfb1d338641d8b37d2e459fdc1d8a (127.7.26.4) changed from NON_VOTER to VOTER. New config: { opid_index: 3 OBSOLETE_local: false peers { permanent_uuid: "f8c4694cdca1456480221b212d3142d9" member_type: VOTER last_known_addr { host: "127.7.26.1" port: 37259 } } peers { permanent_uuid: "85c481c843dc49ad9b5ff7b9a36b7030" member_type: VOTER last_known_addr { host: "127.7.26.2" port: 43545 } } peers { permanent_uuid: "27a84403a05343c38a58c06b0869ae06" member_type: VOTER last_known_addr { host: "127.7.26.3" port: 40381 } attrs { replace: true } } peers { permanent_uuid: "eb3bfb1d338641d8b37d2e459fdc1d8a" member_type: VOTER last_known_addr { host: "127.7.26.4" port: 39661 } attrs { promote: false } } }
I20260630 12:26:44.332935 10553 raft_consensus.cc:2955] T 547b6df159d54eafb38c64821118103a P eb3bfb1d338641d8b37d2e459fdc1d8a [term 2 FOLLOWER]: Committing config change with OpId 2.5: config changed from index 4 to 5, VOTER 85c481c843dc49ad9b5ff7b9a36b7030 (127.7.26.2) evicted. New config: { opid_index: 5 OBSOLETE_local: false peers { permanent_uuid: "f8c4694cdca1456480221b212d3142d9" member_type: VOTER last_known_addr { host: "127.7.26.1" port: 37259 } } peers { permanent_uuid: "27a84403a05343c38a58c06b0869ae06" member_type: VOTER last_known_addr { host: "127.7.26.3" port: 40381 } } peers { permanent_uuid: "eb3bfb1d338641d8b37d2e459fdc1d8a" member_type: VOTER last_known_addr { host: "127.7.26.4" port: 39661 } attrs { promote: false } } }
I20260630 12:26:44.346645 10248 raft_consensus.cc:2955] T 547b6df159d54eafb38c64821118103a P f8c4694cdca1456480221b212d3142d9 [term 2 FOLLOWER]: Committing config change with OpId 2.5: config changed from index 4 to 5, VOTER 85c481c843dc49ad9b5ff7b9a36b7030 (127.7.26.2) evicted. New config: { opid_index: 5 OBSOLETE_local: false peers { permanent_uuid: "f8c4694cdca1456480221b212d3142d9" member_type: VOTER last_known_addr { host: "127.7.26.1" port: 37259 } } peers { permanent_uuid: "27a84403a05343c38a58c06b0869ae06" member_type: VOTER last_known_addr { host: "127.7.26.3" port: 40381 } } peers { permanent_uuid: "eb3bfb1d338641d8b37d2e459fdc1d8a" member_type: VOTER last_known_addr { host: "127.7.26.4" port: 39661 } attrs { promote: false } } }
I20260630 12:26:44.351110 10399 raft_consensus.cc:2955] T cc09a23e63fe4eb1b2434f07f0060bb8 P 27a84403a05343c38a58c06b0869ae06 [term 1 FOLLOWER]: Committing config change with OpId 1.3: config changed from index 2 to 3, 27a84403a05343c38a58c06b0869ae06 (127.7.26.3) changed from NON_VOTER to VOTER. New config: { opid_index: 3 OBSOLETE_local: false peers { permanent_uuid: "f8c4694cdca1456480221b212d3142d9" member_type: VOTER last_known_addr { host: "127.7.26.1" port: 37259 } } peers { permanent_uuid: "eb3bfb1d338641d8b37d2e459fdc1d8a" member_type: VOTER last_known_addr { host: "127.7.26.4" port: 39661 } attrs { replace: true } } peers { permanent_uuid: "85c481c843dc49ad9b5ff7b9a36b7030" member_type: VOTER last_known_addr { host: "127.7.26.2" port: 43545 } } peers { permanent_uuid: "27a84403a05343c38a58c06b0869ae06" member_type: VOTER last_known_addr { host: "127.7.26.3" port: 40381 } attrs { promote: false } } }
I20260630 12:26:44.368336 10802 tablet_replica.cc:333] T 547b6df159d54eafb38c64821118103a P 85c481c843dc49ad9b5ff7b9a36b7030: stopping tablet replica
I20260630 12:26:44.369429 10802 raft_consensus.cc:2243] T 547b6df159d54eafb38c64821118103a P 85c481c843dc49ad9b5ff7b9a36b7030 [term 2 FOLLOWER]: Raft consensus shutting down.
I20260630 12:26:44.370188 10802 raft_consensus.cc:2272] T 547b6df159d54eafb38c64821118103a P 85c481c843dc49ad9b5ff7b9a36b7030 [term 2 FOLLOWER]: Raft consensus is shut down!
I20260630 12:26:44.379643 10802 ts_tablet_manager.cc:1916] T 547b6df159d54eafb38c64821118103a P 85c481c843dc49ad9b5ff7b9a36b7030: Deleting tablet data with delete state TABLET_DATA_TOMBSTONED
I20260630 12:26:44.379271 10324 raft_consensus.cc:2955] T cc09a23e63fe4eb1b2434f07f0060bb8 P 85c481c843dc49ad9b5ff7b9a36b7030 [term 1 FOLLOWER]: Committing config change with OpId 1.3: config changed from index 2 to 3, 27a84403a05343c38a58c06b0869ae06 (127.7.26.3) changed from NON_VOTER to VOTER. New config: { opid_index: 3 OBSOLETE_local: false peers { permanent_uuid: "f8c4694cdca1456480221b212d3142d9" member_type: VOTER last_known_addr { host: "127.7.26.1" port: 37259 } } peers { permanent_uuid: "eb3bfb1d338641d8b37d2e459fdc1d8a" member_type: VOTER last_known_addr { host: "127.7.26.4" port: 39661 } attrs { replace: true } } peers { permanent_uuid: "85c481c843dc49ad9b5ff7b9a36b7030" member_type: VOTER last_known_addr { host: "127.7.26.2" port: 43545 } } peers { permanent_uuid: "27a84403a05343c38a58c06b0869ae06" member_type: VOTER last_known_addr { host: "127.7.26.3" port: 40381 } attrs { promote: false } } }
I20260630 12:26:44.383671 10150 catalog_manager.cc:5697] T cc09a23e63fe4eb1b2434f07f0060bb8 P eb3bfb1d338641d8b37d2e459fdc1d8a reported cstate change: config changed from index 2 to 3, 27a84403a05343c38a58c06b0869ae06 (127.7.26.3) changed from NON_VOTER to VOTER. New cstate: current_term: 1 leader_uuid: "f8c4694cdca1456480221b212d3142d9" committed_config { opid_index: 3 OBSOLETE_local: false peers { permanent_uuid: "f8c4694cdca1456480221b212d3142d9" member_type: VOTER last_known_addr { host: "127.7.26.1" port: 37259 } } peers { permanent_uuid: "eb3bfb1d338641d8b37d2e459fdc1d8a" member_type: VOTER last_known_addr { host: "127.7.26.4" port: 39661 } attrs { replace: true } } peers { permanent_uuid: "85c481c843dc49ad9b5ff7b9a36b7030" member_type: VOTER last_known_addr { host: "127.7.26.2" port: 43545 } } peers { permanent_uuid: "27a84403a05343c38a58c06b0869ae06" member_type: VOTER last_known_addr { host: "127.7.26.3" port: 40381 } attrs { promote: false } } }
I20260630 12:26:44.395567 10802 ts_tablet_manager.cc:1929] T 547b6df159d54eafb38c64821118103a P 85c481c843dc49ad9b5ff7b9a36b7030: tablet deleted with delete type TABLET_DATA_TOMBSTONED: last-logged OpId 2.4
I20260630 12:26:44.396114 10802 log.cc:1199] T 547b6df159d54eafb38c64821118103a P 85c481c843dc49ad9b5ff7b9a36b7030: Deleting WAL directory at /tmp/dist-test-taskZfFmvk/test-tmp/auto_rebalancer-test.0.AutoRebalancerTest.RangeAwareRebalancesNewRangeReplicas.1782822317152406-7272-0/minicluster-data/ts-1-root/wals/547b6df159d54eafb38c64821118103a
I20260630 12:26:44.397780 10137 catalog_manager.cc:5028] TS 85c481c843dc49ad9b5ff7b9a36b7030 (127.7.26.2:43545): tablet 547b6df159d54eafb38c64821118103a (table range_aware_rebalance_new_range [id=0cf6137456bf4be3b0a842baffbae9d8]) successfully deleted
I20260630 12:26:44.408128 10249 consensus_queue.cc:237] T 1a86ffc192dc4ff496d13112ec3bb26d P f8c4694cdca1456480221b212d3142d9 [LEADER]: Queue going to LEADER mode. State: All replicated index: 0, Majority replicated index: 3, Committed index: 3, Last appended: 1.3, Last appended by leader: 0, Current term: 1, Majority size: 2, State: 0, Mode: LEADER, active raft config: opid_index: 4 OBSOLETE_local: false peers { permanent_uuid: "f8c4694cdca1456480221b212d3142d9" member_type: VOTER last_known_addr { host: "127.7.26.1" port: 37259 } } peers { permanent_uuid: "85c481c843dc49ad9b5ff7b9a36b7030" member_type: VOTER last_known_addr { host: "127.7.26.2" port: 43545 } } peers { permanent_uuid: "eb3bfb1d338641d8b37d2e459fdc1d8a" member_type: VOTER last_known_addr { host: "127.7.26.4" port: 39661 } attrs { promote: false } }
I20260630 12:26:44.412868 10553 raft_consensus.cc:1275] T 1a86ffc192dc4ff496d13112ec3bb26d P eb3bfb1d338641d8b37d2e459fdc1d8a [term 1 FOLLOWER]: Refusing update from remote peer f8c4694cdca1456480221b212d3142d9: Log matching property violated. Preceding OpId in replica: term: 1 index: 3. Preceding OpId from leader: term: 1 index: 4. (index mismatch)
I20260630 12:26:44.413148 10324 raft_consensus.cc:1275] T 1a86ffc192dc4ff496d13112ec3bb26d P 85c481c843dc49ad9b5ff7b9a36b7030 [term 1 FOLLOWER]: Refusing update from remote peer f8c4694cdca1456480221b212d3142d9: Log matching property violated. Preceding OpId in replica: term: 1 index: 3. Preceding OpId from leader: term: 1 index: 4. (index mismatch)
I20260630 12:26:44.414311 10739 consensus_queue.cc:1048] T 1a86ffc192dc4ff496d13112ec3bb26d P f8c4694cdca1456480221b212d3142d9 [LEADER]: Connected to new peer: Peer: permanent_uuid: "eb3bfb1d338641d8b37d2e459fdc1d8a" member_type: VOTER last_known_addr { host: "127.7.26.4" port: 39661 } attrs { promote: false }, Status: LMP_MISMATCH, Last received: 0.0, Next index: 4, Last known committed idx: 3, Time since last communication: 0.000s
I20260630 12:26:44.415212 10786 consensus_queue.cc:1048] T 1a86ffc192dc4ff496d13112ec3bb26d P f8c4694cdca1456480221b212d3142d9 [LEADER]: Connected to new peer: Peer: permanent_uuid: "85c481c843dc49ad9b5ff7b9a36b7030" member_type: VOTER last_known_addr { host: "127.7.26.2" port: 43545 }, Status: LMP_MISMATCH, Last received: 0.0, Next index: 4, Last known committed idx: 3, Time since last communication: 0.000s
I20260630 12:26:44.420068 10249 consensus_queue.cc:237] T cc09a23e63fe4eb1b2434f07f0060bb8 P f8c4694cdca1456480221b212d3142d9 [LEADER]: Queue going to LEADER mode. State: All replicated index: 0, Majority replicated index: 3, Committed index: 3, Last appended: 1.3, Last appended by leader: 0, Current term: 1, Majority size: 2, State: 0, Mode: LEADER, active raft config: opid_index: 4 OBSOLETE_local: false peers { permanent_uuid: "f8c4694cdca1456480221b212d3142d9" member_type: VOTER last_known_addr { host: "127.7.26.1" port: 37259 } } peers { permanent_uuid: "85c481c843dc49ad9b5ff7b9a36b7030" member_type: VOTER last_known_addr { host: "127.7.26.2" port: 43545 } } peers { permanent_uuid: "27a84403a05343c38a58c06b0869ae06" member_type: VOTER last_known_addr { host: "127.7.26.3" port: 40381 } attrs { promote: false } }
I20260630 12:26:44.423025 10786 raft_consensus.cc:2955] T 1a86ffc192dc4ff496d13112ec3bb26d P f8c4694cdca1456480221b212d3142d9 [term 1 LEADER]: Committing config change with OpId 1.4: config changed from index 3 to 4, VOTER 27a84403a05343c38a58c06b0869ae06 (127.7.26.3) evicted. New config: { opid_index: 4 OBSOLETE_local: false peers { permanent_uuid: "f8c4694cdca1456480221b212d3142d9" member_type: VOTER last_known_addr { host: "127.7.26.1" port: 37259 } } peers { permanent_uuid: "85c481c843dc49ad9b5ff7b9a36b7030" member_type: VOTER last_known_addr { host: "127.7.26.2" port: 43545 } } peers { permanent_uuid: "eb3bfb1d338641d8b37d2e459fdc1d8a" member_type: VOTER last_known_addr { host: "127.7.26.4" port: 39661 } attrs { promote: false } } }
I20260630 12:26:44.425282 10401 raft_consensus.cc:1275] T cc09a23e63fe4eb1b2434f07f0060bb8 P 27a84403a05343c38a58c06b0869ae06 [term 1 FOLLOWER]: Refusing update from remote peer f8c4694cdca1456480221b212d3142d9: Log matching property violated. Preceding OpId in replica: term: 1 index: 3. Preceding OpId from leader: term: 1 index: 4. (index mismatch)
I20260630 12:26:44.424829 10324 raft_consensus.cc:2955] T 1a86ffc192dc4ff496d13112ec3bb26d P 85c481c843dc49ad9b5ff7b9a36b7030 [term 1 FOLLOWER]: Committing config change with OpId 1.4: config changed from index 3 to 4, VOTER 27a84403a05343c38a58c06b0869ae06 (127.7.26.3) evicted. New config: { opid_index: 4 OBSOLETE_local: false peers { permanent_uuid: "f8c4694cdca1456480221b212d3142d9" member_type: VOTER last_known_addr { host: "127.7.26.1" port: 37259 } } peers { permanent_uuid: "85c481c843dc49ad9b5ff7b9a36b7030" member_type: VOTER last_known_addr { host: "127.7.26.2" port: 43545 } } peers { permanent_uuid: "eb3bfb1d338641d8b37d2e459fdc1d8a" member_type: VOTER last_known_addr { host: "127.7.26.4" port: 39661 } attrs { promote: false } } }
I20260630 12:26:44.427135 10789 consensus_queue.cc:1048] T cc09a23e63fe4eb1b2434f07f0060bb8 P f8c4694cdca1456480221b212d3142d9 [LEADER]: Connected to new peer: Peer: permanent_uuid: "27a84403a05343c38a58c06b0869ae06" member_type: VOTER last_known_addr { host: "127.7.26.3" port: 40381 } attrs { promote: false }, Status: LMP_MISMATCH, Last received: 0.0, Next index: 4, Last known committed idx: 3, Time since last communication: 0.001s
I20260630 12:26:44.437647 10789 raft_consensus.cc:2955] T cc09a23e63fe4eb1b2434f07f0060bb8 P f8c4694cdca1456480221b212d3142d9 [term 1 LEADER]: Committing config change with OpId 1.4: config changed from index 3 to 4, VOTER eb3bfb1d338641d8b37d2e459fdc1d8a (127.7.26.4) evicted. New config: { opid_index: 4 OBSOLETE_local: false peers { permanent_uuid: "f8c4694cdca1456480221b212d3142d9" member_type: VOTER last_known_addr { host: "127.7.26.1" port: 37259 } } peers { permanent_uuid: "85c481c843dc49ad9b5ff7b9a36b7030" member_type: VOTER last_known_addr { host: "127.7.26.2" port: 43545 } } peers { permanent_uuid: "27a84403a05343c38a58c06b0869ae06" member_type: VOTER last_known_addr { host: "127.7.26.3" port: 40381 } attrs { promote: false } } }
I20260630 12:26:44.441125 10401 raft_consensus.cc:2955] T cc09a23e63fe4eb1b2434f07f0060bb8 P 27a84403a05343c38a58c06b0869ae06 [term 1 FOLLOWER]: Committing config change with OpId 1.4: config changed from index 3 to 4, VOTER eb3bfb1d338641d8b37d2e459fdc1d8a (127.7.26.4) evicted. New config: { opid_index: 4 OBSOLETE_local: false peers { permanent_uuid: "f8c4694cdca1456480221b212d3142d9" member_type: VOTER last_known_addr { host: "127.7.26.1" port: 37259 } } peers { permanent_uuid: "85c481c843dc49ad9b5ff7b9a36b7030" member_type: VOTER last_known_addr { host: "127.7.26.2" port: 43545 } } peers { permanent_uuid: "27a84403a05343c38a58c06b0869ae06" member_type: VOTER last_known_addr { host: "127.7.26.3" port: 40381 } attrs { promote: false } } }
I20260630 12:26:44.444703 10149 catalog_manager.cc:5697] T 1a86ffc192dc4ff496d13112ec3bb26d P 85c481c843dc49ad9b5ff7b9a36b7030 reported cstate change: config changed from index 3 to 4, VOTER 27a84403a05343c38a58c06b0869ae06 (127.7.26.3) evicted. New cstate: current_term: 1 leader_uuid: "f8c4694cdca1456480221b212d3142d9" committed_config { opid_index: 4 OBSOLETE_local: false peers { permanent_uuid: "f8c4694cdca1456480221b212d3142d9" member_type: VOTER last_known_addr { host: "127.7.26.1" port: 37259 } } peers { permanent_uuid: "85c481c843dc49ad9b5ff7b9a36b7030" member_type: VOTER last_known_addr { host: "127.7.26.2" port: 43545 } } peers { permanent_uuid: "eb3bfb1d338641d8b37d2e459fdc1d8a" member_type: VOTER last_known_addr { host: "127.7.26.4" port: 39661 } attrs { promote: false } } }
I20260630 12:26:44.448005 10553 raft_consensus.cc:2955] T 1a86ffc192dc4ff496d13112ec3bb26d P eb3bfb1d338641d8b37d2e459fdc1d8a [term 1 FOLLOWER]: Committing config change with OpId 1.4: config changed from index 3 to 4, VOTER 27a84403a05343c38a58c06b0869ae06 (127.7.26.3) evicted. New config: { opid_index: 4 OBSOLETE_local: false peers { permanent_uuid: "f8c4694cdca1456480221b212d3142d9" member_type: VOTER last_known_addr { host: "127.7.26.1" port: 37259 } } peers { permanent_uuid: "85c481c843dc49ad9b5ff7b9a36b7030" member_type: VOTER last_known_addr { host: "127.7.26.2" port: 43545 } } peers { permanent_uuid: "eb3bfb1d338641d8b37d2e459fdc1d8a" member_type: VOTER last_known_addr { host: "127.7.26.4" port: 39661 } attrs { promote: false } } }
I20260630 12:26:44.446540 10324 raft_consensus.cc:1275] T cc09a23e63fe4eb1b2434f07f0060bb8 P 85c481c843dc49ad9b5ff7b9a36b7030 [term 1 FOLLOWER]: Refusing update from remote peer f8c4694cdca1456480221b212d3142d9: Log matching property violated. Preceding OpId in replica: term: 1 index: 3. Preceding OpId from leader: term: 1 index: 4. (index mismatch)
I20260630 12:26:44.452189 10739 consensus_queue.cc:1048] T cc09a23e63fe4eb1b2434f07f0060bb8 P f8c4694cdca1456480221b212d3142d9 [LEADER]: Connected to new peer: Peer: permanent_uuid: "85c481c843dc49ad9b5ff7b9a36b7030" member_type: VOTER last_known_addr { host: "127.7.26.2" port: 43545 }, Status: LMP_MISMATCH, Last received: 0.0, Next index: 4, Last known committed idx: 3, Time since last communication: 0.000s
I20260630 12:26:44.454674 10137 catalog_manager.cc:5210] ChangeConfig:REMOVE_PEER RPC for tablet 1a86ffc192dc4ff496d13112ec3bb26d with cas_config_opid_index 3: ChangeConfig:REMOVE_PEER succeeded (attempt 1)
I20260630 12:26:44.458011 10137 catalog_manager.cc:5210] ChangeConfig:REMOVE_PEER RPC for tablet cc09a23e63fe4eb1b2434f07f0060bb8 with cas_config_opid_index 3: ChangeConfig:REMOVE_PEER succeeded (attempt 1)
I20260630 12:26:44.458335 10388 tablet_service.cc:1558] Processing DeleteTablet for tablet 1a86ffc192dc4ff496d13112ec3bb26d with delete_type TABLET_DATA_TOMBSTONED (TS 27a84403a05343c38a58c06b0869ae06 not found in new config with opid_index 4) from {username='slave'} at 127.0.0.1:56450
I20260630 12:26:44.469023 10324 raft_consensus.cc:2955] T cc09a23e63fe4eb1b2434f07f0060bb8 P 85c481c843dc49ad9b5ff7b9a36b7030 [term 1 FOLLOWER]: Committing config change with OpId 1.4: config changed from index 3 to 4, VOTER eb3bfb1d338641d8b37d2e459fdc1d8a (127.7.26.4) evicted. New config: { opid_index: 4 OBSOLETE_local: false peers { permanent_uuid: "f8c4694cdca1456480221b212d3142d9" member_type: VOTER last_known_addr { host: "127.7.26.1" port: 37259 } } peers { permanent_uuid: "85c481c843dc49ad9b5ff7b9a36b7030" member_type: VOTER last_known_addr { host: "127.7.26.2" port: 43545 } } peers { permanent_uuid: "27a84403a05343c38a58c06b0869ae06" member_type: VOTER last_known_addr { host: "127.7.26.3" port: 40381 } attrs { promote: false } } }
I20260630 12:26:44.478471 10805 tablet_replica.cc:333] T 1a86ffc192dc4ff496d13112ec3bb26d P 27a84403a05343c38a58c06b0869ae06: stopping tablet replica
I20260630 12:26:44.479858 10805 raft_consensus.cc:2243] T 1a86ffc192dc4ff496d13112ec3bb26d P 27a84403a05343c38a58c06b0869ae06 [term 1 FOLLOWER]: Raft consensus shutting down.
I20260630 12:26:44.480783 10805 raft_consensus.cc:2272] T 1a86ffc192dc4ff496d13112ec3bb26d P 27a84403a05343c38a58c06b0869ae06 [term 1 FOLLOWER]: Raft consensus is shut down!
I20260630 12:26:44.494020 10805 ts_tablet_manager.cc:1916] T 1a86ffc192dc4ff496d13112ec3bb26d P 27a84403a05343c38a58c06b0869ae06: Deleting tablet data with delete state TABLET_DATA_TOMBSTONED
I20260630 12:26:44.509610 10146 catalog_manager.cc:5697] T cc09a23e63fe4eb1b2434f07f0060bb8 P 27a84403a05343c38a58c06b0869ae06 reported cstate change: config changed from index 3 to 4, VOTER eb3bfb1d338641d8b37d2e459fdc1d8a (127.7.26.4) evicted. New cstate: current_term: 1 leader_uuid: "f8c4694cdca1456480221b212d3142d9" committed_config { opid_index: 4 OBSOLETE_local: false peers { permanent_uuid: "f8c4694cdca1456480221b212d3142d9" member_type: VOTER last_known_addr { host: "127.7.26.1" port: 37259 } } peers { permanent_uuid: "85c481c843dc49ad9b5ff7b9a36b7030" member_type: VOTER last_known_addr { host: "127.7.26.2" port: 43545 } } peers { permanent_uuid: "27a84403a05343c38a58c06b0869ae06" member_type: VOTER last_known_addr { host: "127.7.26.3" port: 40381 } attrs { promote: false } } }
I20260630 12:26:44.510771 10805 ts_tablet_manager.cc:1929] T 1a86ffc192dc4ff496d13112ec3bb26d P 27a84403a05343c38a58c06b0869ae06: tablet deleted with delete type TABLET_DATA_TOMBSTONED: last-logged OpId 1.3
I20260630 12:26:44.513298 10805 log.cc:1199] T 1a86ffc192dc4ff496d13112ec3bb26d P 27a84403a05343c38a58c06b0869ae06: Deleting WAL directory at /tmp/dist-test-taskZfFmvk/test-tmp/auto_rebalancer-test.0.AutoRebalancerTest.RangeAwareRebalancesNewRangeReplicas.1782822317152406-7272-0/minicluster-data/ts-2-root/wals/1a86ffc192dc4ff496d13112ec3bb26d
I20260630 12:26:44.515237 10135 catalog_manager.cc:5028] TS 27a84403a05343c38a58c06b0869ae06 (127.7.26.3:40381): tablet 1a86ffc192dc4ff496d13112ec3bb26d (table range_aware_rebalance_new_range [id=0cf6137456bf4be3b0a842baffbae9d8]) successfully deleted
I20260630 12:26:44.529340 10542 tablet_service.cc:1558] Processing DeleteTablet for tablet cc09a23e63fe4eb1b2434f07f0060bb8 with delete_type TABLET_DATA_TOMBSTONED (TS eb3bfb1d338641d8b37d2e459fdc1d8a not found in new config with opid_index 4) from {username='slave'} at 127.0.0.1:55412
I20260630 12:26:44.533542 10807 tablet_replica.cc:333] T cc09a23e63fe4eb1b2434f07f0060bb8 P eb3bfb1d338641d8b37d2e459fdc1d8a: stopping tablet replica
I20260630 12:26:44.541621 10807 raft_consensus.cc:2243] T cc09a23e63fe4eb1b2434f07f0060bb8 P eb3bfb1d338641d8b37d2e459fdc1d8a [term 1 FOLLOWER]: Raft consensus shutting down.
I20260630 12:26:44.545336 10807 raft_consensus.cc:2272] T cc09a23e63fe4eb1b2434f07f0060bb8 P eb3bfb1d338641d8b37d2e459fdc1d8a [term 1 FOLLOWER]: Raft consensus is shut down!
I20260630 12:26:44.576794 10807 ts_tablet_manager.cc:1916] T cc09a23e63fe4eb1b2434f07f0060bb8 P eb3bfb1d338641d8b37d2e459fdc1d8a: Deleting tablet data with delete state TABLET_DATA_TOMBSTONED
I20260630 12:26:45.070006 10807 ts_tablet_manager.cc:1929] T cc09a23e63fe4eb1b2434f07f0060bb8 P eb3bfb1d338641d8b37d2e459fdc1d8a: tablet deleted with delete type TABLET_DATA_TOMBSTONED: last-logged OpId 1.3
I20260630 12:26:45.074146 10807 log.cc:1199] T cc09a23e63fe4eb1b2434f07f0060bb8 P eb3bfb1d338641d8b37d2e459fdc1d8a: Deleting WAL directory at /tmp/dist-test-taskZfFmvk/test-tmp/auto_rebalancer-test.0.AutoRebalancerTest.RangeAwareRebalancesNewRangeReplicas.1782822317152406-7272-0/minicluster-data/ts-3-root/wals/cc09a23e63fe4eb1b2434f07f0060bb8
I20260630 12:26:45.514853 10149 rpcz_store.cc:275] Call kudu.master.MasterService.TSHeartbeat from 127.0.0.1:38054 (request call id 86) took 1013 ms. Trace:
I20260630 12:26:45.515379 10149 rpcz_store.cc:276] 0630 12:26:44.501499 (+     0us) service_pool.cc:167] Inserting onto call queue
0630 12:26:44.521893 (+ 20394us) service_pool.cc:224] Handling call
0630 12:26:45.514786 (+992893us) inbound_call.cc:177] Queueing success response
Metrics: {"mutex_wait_us":17910,"reported_tablets":2,"spinlock_wait_cycles":8576}
I20260630 12:26:45.518720 10137 catalog_manager.cc:5028] TS eb3bfb1d338641d8b37d2e459fdc1d8a (127.7.26.4:39661): tablet cc09a23e63fe4eb1b2434f07f0060bb8 (table range_aware_rebalance_new_range [id=0cf6137456bf4be3b0a842baffbae9d8]) successfully deleted
I20260630 12:26:45.551425 10324 consensus_queue.cc:237] T e6551947457f46799046b10670cea3e3 P 85c481c843dc49ad9b5ff7b9a36b7030 [LEADER]: Queue going to LEADER mode. State: All replicated index: 0, Majority replicated index: 1, Committed index: 1, Last appended: 1.1, Last appended by leader: 0, Current term: 1, Majority size: 2, State: 0, Mode: LEADER, active raft config: opid_index: 2 OBSOLETE_local: false peers { permanent_uuid: "85c481c843dc49ad9b5ff7b9a36b7030" member_type: VOTER last_known_addr { host: "127.7.26.2" port: 43545 } } peers { permanent_uuid: "f8c4694cdca1456480221b212d3142d9" member_type: VOTER last_known_addr { host: "127.7.26.1" port: 37259 } } peers { permanent_uuid: "27a84403a05343c38a58c06b0869ae06" member_type: VOTER last_known_addr { host: "127.7.26.3" port: 40381 } attrs { replace: true } } peers { permanent_uuid: "eb3bfb1d338641d8b37d2e459fdc1d8a" member_type: NON_VOTER last_known_addr { host: "127.7.26.4" port: 39661 } attrs { promote: true } }
I20260630 12:26:45.557327 10401 raft_consensus.cc:1275] T e6551947457f46799046b10670cea3e3 P 27a84403a05343c38a58c06b0869ae06 [term 1 FOLLOWER]: Refusing update from remote peer 85c481c843dc49ad9b5ff7b9a36b7030: Log matching property violated. Preceding OpId in replica: term: 1 index: 1. Preceding OpId from leader: term: 1 index: 2. (index mismatch)
I20260630 12:26:45.557721 10252 raft_consensus.cc:1275] T e6551947457f46799046b10670cea3e3 P f8c4694cdca1456480221b212d3142d9 [term 1 FOLLOWER]: Refusing update from remote peer 85c481c843dc49ad9b5ff7b9a36b7030: Log matching property violated. Preceding OpId in replica: term: 1 index: 1. Preceding OpId from leader: term: 1 index: 2. (index mismatch)
W20260630 12:26:45.557735 10293 consensus_peers.cc:597] T e6551947457f46799046b10670cea3e3 P 85c481c843dc49ad9b5ff7b9a36b7030 -> Peer eb3bfb1d338641d8b37d2e459fdc1d8a (127.7.26.4:39661): Couldn't send request to peer eb3bfb1d338641d8b37d2e459fdc1d8a. Error code: TABLET_NOT_FOUND (6). Status: Not found: Tablet not found: e6551947457f46799046b10670cea3e3. This is attempt 1: this message will repeat every 5th retry.
I20260630 12:26:45.558772 10810 consensus_queue.cc:1048] T e6551947457f46799046b10670cea3e3 P 85c481c843dc49ad9b5ff7b9a36b7030 [LEADER]: Connected to new peer: Peer: permanent_uuid: "27a84403a05343c38a58c06b0869ae06" member_type: VOTER last_known_addr { host: "127.7.26.3" port: 40381 } attrs { replace: true }, Status: LMP_MISMATCH, Last received: 0.0, Next index: 2, Last known committed idx: 1, Time since last communication: 0.000s
I20260630 12:26:45.559451 10496 consensus_queue.cc:1048] T e6551947457f46799046b10670cea3e3 P 85c481c843dc49ad9b5ff7b9a36b7030 [LEADER]: Connected to new peer: Peer: permanent_uuid: "f8c4694cdca1456480221b212d3142d9" member_type: VOTER last_known_addr { host: "127.7.26.1" port: 37259 }, Status: LMP_MISMATCH, Last received: 0.0, Next index: 2, Last known committed idx: 1, Time since last communication: 0.000s
I20260630 12:26:45.567200 10809 raft_consensus.cc:2955] T e6551947457f46799046b10670cea3e3 P 85c481c843dc49ad9b5ff7b9a36b7030 [term 1 LEADER]: Committing config change with OpId 1.2: config changed from index -1 to 2, NON_VOTER eb3bfb1d338641d8b37d2e459fdc1d8a (127.7.26.4) added. New config: { opid_index: 2 OBSOLETE_local: false peers { permanent_uuid: "85c481c843dc49ad9b5ff7b9a36b7030" member_type: VOTER last_known_addr { host: "127.7.26.2" port: 43545 } } peers { permanent_uuid: "f8c4694cdca1456480221b212d3142d9" member_type: VOTER last_known_addr { host: "127.7.26.1" port: 37259 } } peers { permanent_uuid: "27a84403a05343c38a58c06b0869ae06" member_type: VOTER last_known_addr { host: "127.7.26.3" port: 40381 } attrs { replace: true } } peers { permanent_uuid: "eb3bfb1d338641d8b37d2e459fdc1d8a" member_type: NON_VOTER last_known_addr { host: "127.7.26.4" port: 39661 } attrs { promote: true } } }
I20260630 12:26:45.569047 10252 raft_consensus.cc:2955] T e6551947457f46799046b10670cea3e3 P f8c4694cdca1456480221b212d3142d9 [term 1 FOLLOWER]: Committing config change with OpId 1.2: config changed from index -1 to 2, NON_VOTER eb3bfb1d338641d8b37d2e459fdc1d8a (127.7.26.4) added. New config: { opid_index: 2 OBSOLETE_local: false peers { permanent_uuid: "85c481c843dc49ad9b5ff7b9a36b7030" member_type: VOTER last_known_addr { host: "127.7.26.2" port: 43545 } } peers { permanent_uuid: "f8c4694cdca1456480221b212d3142d9" member_type: VOTER last_known_addr { host: "127.7.26.1" port: 37259 } } peers { permanent_uuid: "27a84403a05343c38a58c06b0869ae06" member_type: VOTER last_known_addr { host: "127.7.26.3" port: 40381 } attrs { replace: true } } peers { permanent_uuid: "eb3bfb1d338641d8b37d2e459fdc1d8a" member_type: NON_VOTER last_known_addr { host: "127.7.26.4" port: 39661 } attrs { promote: true } } }
I20260630 12:26:45.570688 10401 raft_consensus.cc:2955] T e6551947457f46799046b10670cea3e3 P 27a84403a05343c38a58c06b0869ae06 [term 1 FOLLOWER]: Committing config change with OpId 1.2: config changed from index -1 to 2, NON_VOTER eb3bfb1d338641d8b37d2e459fdc1d8a (127.7.26.4) added. New config: { opid_index: 2 OBSOLETE_local: false peers { permanent_uuid: "85c481c843dc49ad9b5ff7b9a36b7030" member_type: VOTER last_known_addr { host: "127.7.26.2" port: 43545 } } peers { permanent_uuid: "f8c4694cdca1456480221b212d3142d9" member_type: VOTER last_known_addr { host: "127.7.26.1" port: 37259 } } peers { permanent_uuid: "27a84403a05343c38a58c06b0869ae06" member_type: VOTER last_known_addr { host: "127.7.26.3" port: 40381 } attrs { replace: true } } peers { permanent_uuid: "eb3bfb1d338641d8b37d2e459fdc1d8a" member_type: NON_VOTER last_known_addr { host: "127.7.26.4" port: 39661 } attrs { promote: true } } }
I20260630 12:26:45.580031 10148 catalog_manager.cc:5697] T e6551947457f46799046b10670cea3e3 P f8c4694cdca1456480221b212d3142d9 reported cstate change: config changed from index -1 to 2, NON_VOTER eb3bfb1d338641d8b37d2e459fdc1d8a (127.7.26.4) added. New cstate: current_term: 1 leader_uuid: "85c481c843dc49ad9b5ff7b9a36b7030" committed_config { opid_index: 2 OBSOLETE_local: false peers { permanent_uuid: "85c481c843dc49ad9b5ff7b9a36b7030" member_type: VOTER last_known_addr { host: "127.7.26.2" port: 43545 } } peers { permanent_uuid: "f8c4694cdca1456480221b212d3142d9" member_type: VOTER last_known_addr { host: "127.7.26.1" port: 37259 } } peers { permanent_uuid: "27a84403a05343c38a58c06b0869ae06" member_type: VOTER last_known_addr { host: "127.7.26.3" port: 40381 } attrs { replace: true } } peers { permanent_uuid: "eb3bfb1d338641d8b37d2e459fdc1d8a" member_type: NON_VOTER last_known_addr { host: "127.7.26.4" port: 39661 } attrs { promote: true } } }
I20260630 12:26:45.598461 10203 auto_leader_rebalancer.cc:141] leader rebalance for table range_aware_rebalance_new_range
I20260630 12:26:45.612912 10203 auto_leader_rebalancer.cc:440] table: range_aware_rebalance_new_range, leader rebalance finish, leader transfer count: 0
I20260630 12:26:45.613533 10203 auto_leader_rebalancer.cc:515] All tables' leader rebalancing finished this round
I20260630 12:26:45.969790 10819 ts_tablet_manager.cc:933] T e6551947457f46799046b10670cea3e3 P eb3bfb1d338641d8b37d2e459fdc1d8a: Initiating tablet copy from peer 85c481c843dc49ad9b5ff7b9a36b7030 (127.7.26.2:43545)
I20260630 12:26:45.971542 10819 tablet_copy_client.cc:323] T e6551947457f46799046b10670cea3e3 P eb3bfb1d338641d8b37d2e459fdc1d8a: tablet copy: Beginning tablet copy session from remote peer at address 127.7.26.2:43545
I20260630 12:26:45.972981 10337 tablet_copy_service.cc:140] P 85c481c843dc49ad9b5ff7b9a36b7030: Received BeginTabletCopySession request for tablet e6551947457f46799046b10670cea3e3 from peer eb3bfb1d338641d8b37d2e459fdc1d8a ({username='slave'} at 127.0.0.1:45510)
I20260630 12:26:45.973400 10337 tablet_copy_service.cc:161] P 85c481c843dc49ad9b5ff7b9a36b7030: Beginning new tablet copy session on tablet e6551947457f46799046b10670cea3e3 from peer eb3bfb1d338641d8b37d2e459fdc1d8a at {username='slave'} at 127.0.0.1:45510: session id = eb3bfb1d338641d8b37d2e459fdc1d8a-e6551947457f46799046b10670cea3e3
I20260630 12:26:45.978293 10337 tablet_copy_source_session.cc:215] T e6551947457f46799046b10670cea3e3 P 85c481c843dc49ad9b5ff7b9a36b7030: Tablet Copy: opened 0 blocks and 1 log segments
I20260630 12:26:45.980901 10819 data_dirs.cc:400] Could only allocate 1 dirs of requested 3 for tablet e6551947457f46799046b10670cea3e3. 1 dirs total, 0 dirs full, 0 dirs failed
I20260630 12:26:45.991641 10819 tablet_copy_client.cc:806] T e6551947457f46799046b10670cea3e3 P eb3bfb1d338641d8b37d2e459fdc1d8a: tablet copy: Starting download of 0 data blocks...
I20260630 12:26:45.992204 10819 tablet_copy_client.cc:670] T e6551947457f46799046b10670cea3e3 P eb3bfb1d338641d8b37d2e459fdc1d8a: tablet copy: Starting download of 1 WAL segments...
I20260630 12:26:45.995559 10819 tablet_copy_client.cc:538] T e6551947457f46799046b10670cea3e3 P eb3bfb1d338641d8b37d2e459fdc1d8a: tablet copy: Tablet Copy complete. Replacing tablet superblock.
I20260630 12:26:46.002797 10819 tablet_bootstrap.cc:492] T e6551947457f46799046b10670cea3e3 P eb3bfb1d338641d8b37d2e459fdc1d8a: Bootstrap starting.
I20260630 12:26:46.021270 10819 tablet_bootstrap.cc:492] T e6551947457f46799046b10670cea3e3 P eb3bfb1d338641d8b37d2e459fdc1d8a: Bootstrap replayed 1/1 log segments. Stats: ops{read=2 overwritten=0 applied=2 ignored=0} inserts{seen=0 ignored=0} mutations{seen=0 ignored=0} orphaned_commits=0. Pending: 0 replicates
I20260630 12:26:46.022207 10819 tablet_bootstrap.cc:492] T e6551947457f46799046b10670cea3e3 P eb3bfb1d338641d8b37d2e459fdc1d8a: Bootstrap complete.
I20260630 12:26:46.022902 10819 ts_tablet_manager.cc:1403] T e6551947457f46799046b10670cea3e3 P eb3bfb1d338641d8b37d2e459fdc1d8a: Time spent bootstrapping tablet: real 0.020s	user 0.013s	sys 0.008s
I20260630 12:26:46.025779 10819 raft_consensus.cc:359] T e6551947457f46799046b10670cea3e3 P eb3bfb1d338641d8b37d2e459fdc1d8a [term 1 LEARNER]: Replica starting. Triggering 0 pending ops. Active config: opid_index: 2 OBSOLETE_local: false peers { permanent_uuid: "85c481c843dc49ad9b5ff7b9a36b7030" member_type: VOTER last_known_addr { host: "127.7.26.2" port: 43545 } } peers { permanent_uuid: "f8c4694cdca1456480221b212d3142d9" member_type: VOTER last_known_addr { host: "127.7.26.1" port: 37259 } } peers { permanent_uuid: "27a84403a05343c38a58c06b0869ae06" member_type: VOTER last_known_addr { host: "127.7.26.3" port: 40381 } attrs { replace: true } } peers { permanent_uuid: "eb3bfb1d338641d8b37d2e459fdc1d8a" member_type: NON_VOTER last_known_addr { host: "127.7.26.4" port: 39661 } attrs { promote: true } }
I20260630 12:26:46.026664 10819 raft_consensus.cc:740] T e6551947457f46799046b10670cea3e3 P eb3bfb1d338641d8b37d2e459fdc1d8a [term 1 LEARNER]: Becoming Follower/Learner. State: Replica: eb3bfb1d338641d8b37d2e459fdc1d8a, State: Initialized, Role: LEARNER
I20260630 12:26:46.027323 10819 consensus_queue.cc:260] T e6551947457f46799046b10670cea3e3 P eb3bfb1d338641d8b37d2e459fdc1d8a [NON_LEADER]: Queue going to NON_LEADER mode. State: All replicated index: 0, Majority replicated index: 0, Committed index: 2, Last appended: 1.2, Last appended by leader: 2, Current term: 0, Majority size: -1, State: 0, Mode: NON_LEADER, active raft config: opid_index: 2 OBSOLETE_local: false peers { permanent_uuid: "85c481c843dc49ad9b5ff7b9a36b7030" member_type: VOTER last_known_addr { host: "127.7.26.2" port: 43545 } } peers { permanent_uuid: "f8c4694cdca1456480221b212d3142d9" member_type: VOTER last_known_addr { host: "127.7.26.1" port: 37259 } } peers { permanent_uuid: "27a84403a05343c38a58c06b0869ae06" member_type: VOTER last_known_addr { host: "127.7.26.3" port: 40381 } attrs { replace: true } } peers { permanent_uuid: "eb3bfb1d338641d8b37d2e459fdc1d8a" member_type: NON_VOTER last_known_addr { host: "127.7.26.4" port: 39661 } attrs { promote: true } }
I20260630 12:26:46.029731 10819 ts_tablet_manager.cc:1434] T e6551947457f46799046b10670cea3e3 P eb3bfb1d338641d8b37d2e459fdc1d8a: Time spent starting tablet: real 0.006s	user 0.005s	sys 0.000s
I20260630 12:26:46.031436 10337 tablet_copy_service.cc:342] P 85c481c843dc49ad9b5ff7b9a36b7030: Request end of tablet copy session eb3bfb1d338641d8b37d2e459fdc1d8a-e6551947457f46799046b10670cea3e3 received from {username='slave'} at 127.0.0.1:45510
I20260630 12:26:46.031828 10337 tablet_copy_service.cc:434] P 85c481c843dc49ad9b5ff7b9a36b7030: ending tablet copy session eb3bfb1d338641d8b37d2e459fdc1d8a-e6551947457f46799046b10670cea3e3 on tablet e6551947457f46799046b10670cea3e3 with peer eb3bfb1d338641d8b37d2e459fdc1d8a
W20260630 12:26:46.056186 10181 debug-util.cc:398] Leaking SignalData structure 0x7b0800148b20 after lost signal to thread 7275
W20260630 12:26:46.057176 10181 debug-util.cc:398] Leaking SignalData structure 0x7b080017d920 after lost signal to thread 10184
W20260630 12:26:46.058084 10181 debug-util.cc:398] Leaking SignalData structure 0x7b0800048640 after lost signal to thread 10276
W20260630 12:26:46.058864 10181 debug-util.cc:398] Leaking SignalData structure 0x7b08001900c0 after lost signal to thread 10351
W20260630 12:26:46.059646 10181 debug-util.cc:398] Leaking SignalData structure 0x7b080018d960 after lost signal to thread 10425
W20260630 12:26:46.060465 10181 debug-util.cc:398] Leaking SignalData structure 0x7b08001cf020 after lost signal to thread 10578
I20260630 12:26:46.368441 10553 raft_consensus.cc:1217] T e6551947457f46799046b10670cea3e3 P eb3bfb1d338641d8b37d2e459fdc1d8a [term 1 LEARNER]: Deduplicated request from leader. Original: 1.1->[1.2-1.2]   Dedup: 1.2->[]
I20260630 12:26:46.986974 10823 raft_consensus.cc:1064] T e6551947457f46799046b10670cea3e3 P 85c481c843dc49ad9b5ff7b9a36b7030: attempting to promote NON_VOTER eb3bfb1d338641d8b37d2e459fdc1d8a to VOTER
I20260630 12:26:46.989607 10823 consensus_queue.cc:237] T e6551947457f46799046b10670cea3e3 P 85c481c843dc49ad9b5ff7b9a36b7030 [LEADER]: Queue going to LEADER mode. State: All replicated index: 0, Majority replicated index: 2, Committed index: 2, Last appended: 1.2, Last appended by leader: 0, Current term: 1, Majority size: 3, State: 0, Mode: LEADER, active raft config: opid_index: 3 OBSOLETE_local: false peers { permanent_uuid: "85c481c843dc49ad9b5ff7b9a36b7030" member_type: VOTER last_known_addr { host: "127.7.26.2" port: 43545 } } peers { permanent_uuid: "f8c4694cdca1456480221b212d3142d9" member_type: VOTER last_known_addr { host: "127.7.26.1" port: 37259 } } peers { permanent_uuid: "27a84403a05343c38a58c06b0869ae06" member_type: VOTER last_known_addr { host: "127.7.26.3" port: 40381 } attrs { replace: true } } peers { permanent_uuid: "eb3bfb1d338641d8b37d2e459fdc1d8a" member_type: VOTER last_known_addr { host: "127.7.26.4" port: 39661 } attrs { promote: false } }
I20260630 12:26:47.005615 10400 raft_consensus.cc:1275] T e6551947457f46799046b10670cea3e3 P 27a84403a05343c38a58c06b0869ae06 [term 1 FOLLOWER]: Refusing update from remote peer 85c481c843dc49ad9b5ff7b9a36b7030: Log matching property violated. Preceding OpId in replica: term: 1 index: 2. Preceding OpId from leader: term: 1 index: 3. (index mismatch)
I20260630 12:26:47.007032 10823 consensus_queue.cc:1048] T e6551947457f46799046b10670cea3e3 P 85c481c843dc49ad9b5ff7b9a36b7030 [LEADER]: Connected to new peer: Peer: permanent_uuid: "27a84403a05343c38a58c06b0869ae06" member_type: VOTER last_known_addr { host: "127.7.26.3" port: 40381 } attrs { replace: true }, Status: LMP_MISMATCH, Last received: 0.0, Next index: 3, Last known committed idx: 2, Time since last communication: 0.000s
I20260630 12:26:47.008783 10252 raft_consensus.cc:1275] T e6551947457f46799046b10670cea3e3 P f8c4694cdca1456480221b212d3142d9 [term 1 FOLLOWER]: Refusing update from remote peer 85c481c843dc49ad9b5ff7b9a36b7030: Log matching property violated. Preceding OpId in replica: term: 1 index: 2. Preceding OpId from leader: term: 1 index: 3. (index mismatch)
I20260630 12:26:47.009614 10553 raft_consensus.cc:1275] T e6551947457f46799046b10670cea3e3 P eb3bfb1d338641d8b37d2e459fdc1d8a [term 1 LEARNER]: Refusing update from remote peer 85c481c843dc49ad9b5ff7b9a36b7030: Log matching property violated. Preceding OpId in replica: term: 1 index: 2. Preceding OpId from leader: term: 1 index: 3. (index mismatch)
I20260630 12:26:47.011545 10809 consensus_queue.cc:1048] T e6551947457f46799046b10670cea3e3 P 85c481c843dc49ad9b5ff7b9a36b7030 [LEADER]: Connected to new peer: Peer: permanent_uuid: "eb3bfb1d338641d8b37d2e459fdc1d8a" member_type: VOTER last_known_addr { host: "127.7.26.4" port: 39661 } attrs { promote: false }, Status: LMP_MISMATCH, Last received: 0.0, Next index: 3, Last known committed idx: 2, Time since last communication: 0.000s
I20260630 12:26:47.013399 10809 consensus_queue.cc:1048] T e6551947457f46799046b10670cea3e3 P 85c481c843dc49ad9b5ff7b9a36b7030 [LEADER]: Connected to new peer: Peer: permanent_uuid: "f8c4694cdca1456480221b212d3142d9" member_type: VOTER last_known_addr { host: "127.7.26.1" port: 37259 }, Status: LMP_MISMATCH, Last received: 0.0, Next index: 3, Last known committed idx: 2, Time since last communication: 0.000s
