[==========] Running 26 tests from 2 test suites.
[----------] Global test environment set-up.
[----------] 24 tests from AutoRebalancerTest
[ RUN      ] AutoRebalancerTest.OnlyLeaderDoesAutoRebalancing
WARNING: Logging before InitGoogleLogging() is written to STDERR
I20260630 12:25:14.405057  7374 internal_mini_cluster.cc:156] Creating distributed mini masters. Addrs: 127.7.51.190:43383,127.7.51.189:43465,127.7.51.188:36113
I20260630 12:25:14.406935  7374 env_posix.cc:2267] Not raising this process' open files per process limit of 1048576; it is already as high as it can go
I20260630 12:25:14.407976  7374 file_cache.cc:492] Constructed file cache file cache with capacity 419430
W20260630 12:25:14.425630  7383 instance_detector.cc:116] could not retrieve OpenStack instance metadata: Network error: curl error: HTTP response code said error: The requested URL returned error: 404
W20260630 12:25:14.425645  7381 instance_detector.cc:116] could not retrieve Azure instance metadata: Network error: curl error: HTTP response code said error: The requested URL returned error: 404
I20260630 12:25:14.427392  7374 server_base.cc:1061] running on GCE node
W20260630 12:25:14.426424  7380 instance_detector.cc:116] could not retrieve AWS instance metadata: Network error: curl error: HTTP response code said error: The requested URL returned error: 404
I20260630 12:25:15.576946  7374 hybrid_clock.cc:584] initializing the hybrid clock with 'system_unsync' time source
W20260630 12:25:15.577235  7374 system_unsync_time.cc:38] NTP support is disabled. Clock error bounds will not be accurate. This configuration is not suitable for distributed clusters.
I20260630 12:25:15.577438  7374 hybrid_clock.cc:648] HybridClock initialized: now 1782822315577413 us; error 0 us; skew 500 ppm
I20260630 12:25:15.578332  7374 server_base.cc:861] Flag tcmalloc_max_total_thread_cache_bytes is not working since tcmalloc is not enabled.
I20260630 12:25:15.583979  7374 webserver.cc:533] Webserver started at http://127.7.51.190:43569/ using document root <none> and password file <none>
I20260630 12:25:15.584897  7374 fs_manager.cc:362] Metadata directory not provided
I20260630 12:25:15.585137  7374 fs_manager.cc:368] Using write-ahead log directory (fs_wal_dir) as metadata directory
I20260630 12:25:15.585604  7374 server_base.cc:909] This appears to be a new deployment of Kudu; creating new FS layout
I20260630 12:25:15.591693  7374 fs_manager.cc:1068] Generated new instance metadata in path /tmp/dist-test-taskj0fXPE/test-tmp/auto_rebalancer-test.0.AutoRebalancerTest.OnlyLeaderDoesAutoRebalancing.1782822314214062-7374-0/minicluster-data/master-0-root/instance:
uuid: "7bcec24c3edb4e6f86e08bd0b02119e9"
format_stamp: "Formatted at 2026-06-30 12:25:15 on dist-test-slave-668g"
I20260630 12:25:15.599990  7374 fs_manager.cc:696] Time spent creating directory manager: real 0.007s	user 0.009s	sys 0.000s
I20260630 12:25:15.605648  7389 log_block_manager.cc:4031] Time spent loading block containers with low live blocks: real 0.000s	user 0.000s	sys 0.000s
I20260630 12:25:15.607007  7374 fs_manager.cc:730] Time spent opening block manager: real 0.004s	user 0.003s	sys 0.000s
I20260630 12:25:15.607412  7374 fs_manager.cc:647] Opened local filesystem: /tmp/dist-test-taskj0fXPE/test-tmp/auto_rebalancer-test.0.AutoRebalancerTest.OnlyLeaderDoesAutoRebalancing.1782822314214062-7374-0/minicluster-data/master-0-root
uuid: "7bcec24c3edb4e6f86e08bd0b02119e9"
format_stamp: "Formatted at 2026-06-30 12:25:15 on dist-test-slave-668g"
I20260630 12:25:15.607767  7374 fs_report.cc:389] FS layout report
--------------------
wal directory: /tmp/dist-test-taskj0fXPE/test-tmp/auto_rebalancer-test.0.AutoRebalancerTest.OnlyLeaderDoesAutoRebalancing.1782822314214062-7374-0/minicluster-data/master-0-root
metadata directory: /tmp/dist-test-taskj0fXPE/test-tmp/auto_rebalancer-test.0.AutoRebalancerTest.OnlyLeaderDoesAutoRebalancing.1782822314214062-7374-0/minicluster-data/master-0-root
1 data directories: /tmp/dist-test-taskj0fXPE/test-tmp/auto_rebalancer-test.0.AutoRebalancerTest.OnlyLeaderDoesAutoRebalancing.1782822314214062-7374-0/minicluster-data/master-0-root/data
Total live blocks: 0
Total live bytes: 0
Total live bytes (after alignment): 0
Total number of LBM containers: 0 (0 full)
Did not check for missing blocks
Did not check for orphaned blocks
Total full LBM containers with extra space: 0 (0 repaired)
Total full LBM container extra space in bytes: 0 (0 repaired)
Total incomplete LBM containers: 0 (0 repaired)
Total LBM partial records: 0 (0 repaired)
Total corrupted LBM metadata records in RocksDB: 0 (0 repaired)
I20260630 12:25:15.682821  7374 rpc_server.cc:225] running with OpenSSL 1.1.1  11 Sep 2018
I20260630 12:25:15.684434  7374 env_posix.cc:2267] Not raising this process' running threads per effective uid limit of 18446744073709551615; it is already as high as it can go
I20260630 12:25:15.685151  7374 kserver.cc:163] Server-wide thread pool size limit: 3276
I20260630 12:25:15.765496  7374 rpc_server.cc:307] RPC server started. Bound to: 127.7.51.190:43383
I20260630 12:25:15.765570  7440 acceptor_pool.cc:272] collecting diagnostics on the listening RPC socket 127.7.51.190:43383 every 8 connection(s)
I20260630 12:25:15.772061  7374 file_cache.cc:492] Constructed file cache file cache with capacity 419430
I20260630 12:25:15.774070  7441 data_dirs.cc:400] Could only allocate 1 dirs of requested 3 for tablet 00000000000000000000000000000000. 1 dirs total, 0 dirs full, 0 dirs failed
W20260630 12:25:15.778707  7443 instance_detector.cc:116] could not retrieve AWS instance metadata: Network error: curl error: HTTP response code said error: The requested URL returned error: 404
W20260630 12:25:15.780083  7444 instance_detector.cc:116] could not retrieve Azure instance metadata: Network error: curl error: HTTP response code said error: The requested URL returned error: 404
W20260630 12:25:15.783815  7446 instance_detector.cc:116] could not retrieve OpenStack instance metadata: Network error: curl error: HTTP response code said error: The requested URL returned error: 404
I20260630 12:25:15.784643  7374 server_base.cc:1061] running on GCE node
I20260630 12:25:15.785348  7374 hybrid_clock.cc:584] initializing the hybrid clock with 'system_unsync' time source
W20260630 12:25:15.785540  7374 system_unsync_time.cc:38] NTP support is disabled. Clock error bounds will not be accurate. This configuration is not suitable for distributed clusters.
I20260630 12:25:15.785713  7374 hybrid_clock.cc:648] HybridClock initialized: now 1782822315785692 us; error 0 us; skew 500 ppm
I20260630 12:25:15.786314  7374 server_base.cc:861] Flag tcmalloc_max_total_thread_cache_bytes is not working since tcmalloc is not enabled.
I20260630 12:25:15.790606  7374 webserver.cc:533] Webserver started at http://127.7.51.189:40421/ using document root <none> and password file <none>
I20260630 12:25:15.791160  7374 fs_manager.cc:362] Metadata directory not provided
I20260630 12:25:15.791359  7374 fs_manager.cc:368] Using write-ahead log directory (fs_wal_dir) as metadata directory
I20260630 12:25:15.791633  7374 server_base.cc:909] This appears to be a new deployment of Kudu; creating new FS layout
I20260630 12:25:15.792702  7374 fs_manager.cc:1068] Generated new instance metadata in path /tmp/dist-test-taskj0fXPE/test-tmp/auto_rebalancer-test.0.AutoRebalancerTest.OnlyLeaderDoesAutoRebalancing.1782822314214062-7374-0/minicluster-data/master-1-root/instance:
uuid: "f47b00e935324d6684f041ec763e38fc"
format_stamp: "Formatted at 2026-06-30 12:25:15 on dist-test-slave-668g"
I20260630 12:25:15.795286  7441 sys_catalog.cc:422] member_type: VOTER last_known_addr { host: "127.7.51.190" port: 43383 } has no permanent_uuid. Determining permanent_uuid...
I20260630 12:25:15.798372  7374 fs_manager.cc:696] Time spent creating directory manager: real 0.005s	user 0.005s	sys 0.002s
I20260630 12:25:15.805547  7453 log_block_manager.cc:4031] Time spent loading block containers with low live blocks: real 0.000s	user 0.000s	sys 0.000s
I20260630 12:25:15.806641  7374 fs_manager.cc:730] Time spent opening block manager: real 0.006s	user 0.004s	sys 0.001s
I20260630 12:25:15.806970  7374 fs_manager.cc:647] Opened local filesystem: /tmp/dist-test-taskj0fXPE/test-tmp/auto_rebalancer-test.0.AutoRebalancerTest.OnlyLeaderDoesAutoRebalancing.1782822314214062-7374-0/minicluster-data/master-1-root
uuid: "f47b00e935324d6684f041ec763e38fc"
format_stamp: "Formatted at 2026-06-30 12:25:15 on dist-test-slave-668g"
I20260630 12:25:15.807265  7374 fs_report.cc:389] FS layout report
--------------------
wal directory: /tmp/dist-test-taskj0fXPE/test-tmp/auto_rebalancer-test.0.AutoRebalancerTest.OnlyLeaderDoesAutoRebalancing.1782822314214062-7374-0/minicluster-data/master-1-root
metadata directory: /tmp/dist-test-taskj0fXPE/test-tmp/auto_rebalancer-test.0.AutoRebalancerTest.OnlyLeaderDoesAutoRebalancing.1782822314214062-7374-0/minicluster-data/master-1-root
1 data directories: /tmp/dist-test-taskj0fXPE/test-tmp/auto_rebalancer-test.0.AutoRebalancerTest.OnlyLeaderDoesAutoRebalancing.1782822314214062-7374-0/minicluster-data/master-1-root/data
Total live blocks: 0
Total live bytes: 0
Total live bytes (after alignment): 0
Total number of LBM containers: 0 (0 full)
Did not check for missing blocks
Did not check for orphaned blocks
Total full LBM containers with extra space: 0 (0 repaired)
Total full LBM container extra space in bytes: 0 (0 repaired)
Total incomplete LBM containers: 0 (0 repaired)
Total LBM partial records: 0 (0 repaired)
Total corrupted LBM metadata records in RocksDB: 0 (0 repaired)
I20260630 12:25:15.826251  7441 sys_catalog.cc:422] member_type: VOTER last_known_addr { host: "127.7.51.189" port: 43465 } has no permanent_uuid. Determining permanent_uuid...
W20260630 12:25:15.828790  7391 proxy.cc:239] Call had error, refreshing address and retrying: Network error: Client connection negotiation failed: client connection to 127.7.51.189:43465: connect: Connection refused (error 111)
W20260630 12:25:15.833268  7441 consensus_peers.cc:760] Error getting permanent uuid from config peer 127.7.51.189:43465: Network error: Client connection negotiation failed: client connection to 127.7.51.189:43465: connect: Connection refused (error 111)
I20260630 12:25:15.834364  7374 rpc_server.cc:225] running with OpenSSL 1.1.1  11 Sep 2018
I20260630 12:25:15.835701  7374 kserver.cc:163] Server-wide thread pool size limit: 3276
I20260630 12:25:15.882843  7441 consensus_peers.cc:770] Retrying to get permanent uuid for remote peer: member_type: VOTER last_known_addr { host: "127.7.51.189" port: 43465 } attempt: 1
W20260630 12:25:15.888434  7441 consensus_peers.cc:760] Error getting permanent uuid from config peer 127.7.51.189:43465: Network error: Client connection negotiation failed: client connection to 127.7.51.189:43465: connect: Connection refused (error 111)
I20260630 12:25:15.913765  7374 rpc_server.cc:307] RPC server started. Bound to: 127.7.51.189:43465
I20260630 12:25:15.913939  7505 acceptor_pool.cc:272] collecting diagnostics on the listening RPC socket 127.7.51.189:43465 every 8 connection(s)
I20260630 12:25:15.918779  7506 data_dirs.cc:400] Could only allocate 1 dirs of requested 3 for tablet 00000000000000000000000000000000. 1 dirs total, 0 dirs full, 0 dirs failed
I20260630 12:25:15.919871  7374 file_cache.cc:492] Constructed file cache file cache with capacity 419430
I20260630 12:25:15.925722  7506 sys_catalog.cc:422] member_type: VOTER last_known_addr { host: "127.7.51.190" port: 43383 } has no permanent_uuid. Determining permanent_uuid...
W20260630 12:25:15.926247  7508 instance_detector.cc:116] could not retrieve AWS instance metadata: Network error: curl error: HTTP response code said error: The requested URL returned error: 404
W20260630 12:25:15.927922  7509 instance_detector.cc:116] could not retrieve Azure instance metadata: Network error: curl error: HTTP response code said error: The requested URL returned error: 404
W20260630 12:25:15.933959  7511 instance_detector.cc:116] could not retrieve OpenStack instance metadata: Network error: curl error: HTTP response code said error: The requested URL returned error: 404
I20260630 12:25:15.934736  7374 server_base.cc:1061] running on GCE node
I20260630 12:25:15.935927  7374 hybrid_clock.cc:584] initializing the hybrid clock with 'system_unsync' time source
W20260630 12:25:15.936187  7374 system_unsync_time.cc:38] NTP support is disabled. Clock error bounds will not be accurate. This configuration is not suitable for distributed clusters.
I20260630 12:25:15.936520  7374 hybrid_clock.cc:648] HybridClock initialized: now 1782822315936484 us; error 0 us; skew 500 ppm
I20260630 12:25:15.937209  7374 server_base.cc:861] Flag tcmalloc_max_total_thread_cache_bytes is not working since tcmalloc is not enabled.
I20260630 12:25:15.941159  7374 webserver.cc:533] Webserver started at http://127.7.51.188:44727/ using document root <none> and password file <none>
I20260630 12:25:15.941851  7374 fs_manager.cc:362] Metadata directory not provided
I20260630 12:25:15.942113  7374 fs_manager.cc:368] Using write-ahead log directory (fs_wal_dir) as metadata directory
I20260630 12:25:15.942397  7374 server_base.cc:909] This appears to be a new deployment of Kudu; creating new FS layout
I20260630 12:25:15.943367  7506 sys_catalog.cc:422] member_type: VOTER last_known_addr { host: "127.7.51.189" port: 43465 } has no permanent_uuid. Determining permanent_uuid...
I20260630 12:25:15.943606  7374 fs_manager.cc:1068] Generated new instance metadata in path /tmp/dist-test-taskj0fXPE/test-tmp/auto_rebalancer-test.0.AutoRebalancerTest.OnlyLeaderDoesAutoRebalancing.1782822314214062-7374-0/minicluster-data/master-2-root/instance:
uuid: "cd662f76f8a64f128c2a6ee9d9cc53f2"
format_stamp: "Formatted at 2026-06-30 12:25:15 on dist-test-slave-668g"
I20260630 12:25:15.950229  7374 fs_manager.cc:696] Time spent creating directory manager: real 0.006s	user 0.006s	sys 0.001s
I20260630 12:25:15.955350  7518 log_block_manager.cc:4031] Time spent loading block containers with low live blocks: real 0.000s	user 0.000s	sys 0.000s
I20260630 12:25:15.955483  7506 sys_catalog.cc:422] member_type: VOTER last_known_addr { host: "127.7.51.188" port: 36113 } has no permanent_uuid. Determining permanent_uuid...
I20260630 12:25:15.956251  7374 fs_manager.cc:730] Time spent opening block manager: real 0.004s	user 0.005s	sys 0.000s
I20260630 12:25:15.956535  7374 fs_manager.cc:647] Opened local filesystem: /tmp/dist-test-taskj0fXPE/test-tmp/auto_rebalancer-test.0.AutoRebalancerTest.OnlyLeaderDoesAutoRebalancing.1782822314214062-7374-0/minicluster-data/master-2-root
uuid: "cd662f76f8a64f128c2a6ee9d9cc53f2"
format_stamp: "Formatted at 2026-06-30 12:25:15 on dist-test-slave-668g"
I20260630 12:25:15.956931  7441 consensus_peers.cc:770] Retrying to get permanent uuid for remote peer: member_type: VOTER last_known_addr { host: "127.7.51.189" port: 43465 } attempt: 2
I20260630 12:25:15.956828  7374 fs_report.cc:389] FS layout report
--------------------
wal directory: /tmp/dist-test-taskj0fXPE/test-tmp/auto_rebalancer-test.0.AutoRebalancerTest.OnlyLeaderDoesAutoRebalancing.1782822314214062-7374-0/minicluster-data/master-2-root
metadata directory: /tmp/dist-test-taskj0fXPE/test-tmp/auto_rebalancer-test.0.AutoRebalancerTest.OnlyLeaderDoesAutoRebalancing.1782822314214062-7374-0/minicluster-data/master-2-root
1 data directories: /tmp/dist-test-taskj0fXPE/test-tmp/auto_rebalancer-test.0.AutoRebalancerTest.OnlyLeaderDoesAutoRebalancing.1782822314214062-7374-0/minicluster-data/master-2-root/data
Total live blocks: 0
Total live bytes: 0
Total live bytes (after alignment): 0
Total number of LBM containers: 0 (0 full)
Did not check for missing blocks
Did not check for orphaned blocks
Total full LBM containers with extra space: 0 (0 repaired)
Total full LBM container extra space in bytes: 0 (0 repaired)
Total incomplete LBM containers: 0 (0 repaired)
Total LBM partial records: 0 (0 repaired)
Total corrupted LBM metadata records in RocksDB: 0 (0 repaired)
I20260630 12:25:15.968619  7441 sys_catalog.cc:422] member_type: VOTER last_known_addr { host: "127.7.51.188" port: 36113 } has no permanent_uuid. Determining permanent_uuid...
W20260630 12:25:15.973449  7441 consensus_peers.cc:760] Error getting permanent uuid from config peer 127.7.51.188:36113: Network error: Client connection negotiation failed: client connection to 127.7.51.188:36113: connect: Connection refused (error 111)
W20260630 12:25:15.974970  7506 consensus_peers.cc:760] Error getting permanent uuid from config peer 127.7.51.188:36113: Network error: Client connection negotiation failed: client connection to 127.7.51.188:36113: connect: Connection refused (error 111)
I20260630 12:25:16.005142  7374 rpc_server.cc:225] running with OpenSSL 1.1.1  11 Sep 2018
I20260630 12:25:16.006556  7374 kserver.cc:163] Server-wide thread pool size limit: 3276
I20260630 12:25:16.006443  7506 consensus_peers.cc:770] Retrying to get permanent uuid for remote peer: member_type: VOTER last_known_addr { host: "127.7.51.188" port: 36113 } attempt: 1
W20260630 12:25:16.011931  7506 consensus_peers.cc:760] Error getting permanent uuid from config peer 127.7.51.188:36113: Network error: Client connection negotiation failed: client connection to 127.7.51.188:36113: connect: Connection refused (error 111)
I20260630 12:25:16.016916  7441 consensus_peers.cc:770] Retrying to get permanent uuid for remote peer: member_type: VOTER last_known_addr { host: "127.7.51.188" port: 36113 } attempt: 1
W20260630 12:25:16.022017  7441 consensus_peers.cc:760] Error getting permanent uuid from config peer 127.7.51.188:36113: Network error: Client connection negotiation failed: client connection to 127.7.51.188:36113: connect: Connection refused (error 111)
I20260630 12:25:16.081776  7374 rpc_server.cc:307] RPC server started. Bound to: 127.7.51.188:36113
I20260630 12:25:16.081899  7570 acceptor_pool.cc:272] collecting diagnostics on the listening RPC socket 127.7.51.188:36113 every 8 connection(s)
I20260630 12:25:16.086467  7571 data_dirs.cc:400] Could only allocate 1 dirs of requested 3 for tablet 00000000000000000000000000000000. 1 dirs total, 0 dirs full, 0 dirs failed
I20260630 12:25:16.086452  7374 internal_mini_cluster.cc:184] Waiting to initialize catalog manager on master 0
I20260630 12:25:16.087402  7506 consensus_peers.cc:770] Retrying to get permanent uuid for remote peer: member_type: VOTER last_known_addr { host: "127.7.51.188" port: 36113 } attempt: 2
I20260630 12:25:16.089645  7441 consensus_peers.cc:770] Retrying to get permanent uuid for remote peer: member_type: VOTER last_known_addr { host: "127.7.51.188" port: 36113 } attempt: 2
I20260630 12:25:16.096626  7571 sys_catalog.cc:422] member_type: VOTER last_known_addr { host: "127.7.51.190" port: 43383 } has no permanent_uuid. Determining permanent_uuid...
I20260630 12:25:16.112787  7506 tablet_bootstrap.cc:492] T 00000000000000000000000000000000 P f47b00e935324d6684f041ec763e38fc: Bootstrap starting.
I20260630 12:25:16.114223  7571 sys_catalog.cc:422] member_type: VOTER last_known_addr { host: "127.7.51.189" port: 43465 } has no permanent_uuid. Determining permanent_uuid...
I20260630 12:25:16.115298  7441 tablet_bootstrap.cc:492] T 00000000000000000000000000000000 P 7bcec24c3edb4e6f86e08bd0b02119e9: Bootstrap starting.
I20260630 12:25:16.120379  7506 tablet_bootstrap.cc:654] T 00000000000000000000000000000000 P f47b00e935324d6684f041ec763e38fc: Neither blocks nor log segments found. Creating new log.
I20260630 12:25:16.121374  7441 tablet_bootstrap.cc:654] T 00000000000000000000000000000000 P 7bcec24c3edb4e6f86e08bd0b02119e9: Neither blocks nor log segments found. Creating new log.
I20260630 12:25:16.123153  7506 log.cc:826] T 00000000000000000000000000000000 P f47b00e935324d6684f041ec763e38fc: Log is configured to *not* fsync() on all Append() calls
I20260630 12:25:16.127540  7571 sys_catalog.cc:422] member_type: VOTER last_known_addr { host: "127.7.51.188" port: 36113 } has no permanent_uuid. Determining permanent_uuid...
I20260630 12:25:16.130779  7506 tablet_bootstrap.cc:492] T 00000000000000000000000000000000 P f47b00e935324d6684f041ec763e38fc: No bootstrap required, opened a new log
I20260630 12:25:16.130833  7441 tablet_bootstrap.cc:492] T 00000000000000000000000000000000 P 7bcec24c3edb4e6f86e08bd0b02119e9: No bootstrap required, opened a new log
I20260630 12:25:16.143517  7571 tablet_bootstrap.cc:492] T 00000000000000000000000000000000 P cd662f76f8a64f128c2a6ee9d9cc53f2: Bootstrap starting.
I20260630 12:25:16.149121  7571 tablet_bootstrap.cc:654] T 00000000000000000000000000000000 P cd662f76f8a64f128c2a6ee9d9cc53f2: Neither blocks nor log segments found. Creating new log.
I20260630 12:25:16.153337  7506 raft_consensus.cc:359] T 00000000000000000000000000000000 P f47b00e935324d6684f041ec763e38fc [term 0 FOLLOWER]: Replica starting. Triggering 0 pending ops. Active config: opid_index: -1 OBSOLETE_local: false peers { permanent_uuid: "7bcec24c3edb4e6f86e08bd0b02119e9" member_type: VOTER last_known_addr { host: "127.7.51.190" port: 43383 } } peers { permanent_uuid: "f47b00e935324d6684f041ec763e38fc" member_type: VOTER last_known_addr { host: "127.7.51.189" port: 43465 } } peers { permanent_uuid: "cd662f76f8a64f128c2a6ee9d9cc53f2" member_type: VOTER last_known_addr { host: "127.7.51.188" port: 36113 } }
I20260630 12:25:16.153333  7441 raft_consensus.cc:359] T 00000000000000000000000000000000 P 7bcec24c3edb4e6f86e08bd0b02119e9 [term 0 FOLLOWER]: Replica starting. Triggering 0 pending ops. Active config: opid_index: -1 OBSOLETE_local: false peers { permanent_uuid: "7bcec24c3edb4e6f86e08bd0b02119e9" member_type: VOTER last_known_addr { host: "127.7.51.190" port: 43383 } } peers { permanent_uuid: "f47b00e935324d6684f041ec763e38fc" member_type: VOTER last_known_addr { host: "127.7.51.189" port: 43465 } } peers { permanent_uuid: "cd662f76f8a64f128c2a6ee9d9cc53f2" member_type: VOTER last_known_addr { host: "127.7.51.188" port: 36113 } }
I20260630 12:25:16.154525  7506 raft_consensus.cc:385] T 00000000000000000000000000000000 P f47b00e935324d6684f041ec763e38fc [term 0 FOLLOWER]: Consensus starting up: Expiring failure detector timer to make a prompt election more likely
I20260630 12:25:16.154585  7441 raft_consensus.cc:385] T 00000000000000000000000000000000 P 7bcec24c3edb4e6f86e08bd0b02119e9 [term 0 FOLLOWER]: Consensus starting up: Expiring failure detector timer to make a prompt election more likely
I20260630 12:25:16.154846  7506 raft_consensus.cc:740] T 00000000000000000000000000000000 P f47b00e935324d6684f041ec763e38fc [term 0 FOLLOWER]: Becoming Follower/Learner. State: Replica: f47b00e935324d6684f041ec763e38fc, State: Initialized, Role: FOLLOWER
I20260630 12:25:16.154971  7441 raft_consensus.cc:740] T 00000000000000000000000000000000 P 7bcec24c3edb4e6f86e08bd0b02119e9 [term 0 FOLLOWER]: Becoming Follower/Learner. State: Replica: 7bcec24c3edb4e6f86e08bd0b02119e9, State: Initialized, Role: FOLLOWER
I20260630 12:25:16.155292  7571 tablet_bootstrap.cc:492] T 00000000000000000000000000000000 P cd662f76f8a64f128c2a6ee9d9cc53f2: No bootstrap required, opened a new log
I20260630 12:25:16.156131  7506 consensus_queue.cc:260] T 00000000000000000000000000000000 P f47b00e935324d6684f041ec763e38fc [NON_LEADER]: Queue going to NON_LEADER mode. State: All replicated index: 0, Majority replicated index: 0, Committed index: 0, Last appended: 0.0, Last appended by leader: 0, Current term: 0, Majority size: -1, State: 0, Mode: NON_LEADER, active raft config: opid_index: -1 OBSOLETE_local: false peers { permanent_uuid: "7bcec24c3edb4e6f86e08bd0b02119e9" member_type: VOTER last_known_addr { host: "127.7.51.190" port: 43383 } } peers { permanent_uuid: "f47b00e935324d6684f041ec763e38fc" member_type: VOTER last_known_addr { host: "127.7.51.189" port: 43465 } } peers { permanent_uuid: "cd662f76f8a64f128c2a6ee9d9cc53f2" member_type: VOTER last_known_addr { host: "127.7.51.188" port: 36113 } }
I20260630 12:25:16.156145  7441 consensus_queue.cc:260] T 00000000000000000000000000000000 P 7bcec24c3edb4e6f86e08bd0b02119e9 [NON_LEADER]: Queue going to NON_LEADER mode. State: All replicated index: 0, Majority replicated index: 0, Committed index: 0, Last appended: 0.0, Last appended by leader: 0, Current term: 0, Majority size: -1, State: 0, Mode: NON_LEADER, active raft config: opid_index: -1 OBSOLETE_local: false peers { permanent_uuid: "7bcec24c3edb4e6f86e08bd0b02119e9" member_type: VOTER last_known_addr { host: "127.7.51.190" port: 43383 } } peers { permanent_uuid: "f47b00e935324d6684f041ec763e38fc" member_type: VOTER last_known_addr { host: "127.7.51.189" port: 43465 } } peers { permanent_uuid: "cd662f76f8a64f128c2a6ee9d9cc53f2" member_type: VOTER last_known_addr { host: "127.7.51.188" port: 36113 } }
I20260630 12:25:16.158439  7571 raft_consensus.cc:359] T 00000000000000000000000000000000 P cd662f76f8a64f128c2a6ee9d9cc53f2 [term 0 FOLLOWER]: Replica starting. Triggering 0 pending ops. Active config: opid_index: -1 OBSOLETE_local: false peers { permanent_uuid: "7bcec24c3edb4e6f86e08bd0b02119e9" member_type: VOTER last_known_addr { host: "127.7.51.190" port: 43383 } } peers { permanent_uuid: "f47b00e935324d6684f041ec763e38fc" member_type: VOTER last_known_addr { host: "127.7.51.189" port: 43465 } } peers { permanent_uuid: "cd662f76f8a64f128c2a6ee9d9cc53f2" member_type: VOTER last_known_addr { host: "127.7.51.188" port: 36113 } }
I20260630 12:25:16.159415  7571 raft_consensus.cc:385] T 00000000000000000000000000000000 P cd662f76f8a64f128c2a6ee9d9cc53f2 [term 0 FOLLOWER]: Consensus starting up: Expiring failure detector timer to make a prompt election more likely
I20260630 12:25:16.159789  7571 raft_consensus.cc:740] T 00000000000000000000000000000000 P cd662f76f8a64f128c2a6ee9d9cc53f2 [term 0 FOLLOWER]: Becoming Follower/Learner. State: Replica: cd662f76f8a64f128c2a6ee9d9cc53f2, State: Initialized, Role: FOLLOWER
I20260630 12:25:16.160338  7580 sys_catalog.cc:455] T 00000000000000000000000000000000 P 7bcec24c3edb4e6f86e08bd0b02119e9 [sys.catalog]: SysCatalogTable state changed. Reason: RaftConsensus started. Latest consensus state: current_term: 0 committed_config { opid_index: -1 OBSOLETE_local: false peers { permanent_uuid: "7bcec24c3edb4e6f86e08bd0b02119e9" member_type: VOTER last_known_addr { host: "127.7.51.190" port: 43383 } } peers { permanent_uuid: "f47b00e935324d6684f041ec763e38fc" member_type: VOTER last_known_addr { host: "127.7.51.189" port: 43465 } } peers { permanent_uuid: "cd662f76f8a64f128c2a6ee9d9cc53f2" member_type: VOTER last_known_addr { host: "127.7.51.188" port: 36113 } } }
I20260630 12:25:16.160712  7571 consensus_queue.cc:260] T 00000000000000000000000000000000 P cd662f76f8a64f128c2a6ee9d9cc53f2 [NON_LEADER]: Queue going to NON_LEADER mode. State: All replicated index: 0, Majority replicated index: 0, Committed index: 0, Last appended: 0.0, Last appended by leader: 0, Current term: 0, Majority size: -1, State: 0, Mode: NON_LEADER, active raft config: opid_index: -1 OBSOLETE_local: false peers { permanent_uuid: "7bcec24c3edb4e6f86e08bd0b02119e9" member_type: VOTER last_known_addr { host: "127.7.51.190" port: 43383 } } peers { permanent_uuid: "f47b00e935324d6684f041ec763e38fc" member_type: VOTER last_known_addr { host: "127.7.51.189" port: 43465 } } peers { permanent_uuid: "cd662f76f8a64f128c2a6ee9d9cc53f2" member_type: VOTER last_known_addr { host: "127.7.51.188" port: 36113 } }
I20260630 12:25:16.161255  7580 sys_catalog.cc:458] T 00000000000000000000000000000000 P 7bcec24c3edb4e6f86e08bd0b02119e9 [sys.catalog]: This master's current role is: FOLLOWER
I20260630 12:25:16.162984  7441 sys_catalog.cc:565] T 00000000000000000000000000000000 P 7bcec24c3edb4e6f86e08bd0b02119e9 [sys.catalog]: configured and running, proceeding with master startup.
I20260630 12:25:16.163441  7579 sys_catalog.cc:455] T 00000000000000000000000000000000 P f47b00e935324d6684f041ec763e38fc [sys.catalog]: SysCatalogTable state changed. Reason: RaftConsensus started. Latest consensus state: current_term: 0 committed_config { opid_index: -1 OBSOLETE_local: false peers { permanent_uuid: "7bcec24c3edb4e6f86e08bd0b02119e9" member_type: VOTER last_known_addr { host: "127.7.51.190" port: 43383 } } peers { permanent_uuid: "f47b00e935324d6684f041ec763e38fc" member_type: VOTER last_known_addr { host: "127.7.51.189" port: 43465 } } peers { permanent_uuid: "cd662f76f8a64f128c2a6ee9d9cc53f2" member_type: VOTER last_known_addr { host: "127.7.51.188" port: 36113 } } }
I20260630 12:25:16.164273  7579 sys_catalog.cc:458] T 00000000000000000000000000000000 P f47b00e935324d6684f041ec763e38fc [sys.catalog]: This master's current role is: FOLLOWER
I20260630 12:25:16.164877  7506 sys_catalog.cc:565] T 00000000000000000000000000000000 P f47b00e935324d6684f041ec763e38fc [sys.catalog]: configured and running, proceeding with master startup.
I20260630 12:25:16.165887  7581 sys_catalog.cc:455] T 00000000000000000000000000000000 P cd662f76f8a64f128c2a6ee9d9cc53f2 [sys.catalog]: SysCatalogTable state changed. Reason: RaftConsensus started. Latest consensus state: current_term: 0 committed_config { opid_index: -1 OBSOLETE_local: false peers { permanent_uuid: "7bcec24c3edb4e6f86e08bd0b02119e9" member_type: VOTER last_known_addr { host: "127.7.51.190" port: 43383 } } peers { permanent_uuid: "f47b00e935324d6684f041ec763e38fc" member_type: VOTER last_known_addr { host: "127.7.51.189" port: 43465 } } peers { permanent_uuid: "cd662f76f8a64f128c2a6ee9d9cc53f2" member_type: VOTER last_known_addr { host: "127.7.51.188" port: 36113 } } }
I20260630 12:25:16.166857  7581 sys_catalog.cc:458] T 00000000000000000000000000000000 P cd662f76f8a64f128c2a6ee9d9cc53f2 [sys.catalog]: This master's current role is: FOLLOWER
I20260630 12:25:16.167505  7571 sys_catalog.cc:565] T 00000000000000000000000000000000 P cd662f76f8a64f128c2a6ee9d9cc53f2 [sys.catalog]: configured and running, proceeding with master startup.
W20260630 12:25:16.192055  7395 tablet.cc:2406] T 00000000000000000000000000000000 P 7bcec24c3edb4e6f86e08bd0b02119e9: Can't schedule compaction. Clean time has not been advanced past its initial value.
I20260630 12:25:16.211357  7374 internal_mini_cluster.cc:184] Waiting to initialize catalog manager on master 1
I20260630 12:25:16.211625  7374 internal_mini_cluster.cc:184] Waiting to initialize catalog manager on master 2
W20260630 12:25:16.217072  7608 catalog_manager.cc:1594] T 00000000000000000000000000000000 P f47b00e935324d6684f041ec763e38fc: loading cluster ID for follower catalog manager: Not found: cluster ID entry not found
W20260630 12:25:16.217586  7608 catalog_manager.cc:883] Not found: cluster ID entry not found: failed to prepare follower catalog manager, will retry
W20260630 12:25:16.218431  7611 catalog_manager.cc:1594] T 00000000000000000000000000000000 P 7bcec24c3edb4e6f86e08bd0b02119e9: loading cluster ID for follower catalog manager: Not found: cluster ID entry not found
W20260630 12:25:16.218880  7611 catalog_manager.cc:883] Not found: cluster ID entry not found: failed to prepare follower catalog manager, will retry
I20260630 12:25:16.224475  7374 file_cache.cc:492] Constructed file cache file cache with capacity 419430
W20260630 12:25:16.228214  7615 catalog_manager.cc:1594] T 00000000000000000000000000000000 P cd662f76f8a64f128c2a6ee9d9cc53f2: loading cluster ID for follower catalog manager: Not found: cluster ID entry not found
W20260630 12:25:16.228626  7615 catalog_manager.cc:883] Not found: cluster ID entry not found: failed to prepare follower catalog manager, will retry
W20260630 12:25:16.234637  7616 instance_detector.cc:116] could not retrieve AWS instance metadata: Network error: curl error: HTTP response code said error: The requested URL returned error: 404
W20260630 12:25:16.236955  7617 instance_detector.cc:116] could not retrieve Azure instance metadata: Network error: curl error: HTTP response code said error: The requested URL returned error: 404
W20260630 12:25:16.240455  7619 instance_detector.cc:116] could not retrieve OpenStack instance metadata: Network error: curl error: HTTP response code said error: The requested URL returned error: 404
I20260630 12:25:16.240724  7374 server_base.cc:1061] running on GCE node
I20260630 12:25:16.241679  7374 hybrid_clock.cc:584] initializing the hybrid clock with 'system_unsync' time source
W20260630 12:25:16.241904  7374 system_unsync_time.cc:38] NTP support is disabled. Clock error bounds will not be accurate. This configuration is not suitable for distributed clusters.
I20260630 12:25:16.242051  7581 raft_consensus.cc:493] T 00000000000000000000000000000000 P cd662f76f8a64f128c2a6ee9d9cc53f2 [term 0 FOLLOWER]: Starting pre-election (no leader contacted us within the election timeout)
I20260630 12:25:16.242193  7374 hybrid_clock.cc:648] HybridClock initialized: now 1782822316242166 us; error 0 us; skew 500 ppm
I20260630 12:25:16.243103  7374 server_base.cc:861] Flag tcmalloc_max_total_thread_cache_bytes is not working since tcmalloc is not enabled.
I20260630 12:25:16.242686  7581 raft_consensus.cc:515] T 00000000000000000000000000000000 P cd662f76f8a64f128c2a6ee9d9cc53f2 [term 0 FOLLOWER]: Starting pre-election with config: opid_index: -1 OBSOLETE_local: false peers { permanent_uuid: "7bcec24c3edb4e6f86e08bd0b02119e9" member_type: VOTER last_known_addr { host: "127.7.51.190" port: 43383 } } peers { permanent_uuid: "f47b00e935324d6684f041ec763e38fc" member_type: VOTER last_known_addr { host: "127.7.51.189" port: 43465 } } peers { permanent_uuid: "cd662f76f8a64f128c2a6ee9d9cc53f2" member_type: VOTER last_known_addr { host: "127.7.51.188" port: 36113 } }
I20260630 12:25:16.245818  7581 leader_election.cc:290] T 00000000000000000000000000000000 P cd662f76f8a64f128c2a6ee9d9cc53f2 [CANDIDATE]: Term 1 pre-election: Requested pre-vote from peers 7bcec24c3edb4e6f86e08bd0b02119e9 (127.7.51.190:43383), f47b00e935324d6684f041ec763e38fc (127.7.51.189:43465)
I20260630 12:25:16.247324  7481 tablet_service.cc:1917] Received RequestConsensusVote() RPC: tablet_id: "00000000000000000000000000000000" candidate_uuid: "cd662f76f8a64f128c2a6ee9d9cc53f2" candidate_term: 1 candidate_status { last_received { term: 0 index: 0 } } ignore_live_leader: false dest_uuid: "f47b00e935324d6684f041ec763e38fc" is_pre_election: true
I20260630 12:25:16.248380  7481 raft_consensus.cc:2468] T 00000000000000000000000000000000 P f47b00e935324d6684f041ec763e38fc [term 0 FOLLOWER]: Leader pre-election vote request: Granting yes vote for candidate cd662f76f8a64f128c2a6ee9d9cc53f2 in term 0.
I20260630 12:25:16.247473  7416 tablet_service.cc:1917] Received RequestConsensusVote() RPC: tablet_id: "00000000000000000000000000000000" candidate_uuid: "cd662f76f8a64f128c2a6ee9d9cc53f2" candidate_term: 1 candidate_status { last_received { term: 0 index: 0 } } ignore_live_leader: false dest_uuid: "7bcec24c3edb4e6f86e08bd0b02119e9" is_pre_election: true
I20260630 12:25:16.249694  7416 raft_consensus.cc:2468] T 00000000000000000000000000000000 P 7bcec24c3edb4e6f86e08bd0b02119e9 [term 0 FOLLOWER]: Leader pre-election vote request: Granting yes vote for candidate cd662f76f8a64f128c2a6ee9d9cc53f2 in term 0.
I20260630 12:25:16.250195  7521 leader_election.cc:304] T 00000000000000000000000000000000 P cd662f76f8a64f128c2a6ee9d9cc53f2 [CANDIDATE]: Term 1 pre-election: Election decided. Result: candidate won. Election summary: received 2 responses out of 3 voters: 2 yes votes; 0 no votes. yes voters: cd662f76f8a64f128c2a6ee9d9cc53f2, f47b00e935324d6684f041ec763e38fc; no voters: 
I20260630 12:25:16.251155  7581 raft_consensus.cc:2804] T 00000000000000000000000000000000 P cd662f76f8a64f128c2a6ee9d9cc53f2 [term 0 FOLLOWER]: Leader pre-election won for term 1
I20260630 12:25:16.251641  7581 raft_consensus.cc:493] T 00000000000000000000000000000000 P cd662f76f8a64f128c2a6ee9d9cc53f2 [term 0 FOLLOWER]: Starting leader election (no leader contacted us within the election timeout)
I20260630 12:25:16.252003  7581 raft_consensus.cc:3060] T 00000000000000000000000000000000 P cd662f76f8a64f128c2a6ee9d9cc53f2 [term 0 FOLLOWER]: Advancing to term 1
I20260630 12:25:16.253731  7374 webserver.cc:533] Webserver started at http://127.7.51.129:35241/ using document root <none> and password file <none>
I20260630 12:25:16.254618  7374 fs_manager.cc:362] Metadata directory not provided
I20260630 12:25:16.254886  7374 fs_manager.cc:368] Using write-ahead log directory (fs_wal_dir) as metadata directory
I20260630 12:25:16.255250  7374 server_base.cc:909] This appears to be a new deployment of Kudu; creating new FS layout
I20260630 12:25:16.256949  7374 fs_manager.cc:1068] Generated new instance metadata in path /tmp/dist-test-taskj0fXPE/test-tmp/auto_rebalancer-test.0.AutoRebalancerTest.OnlyLeaderDoesAutoRebalancing.1782822314214062-7374-0/minicluster-data/ts-0-root/instance:
uuid: "e2794a226388470d851c9ba783666e4a"
format_stamp: "Formatted at 2026-06-30 12:25:16 on dist-test-slave-668g"
I20260630 12:25:16.259768  7581 raft_consensus.cc:515] T 00000000000000000000000000000000 P cd662f76f8a64f128c2a6ee9d9cc53f2 [term 1 FOLLOWER]: Starting leader election with config: opid_index: -1 OBSOLETE_local: false peers { permanent_uuid: "7bcec24c3edb4e6f86e08bd0b02119e9" member_type: VOTER last_known_addr { host: "127.7.51.190" port: 43383 } } peers { permanent_uuid: "f47b00e935324d6684f041ec763e38fc" member_type: VOTER last_known_addr { host: "127.7.51.189" port: 43465 } } peers { permanent_uuid: "cd662f76f8a64f128c2a6ee9d9cc53f2" member_type: VOTER last_known_addr { host: "127.7.51.188" port: 36113 } }
I20260630 12:25:16.262030  7581 leader_election.cc:290] T 00000000000000000000000000000000 P cd662f76f8a64f128c2a6ee9d9cc53f2 [CANDIDATE]: Term 1 election: Requested vote from peers 7bcec24c3edb4e6f86e08bd0b02119e9 (127.7.51.190:43383), f47b00e935324d6684f041ec763e38fc (127.7.51.189:43465)
I20260630 12:25:16.262877  7416 tablet_service.cc:1917] Received RequestConsensusVote() RPC: tablet_id: "00000000000000000000000000000000" candidate_uuid: "cd662f76f8a64f128c2a6ee9d9cc53f2" candidate_term: 1 candidate_status { last_received { term: 0 index: 0 } } ignore_live_leader: false dest_uuid: "7bcec24c3edb4e6f86e08bd0b02119e9"
I20260630 12:25:16.263490  7416 raft_consensus.cc:3060] T 00000000000000000000000000000000 P 7bcec24c3edb4e6f86e08bd0b02119e9 [term 0 FOLLOWER]: Advancing to term 1
I20260630 12:25:16.264500  7374 fs_manager.cc:696] Time spent creating directory manager: real 0.007s	user 0.003s	sys 0.006s
I20260630 12:25:16.267501  7481 tablet_service.cc:1917] Received RequestConsensusVote() RPC: tablet_id: "00000000000000000000000000000000" candidate_uuid: "cd662f76f8a64f128c2a6ee9d9cc53f2" candidate_term: 1 candidate_status { last_received { term: 0 index: 0 } } ignore_live_leader: false dest_uuid: "f47b00e935324d6684f041ec763e38fc"
I20260630 12:25:16.268139  7481 raft_consensus.cc:3060] T 00000000000000000000000000000000 P f47b00e935324d6684f041ec763e38fc [term 0 FOLLOWER]: Advancing to term 1
I20260630 12:25:16.270974  7416 raft_consensus.cc:2468] T 00000000000000000000000000000000 P 7bcec24c3edb4e6f86e08bd0b02119e9 [term 1 FOLLOWER]: Leader election vote request: Granting yes vote for candidate cd662f76f8a64f128c2a6ee9d9cc53f2 in term 1.
I20260630 12:25:16.272414  7521 leader_election.cc:304] T 00000000000000000000000000000000 P cd662f76f8a64f128c2a6ee9d9cc53f2 [CANDIDATE]: Term 1 election: Election decided. Result: candidate won. Election summary: received 2 responses out of 3 voters: 2 yes votes; 0 no votes. yes voters: 7bcec24c3edb4e6f86e08bd0b02119e9, cd662f76f8a64f128c2a6ee9d9cc53f2; no voters: 
I20260630 12:25:16.273356  7581 raft_consensus.cc:2804] T 00000000000000000000000000000000 P cd662f76f8a64f128c2a6ee9d9cc53f2 [term 1 FOLLOWER]: Leader election won for term 1
I20260630 12:25:16.275346  7624 log_block_manager.cc:4031] Time spent loading block containers with low live blocks: real 0.000s	user 0.000s	sys 0.000s
I20260630 12:25:16.275898  7481 raft_consensus.cc:2468] T 00000000000000000000000000000000 P f47b00e935324d6684f041ec763e38fc [term 1 FOLLOWER]: Leader election vote request: Granting yes vote for candidate cd662f76f8a64f128c2a6ee9d9cc53f2 in term 1.
I20260630 12:25:16.276328  7374 fs_manager.cc:730] Time spent opening block manager: real 0.009s	user 0.000s	sys 0.007s
I20260630 12:25:16.276693  7374 fs_manager.cc:647] Opened local filesystem: /tmp/dist-test-taskj0fXPE/test-tmp/auto_rebalancer-test.0.AutoRebalancerTest.OnlyLeaderDoesAutoRebalancing.1782822314214062-7374-0/minicluster-data/ts-0-root
uuid: "e2794a226388470d851c9ba783666e4a"
format_stamp: "Formatted at 2026-06-30 12:25:16 on dist-test-slave-668g"
I20260630 12:25:16.277086  7374 fs_report.cc:389] FS layout report
--------------------
wal directory: /tmp/dist-test-taskj0fXPE/test-tmp/auto_rebalancer-test.0.AutoRebalancerTest.OnlyLeaderDoesAutoRebalancing.1782822314214062-7374-0/minicluster-data/ts-0-root
metadata directory: /tmp/dist-test-taskj0fXPE/test-tmp/auto_rebalancer-test.0.AutoRebalancerTest.OnlyLeaderDoesAutoRebalancing.1782822314214062-7374-0/minicluster-data/ts-0-root
1 data directories: /tmp/dist-test-taskj0fXPE/test-tmp/auto_rebalancer-test.0.AutoRebalancerTest.OnlyLeaderDoesAutoRebalancing.1782822314214062-7374-0/minicluster-data/ts-0-root/data
Total live blocks: 0
Total live bytes: 0
Total live bytes (after alignment): 0
Total number of LBM containers: 0 (0 full)
Did not check for missing blocks
Did not check for orphaned blocks
Total full LBM containers with extra space: 0 (0 repaired)
Total full LBM container extra space in bytes: 0 (0 repaired)
Total incomplete LBM containers: 0 (0 repaired)
Total LBM partial records: 0 (0 repaired)
Total corrupted LBM metadata records in RocksDB: 0 (0 repaired)
I20260630 12:25:16.283535  7581 raft_consensus.cc:697] T 00000000000000000000000000000000 P cd662f76f8a64f128c2a6ee9d9cc53f2 [term 1 LEADER]: Becoming Leader. State: Replica: cd662f76f8a64f128c2a6ee9d9cc53f2, State: Running, Role: LEADER
I20260630 12:25:16.284965  7581 consensus_queue.cc:237] T 00000000000000000000000000000000 P cd662f76f8a64f128c2a6ee9d9cc53f2 [LEADER]: Queue going to LEADER mode. State: All replicated index: 0, Majority replicated index: 0, Committed index: 0, Last appended: 0.0, Last appended by leader: 0, Current term: 1, Majority size: 2, State: 0, Mode: LEADER, active raft config: opid_index: -1 OBSOLETE_local: false peers { permanent_uuid: "7bcec24c3edb4e6f86e08bd0b02119e9" member_type: VOTER last_known_addr { host: "127.7.51.190" port: 43383 } } peers { permanent_uuid: "f47b00e935324d6684f041ec763e38fc" member_type: VOTER last_known_addr { host: "127.7.51.189" port: 43465 } } peers { permanent_uuid: "cd662f76f8a64f128c2a6ee9d9cc53f2" member_type: VOTER last_known_addr { host: "127.7.51.188" port: 36113 } }
I20260630 12:25:16.298748  7625 sys_catalog.cc:455] T 00000000000000000000000000000000 P cd662f76f8a64f128c2a6ee9d9cc53f2 [sys.catalog]: SysCatalogTable state changed. Reason: New leader cd662f76f8a64f128c2a6ee9d9cc53f2. Latest consensus state: current_term: 1 leader_uuid: "cd662f76f8a64f128c2a6ee9d9cc53f2" committed_config { opid_index: -1 OBSOLETE_local: false peers { permanent_uuid: "7bcec24c3edb4e6f86e08bd0b02119e9" member_type: VOTER last_known_addr { host: "127.7.51.190" port: 43383 } } peers { permanent_uuid: "f47b00e935324d6684f041ec763e38fc" member_type: VOTER last_known_addr { host: "127.7.51.189" port: 43465 } } peers { permanent_uuid: "cd662f76f8a64f128c2a6ee9d9cc53f2" member_type: VOTER last_known_addr { host: "127.7.51.188" port: 36113 } } }
I20260630 12:25:16.299763  7625 sys_catalog.cc:458] T 00000000000000000000000000000000 P cd662f76f8a64f128c2a6ee9d9cc53f2 [sys.catalog]: This master's current role is: LEADER
I20260630 12:25:16.307237  7631 catalog_manager.cc:1511] Loading table and tablet metadata into memory...
I20260630 12:25:16.315712  7631 catalog_manager.cc:1520] Initializing Kudu cluster ID...
I20260630 12:25:16.330060  7374 rpc_server.cc:225] running with OpenSSL 1.1.1  11 Sep 2018
I20260630 12:25:16.331835  7374 kserver.cc:163] Server-wide thread pool size limit: 3276
I20260630 12:25:16.335460  7481 raft_consensus.cc:1275] T 00000000000000000000000000000000 P f47b00e935324d6684f041ec763e38fc [term 1 FOLLOWER]: Refusing update from remote peer cd662f76f8a64f128c2a6ee9d9cc53f2: Log matching property violated. Preceding OpId in replica: term: 0 index: 0. Preceding OpId from leader: term: 1 index: 2. (index mismatch)
I20260630 12:25:16.335673  7416 raft_consensus.cc:1275] T 00000000000000000000000000000000 P 7bcec24c3edb4e6f86e08bd0b02119e9 [term 1 FOLLOWER]: Refusing update from remote peer cd662f76f8a64f128c2a6ee9d9cc53f2: Log matching property violated. Preceding OpId in replica: term: 0 index: 0. Preceding OpId from leader: term: 1 index: 2. (index mismatch)
I20260630 12:25:16.338132  7374 txn_system_client.cc:432] TxnSystemClient initialization is disabled...
I20260630 12:25:16.338037  7581 consensus_queue.cc:1048] T 00000000000000000000000000000000 P cd662f76f8a64f128c2a6ee9d9cc53f2 [LEADER]: Connected to new peer: Peer: permanent_uuid: "f47b00e935324d6684f041ec763e38fc" member_type: VOTER last_known_addr { host: "127.7.51.189" port: 43465 }, Status: LMP_MISMATCH, Last received: 0.0, Next index: 1, Last known committed idx: 0, Time since last communication: 0.001s
I20260630 12:25:16.338917  7625 consensus_queue.cc:1048] T 00000000000000000000000000000000 P cd662f76f8a64f128c2a6ee9d9cc53f2 [LEADER]: Connected to new peer: Peer: permanent_uuid: "7bcec24c3edb4e6f86e08bd0b02119e9" member_type: VOTER last_known_addr { host: "127.7.51.190" port: 43383 }, Status: LMP_MISMATCH, Last received: 0.0, Next index: 1, Last known committed idx: 0, Time since last communication: 0.000s
I20260630 12:25:16.352645  7374 ts_tablet_manager.cc:585] Loaded tablet metadata (0 total tablets, 0 live tablets)
I20260630 12:25:16.353032  7374 ts_tablet_manager.cc:531] Time spent load tablet metadata: real 0.000s	user 0.000s	sys 0.000s
I20260630 12:25:16.353371  7374 ts_tablet_manager.cc:616] Registered 0 tablets
I20260630 12:25:16.353653  7374 ts_tablet_manager.cc:595] Time spent register tablets: real 0.000s	user 0.000s	sys 0.000s
I20260630 12:25:16.355141  7580 sys_catalog.cc:455] T 00000000000000000000000000000000 P 7bcec24c3edb4e6f86e08bd0b02119e9 [sys.catalog]: SysCatalogTable state changed. Reason: New leader cd662f76f8a64f128c2a6ee9d9cc53f2. Latest consensus state: current_term: 1 leader_uuid: "cd662f76f8a64f128c2a6ee9d9cc53f2" committed_config { opid_index: -1 OBSOLETE_local: false peers { permanent_uuid: "7bcec24c3edb4e6f86e08bd0b02119e9" member_type: VOTER last_known_addr { host: "127.7.51.190" port: 43383 } } peers { permanent_uuid: "f47b00e935324d6684f041ec763e38fc" member_type: VOTER last_known_addr { host: "127.7.51.189" port: 43465 } } peers { permanent_uuid: "cd662f76f8a64f128c2a6ee9d9cc53f2" member_type: VOTER last_known_addr { host: "127.7.51.188" port: 36113 } } }
I20260630 12:25:16.356024  7580 sys_catalog.cc:458] T 00000000000000000000000000000000 P 7bcec24c3edb4e6f86e08bd0b02119e9 [sys.catalog]: This master's current role is: FOLLOWER
I20260630 12:25:16.364521  7579 sys_catalog.cc:455] T 00000000000000000000000000000000 P f47b00e935324d6684f041ec763e38fc [sys.catalog]: SysCatalogTable state changed. Reason: New leader cd662f76f8a64f128c2a6ee9d9cc53f2. Latest consensus state: current_term: 1 leader_uuid: "cd662f76f8a64f128c2a6ee9d9cc53f2" committed_config { opid_index: -1 OBSOLETE_local: false peers { permanent_uuid: "7bcec24c3edb4e6f86e08bd0b02119e9" member_type: VOTER last_known_addr { host: "127.7.51.190" port: 43383 } } peers { permanent_uuid: "f47b00e935324d6684f041ec763e38fc" member_type: VOTER last_known_addr { host: "127.7.51.189" port: 43465 } } peers { permanent_uuid: "cd662f76f8a64f128c2a6ee9d9cc53f2" member_type: VOTER last_known_addr { host: "127.7.51.188" port: 36113 } } }
I20260630 12:25:16.365398  7579 sys_catalog.cc:458] T 00000000000000000000000000000000 P f47b00e935324d6684f041ec763e38fc [sys.catalog]: This master's current role is: FOLLOWER
I20260630 12:25:16.365237  7632 mvcc.cc:204] Tried to move back new op lower bound from 7302440207686041600 to 7302440207515914240. Current Snapshot: MvccSnapshot[applied={T|T < 7302440207686041600}]
I20260630 12:25:16.374969  7625 sys_catalog.cc:455] T 00000000000000000000000000000000 P cd662f76f8a64f128c2a6ee9d9cc53f2 [sys.catalog]: SysCatalogTable state changed. Reason: Peer health change. Latest consensus state: current_term: 1 leader_uuid: "cd662f76f8a64f128c2a6ee9d9cc53f2" committed_config { opid_index: -1 OBSOLETE_local: false peers { permanent_uuid: "7bcec24c3edb4e6f86e08bd0b02119e9" member_type: VOTER last_known_addr { host: "127.7.51.190" port: 43383 } } peers { permanent_uuid: "f47b00e935324d6684f041ec763e38fc" member_type: VOTER last_known_addr { host: "127.7.51.189" port: 43465 } } peers { permanent_uuid: "cd662f76f8a64f128c2a6ee9d9cc53f2" member_type: VOTER last_known_addr { host: "127.7.51.188" port: 36113 } } }
I20260630 12:25:16.375798  7625 sys_catalog.cc:458] T 00000000000000000000000000000000 P cd662f76f8a64f128c2a6ee9d9cc53f2 [sys.catalog]: This master's current role is: LEADER
