I20260630 12:26:33.655711  7541 hybrid_clock.cc:584] initializing the hybrid clock with 'system_unsync' time source
W20260630 12:26:33.656141  7541 system_unsync_time.cc:38] NTP support is disabled. Clock error bounds will not be accurate. This configuration is not suitable for distributed clusters.
I20260630 12:26:33.656344  7541 hybrid_clock.cc:648] HybridClock initialized: now 1782822393656326 us; error 0 us; skew 500 ppm
I20260630 12:26:33.656777 10262 heartbeater.cc:507] Master 127.7.93.126:43001 requested a full tablet report, sending...
I20260630 12:26:33.657073  7541 server_base.cc:861] Flag tcmalloc_max_total_thread_cache_bytes is not working since tcmalloc is not enabled.
I20260630 12:26:33.659031 10059 ts_manager.cc:194] Registered new tserver with Master: ed10093fc8a749c68ff45863c18bd13f (127.7.93.66:41671)
I20260630 12:26:33.660122  7541 webserver.cc:533] Webserver started at http://127.7.93.67:35877/ using document root <none> and password file <none>
I20260630 12:26:33.660643 10059 master_service.cc:502] Signed X509 certificate for tserver {username='slave'} at 127.0.0.1:53354
I20260630 12:26:33.660915  7541 fs_manager.cc:362] Metadata directory not provided
I20260630 12:26:33.661228  7541 fs_manager.cc:368] Using write-ahead log directory (fs_wal_dir) as metadata directory
I20260630 12:26:33.661533  7541 server_base.cc:909] This appears to be a new deployment of Kudu; creating new FS layout
I20260630 12:26:33.662778  7541 fs_manager.cc:1068] Generated new instance metadata in path /tmp/dist-test-taskKThO4u/test-tmp/auto_rebalancer-test.0.AutoRebalancerTest.RangeAwareBuildClusterInfoGroupsByRange.1782822312937456-7541-0/minicluster-data/ts-2-root/instance:
uuid: "e08fb74632cd442981c98b54c2177e61"
format_stamp: "Formatted at 2026-06-30 12:26:33 on dist-test-slave-wkhr"
I20260630 12:26:33.667387  7541 fs_manager.cc:696] Time spent creating directory manager: real 0.004s	user 0.004s	sys 0.000s
I20260630 12:26:33.670984 10273 log_block_manager.cc:4031] Time spent loading block containers with low live blocks: real 0.000s	user 0.000s	sys 0.000s
I20260630 12:26:33.671722  7541 fs_manager.cc:730] Time spent opening block manager: real 0.002s	user 0.002s	sys 0.001s
I20260630 12:26:33.672034  7541 fs_manager.cc:647] Opened local filesystem: /tmp/dist-test-taskKThO4u/test-tmp/auto_rebalancer-test.0.AutoRebalancerTest.RangeAwareBuildClusterInfoGroupsByRange.1782822312937456-7541-0/minicluster-data/ts-2-root
uuid: "e08fb74632cd442981c98b54c2177e61"
format_stamp: "Formatted at 2026-06-30 12:26:33 on dist-test-slave-wkhr"
I20260630 12:26:33.672294  7541 fs_report.cc:389] FS layout report
--------------------
wal directory: /tmp/dist-test-taskKThO4u/test-tmp/auto_rebalancer-test.0.AutoRebalancerTest.RangeAwareBuildClusterInfoGroupsByRange.1782822312937456-7541-0/minicluster-data/ts-2-root
metadata directory: /tmp/dist-test-taskKThO4u/test-tmp/auto_rebalancer-test.0.AutoRebalancerTest.RangeAwareBuildClusterInfoGroupsByRange.1782822312937456-7541-0/minicluster-data/ts-2-root
1 data directories: /tmp/dist-test-taskKThO4u/test-tmp/auto_rebalancer-test.0.AutoRebalancerTest.RangeAwareBuildClusterInfoGroupsByRange.1782822312937456-7541-0/minicluster-data/ts-2-root/data
Total live blocks: 0
Total live bytes: 0
Total live bytes (after alignment): 0
Total number of LBM containers: 0 (0 full)
Did not check for missing blocks
Did not check for orphaned blocks
Total full LBM containers with extra space: 0 (0 repaired)
Total full LBM container extra space in bytes: 0 (0 repaired)
Total incomplete LBM containers: 0 (0 repaired)
Total LBM partial records: 0 (0 repaired)
Total corrupted LBM metadata records in RocksDB: 0 (0 repaired)
I20260630 12:26:33.688812  7541 rpc_server.cc:225] running with OpenSSL 1.1.1  11 Sep 2018
I20260630 12:26:33.690085  7541 kserver.cc:163] Server-wide thread pool size limit: 3276
I20260630 12:26:33.691679  7541 txn_system_client.cc:432] TxnSystemClient initialization is disabled...
I20260630 12:26:33.694054  7541 ts_tablet_manager.cc:585] Loaded tablet metadata (0 total tablets, 0 live tablets)
I20260630 12:26:33.694304  7541 ts_tablet_manager.cc:531] Time spent load tablet metadata: real 0.000s	user 0.000s	sys 0.000s
I20260630 12:26:33.694562  7541 ts_tablet_manager.cc:616] Registered 0 tablets
I20260630 12:26:33.694780  7541 ts_tablet_manager.cc:595] Time spent register tablets: real 0.000s	user 0.001s	sys 0.000s
I20260630 12:26:33.735384  7541 rpc_server.cc:307] RPC server started. Bound to: 127.7.93.67:35361
I20260630 12:26:33.735495 10335 acceptor_pool.cc:272] collecting diagnostics on the listening RPC socket 127.7.93.67:35361 every 8 connection(s)
I20260630 12:26:33.750370 10336 heartbeater.cc:344] Connected to a master server at 127.7.93.126:43001
I20260630 12:26:33.750824 10336 heartbeater.cc:461] Registering TS with master...
I20260630 12:26:33.751665 10336 heartbeater.cc:507] Master 127.7.93.126:43001 requested a full tablet report, sending...
I20260630 12:26:33.753562 10059 ts_manager.cc:194] Registered new tserver with Master: e08fb74632cd442981c98b54c2177e61 (127.7.93.67:35361)
I20260630 12:26:33.753932  7541 internal_mini_cluster.cc:371] 3 TS(s) registered with all masters after 0.015305545s
I20260630 12:26:33.755003 10059 master_service.cc:502] Signed X509 certificate for tserver {username='slave'} at 127.0.0.1:53356
I20260630 12:26:34.566099 10187 heartbeater.cc:499] Master 127.7.93.126:43001 was elected leader, sending a full tablet report...
I20260630 12:26:34.663244 10262 heartbeater.cc:499] Master 127.7.93.126:43001 was elected leader, sending a full tablet report...
I20260630 12:26:34.757884 10336 heartbeater.cc:499] Master 127.7.93.126:43001 was elected leader, sending a full tablet report...
I20260630 12:26:34.807502 10059 catalog_manager.cc:2283] Servicing CreateTable request from {username='slave'} at 127.0.0.1:53364:
name: "range_aware_auto_rebalancer_test"
schema {
  columns {
    name: "key"
    type: INT32
    is_key: true
    is_nullable: false
    encoding: AUTO_ENCODING
    compression: DEFAULT_COMPRESSION
    cfile_block_size: 0
    immutable: false
  }
}
num_replicas: 3
split_rows_range_bounds {
  rows: "\006\001\000\000\000\000\007\001\n\000\000\000\006\001\n\000\000\000\007\001\024\000\000\000""\006\001\000\000\000\000\007\001\n\000\000\000\006\001\n\000\000\000\007\001\024\000\000\000"
  indirect_data: """"
}
partition_schema {
  hash_schema {
    columns {
      name: "key"
    }
    num_buckets: 2
    seed: 0
  }
  range_schema {
    columns {
      name: "key"
    }
  }
}
W20260630 12:26:34.811062 10059 catalog_manager.cc:7077] The number of live tablet servers is not enough to re-replicate a tablet replica of the newly created table range_aware_auto_rebalancer_test in case of a server failure: 4 tablet servers would be needed, 3 are available. Consider bringing up more tablet servers.
I20260630 12:26:34.871307 10152 tablet_service.cc:1511] Processing CreateTablet for tablet b73ab324261849e7a48233a819dc48b7 (DEFAULT_TABLE table=range_aware_auto_rebalancer_test [id=da5f529657d14861a8e108a1680c665d]), partition=HASH (key) PARTITION 0, RANGE (key) PARTITION 0 <= VALUES < 10
I20260630 12:26:34.872915 10152 data_dirs.cc:400] Could only allocate 1 dirs of requested 3 for tablet b73ab324261849e7a48233a819dc48b7. 1 dirs total, 0 dirs full, 0 dirs failed
I20260630 12:26:34.875350 10151 tablet_service.cc:1511] Processing CreateTablet for tablet 10b9de5219d44262918fe31ecf79b137 (DEFAULT_TABLE table=range_aware_auto_rebalancer_test [id=da5f529657d14861a8e108a1680c665d]), partition=HASH (key) PARTITION 0, RANGE (key) PARTITION 10 <= VALUES < 20
I20260630 12:26:34.876785 10151 data_dirs.cc:400] Could only allocate 1 dirs of requested 3 for tablet 10b9de5219d44262918fe31ecf79b137. 1 dirs total, 0 dirs full, 0 dirs failed
I20260630 12:26:34.877415 10149 tablet_service.cc:1511] Processing CreateTablet for tablet f0a46e62c0174a3092983fcf4b63a48f (DEFAULT_TABLE table=range_aware_auto_rebalancer_test [id=da5f529657d14861a8e108a1680c665d]), partition=HASH (key) PARTITION 1, RANGE (key) PARTITION 10 <= VALUES < 20
I20260630 12:26:34.878850 10149 data_dirs.cc:400] Could only allocate 1 dirs of requested 3 for tablet f0a46e62c0174a3092983fcf4b63a48f. 1 dirs total, 0 dirs full, 0 dirs failed
I20260630 12:26:34.879535 10301 tablet_service.cc:1511] Processing CreateTablet for tablet b73ab324261849e7a48233a819dc48b7 (DEFAULT_TABLE table=range_aware_auto_rebalancer_test [id=da5f529657d14861a8e108a1680c665d]), partition=HASH (key) PARTITION 0, RANGE (key) PARTITION 0 <= VALUES < 10
I20260630 12:26:34.880988 10301 data_dirs.cc:400] Could only allocate 1 dirs of requested 3 for tablet b73ab324261849e7a48233a819dc48b7. 1 dirs total, 0 dirs full, 0 dirs failed
I20260630 12:26:34.881723 10150 tablet_service.cc:1511] Processing CreateTablet for tablet a8d8bd3afbb54cc8bcda8c53e90b4e6c (DEFAULT_TABLE table=range_aware_auto_rebalancer_test [id=da5f529657d14861a8e108a1680c665d]), partition=HASH (key) PARTITION 1, RANGE (key) PARTITION 0 <= VALUES < 10
I20260630 12:26:34.883104 10150 data_dirs.cc:400] Could only allocate 1 dirs of requested 3 for tablet a8d8bd3afbb54cc8bcda8c53e90b4e6c. 1 dirs total, 0 dirs full, 0 dirs failed
I20260630 12:26:34.883828 10300 tablet_service.cc:1511] Processing CreateTablet for tablet 10b9de5219d44262918fe31ecf79b137 (DEFAULT_TABLE table=range_aware_auto_rebalancer_test [id=da5f529657d14861a8e108a1680c665d]), partition=HASH (key) PARTITION 0, RANGE (key) PARTITION 10 <= VALUES < 20
I20260630 12:26:34.885201 10300 data_dirs.cc:400] Could only allocate 1 dirs of requested 3 for tablet 10b9de5219d44262918fe31ecf79b137. 1 dirs total, 0 dirs full, 0 dirs failed
I20260630 12:26:34.887766 10299 tablet_service.cc:1511] Processing CreateTablet for tablet a8d8bd3afbb54cc8bcda8c53e90b4e6c (DEFAULT_TABLE table=range_aware_auto_rebalancer_test [id=da5f529657d14861a8e108a1680c665d]), partition=HASH (key) PARTITION 1, RANGE (key) PARTITION 0 <= VALUES < 10
I20260630 12:26:34.889168 10299 data_dirs.cc:400] Could only allocate 1 dirs of requested 3 for tablet a8d8bd3afbb54cc8bcda8c53e90b4e6c. 1 dirs total, 0 dirs full, 0 dirs failed
I20260630 12:26:34.891747 10298 tablet_service.cc:1511] Processing CreateTablet for tablet f0a46e62c0174a3092983fcf4b63a48f (DEFAULT_TABLE table=range_aware_auto_rebalancer_test [id=da5f529657d14861a8e108a1680c665d]), partition=HASH (key) PARTITION 1, RANGE (key) PARTITION 10 <= VALUES < 20
I20260630 12:26:34.893119 10298 data_dirs.cc:400] Could only allocate 1 dirs of requested 3 for tablet f0a46e62c0174a3092983fcf4b63a48f. 1 dirs total, 0 dirs full, 0 dirs failed
I20260630 12:26:34.903439 10224 tablet_service.cc:1511] Processing CreateTablet for tablet f0a46e62c0174a3092983fcf4b63a48f (DEFAULT_TABLE table=range_aware_auto_rebalancer_test [id=da5f529657d14861a8e108a1680c665d]), partition=HASH (key) PARTITION 1, RANGE (key) PARTITION 10 <= VALUES < 20
I20260630 12:26:34.903789 10227 tablet_service.cc:1511] Processing CreateTablet for tablet b73ab324261849e7a48233a819dc48b7 (DEFAULT_TABLE table=range_aware_auto_rebalancer_test [id=da5f529657d14861a8e108a1680c665d]), partition=HASH (key) PARTITION 0, RANGE (key) PARTITION 0 <= VALUES < 10
I20260630 12:26:34.904942 10224 data_dirs.cc:400] Could only allocate 1 dirs of requested 3 for tablet f0a46e62c0174a3092983fcf4b63a48f. 1 dirs total, 0 dirs full, 0 dirs failed
I20260630 12:26:34.908179 10225 tablet_service.cc:1511] Processing CreateTablet for tablet a8d8bd3afbb54cc8bcda8c53e90b4e6c (DEFAULT_TABLE table=range_aware_auto_rebalancer_test [id=da5f529657d14861a8e108a1680c665d]), partition=HASH (key) PARTITION 1, RANGE (key) PARTITION 0 <= VALUES < 10
I20260630 12:26:34.910501 10226 tablet_service.cc:1511] Processing CreateTablet for tablet 10b9de5219d44262918fe31ecf79b137 (DEFAULT_TABLE table=range_aware_auto_rebalancer_test [id=da5f529657d14861a8e108a1680c665d]), partition=HASH (key) PARTITION 0, RANGE (key) PARTITION 10 <= VALUES < 20
I20260630 12:26:34.912309 10227 data_dirs.cc:400] Could only allocate 1 dirs of requested 3 for tablet b73ab324261849e7a48233a819dc48b7. 1 dirs total, 0 dirs full, 0 dirs failed
I20260630 12:26:34.915612 10225 data_dirs.cc:400] Could only allocate 1 dirs of requested 3 for tablet a8d8bd3afbb54cc8bcda8c53e90b4e6c. 1 dirs total, 0 dirs full, 0 dirs failed
I20260630 12:26:34.919373 10226 data_dirs.cc:400] Could only allocate 1 dirs of requested 3 for tablet 10b9de5219d44262918fe31ecf79b137. 1 dirs total, 0 dirs full, 0 dirs failed
I20260630 12:26:34.923990 10356 tablet_bootstrap.cc:492] T f0a46e62c0174a3092983fcf4b63a48f P 3a9674d526be4427aed515d92649539d: Bootstrap starting.
I20260630 12:26:34.938151 10356 tablet_bootstrap.cc:654] T f0a46e62c0174a3092983fcf4b63a48f P 3a9674d526be4427aed515d92649539d: Neither blocks nor log segments found. Creating new log.
I20260630 12:26:34.938928 10357 tablet_bootstrap.cc:492] T f0a46e62c0174a3092983fcf4b63a48f P e08fb74632cd442981c98b54c2177e61: Bootstrap starting.
I20260630 12:26:34.943833 10358 tablet_bootstrap.cc:492] T f0a46e62c0174a3092983fcf4b63a48f P ed10093fc8a749c68ff45863c18bd13f: Bootstrap starting.
I20260630 12:26:34.949064 10357 tablet_bootstrap.cc:654] T f0a46e62c0174a3092983fcf4b63a48f P e08fb74632cd442981c98b54c2177e61: Neither blocks nor log segments found. Creating new log.
I20260630 12:26:34.950258 10356 tablet_bootstrap.cc:492] T f0a46e62c0174a3092983fcf4b63a48f P 3a9674d526be4427aed515d92649539d: No bootstrap required, opened a new log
I20260630 12:26:34.950766 10356 ts_tablet_manager.cc:1403] T f0a46e62c0174a3092983fcf4b63a48f P 3a9674d526be4427aed515d92649539d: Time spent bootstrapping tablet: real 0.027s	user 0.013s	sys 0.000s
I20260630 12:26:34.950950 10358 tablet_bootstrap.cc:654] T f0a46e62c0174a3092983fcf4b63a48f P ed10093fc8a749c68ff45863c18bd13f: Neither blocks nor log segments found. Creating new log.
I20260630 12:26:34.953994 10357 tablet_bootstrap.cc:492] T f0a46e62c0174a3092983fcf4b63a48f P e08fb74632cd442981c98b54c2177e61: No bootstrap required, opened a new log
I20260630 12:26:34.954655 10357 ts_tablet_manager.cc:1403] T f0a46e62c0174a3092983fcf4b63a48f P e08fb74632cd442981c98b54c2177e61: Time spent bootstrapping tablet: real 0.016s	user 0.012s	sys 0.000s
I20260630 12:26:34.954015 10356 raft_consensus.cc:359] T f0a46e62c0174a3092983fcf4b63a48f P 3a9674d526be4427aed515d92649539d [term 0 FOLLOWER]: Replica starting. Triggering 0 pending ops. Active config: opid_index: -1 OBSOLETE_local: false peers { permanent_uuid: "3a9674d526be4427aed515d92649539d" member_type: VOTER last_known_addr { host: "127.7.93.65" port: 44067 } } peers { permanent_uuid: "ed10093fc8a749c68ff45863c18bd13f" member_type: VOTER last_known_addr { host: "127.7.93.66" port: 41671 } } peers { permanent_uuid: "e08fb74632cd442981c98b54c2177e61" member_type: VOTER last_known_addr { host: "127.7.93.67" port: 35361 } }
I20260630 12:26:34.955144 10356 raft_consensus.cc:385] T f0a46e62c0174a3092983fcf4b63a48f P 3a9674d526be4427aed515d92649539d [term 0 FOLLOWER]: Consensus starting up: Expiring failure detector timer to make a prompt election more likely
I20260630 12:26:34.955493 10356 raft_consensus.cc:740] T f0a46e62c0174a3092983fcf4b63a48f P 3a9674d526be4427aed515d92649539d [term 0 FOLLOWER]: Becoming Follower/Learner. State: Replica: 3a9674d526be4427aed515d92649539d, State: Initialized, Role: FOLLOWER
I20260630 12:26:34.956328 10358 tablet_bootstrap.cc:492] T f0a46e62c0174a3092983fcf4b63a48f P ed10093fc8a749c68ff45863c18bd13f: No bootstrap required, opened a new log
I20260630 12:26:34.956884 10358 ts_tablet_manager.cc:1403] T f0a46e62c0174a3092983fcf4b63a48f P ed10093fc8a749c68ff45863c18bd13f: Time spent bootstrapping tablet: real 0.013s	user 0.000s	sys 0.011s
I20260630 12:26:34.956288 10356 consensus_queue.cc:260] T f0a46e62c0174a3092983fcf4b63a48f P 3a9674d526be4427aed515d92649539d [NON_LEADER]: Queue going to NON_LEADER mode. State: All replicated index: 0, Majority replicated index: 0, Committed index: 0, Last appended: 0.0, Last appended by leader: 0, Current term: 0, Majority size: -1, State: 0, Mode: NON_LEADER, active raft config: opid_index: -1 OBSOLETE_local: false peers { permanent_uuid: "3a9674d526be4427aed515d92649539d" member_type: VOTER last_known_addr { host: "127.7.93.65" port: 44067 } } peers { permanent_uuid: "ed10093fc8a749c68ff45863c18bd13f" member_type: VOTER last_known_addr { host: "127.7.93.66" port: 41671 } } peers { permanent_uuid: "e08fb74632cd442981c98b54c2177e61" member_type: VOTER last_known_addr { host: "127.7.93.67" port: 35361 } }
I20260630 12:26:34.957281 10357 raft_consensus.cc:359] T f0a46e62c0174a3092983fcf4b63a48f P e08fb74632cd442981c98b54c2177e61 [term 0 FOLLOWER]: Replica starting. Triggering 0 pending ops. Active config: opid_index: -1 OBSOLETE_local: false peers { permanent_uuid: "3a9674d526be4427aed515d92649539d" member_type: VOTER last_known_addr { host: "127.7.93.65" port: 44067 } } peers { permanent_uuid: "ed10093fc8a749c68ff45863c18bd13f" member_type: VOTER last_known_addr { host: "127.7.93.66" port: 41671 } } peers { permanent_uuid: "e08fb74632cd442981c98b54c2177e61" member_type: VOTER last_known_addr { host: "127.7.93.67" port: 35361 } }
I20260630 12:26:34.957850 10357 raft_consensus.cc:385] T f0a46e62c0174a3092983fcf4b63a48f P e08fb74632cd442981c98b54c2177e61 [term 0 FOLLOWER]: Consensus starting up: Expiring failure detector timer to make a prompt election more likely
I20260630 12:26:34.958101 10357 raft_consensus.cc:740] T f0a46e62c0174a3092983fcf4b63a48f P e08fb74632cd442981c98b54c2177e61 [term 0 FOLLOWER]: Becoming Follower/Learner. State: Replica: e08fb74632cd442981c98b54c2177e61, State: Initialized, Role: FOLLOWER
I20260630 12:26:34.958817 10357 consensus_queue.cc:260] T f0a46e62c0174a3092983fcf4b63a48f P e08fb74632cd442981c98b54c2177e61 [NON_LEADER]: Queue going to NON_LEADER mode. State: All replicated index: 0, Majority replicated index: 0, Committed index: 0, Last appended: 0.0, Last appended by leader: 0, Current term: 0, Majority size: -1, State: 0, Mode: NON_LEADER, active raft config: opid_index: -1 OBSOLETE_local: false peers { permanent_uuid: "3a9674d526be4427aed515d92649539d" member_type: VOTER last_known_addr { host: "127.7.93.65" port: 44067 } } peers { permanent_uuid: "ed10093fc8a749c68ff45863c18bd13f" member_type: VOTER last_known_addr { host: "127.7.93.66" port: 41671 } } peers { permanent_uuid: "e08fb74632cd442981c98b54c2177e61" member_type: VOTER last_known_addr { host: "127.7.93.67" port: 35361 } }
I20260630 12:26:34.960253 10358 raft_consensus.cc:359] T f0a46e62c0174a3092983fcf4b63a48f P ed10093fc8a749c68ff45863c18bd13f [term 0 FOLLOWER]: Replica starting. Triggering 0 pending ops. Active config: opid_index: -1 OBSOLETE_local: false peers { permanent_uuid: "3a9674d526be4427aed515d92649539d" member_type: VOTER last_known_addr { host: "127.7.93.65" port: 44067 } } peers { permanent_uuid: "ed10093fc8a749c68ff45863c18bd13f" member_type: VOTER last_known_addr { host: "127.7.93.66" port: 41671 } } peers { permanent_uuid: "e08fb74632cd442981c98b54c2177e61" member_type: VOTER last_known_addr { host: "127.7.93.67" port: 35361 } }
I20260630 12:26:34.961223 10358 raft_consensus.cc:385] T f0a46e62c0174a3092983fcf4b63a48f P ed10093fc8a749c68ff45863c18bd13f [term 0 FOLLOWER]: Consensus starting up: Expiring failure detector timer to make a prompt election more likely
I20260630 12:26:34.961580 10358 raft_consensus.cc:740] T f0a46e62c0174a3092983fcf4b63a48f P ed10093fc8a749c68ff45863c18bd13f [term 0 FOLLOWER]: Becoming Follower/Learner. State: Replica: ed10093fc8a749c68ff45863c18bd13f, State: Initialized, Role: FOLLOWER
I20260630 12:26:34.962736 10358 consensus_queue.cc:260] T f0a46e62c0174a3092983fcf4b63a48f P ed10093fc8a749c68ff45863c18bd13f [NON_LEADER]: Queue going to NON_LEADER mode. State: All replicated index: 0, Majority replicated index: 0, Committed index: 0, Last appended: 0.0, Last appended by leader: 0, Current term: 0, Majority size: -1, State: 0, Mode: NON_LEADER, active raft config: opid_index: -1 OBSOLETE_local: false peers { permanent_uuid: "3a9674d526be4427aed515d92649539d" member_type: VOTER last_known_addr { host: "127.7.93.65" port: 44067 } } peers { permanent_uuid: "ed10093fc8a749c68ff45863c18bd13f" member_type: VOTER last_known_addr { host: "127.7.93.66" port: 41671 } } peers { permanent_uuid: "e08fb74632cd442981c98b54c2177e61" member_type: VOTER last_known_addr { host: "127.7.93.67" port: 35361 } }
I20260630 12:26:34.965909 10357 ts_tablet_manager.cc:1434] T f0a46e62c0174a3092983fcf4b63a48f P e08fb74632cd442981c98b54c2177e61: Time spent starting tablet: real 0.011s	user 0.006s	sys 0.000s
I20260630 12:26:34.966285 10356 ts_tablet_manager.cc:1434] T f0a46e62c0174a3092983fcf4b63a48f P 3a9674d526be4427aed515d92649539d: Time spent starting tablet: real 0.015s	user 0.014s	sys 0.000s
I20260630 12:26:34.967314 10356 tablet_bootstrap.cc:492] T a8d8bd3afbb54cc8bcda8c53e90b4e6c P 3a9674d526be4427aed515d92649539d: Bootstrap starting.
I20260630 12:26:34.971638 10358 ts_tablet_manager.cc:1434] T f0a46e62c0174a3092983fcf4b63a48f P ed10093fc8a749c68ff45863c18bd13f: Time spent starting tablet: real 0.014s	user 0.008s	sys 0.005s
I20260630 12:26:34.972661 10358 tablet_bootstrap.cc:492] T b73ab324261849e7a48233a819dc48b7 P ed10093fc8a749c68ff45863c18bd13f: Bootstrap starting.
I20260630 12:26:34.973870 10356 tablet_bootstrap.cc:654] T a8d8bd3afbb54cc8bcda8c53e90b4e6c P 3a9674d526be4427aed515d92649539d: Neither blocks nor log segments found. Creating new log.
I20260630 12:26:34.978952 10358 tablet_bootstrap.cc:654] T b73ab324261849e7a48233a819dc48b7 P ed10093fc8a749c68ff45863c18bd13f: Neither blocks nor log segments found. Creating new log.
I20260630 12:26:34.984408 10358 tablet_bootstrap.cc:492] T b73ab324261849e7a48233a819dc48b7 P ed10093fc8a749c68ff45863c18bd13f: No bootstrap required, opened a new log
I20260630 12:26:34.984860 10357 tablet_bootstrap.cc:492] T 10b9de5219d44262918fe31ecf79b137 P e08fb74632cd442981c98b54c2177e61: Bootstrap starting.
I20260630 12:26:34.984896 10358 ts_tablet_manager.cc:1403] T b73ab324261849e7a48233a819dc48b7 P ed10093fc8a749c68ff45863c18bd13f: Time spent bootstrapping tablet: real 0.012s	user 0.009s	sys 0.003s
I20260630 12:26:34.985127 10356 tablet_bootstrap.cc:492] T a8d8bd3afbb54cc8bcda8c53e90b4e6c P 3a9674d526be4427aed515d92649539d: No bootstrap required, opened a new log
I20260630 12:26:34.985754 10356 ts_tablet_manager.cc:1403] T a8d8bd3afbb54cc8bcda8c53e90b4e6c P 3a9674d526be4427aed515d92649539d: Time spent bootstrapping tablet: real 0.019s	user 0.012s	sys 0.005s
I20260630 12:26:34.988297 10358 raft_consensus.cc:359] T b73ab324261849e7a48233a819dc48b7 P ed10093fc8a749c68ff45863c18bd13f [term 0 FOLLOWER]: Replica starting. Triggering 0 pending ops. Active config: opid_index: -1 OBSOLETE_local: false peers { permanent_uuid: "3a9674d526be4427aed515d92649539d" member_type: VOTER last_known_addr { host: "127.7.93.65" port: 44067 } } peers { permanent_uuid: "e08fb74632cd442981c98b54c2177e61" member_type: VOTER last_known_addr { host: "127.7.93.67" port: 35361 } } peers { permanent_uuid: "ed10093fc8a749c68ff45863c18bd13f" member_type: VOTER last_known_addr { host: "127.7.93.66" port: 41671 } }
I20260630 12:26:34.988564 10356 raft_consensus.cc:359] T a8d8bd3afbb54cc8bcda8c53e90b4e6c P 3a9674d526be4427aed515d92649539d [term 0 FOLLOWER]: Replica starting. Triggering 0 pending ops. Active config: opid_index: -1 OBSOLETE_local: false peers { permanent_uuid: "3a9674d526be4427aed515d92649539d" member_type: VOTER last_known_addr { host: "127.7.93.65" port: 44067 } } peers { permanent_uuid: "ed10093fc8a749c68ff45863c18bd13f" member_type: VOTER last_known_addr { host: "127.7.93.66" port: 41671 } } peers { permanent_uuid: "e08fb74632cd442981c98b54c2177e61" member_type: VOTER last_known_addr { host: "127.7.93.67" port: 35361 } }
I20260630 12:26:34.989104 10358 raft_consensus.cc:385] T b73ab324261849e7a48233a819dc48b7 P ed10093fc8a749c68ff45863c18bd13f [term 0 FOLLOWER]: Consensus starting up: Expiring failure detector timer to make a prompt election more likely
I20260630 12:26:34.989444 10358 raft_consensus.cc:740] T b73ab324261849e7a48233a819dc48b7 P ed10093fc8a749c68ff45863c18bd13f [term 0 FOLLOWER]: Becoming Follower/Learner. State: Replica: ed10093fc8a749c68ff45863c18bd13f, State: Initialized, Role: FOLLOWER
I20260630 12:26:34.989215 10356 raft_consensus.cc:385] T a8d8bd3afbb54cc8bcda8c53e90b4e6c P 3a9674d526be4427aed515d92649539d [term 0 FOLLOWER]: Consensus starting up: Expiring failure detector timer to make a prompt election more likely
I20260630 12:26:34.990041 10356 raft_consensus.cc:740] T a8d8bd3afbb54cc8bcda8c53e90b4e6c P 3a9674d526be4427aed515d92649539d [term 0 FOLLOWER]: Becoming Follower/Learner. State: Replica: 3a9674d526be4427aed515d92649539d, State: Initialized, Role: FOLLOWER
I20260630 12:26:34.990331 10358 consensus_queue.cc:260] T b73ab324261849e7a48233a819dc48b7 P ed10093fc8a749c68ff45863c18bd13f [NON_LEADER]: Queue going to NON_LEADER mode. State: All replicated index: 0, Majority replicated index: 0, Committed index: 0, Last appended: 0.0, Last appended by leader: 0, Current term: 0, Majority size: -1, State: 0, Mode: NON_LEADER, active raft config: opid_index: -1 OBSOLETE_local: false peers { permanent_uuid: "3a9674d526be4427aed515d92649539d" member_type: VOTER last_known_addr { host: "127.7.93.65" port: 44067 } } peers { permanent_uuid: "e08fb74632cd442981c98b54c2177e61" member_type: VOTER last_known_addr { host: "127.7.93.67" port: 35361 } } peers { permanent_uuid: "ed10093fc8a749c68ff45863c18bd13f" member_type: VOTER last_known_addr { host: "127.7.93.66" port: 41671 } }
W20260630 12:26:34.990906 10337 tablet.cc:2406] T f0a46e62c0174a3092983fcf4b63a48f P e08fb74632cd442981c98b54c2177e61: Can't schedule compaction. Clean time has not been advanced past its initial value.
I20260630 12:26:34.990901 10356 consensus_queue.cc:260] T a8d8bd3afbb54cc8bcda8c53e90b4e6c P 3a9674d526be4427aed515d92649539d [NON_LEADER]: Queue going to NON_LEADER mode. State: All replicated index: 0, Majority replicated index: 0, Committed index: 0, Last appended: 0.0, Last appended by leader: 0, Current term: 0, Majority size: -1, State: 0, Mode: NON_LEADER, active raft config: opid_index: -1 OBSOLETE_local: false peers { permanent_uuid: "3a9674d526be4427aed515d92649539d" member_type: VOTER last_known_addr { host: "127.7.93.65" port: 44067 } } peers { permanent_uuid: "ed10093fc8a749c68ff45863c18bd13f" member_type: VOTER last_known_addr { host: "127.7.93.66" port: 41671 } } peers { permanent_uuid: "e08fb74632cd442981c98b54c2177e61" member_type: VOTER last_known_addr { host: "127.7.93.67" port: 35361 } }
I20260630 12:26:34.992784 10358 ts_tablet_manager.cc:1434] T b73ab324261849e7a48233a819dc48b7 P ed10093fc8a749c68ff45863c18bd13f: Time spent starting tablet: real 0.007s	user 0.006s	sys 0.000s
I20260630 12:26:34.993553 10356 ts_tablet_manager.cc:1434] T a8d8bd3afbb54cc8bcda8c53e90b4e6c P 3a9674d526be4427aed515d92649539d: Time spent starting tablet: real 0.007s	user 0.002s	sys 0.004s
I20260630 12:26:34.993721 10358 tablet_bootstrap.cc:492] T 10b9de5219d44262918fe31ecf79b137 P ed10093fc8a749c68ff45863c18bd13f: Bootstrap starting.
I20260630 12:26:34.994436 10356 tablet_bootstrap.cc:492] T b73ab324261849e7a48233a819dc48b7 P 3a9674d526be4427aed515d92649539d: Bootstrap starting.
I20260630 12:26:35.005539 10357 tablet_bootstrap.cc:654] T 10b9de5219d44262918fe31ecf79b137 P e08fb74632cd442981c98b54c2177e61: Neither blocks nor log segments found. Creating new log.
I20260630 12:26:35.008503 10358 tablet_bootstrap.cc:654] T 10b9de5219d44262918fe31ecf79b137 P ed10093fc8a749c68ff45863c18bd13f: Neither blocks nor log segments found. Creating new log.
I20260630 12:26:35.008503 10356 tablet_bootstrap.cc:654] T b73ab324261849e7a48233a819dc48b7 P 3a9674d526be4427aed515d92649539d: Neither blocks nor log segments found. Creating new log.
I20260630 12:26:35.010303 10357 tablet_bootstrap.cc:492] T 10b9de5219d44262918fe31ecf79b137 P e08fb74632cd442981c98b54c2177e61: No bootstrap required, opened a new log
I20260630 12:26:35.010756 10357 ts_tablet_manager.cc:1403] T 10b9de5219d44262918fe31ecf79b137 P e08fb74632cd442981c98b54c2177e61: Time spent bootstrapping tablet: real 0.026s	user 0.007s	sys 0.003s
I20260630 12:26:35.013515 10357 raft_consensus.cc:359] T 10b9de5219d44262918fe31ecf79b137 P e08fb74632cd442981c98b54c2177e61 [term 0 FOLLOWER]: Replica starting. Triggering 0 pending ops. Active config: opid_index: -1 OBSOLETE_local: false peers { permanent_uuid: "3a9674d526be4427aed515d92649539d" member_type: VOTER last_known_addr { host: "127.7.93.65" port: 44067 } } peers { permanent_uuid: "ed10093fc8a749c68ff45863c18bd13f" member_type: VOTER last_known_addr { host: "127.7.93.66" port: 41671 } } peers { permanent_uuid: "e08fb74632cd442981c98b54c2177e61" member_type: VOTER last_known_addr { host: "127.7.93.67" port: 35361 } }
I20260630 12:26:35.014030 10358 tablet_bootstrap.cc:492] T 10b9de5219d44262918fe31ecf79b137 P ed10093fc8a749c68ff45863c18bd13f: No bootstrap required, opened a new log
I20260630 12:26:35.014154 10357 raft_consensus.cc:385] T 10b9de5219d44262918fe31ecf79b137 P e08fb74632cd442981c98b54c2177e61 [term 0 FOLLOWER]: Consensus starting up: Expiring failure detector timer to make a prompt election more likely
I20260630 12:26:35.014539 10357 raft_consensus.cc:740] T 10b9de5219d44262918fe31ecf79b137 P e08fb74632cd442981c98b54c2177e61 [term 0 FOLLOWER]: Becoming Follower/Learner. State: Replica: e08fb74632cd442981c98b54c2177e61, State: Initialized, Role: FOLLOWER
I20260630 12:26:35.014566 10358 ts_tablet_manager.cc:1403] T 10b9de5219d44262918fe31ecf79b137 P ed10093fc8a749c68ff45863c18bd13f: Time spent bootstrapping tablet: real 0.021s	user 0.004s	sys 0.015s
I20260630 12:26:35.015038 10356 tablet_bootstrap.cc:492] T b73ab324261849e7a48233a819dc48b7 P 3a9674d526be4427aed515d92649539d: No bootstrap required, opened a new log
I20260630 12:26:35.015455 10356 ts_tablet_manager.cc:1403] T b73ab324261849e7a48233a819dc48b7 P 3a9674d526be4427aed515d92649539d: Time spent bootstrapping tablet: real 0.021s	user 0.016s	sys 0.004s
I20260630 12:26:35.015374 10357 consensus_queue.cc:260] T 10b9de5219d44262918fe31ecf79b137 P e08fb74632cd442981c98b54c2177e61 [NON_LEADER]: Queue going to NON_LEADER mode. State: All replicated index: 0, Majority replicated index: 0, Committed index: 0, Last appended: 0.0, Last appended by leader: 0, Current term: 0, Majority size: -1, State: 0, Mode: NON_LEADER, active raft config: opid_index: -1 OBSOLETE_local: false peers { permanent_uuid: "3a9674d526be4427aed515d92649539d" member_type: VOTER last_known_addr { host: "127.7.93.65" port: 44067 } } peers { permanent_uuid: "ed10093fc8a749c68ff45863c18bd13f" member_type: VOTER last_known_addr { host: "127.7.93.66" port: 41671 } } peers { permanent_uuid: "e08fb74632cd442981c98b54c2177e61" member_type: VOTER last_known_addr { host: "127.7.93.67" port: 35361 } }
I20260630 12:26:35.017634 10357 ts_tablet_manager.cc:1434] T 10b9de5219d44262918fe31ecf79b137 P e08fb74632cd442981c98b54c2177e61: Time spent starting tablet: real 0.007s	user 0.004s	sys 0.000s
I20260630 12:26:35.017608 10358 raft_consensus.cc:359] T 10b9de5219d44262918fe31ecf79b137 P ed10093fc8a749c68ff45863c18bd13f [term 0 FOLLOWER]: Replica starting. Triggering 0 pending ops. Active config: opid_index: -1 OBSOLETE_local: false peers { permanent_uuid: "3a9674d526be4427aed515d92649539d" member_type: VOTER last_known_addr { host: "127.7.93.65" port: 44067 } } peers { permanent_uuid: "ed10093fc8a749c68ff45863c18bd13f" member_type: VOTER last_known_addr { host: "127.7.93.66" port: 41671 } } peers { permanent_uuid: "e08fb74632cd442981c98b54c2177e61" member_type: VOTER last_known_addr { host: "127.7.93.67" port: 35361 } }
I20260630 12:26:35.018404 10358 raft_consensus.cc:385] T 10b9de5219d44262918fe31ecf79b137 P ed10093fc8a749c68ff45863c18bd13f [term 0 FOLLOWER]: Consensus starting up: Expiring failure detector timer to make a prompt election more likely
I20260630 12:26:35.018179 10356 raft_consensus.cc:359] T b73ab324261849e7a48233a819dc48b7 P 3a9674d526be4427aed515d92649539d [term 0 FOLLOWER]: Replica starting. Triggering 0 pending ops. Active config: opid_index: -1 OBSOLETE_local: false peers { permanent_uuid: "3a9674d526be4427aed515d92649539d" member_type: VOTER last_known_addr { host: "127.7.93.65" port: 44067 } } peers { permanent_uuid: "e08fb74632cd442981c98b54c2177e61" member_type: VOTER last_known_addr { host: "127.7.93.67" port: 35361 } } peers { permanent_uuid: "ed10093fc8a749c68ff45863c18bd13f" member_type: VOTER last_known_addr { host: "127.7.93.66" port: 41671 } }
I20260630 12:26:35.018656 10357 tablet_bootstrap.cc:492] T b73ab324261849e7a48233a819dc48b7 P e08fb74632cd442981c98b54c2177e61: Bootstrap starting.
I20260630 12:26:35.018744 10358 raft_consensus.cc:740] T 10b9de5219d44262918fe31ecf79b137 P ed10093fc8a749c68ff45863c18bd13f [term 0 FOLLOWER]: Becoming Follower/Learner. State: Replica: ed10093fc8a749c68ff45863c18bd13f, State: Initialized, Role: FOLLOWER
I20260630 12:26:35.018941 10356 raft_consensus.cc:385] T b73ab324261849e7a48233a819dc48b7 P 3a9674d526be4427aed515d92649539d [term 0 FOLLOWER]: Consensus starting up: Expiring failure detector timer to make a prompt election more likely
I20260630 12:26:35.019302 10356 raft_consensus.cc:740] T b73ab324261849e7a48233a819dc48b7 P 3a9674d526be4427aed515d92649539d [term 0 FOLLOWER]: Becoming Follower/Learner. State: Replica: 3a9674d526be4427aed515d92649539d, State: Initialized, Role: FOLLOWER
I20260630 12:26:35.020113 10356 consensus_queue.cc:260] T b73ab324261849e7a48233a819dc48b7 P 3a9674d526be4427aed515d92649539d [NON_LEADER]: Queue going to NON_LEADER mode. State: All replicated index: 0, Majority replicated index: 0, Committed index: 0, Last appended: 0.0, Last appended by leader: 0, Current term: 0, Majority size: -1, State: 0, Mode: NON_LEADER, active raft config: opid_index: -1 OBSOLETE_local: false peers { permanent_uuid: "3a9674d526be4427aed515d92649539d" member_type: VOTER last_known_addr { host: "127.7.93.65" port: 44067 } } peers { permanent_uuid: "e08fb74632cd442981c98b54c2177e61" member_type: VOTER last_known_addr { host: "127.7.93.67" port: 35361 } } peers { permanent_uuid: "ed10093fc8a749c68ff45863c18bd13f" member_type: VOTER last_known_addr { host: "127.7.93.66" port: 41671 } }
I20260630 12:26:35.019623 10358 consensus_queue.cc:260] T 10b9de5219d44262918fe31ecf79b137 P ed10093fc8a749c68ff45863c18bd13f [NON_LEADER]: Queue going to NON_LEADER mode. State: All replicated index: 0, Majority replicated index: 0, Committed index: 0, Last appended: 0.0, Last appended by leader: 0, Current term: 0, Majority size: -1, State: 0, Mode: NON_LEADER, active raft config: opid_index: -1 OBSOLETE_local: false peers { permanent_uuid: "3a9674d526be4427aed515d92649539d" member_type: VOTER last_known_addr { host: "127.7.93.65" port: 44067 } } peers { permanent_uuid: "ed10093fc8a749c68ff45863c18bd13f" member_type: VOTER last_known_addr { host: "127.7.93.66" port: 41671 } } peers { permanent_uuid: "e08fb74632cd442981c98b54c2177e61" member_type: VOTER last_known_addr { host: "127.7.93.67" port: 35361 } }
I20260630 12:26:35.024848 10358 ts_tablet_manager.cc:1434] T 10b9de5219d44262918fe31ecf79b137 P ed10093fc8a749c68ff45863c18bd13f: Time spent starting tablet: real 0.010s	user 0.005s	sys 0.000s
I20260630 12:26:35.025264 10357 tablet_bootstrap.cc:654] T b73ab324261849e7a48233a819dc48b7 P e08fb74632cd442981c98b54c2177e61: Neither blocks nor log segments found. Creating new log.
I20260630 12:26:35.025826 10358 tablet_bootstrap.cc:492] T a8d8bd3afbb54cc8bcda8c53e90b4e6c P ed10093fc8a749c68ff45863c18bd13f: Bootstrap starting.
I20260630 12:26:35.028366 10356 ts_tablet_manager.cc:1434] T b73ab324261849e7a48233a819dc48b7 P 3a9674d526be4427aed515d92649539d: Time spent starting tablet: real 0.012s	user 0.006s	sys 0.000s
I20260630 12:26:35.033599 10356 tablet_bootstrap.cc:492] T 10b9de5219d44262918fe31ecf79b137 P 3a9674d526be4427aed515d92649539d: Bootstrap starting.
I20260630 12:26:35.034129 10358 tablet_bootstrap.cc:654] T a8d8bd3afbb54cc8bcda8c53e90b4e6c P ed10093fc8a749c68ff45863c18bd13f: Neither blocks nor log segments found. Creating new log.
I20260630 12:26:35.036679 10357 tablet_bootstrap.cc:492] T b73ab324261849e7a48233a819dc48b7 P e08fb74632cd442981c98b54c2177e61: No bootstrap required, opened a new log
I20260630 12:26:35.037204 10357 ts_tablet_manager.cc:1403] T b73ab324261849e7a48233a819dc48b7 P e08fb74632cd442981c98b54c2177e61: Time spent bootstrapping tablet: real 0.019s	user 0.010s	sys 0.008s
I20260630 12:26:35.040031 10356 tablet_bootstrap.cc:654] T 10b9de5219d44262918fe31ecf79b137 P 3a9674d526be4427aed515d92649539d: Neither blocks nor log segments found. Creating new log.
I20260630 12:26:35.040814 10357 raft_consensus.cc:359] T b73ab324261849e7a48233a819dc48b7 P e08fb74632cd442981c98b54c2177e61 [term 0 FOLLOWER]: Replica starting. Triggering 0 pending ops. Active config: opid_index: -1 OBSOLETE_local: false peers { permanent_uuid: "3a9674d526be4427aed515d92649539d" member_type: VOTER last_known_addr { host: "127.7.93.65" port: 44067 } } peers { permanent_uuid: "e08fb74632cd442981c98b54c2177e61" member_type: VOTER last_known_addr { host: "127.7.93.67" port: 35361 } } peers { permanent_uuid: "ed10093fc8a749c68ff45863c18bd13f" member_type: VOTER last_known_addr { host: "127.7.93.66" port: 41671 } }
I20260630 12:26:35.042816 10357 raft_consensus.cc:385] T b73ab324261849e7a48233a819dc48b7 P e08fb74632cd442981c98b54c2177e61 [term 0 FOLLOWER]: Consensus starting up: Expiring failure detector timer to make a prompt election more likely
I20260630 12:26:35.043177 10357 raft_consensus.cc:740] T b73ab324261849e7a48233a819dc48b7 P e08fb74632cd442981c98b54c2177e61 [term 0 FOLLOWER]: Becoming Follower/Learner. State: Replica: e08fb74632cd442981c98b54c2177e61, State: Initialized, Role: FOLLOWER
I20260630 12:26:35.044317 10357 consensus_queue.cc:260] T b73ab324261849e7a48233a819dc48b7 P e08fb74632cd442981c98b54c2177e61 [NON_LEADER]: Queue going to NON_LEADER mode. State: All replicated index: 0, Majority replicated index: 0, Committed index: 0, Last appended: 0.0, Last appended by leader: 0, Current term: 0, Majority size: -1, State: 0, Mode: NON_LEADER, active raft config: opid_index: -1 OBSOLETE_local: false peers { permanent_uuid: "3a9674d526be4427aed515d92649539d" member_type: VOTER last_known_addr { host: "127.7.93.65" port: 44067 } } peers { permanent_uuid: "e08fb74632cd442981c98b54c2177e61" member_type: VOTER last_known_addr { host: "127.7.93.67" port: 35361 } } peers { permanent_uuid: "ed10093fc8a749c68ff45863c18bd13f" member_type: VOTER last_known_addr { host: "127.7.93.66" port: 41671 } }
I20260630 12:26:35.049387 10357 ts_tablet_manager.cc:1434] T b73ab324261849e7a48233a819dc48b7 P e08fb74632cd442981c98b54c2177e61: Time spent starting tablet: real 0.012s	user 0.007s	sys 0.000s
I20260630 12:26:35.049492 10356 tablet_bootstrap.cc:492] T 10b9de5219d44262918fe31ecf79b137 P 3a9674d526be4427aed515d92649539d: No bootstrap required, opened a new log
I20260630 12:26:35.050079 10356 ts_tablet_manager.cc:1403] T 10b9de5219d44262918fe31ecf79b137 P 3a9674d526be4427aed515d92649539d: Time spent bootstrapping tablet: real 0.017s	user 0.010s	sys 0.004s
I20260630 12:26:35.050729 10357 tablet_bootstrap.cc:492] T a8d8bd3afbb54cc8bcda8c53e90b4e6c P e08fb74632cd442981c98b54c2177e61: Bootstrap starting.
I20260630 12:26:35.054411 10356 raft_consensus.cc:359] T 10b9de5219d44262918fe31ecf79b137 P 3a9674d526be4427aed515d92649539d [term 0 FOLLOWER]: Replica starting. Triggering 0 pending ops. Active config: opid_index: -1 OBSOLETE_local: false peers { permanent_uuid: "3a9674d526be4427aed515d92649539d" member_type: VOTER last_known_addr { host: "127.7.93.65" port: 44067 } } peers { permanent_uuid: "ed10093fc8a749c68ff45863c18bd13f" member_type: VOTER last_known_addr { host: "127.7.93.66" port: 41671 } } peers { permanent_uuid: "e08fb74632cd442981c98b54c2177e61" member_type: VOTER last_known_addr { host: "127.7.93.67" port: 35361 } }
I20260630 12:26:35.055168 10356 raft_consensus.cc:385] T 10b9de5219d44262918fe31ecf79b137 P 3a9674d526be4427aed515d92649539d [term 0 FOLLOWER]: Consensus starting up: Expiring failure detector timer to make a prompt election more likely
I20260630 12:26:35.055459 10356 raft_consensus.cc:740] T 10b9de5219d44262918fe31ecf79b137 P 3a9674d526be4427aed515d92649539d [term 0 FOLLOWER]: Becoming Follower/Learner. State: Replica: 3a9674d526be4427aed515d92649539d, State: Initialized, Role: FOLLOWER
I20260630 12:26:35.056236 10356 consensus_queue.cc:260] T 10b9de5219d44262918fe31ecf79b137 P 3a9674d526be4427aed515d92649539d [NON_LEADER]: Queue going to NON_LEADER mode. State: All replicated index: 0, Majority replicated index: 0, Committed index: 0, Last appended: 0.0, Last appended by leader: 0, Current term: 0, Majority size: -1, State: 0, Mode: NON_LEADER, active raft config: opid_index: -1 OBSOLETE_local: false peers { permanent_uuid: "3a9674d526be4427aed515d92649539d" member_type: VOTER last_known_addr { host: "127.7.93.65" port: 44067 } } peers { permanent_uuid: "ed10093fc8a749c68ff45863c18bd13f" member_type: VOTER last_known_addr { host: "127.7.93.66" port: 41671 } } peers { permanent_uuid: "e08fb74632cd442981c98b54c2177e61" member_type: VOTER last_known_addr { host: "127.7.93.67" port: 35361 } }
I20260630 12:26:35.058005 10358 tablet_bootstrap.cc:492] T a8d8bd3afbb54cc8bcda8c53e90b4e6c P ed10093fc8a749c68ff45863c18bd13f: No bootstrap required, opened a new log
I20260630 12:26:35.058522 10358 ts_tablet_manager.cc:1403] T a8d8bd3afbb54cc8bcda8c53e90b4e6c P ed10093fc8a749c68ff45863c18bd13f: Time spent bootstrapping tablet: real 0.033s	user 0.020s	sys 0.011s
I20260630 12:26:35.059325 10357 tablet_bootstrap.cc:654] T a8d8bd3afbb54cc8bcda8c53e90b4e6c P e08fb74632cd442981c98b54c2177e61: Neither blocks nor log segments found. Creating new log.
I20260630 12:26:35.060964 10356 ts_tablet_manager.cc:1434] T 10b9de5219d44262918fe31ecf79b137 P 3a9674d526be4427aed515d92649539d: Time spent starting tablet: real 0.011s	user 0.003s	sys 0.004s
I20260630 12:26:35.061616 10358 raft_consensus.cc:359] T a8d8bd3afbb54cc8bcda8c53e90b4e6c P ed10093fc8a749c68ff45863c18bd13f [term 0 FOLLOWER]: Replica starting. Triggering 0 pending ops. Active config: opid_index: -1 OBSOLETE_local: false peers { permanent_uuid: "3a9674d526be4427aed515d92649539d" member_type: VOTER last_known_addr { host: "127.7.93.65" port: 44067 } } peers { permanent_uuid: "ed10093fc8a749c68ff45863c18bd13f" member_type: VOTER last_known_addr { host: "127.7.93.66" port: 41671 } } peers { permanent_uuid: "e08fb74632cd442981c98b54c2177e61" member_type: VOTER last_known_addr { host: "127.7.93.67" port: 35361 } }
I20260630 12:26:35.062399 10358 raft_consensus.cc:385] T a8d8bd3afbb54cc8bcda8c53e90b4e6c P ed10093fc8a749c68ff45863c18bd13f [term 0 FOLLOWER]: Consensus starting up: Expiring failure detector timer to make a prompt election more likely
I20260630 12:26:35.062825 10358 raft_consensus.cc:740] T a8d8bd3afbb54cc8bcda8c53e90b4e6c P ed10093fc8a749c68ff45863c18bd13f [term 0 FOLLOWER]: Becoming Follower/Learner. State: Replica: ed10093fc8a749c68ff45863c18bd13f, State: Initialized, Role: FOLLOWER
I20260630 12:26:35.063827 10358 consensus_queue.cc:260] T a8d8bd3afbb54cc8bcda8c53e90b4e6c P ed10093fc8a749c68ff45863c18bd13f [NON_LEADER]: Queue going to NON_LEADER mode. State: All replicated index: 0, Majority replicated index: 0, Committed index: 0, Last appended: 0.0, Last appended by leader: 0, Current term: 0, Majority size: -1, State: 0, Mode: NON_LEADER, active raft config: opid_index: -1 OBSOLETE_local: false peers { permanent_uuid: "3a9674d526be4427aed515d92649539d" member_type: VOTER last_known_addr { host: "127.7.93.65" port: 44067 } } peers { permanent_uuid: "ed10093fc8a749c68ff45863c18bd13f" member_type: VOTER last_known_addr { host: "127.7.93.66" port: 41671 } } peers { permanent_uuid: "e08fb74632cd442981c98b54c2177e61" member_type: VOTER last_known_addr { host: "127.7.93.67" port: 35361 } }
I20260630 12:26:35.066078 10358 ts_tablet_manager.cc:1434] T a8d8bd3afbb54cc8bcda8c53e90b4e6c P ed10093fc8a749c68ff45863c18bd13f: Time spent starting tablet: real 0.007s	user 0.000s	sys 0.004s
I20260630 12:26:35.066504 10357 tablet_bootstrap.cc:492] T a8d8bd3afbb54cc8bcda8c53e90b4e6c P e08fb74632cd442981c98b54c2177e61: No bootstrap required, opened a new log
I20260630 12:26:35.066964 10357 ts_tablet_manager.cc:1403] T a8d8bd3afbb54cc8bcda8c53e90b4e6c P e08fb74632cd442981c98b54c2177e61: Time spent bootstrapping tablet: real 0.017s	user 0.007s	sys 0.007s
I20260630 12:26:35.069599 10357 raft_consensus.cc:359] T a8d8bd3afbb54cc8bcda8c53e90b4e6c P e08fb74632cd442981c98b54c2177e61 [term 0 FOLLOWER]: Replica starting. Triggering 0 pending ops. Active config: opid_index: -1 OBSOLETE_local: false peers { permanent_uuid: "3a9674d526be4427aed515d92649539d" member_type: VOTER last_known_addr { host: "127.7.93.65" port: 44067 } } peers { permanent_uuid: "ed10093fc8a749c68ff45863c18bd13f" member_type: VOTER last_known_addr { host: "127.7.93.66" port: 41671 } } peers { permanent_uuid: "e08fb74632cd442981c98b54c2177e61" member_type: VOTER last_known_addr { host: "127.7.93.67" port: 35361 } }
I20260630 12:26:35.070304 10357 raft_consensus.cc:385] T a8d8bd3afbb54cc8bcda8c53e90b4e6c P e08fb74632cd442981c98b54c2177e61 [term 0 FOLLOWER]: Consensus starting up: Expiring failure detector timer to make a prompt election more likely
I20260630 12:26:35.070590 10357 raft_consensus.cc:740] T a8d8bd3afbb54cc8bcda8c53e90b4e6c P e08fb74632cd442981c98b54c2177e61 [term 0 FOLLOWER]: Becoming Follower/Learner. State: Replica: e08fb74632cd442981c98b54c2177e61, State: Initialized, Role: FOLLOWER
I20260630 12:26:35.071476 10357 consensus_queue.cc:260] T a8d8bd3afbb54cc8bcda8c53e90b4e6c P e08fb74632cd442981c98b54c2177e61 [NON_LEADER]: Queue going to NON_LEADER mode. State: All replicated index: 0, Majority replicated index: 0, Committed index: 0, Last appended: 0.0, Last appended by leader: 0, Current term: 0, Majority size: -1, State: 0, Mode: NON_LEADER, active raft config: opid_index: -1 OBSOLETE_local: false peers { permanent_uuid: "3a9674d526be4427aed515d92649539d" member_type: VOTER last_known_addr { host: "127.7.93.65" port: 44067 } } peers { permanent_uuid: "ed10093fc8a749c68ff45863c18bd13f" member_type: VOTER last_known_addr { host: "127.7.93.66" port: 41671 } } peers { permanent_uuid: "e08fb74632cd442981c98b54c2177e61" member_type: VOTER last_known_addr { host: "127.7.93.67" port: 35361 } }
I20260630 12:26:35.073297 10357 ts_tablet_manager.cc:1434] T a8d8bd3afbb54cc8bcda8c53e90b4e6c P e08fb74632cd442981c98b54c2177e61: Time spent starting tablet: real 0.006s	user 0.004s	sys 0.000s
I20260630 12:26:35.125337 10364 raft_consensus.cc:493] T a8d8bd3afbb54cc8bcda8c53e90b4e6c P ed10093fc8a749c68ff45863c18bd13f [term 0 FOLLOWER]: Starting pre-election (no leader contacted us within the election timeout)
I20260630 12:26:35.125797 10364 raft_consensus.cc:515] T a8d8bd3afbb54cc8bcda8c53e90b4e6c P ed10093fc8a749c68ff45863c18bd13f [term 0 FOLLOWER]: Starting pre-election with config: opid_index: -1 OBSOLETE_local: false peers { permanent_uuid: "3a9674d526be4427aed515d92649539d" member_type: VOTER last_known_addr { host: "127.7.93.65" port: 44067 } } peers { permanent_uuid: "ed10093fc8a749c68ff45863c18bd13f" member_type: VOTER last_known_addr { host: "127.7.93.66" port: 41671 } } peers { permanent_uuid: "e08fb74632cd442981c98b54c2177e61" member_type: VOTER last_known_addr { host: "127.7.93.67" port: 35361 } }
I20260630 12:26:35.127806 10364 leader_election.cc:290] T a8d8bd3afbb54cc8bcda8c53e90b4e6c P ed10093fc8a749c68ff45863c18bd13f [CANDIDATE]: Term 1 pre-election: Requested pre-vote from peers 3a9674d526be4427aed515d92649539d (127.7.93.65:44067), e08fb74632cd442981c98b54c2177e61 (127.7.93.67:35361)
I20260630 12:26:35.134495 10362 raft_consensus.cc:493] T a8d8bd3afbb54cc8bcda8c53e90b4e6c P 3a9674d526be4427aed515d92649539d [term 0 FOLLOWER]: Starting pre-election (no leader contacted us within the election timeout)
I20260630 12:26:35.135026 10362 raft_consensus.cc:515] T a8d8bd3afbb54cc8bcda8c53e90b4e6c P 3a9674d526be4427aed515d92649539d [term 0 FOLLOWER]: Starting pre-election with config: opid_index: -1 OBSOLETE_local: false peers { permanent_uuid: "3a9674d526be4427aed515d92649539d" member_type: VOTER last_known_addr { host: "127.7.93.65" port: 44067 } } peers { permanent_uuid: "ed10093fc8a749c68ff45863c18bd13f" member_type: VOTER last_known_addr { host: "127.7.93.66" port: 41671 } } peers { permanent_uuid: "e08fb74632cd442981c98b54c2177e61" member_type: VOTER last_known_addr { host: "127.7.93.67" port: 35361 } }
I20260630 12:26:35.142052 10362 leader_election.cc:290] T a8d8bd3afbb54cc8bcda8c53e90b4e6c P 3a9674d526be4427aed515d92649539d [CANDIDATE]: Term 1 pre-election: Requested pre-vote from peers ed10093fc8a749c68ff45863c18bd13f (127.7.93.66:41671), e08fb74632cd442981c98b54c2177e61 (127.7.93.67:35361)
I20260630 12:26:35.143280 10311 tablet_service.cc:1917] Received RequestConsensusVote() RPC: tablet_id: "a8d8bd3afbb54cc8bcda8c53e90b4e6c" candidate_uuid: "ed10093fc8a749c68ff45863c18bd13f" candidate_term: 1 candidate_status { last_received { term: 0 index: 0 } } ignore_live_leader: false dest_uuid: "e08fb74632cd442981c98b54c2177e61" is_pre_election: true
I20260630 12:26:35.143926 10162 tablet_service.cc:1917] Received RequestConsensusVote() RPC: tablet_id: "a8d8bd3afbb54cc8bcda8c53e90b4e6c" candidate_uuid: "ed10093fc8a749c68ff45863c18bd13f" candidate_term: 1 candidate_status { last_received { term: 0 index: 0 } } ignore_live_leader: false dest_uuid: "3a9674d526be4427aed515d92649539d" is_pre_election: true
