[==========] Running 26 tests from 2 test suites.
[----------] Global test environment set-up.
[----------] 24 tests from AutoRebalancerTest
[ RUN      ] AutoRebalancerTest.OnlyLeaderDoesAutoRebalancing
WARNING: Logging before InitGoogleLogging() is written to STDERR
I20260630 12:25:13.101611  7541 internal_mini_cluster.cc:156] Creating distributed mini masters. Addrs: 127.7.93.126:46479,127.7.93.125:34079,127.7.93.124:35327
I20260630 12:25:13.103390  7541 env_posix.cc:2267] Not raising this process' open files per process limit of 1048576; it is already as high as it can go
I20260630 12:25:13.104355  7541 file_cache.cc:492] Constructed file cache file cache with capacity 419430
W20260630 12:25:13.120801  7548 instance_detector.cc:116] could not retrieve Azure instance metadata: Network error: curl error: HTTP response code said error: The requested URL returned error: 404
W20260630 12:25:13.120858  7550 instance_detector.cc:116] could not retrieve OpenStack instance metadata: Network error: curl error: HTTP response code said error: The requested URL returned error: 404
W20260630 12:25:13.121109  7547 instance_detector.cc:116] could not retrieve AWS instance metadata: Network error: curl error: HTTP response code said error: The requested URL returned error: 404
I20260630 12:25:13.123522  7541 server_base.cc:1061] running on GCE node
I20260630 12:25:14.365933  7541 hybrid_clock.cc:584] initializing the hybrid clock with 'system_unsync' time source
W20260630 12:25:14.366199  7541 system_unsync_time.cc:38] NTP support is disabled. Clock error bounds will not be accurate. This configuration is not suitable for distributed clusters.
I20260630 12:25:14.366410  7541 hybrid_clock.cc:648] HybridClock initialized: now 1782822314366388 us; error 0 us; skew 500 ppm
I20260630 12:25:14.367278  7541 server_base.cc:861] Flag tcmalloc_max_total_thread_cache_bytes is not working since tcmalloc is not enabled.
I20260630 12:25:14.372447  7541 webserver.cc:533] Webserver started at http://127.7.93.126:43973/ using document root <none> and password file <none>
I20260630 12:25:14.373229  7541 fs_manager.cc:362] Metadata directory not provided
I20260630 12:25:14.373471  7541 fs_manager.cc:368] Using write-ahead log directory (fs_wal_dir) as metadata directory
I20260630 12:25:14.373929  7541 server_base.cc:909] This appears to be a new deployment of Kudu; creating new FS layout
I20260630 12:25:14.379711  7541 fs_manager.cc:1068] Generated new instance metadata in path /tmp/dist-test-taskKThO4u/test-tmp/auto_rebalancer-test.0.AutoRebalancerTest.OnlyLeaderDoesAutoRebalancing.1782822312937456-7541-0/minicluster-data/master-0-root/instance:
uuid: "06b2110f53b04c90b4998d4ab9c0ca89"
format_stamp: "Formatted at 2026-06-30 12:25:14 on dist-test-slave-wkhr"
I20260630 12:25:14.387364  7541 fs_manager.cc:696] Time spent creating directory manager: real 0.007s	user 0.006s	sys 0.001s
I20260630 12:25:14.392390  7556 log_block_manager.cc:4031] Time spent loading block containers with low live blocks: real 0.000s	user 0.000s	sys 0.000s
I20260630 12:25:14.393666  7541 fs_manager.cc:730] Time spent opening block manager: real 0.004s	user 0.005s	sys 0.000s
I20260630 12:25:14.394193  7541 fs_manager.cc:647] Opened local filesystem: /tmp/dist-test-taskKThO4u/test-tmp/auto_rebalancer-test.0.AutoRebalancerTest.OnlyLeaderDoesAutoRebalancing.1782822312937456-7541-0/minicluster-data/master-0-root
uuid: "06b2110f53b04c90b4998d4ab9c0ca89"
format_stamp: "Formatted at 2026-06-30 12:25:14 on dist-test-slave-wkhr"
I20260630 12:25:14.394577  7541 fs_report.cc:389] FS layout report
--------------------
wal directory: /tmp/dist-test-taskKThO4u/test-tmp/auto_rebalancer-test.0.AutoRebalancerTest.OnlyLeaderDoesAutoRebalancing.1782822312937456-7541-0/minicluster-data/master-0-root
metadata directory: /tmp/dist-test-taskKThO4u/test-tmp/auto_rebalancer-test.0.AutoRebalancerTest.OnlyLeaderDoesAutoRebalancing.1782822312937456-7541-0/minicluster-data/master-0-root
1 data directories: /tmp/dist-test-taskKThO4u/test-tmp/auto_rebalancer-test.0.AutoRebalancerTest.OnlyLeaderDoesAutoRebalancing.1782822312937456-7541-0/minicluster-data/master-0-root/data
Total live blocks: 0
Total live bytes: 0
Total live bytes (after alignment): 0
Total number of LBM containers: 0 (0 full)
Did not check for missing blocks
Did not check for orphaned blocks
Total full LBM containers with extra space: 0 (0 repaired)
Total full LBM container extra space in bytes: 0 (0 repaired)
Total incomplete LBM containers: 0 (0 repaired)
Total LBM partial records: 0 (0 repaired)
Total corrupted LBM metadata records in RocksDB: 0 (0 repaired)
I20260630 12:25:14.456173  7541 rpc_server.cc:225] running with OpenSSL 1.1.1  11 Sep 2018
I20260630 12:25:14.457710  7541 env_posix.cc:2267] Not raising this process' running threads per effective uid limit of 18446744073709551615; it is already as high as it can go
I20260630 12:25:14.458185  7541 kserver.cc:163] Server-wide thread pool size limit: 3276
I20260630 12:25:14.528517  7541 rpc_server.cc:307] RPC server started. Bound to: 127.7.93.126:46479
I20260630 12:25:14.528614  7607 acceptor_pool.cc:272] collecting diagnostics on the listening RPC socket 127.7.93.126:46479 every 8 connection(s)
I20260630 12:25:14.534117  7541 file_cache.cc:492] Constructed file cache file cache with capacity 419430
I20260630 12:25:14.536489  7608 data_dirs.cc:400] Could only allocate 1 dirs of requested 3 for tablet 00000000000000000000000000000000. 1 dirs total, 0 dirs full, 0 dirs failed
W20260630 12:25:14.540625  7610 instance_detector.cc:116] could not retrieve AWS instance metadata: Network error: curl error: HTTP response code said error: The requested URL returned error: 404
W20260630 12:25:14.542728  7611 instance_detector.cc:116] could not retrieve Azure instance metadata: Network error: curl error: HTTP response code said error: The requested URL returned error: 404
W20260630 12:25:14.545795  7613 instance_detector.cc:116] could not retrieve OpenStack instance metadata: Network error: curl error: HTTP response code said error: The requested URL returned error: 404
I20260630 12:25:14.545790  7541 server_base.cc:1061] running on GCE node
I20260630 12:25:14.546834  7541 hybrid_clock.cc:584] initializing the hybrid clock with 'system_unsync' time source
W20260630 12:25:14.547091  7541 system_unsync_time.cc:38] NTP support is disabled. Clock error bounds will not be accurate. This configuration is not suitable for distributed clusters.
I20260630 12:25:14.547307  7541 hybrid_clock.cc:648] HybridClock initialized: now 1782822314547287 us; error 0 us; skew 500 ppm
I20260630 12:25:14.548033  7541 server_base.cc:861] Flag tcmalloc_max_total_thread_cache_bytes is not working since tcmalloc is not enabled.
I20260630 12:25:14.552227  7541 webserver.cc:533] Webserver started at http://127.7.93.125:33967/ using document root <none> and password file <none>
I20260630 12:25:14.552943  7541 fs_manager.cc:362] Metadata directory not provided
I20260630 12:25:14.553207  7541 fs_manager.cc:368] Using write-ahead log directory (fs_wal_dir) as metadata directory
I20260630 12:25:14.553544  7541 server_base.cc:909] This appears to be a new deployment of Kudu; creating new FS layout
I20260630 12:25:14.555014  7541 fs_manager.cc:1068] Generated new instance metadata in path /tmp/dist-test-taskKThO4u/test-tmp/auto_rebalancer-test.0.AutoRebalancerTest.OnlyLeaderDoesAutoRebalancing.1782822312937456-7541-0/minicluster-data/master-1-root/instance:
uuid: "e8ab89b696904cc58f9fab5be7f62952"
format_stamp: "Formatted at 2026-06-30 12:25:14 on dist-test-slave-wkhr"
I20260630 12:25:14.561569  7541 fs_manager.cc:696] Time spent creating directory manager: real 0.006s	user 0.006s	sys 0.000s
I20260630 12:25:14.561817  7608 sys_catalog.cc:422] member_type: VOTER last_known_addr { host: "127.7.93.126" port: 46479 } has no permanent_uuid. Determining permanent_uuid...
I20260630 12:25:14.567123  7618 log_block_manager.cc:4031] Time spent loading block containers with low live blocks: real 0.000s	user 0.000s	sys 0.000s
I20260630 12:25:14.567907  7541 fs_manager.cc:730] Time spent opening block manager: real 0.004s	user 0.004s	sys 0.000s
I20260630 12:25:14.568181  7541 fs_manager.cc:647] Opened local filesystem: /tmp/dist-test-taskKThO4u/test-tmp/auto_rebalancer-test.0.AutoRebalancerTest.OnlyLeaderDoesAutoRebalancing.1782822312937456-7541-0/minicluster-data/master-1-root
uuid: "e8ab89b696904cc58f9fab5be7f62952"
format_stamp: "Formatted at 2026-06-30 12:25:14 on dist-test-slave-wkhr"
I20260630 12:25:14.568475  7541 fs_report.cc:389] FS layout report
--------------------
wal directory: /tmp/dist-test-taskKThO4u/test-tmp/auto_rebalancer-test.0.AutoRebalancerTest.OnlyLeaderDoesAutoRebalancing.1782822312937456-7541-0/minicluster-data/master-1-root
metadata directory: /tmp/dist-test-taskKThO4u/test-tmp/auto_rebalancer-test.0.AutoRebalancerTest.OnlyLeaderDoesAutoRebalancing.1782822312937456-7541-0/minicluster-data/master-1-root
1 data directories: /tmp/dist-test-taskKThO4u/test-tmp/auto_rebalancer-test.0.AutoRebalancerTest.OnlyLeaderDoesAutoRebalancing.1782822312937456-7541-0/minicluster-data/master-1-root/data
Total live blocks: 0
Total live bytes: 0
Total live bytes (after alignment): 0
Total number of LBM containers: 0 (0 full)
Did not check for missing blocks
Did not check for orphaned blocks
Total full LBM containers with extra space: 0 (0 repaired)
Total full LBM container extra space in bytes: 0 (0 repaired)
Total incomplete LBM containers: 0 (0 repaired)
Total LBM partial records: 0 (0 repaired)
Total corrupted LBM metadata records in RocksDB: 0 (0 repaired)
I20260630 12:25:14.590107  7608 sys_catalog.cc:422] member_type: VOTER last_known_addr { host: "127.7.93.125" port: 34079 } has no permanent_uuid. Determining permanent_uuid...
W20260630 12:25:14.593008  7560 proxy.cc:239] Call had error, refreshing address and retrying: Network error: Client connection negotiation failed: client connection to 127.7.93.125:34079: connect: Connection refused (error 111)
I20260630 12:25:14.594228  7541 rpc_server.cc:225] running with OpenSSL 1.1.1  11 Sep 2018
I20260630 12:25:14.595543  7541 kserver.cc:163] Server-wide thread pool size limit: 3276
W20260630 12:25:14.597802  7608 consensus_peers.cc:760] Error getting permanent uuid from config peer 127.7.93.125:34079: Network error: Client connection negotiation failed: client connection to 127.7.93.125:34079: connect: Connection refused (error 111)
I20260630 12:25:14.647413  7608 consensus_peers.cc:770] Retrying to get permanent uuid for remote peer: member_type: VOTER last_known_addr { host: "127.7.93.125" port: 34079 } attempt: 1
W20260630 12:25:14.651834  7608 consensus_peers.cc:760] Error getting permanent uuid from config peer 127.7.93.125:34079: Network error: Client connection negotiation failed: client connection to 127.7.93.125:34079: connect: Connection refused (error 111)
I20260630 12:25:14.666460  7541 rpc_server.cc:307] RPC server started. Bound to: 127.7.93.125:34079
I20260630 12:25:14.666648  7672 acceptor_pool.cc:272] collecting diagnostics on the listening RPC socket 127.7.93.125:34079 every 8 connection(s)
I20260630 12:25:14.671358  7673 data_dirs.cc:400] Could only allocate 1 dirs of requested 3 for tablet 00000000000000000000000000000000. 1 dirs total, 0 dirs full, 0 dirs failed
I20260630 12:25:14.672370  7541 file_cache.cc:492] Constructed file cache file cache with capacity 419430
I20260630 12:25:14.677572  7673 sys_catalog.cc:422] member_type: VOTER last_known_addr { host: "127.7.93.126" port: 46479 } has no permanent_uuid. Determining permanent_uuid...
W20260630 12:25:14.681219  7675 instance_detector.cc:116] could not retrieve AWS instance metadata: Network error: curl error: HTTP response code said error: The requested URL returned error: 404
W20260630 12:25:14.682494  7676 instance_detector.cc:116] could not retrieve Azure instance metadata: Network error: curl error: HTTP response code said error: The requested URL returned error: 404
W20260630 12:25:14.686079  7679 instance_detector.cc:116] could not retrieve OpenStack instance metadata: Network error: curl error: HTTP response code said error: The requested URL returned error: 404
I20260630 12:25:14.689667  7541 server_base.cc:1061] running on GCE node
I20260630 12:25:14.690946  7541 hybrid_clock.cc:584] initializing the hybrid clock with 'system_unsync' time source
W20260630 12:25:14.691247  7541 system_unsync_time.cc:38] NTP support is disabled. Clock error bounds will not be accurate. This configuration is not suitable for distributed clusters.
I20260630 12:25:14.691478  7541 hybrid_clock.cc:648] HybridClock initialized: now 1782822314691460 us; error 0 us; skew 500 ppm
I20260630 12:25:14.692248  7541 server_base.cc:861] Flag tcmalloc_max_total_thread_cache_bytes is not working since tcmalloc is not enabled.
I20260630 12:25:14.696188  7541 webserver.cc:533] Webserver started at http://127.7.93.124:41419/ using document root <none> and password file <none>
I20260630 12:25:14.696151  7673 sys_catalog.cc:422] member_type: VOTER last_known_addr { host: "127.7.93.125" port: 34079 } has no permanent_uuid. Determining permanent_uuid...
I20260630 12:25:14.696930  7541 fs_manager.cc:362] Metadata directory not provided
I20260630 12:25:14.697187  7541 fs_manager.cc:368] Using write-ahead log directory (fs_wal_dir) as metadata directory
I20260630 12:25:14.697556  7541 server_base.cc:909] This appears to be a new deployment of Kudu; creating new FS layout
I20260630 12:25:14.699158  7541 fs_manager.cc:1068] Generated new instance metadata in path /tmp/dist-test-taskKThO4u/test-tmp/auto_rebalancer-test.0.AutoRebalancerTest.OnlyLeaderDoesAutoRebalancing.1782822312937456-7541-0/minicluster-data/master-2-root/instance:
uuid: "0dce6ec91ce34832b5e33986bbbee161"
format_stamp: "Formatted at 2026-06-30 12:25:14 on dist-test-slave-wkhr"
I20260630 12:25:14.706248  7541 fs_manager.cc:696] Time spent creating directory manager: real 0.006s	user 0.006s	sys 0.001s
I20260630 12:25:14.708564  7673 sys_catalog.cc:422] member_type: VOTER last_known_addr { host: "127.7.93.124" port: 35327 } has no permanent_uuid. Determining permanent_uuid...
I20260630 12:25:14.711531  7685 log_block_manager.cc:4031] Time spent loading block containers with low live blocks: real 0.000s	user 0.000s	sys 0.000s
I20260630 12:25:14.712373  7541 fs_manager.cc:730] Time spent opening block manager: real 0.003s	user 0.002s	sys 0.002s
I20260630 12:25:14.712664  7541 fs_manager.cc:647] Opened local filesystem: /tmp/dist-test-taskKThO4u/test-tmp/auto_rebalancer-test.0.AutoRebalancerTest.OnlyLeaderDoesAutoRebalancing.1782822312937456-7541-0/minicluster-data/master-2-root
uuid: "0dce6ec91ce34832b5e33986bbbee161"
format_stamp: "Formatted at 2026-06-30 12:25:14 on dist-test-slave-wkhr"
I20260630 12:25:14.712987  7541 fs_report.cc:389] FS layout report
--------------------
wal directory: /tmp/dist-test-taskKThO4u/test-tmp/auto_rebalancer-test.0.AutoRebalancerTest.OnlyLeaderDoesAutoRebalancing.1782822312937456-7541-0/minicluster-data/master-2-root
metadata directory: /tmp/dist-test-taskKThO4u/test-tmp/auto_rebalancer-test.0.AutoRebalancerTest.OnlyLeaderDoesAutoRebalancing.1782822312937456-7541-0/minicluster-data/master-2-root
1 data directories: /tmp/dist-test-taskKThO4u/test-tmp/auto_rebalancer-test.0.AutoRebalancerTest.OnlyLeaderDoesAutoRebalancing.1782822312937456-7541-0/minicluster-data/master-2-root/data
Total live blocks: 0
Total live bytes: 0
Total live bytes (after alignment): 0
Total number of LBM containers: 0 (0 full)
Did not check for missing blocks
Did not check for orphaned blocks
Total full LBM containers with extra space: 0 (0 repaired)
Total full LBM container extra space in bytes: 0 (0 repaired)
Total incomplete LBM containers: 0 (0 repaired)
Total LBM partial records: 0 (0 repaired)
Total corrupted LBM metadata records in RocksDB: 0 (0 repaired)
I20260630 12:25:14.720227  7608 consensus_peers.cc:770] Retrying to get permanent uuid for remote peer: member_type: VOTER last_known_addr { host: "127.7.93.125" port: 34079 } attempt: 2
W20260630 12:25:14.724148  7673 consensus_peers.cc:760] Error getting permanent uuid from config peer 127.7.93.124:35327: Network error: Client connection negotiation failed: client connection to 127.7.93.124:35327: connect: Connection refused (error 111)
I20260630 12:25:14.730077  7541 rpc_server.cc:225] running with OpenSSL 1.1.1  11 Sep 2018
I20260630 12:25:14.730602  7608 sys_catalog.cc:422] member_type: VOTER last_known_addr { host: "127.7.93.124" port: 35327 } has no permanent_uuid. Determining permanent_uuid...
I20260630 12:25:14.731411  7541 kserver.cc:163] Server-wide thread pool size limit: 3276
W20260630 12:25:14.735673  7608 consensus_peers.cc:760] Error getting permanent uuid from config peer 127.7.93.124:35327: Network error: Client connection negotiation failed: client connection to 127.7.93.124:35327: connect: Connection refused (error 111)
I20260630 12:25:14.767423  7608 consensus_peers.cc:770] Retrying to get permanent uuid for remote peer: member_type: VOTER last_known_addr { host: "127.7.93.124" port: 35327 } attempt: 1
I20260630 12:25:14.767712  7673 consensus_peers.cc:770] Retrying to get permanent uuid for remote peer: member_type: VOTER last_known_addr { host: "127.7.93.124" port: 35327 } attempt: 1
W20260630 12:25:14.773658  7673 consensus_peers.cc:760] Error getting permanent uuid from config peer 127.7.93.124:35327: Network error: Client connection negotiation failed: client connection to 127.7.93.124:35327: connect: Connection refused (error 111)
W20260630 12:25:14.774327  7608 consensus_peers.cc:760] Error getting permanent uuid from config peer 127.7.93.124:35327: Network error: Client connection negotiation failed: client connection to 127.7.93.124:35327: connect: Connection refused (error 111)
I20260630 12:25:14.799713  7541 rpc_server.cc:307] RPC server started. Bound to: 127.7.93.124:35327
I20260630 12:25:14.799829  7737 acceptor_pool.cc:272] collecting diagnostics on the listening RPC socket 127.7.93.124:35327 every 8 connection(s)
I20260630 12:25:14.803792  7541 internal_mini_cluster.cc:184] Waiting to initialize catalog manager on master 0
I20260630 12:25:14.804620  7738 data_dirs.cc:400] Could only allocate 1 dirs of requested 3 for tablet 00000000000000000000000000000000. 1 dirs total, 0 dirs full, 0 dirs failed
I20260630 12:25:14.809785  7738 sys_catalog.cc:422] member_type: VOTER last_known_addr { host: "127.7.93.126" port: 46479 } has no permanent_uuid. Determining permanent_uuid...
I20260630 12:25:14.821509  7738 sys_catalog.cc:422] member_type: VOTER last_known_addr { host: "127.7.93.125" port: 34079 } has no permanent_uuid. Determining permanent_uuid...
I20260630 12:25:14.830787  7738 sys_catalog.cc:422] member_type: VOTER last_known_addr { host: "127.7.93.124" port: 35327 } has no permanent_uuid. Determining permanent_uuid...
I20260630 12:25:14.841833  7608 consensus_peers.cc:770] Retrying to get permanent uuid for remote peer: member_type: VOTER last_known_addr { host: "127.7.93.124" port: 35327 } attempt: 2
I20260630 12:25:14.849125  7673 consensus_peers.cc:770] Retrying to get permanent uuid for remote peer: member_type: VOTER last_known_addr { host: "127.7.93.124" port: 35327 } attempt: 2
I20260630 12:25:14.850440  7738 tablet_bootstrap.cc:492] T 00000000000000000000000000000000 P 0dce6ec91ce34832b5e33986bbbee161: Bootstrap starting.
I20260630 12:25:14.860024  7738 tablet_bootstrap.cc:654] T 00000000000000000000000000000000 P 0dce6ec91ce34832b5e33986bbbee161: Neither blocks nor log segments found. Creating new log.
I20260630 12:25:14.860260  7608 tablet_bootstrap.cc:492] T 00000000000000000000000000000000 P 06b2110f53b04c90b4998d4ab9c0ca89: Bootstrap starting.
I20260630 12:25:14.862483  7738 log.cc:826] T 00000000000000000000000000000000 P 0dce6ec91ce34832b5e33986bbbee161: Log is configured to *not* fsync() on all Append() calls
I20260630 12:25:14.864575  7673 tablet_bootstrap.cc:492] T 00000000000000000000000000000000 P e8ab89b696904cc58f9fab5be7f62952: Bootstrap starting.
I20260630 12:25:14.866910  7608 tablet_bootstrap.cc:654] T 00000000000000000000000000000000 P 06b2110f53b04c90b4998d4ab9c0ca89: Neither blocks nor log segments found. Creating new log.
I20260630 12:25:14.869032  7738 tablet_bootstrap.cc:492] T 00000000000000000000000000000000 P 0dce6ec91ce34832b5e33986bbbee161: No bootstrap required, opened a new log
I20260630 12:25:14.869760  7673 tablet_bootstrap.cc:654] T 00000000000000000000000000000000 P e8ab89b696904cc58f9fab5be7f62952: Neither blocks nor log segments found. Creating new log.
I20260630 12:25:14.873210  7608 tablet_bootstrap.cc:492] T 00000000000000000000000000000000 P 06b2110f53b04c90b4998d4ab9c0ca89: No bootstrap required, opened a new log
I20260630 12:25:14.875677  7673 tablet_bootstrap.cc:492] T 00000000000000000000000000000000 P e8ab89b696904cc58f9fab5be7f62952: No bootstrap required, opened a new log
I20260630 12:25:14.889438  7673 raft_consensus.cc:359] T 00000000000000000000000000000000 P e8ab89b696904cc58f9fab5be7f62952 [term 0 FOLLOWER]: Replica starting. Triggering 0 pending ops. Active config: opid_index: -1 OBSOLETE_local: false peers { permanent_uuid: "06b2110f53b04c90b4998d4ab9c0ca89" member_type: VOTER last_known_addr { host: "127.7.93.126" port: 46479 } } peers { permanent_uuid: "e8ab89b696904cc58f9fab5be7f62952" member_type: VOTER last_known_addr { host: "127.7.93.125" port: 34079 } } peers { permanent_uuid: "0dce6ec91ce34832b5e33986bbbee161" member_type: VOTER last_known_addr { host: "127.7.93.124" port: 35327 } }
I20260630 12:25:14.889453  7738 raft_consensus.cc:359] T 00000000000000000000000000000000 P 0dce6ec91ce34832b5e33986bbbee161 [term 0 FOLLOWER]: Replica starting. Triggering 0 pending ops. Active config: opid_index: -1 OBSOLETE_local: false peers { permanent_uuid: "06b2110f53b04c90b4998d4ab9c0ca89" member_type: VOTER last_known_addr { host: "127.7.93.126" port: 46479 } } peers { permanent_uuid: "e8ab89b696904cc58f9fab5be7f62952" member_type: VOTER last_known_addr { host: "127.7.93.125" port: 34079 } } peers { permanent_uuid: "0dce6ec91ce34832b5e33986bbbee161" member_type: VOTER last_known_addr { host: "127.7.93.124" port: 35327 } }
I20260630 12:25:14.890154  7673 raft_consensus.cc:385] T 00000000000000000000000000000000 P e8ab89b696904cc58f9fab5be7f62952 [term 0 FOLLOWER]: Consensus starting up: Expiring failure detector timer to make a prompt election more likely
I20260630 12:25:14.889456  7608 raft_consensus.cc:359] T 00000000000000000000000000000000 P 06b2110f53b04c90b4998d4ab9c0ca89 [term 0 FOLLOWER]: Replica starting. Triggering 0 pending ops. Active config: opid_index: -1 OBSOLETE_local: false peers { permanent_uuid: "06b2110f53b04c90b4998d4ab9c0ca89" member_type: VOTER last_known_addr { host: "127.7.93.126" port: 46479 } } peers { permanent_uuid: "e8ab89b696904cc58f9fab5be7f62952" member_type: VOTER last_known_addr { host: "127.7.93.125" port: 34079 } } peers { permanent_uuid: "0dce6ec91ce34832b5e33986bbbee161" member_type: VOTER last_known_addr { host: "127.7.93.124" port: 35327 } }
I20260630 12:25:14.890417  7738 raft_consensus.cc:385] T 00000000000000000000000000000000 P 0dce6ec91ce34832b5e33986bbbee161 [term 0 FOLLOWER]: Consensus starting up: Expiring failure detector timer to make a prompt election more likely
I20260630 12:25:14.890547  7608 raft_consensus.cc:385] T 00000000000000000000000000000000 P 06b2110f53b04c90b4998d4ab9c0ca89 [term 0 FOLLOWER]: Consensus starting up: Expiring failure detector timer to make a prompt election more likely
I20260630 12:25:14.890478  7673 raft_consensus.cc:740] T 00000000000000000000000000000000 P e8ab89b696904cc58f9fab5be7f62952 [term 0 FOLLOWER]: Becoming Follower/Learner. State: Replica: e8ab89b696904cc58f9fab5be7f62952, State: Initialized, Role: FOLLOWER
I20260630 12:25:14.890782  7738 raft_consensus.cc:740] T 00000000000000000000000000000000 P 0dce6ec91ce34832b5e33986bbbee161 [term 0 FOLLOWER]: Becoming Follower/Learner. State: Replica: 0dce6ec91ce34832b5e33986bbbee161, State: Initialized, Role: FOLLOWER
I20260630 12:25:14.891089  7608 raft_consensus.cc:740] T 00000000000000000000000000000000 P 06b2110f53b04c90b4998d4ab9c0ca89 [term 0 FOLLOWER]: Becoming Follower/Learner. State: Replica: 06b2110f53b04c90b4998d4ab9c0ca89, State: Initialized, Role: FOLLOWER
I20260630 12:25:14.891791  7738 consensus_queue.cc:260] T 00000000000000000000000000000000 P 0dce6ec91ce34832b5e33986bbbee161 [NON_LEADER]: Queue going to NON_LEADER mode. State: All replicated index: 0, Majority replicated index: 0, Committed index: 0, Last appended: 0.0, Last appended by leader: 0, Current term: 0, Majority size: -1, State: 0, Mode: NON_LEADER, active raft config: opid_index: -1 OBSOLETE_local: false peers { permanent_uuid: "06b2110f53b04c90b4998d4ab9c0ca89" member_type: VOTER last_known_addr { host: "127.7.93.126" port: 46479 } } peers { permanent_uuid: "e8ab89b696904cc58f9fab5be7f62952" member_type: VOTER last_known_addr { host: "127.7.93.125" port: 34079 } } peers { permanent_uuid: "0dce6ec91ce34832b5e33986bbbee161" member_type: VOTER last_known_addr { host: "127.7.93.124" port: 35327 } }
I20260630 12:25:14.891906  7608 consensus_queue.cc:260] T 00000000000000000000000000000000 P 06b2110f53b04c90b4998d4ab9c0ca89 [NON_LEADER]: Queue going to NON_LEADER mode. State: All replicated index: 0, Majority replicated index: 0, Committed index: 0, Last appended: 0.0, Last appended by leader: 0, Current term: 0, Majority size: -1, State: 0, Mode: NON_LEADER, active raft config: opid_index: -1 OBSOLETE_local: false peers { permanent_uuid: "06b2110f53b04c90b4998d4ab9c0ca89" member_type: VOTER last_known_addr { host: "127.7.93.126" port: 46479 } } peers { permanent_uuid: "e8ab89b696904cc58f9fab5be7f62952" member_type: VOTER last_known_addr { host: "127.7.93.125" port: 34079 } } peers { permanent_uuid: "0dce6ec91ce34832b5e33986bbbee161" member_type: VOTER last_known_addr { host: "127.7.93.124" port: 35327 } }
I20260630 12:25:14.891793  7673 consensus_queue.cc:260] T 00000000000000000000000000000000 P e8ab89b696904cc58f9fab5be7f62952 [NON_LEADER]: Queue going to NON_LEADER mode. State: All replicated index: 0, Majority replicated index: 0, Committed index: 0, Last appended: 0.0, Last appended by leader: 0, Current term: 0, Majority size: -1, State: 0, Mode: NON_LEADER, active raft config: opid_index: -1 OBSOLETE_local: false peers { permanent_uuid: "06b2110f53b04c90b4998d4ab9c0ca89" member_type: VOTER last_known_addr { host: "127.7.93.126" port: 46479 } } peers { permanent_uuid: "e8ab89b696904cc58f9fab5be7f62952" member_type: VOTER last_known_addr { host: "127.7.93.125" port: 34079 } } peers { permanent_uuid: "0dce6ec91ce34832b5e33986bbbee161" member_type: VOTER last_known_addr { host: "127.7.93.124" port: 35327 } }
I20260630 12:25:14.895736  7747 sys_catalog.cc:455] T 00000000000000000000000000000000 P e8ab89b696904cc58f9fab5be7f62952 [sys.catalog]: SysCatalogTable state changed. Reason: RaftConsensus started. Latest consensus state: current_term: 0 committed_config { opid_index: -1 OBSOLETE_local: false peers { permanent_uuid: "06b2110f53b04c90b4998d4ab9c0ca89" member_type: VOTER last_known_addr { host: "127.7.93.126" port: 46479 } } peers { permanent_uuid: "e8ab89b696904cc58f9fab5be7f62952" member_type: VOTER last_known_addr { host: "127.7.93.125" port: 34079 } } peers { permanent_uuid: "0dce6ec91ce34832b5e33986bbbee161" member_type: VOTER last_known_addr { host: "127.7.93.124" port: 35327 } } }
I20260630 12:25:14.896441  7738 sys_catalog.cc:565] T 00000000000000000000000000000000 P 0dce6ec91ce34832b5e33986bbbee161 [sys.catalog]: configured and running, proceeding with master startup.
I20260630 12:25:14.896530  7747 sys_catalog.cc:458] T 00000000000000000000000000000000 P e8ab89b696904cc58f9fab5be7f62952 [sys.catalog]: This master's current role is: FOLLOWER
I20260630 12:25:14.897764  7673 sys_catalog.cc:565] T 00000000000000000000000000000000 P e8ab89b696904cc58f9fab5be7f62952 [sys.catalog]: configured and running, proceeding with master startup.
I20260630 12:25:14.899456  7745 sys_catalog.cc:455] T 00000000000000000000000000000000 P 0dce6ec91ce34832b5e33986bbbee161 [sys.catalog]: SysCatalogTable state changed. Reason: RaftConsensus started. Latest consensus state: current_term: 0 committed_config { opid_index: -1 OBSOLETE_local: false peers { permanent_uuid: "06b2110f53b04c90b4998d4ab9c0ca89" member_type: VOTER last_known_addr { host: "127.7.93.126" port: 46479 } } peers { permanent_uuid: "e8ab89b696904cc58f9fab5be7f62952" member_type: VOTER last_known_addr { host: "127.7.93.125" port: 34079 } } peers { permanent_uuid: "0dce6ec91ce34832b5e33986bbbee161" member_type: VOTER last_known_addr { host: "127.7.93.124" port: 35327 } } }
I20260630 12:25:14.900619  7745 sys_catalog.cc:458] T 00000000000000000000000000000000 P 0dce6ec91ce34832b5e33986bbbee161 [sys.catalog]: This master's current role is: FOLLOWER
I20260630 12:25:14.900466  7746 sys_catalog.cc:455] T 00000000000000000000000000000000 P 06b2110f53b04c90b4998d4ab9c0ca89 [sys.catalog]: SysCatalogTable state changed. Reason: RaftConsensus started. Latest consensus state: current_term: 0 committed_config { opid_index: -1 OBSOLETE_local: false peers { permanent_uuid: "06b2110f53b04c90b4998d4ab9c0ca89" member_type: VOTER last_known_addr { host: "127.7.93.126" port: 46479 } } peers { permanent_uuid: "e8ab89b696904cc58f9fab5be7f62952" member_type: VOTER last_known_addr { host: "127.7.93.125" port: 34079 } } peers { permanent_uuid: "0dce6ec91ce34832b5e33986bbbee161" member_type: VOTER last_known_addr { host: "127.7.93.124" port: 35327 } } }
I20260630 12:25:14.901281  7746 sys_catalog.cc:458] T 00000000000000000000000000000000 P 06b2110f53b04c90b4998d4ab9c0ca89 [sys.catalog]: This master's current role is: FOLLOWER
I20260630 12:25:14.904145  7608 sys_catalog.cc:565] T 00000000000000000000000000000000 P 06b2110f53b04c90b4998d4ab9c0ca89 [sys.catalog]: configured and running, proceeding with master startup.
I20260630 12:25:14.935338  7745 raft_consensus.cc:493] T 00000000000000000000000000000000 P 0dce6ec91ce34832b5e33986bbbee161 [term 0 FOLLOWER]: Starting pre-election (no leader contacted us within the election timeout)
I20260630 12:25:14.936161  7745 raft_consensus.cc:515] T 00000000000000000000000000000000 P 0dce6ec91ce34832b5e33986bbbee161 [term 0 FOLLOWER]: Starting pre-election with config: opid_index: -1 OBSOLETE_local: false peers { permanent_uuid: "06b2110f53b04c90b4998d4ab9c0ca89" member_type: VOTER last_known_addr { host: "127.7.93.126" port: 46479 } } peers { permanent_uuid: "e8ab89b696904cc58f9fab5be7f62952" member_type: VOTER last_known_addr { host: "127.7.93.125" port: 34079 } } peers { permanent_uuid: "0dce6ec91ce34832b5e33986bbbee161" member_type: VOTER last_known_addr { host: "127.7.93.124" port: 35327 } }
I20260630 12:25:14.942049  7583 tablet_service.cc:1917] Received RequestConsensusVote() RPC: tablet_id: "00000000000000000000000000000000" candidate_uuid: "0dce6ec91ce34832b5e33986bbbee161" candidate_term: 1 candidate_status { last_received { term: 0 index: 0 } } ignore_live_leader: false dest_uuid: "06b2110f53b04c90b4998d4ab9c0ca89" is_pre_election: true
I20260630 12:25:14.943269  7583 raft_consensus.cc:2468] T 00000000000000000000000000000000 P 06b2110f53b04c90b4998d4ab9c0ca89 [term 0 FOLLOWER]: Leader pre-election vote request: Granting yes vote for candidate 0dce6ec91ce34832b5e33986bbbee161 in term 0.
I20260630 12:25:14.945453  7689 leader_election.cc:304] T 00000000000000000000000000000000 P 0dce6ec91ce34832b5e33986bbbee161 [CANDIDATE]: Term 1 pre-election: Election decided. Result: candidate won. Election summary: received 2 responses out of 3 voters: 2 yes votes; 0 no votes. yes voters: 06b2110f53b04c90b4998d4ab9c0ca89, 0dce6ec91ce34832b5e33986bbbee161; no voters: 
I20260630 12:25:14.950243  7648 tablet_service.cc:1917] Received RequestConsensusVote() RPC: tablet_id: "00000000000000000000000000000000" candidate_uuid: "0dce6ec91ce34832b5e33986bbbee161" candidate_term: 1 candidate_status { last_received { term: 0 index: 0 } } ignore_live_leader: false dest_uuid: "e8ab89b696904cc58f9fab5be7f62952" is_pre_election: true
I20260630 12:25:14.952580  7648 raft_consensus.cc:2468] T 00000000000000000000000000000000 P e8ab89b696904cc58f9fab5be7f62952 [term 0 FOLLOWER]: Leader pre-election vote request: Granting yes vote for candidate 0dce6ec91ce34832b5e33986bbbee161 in term 0.
I20260630 12:25:14.954528  7745 leader_election.cc:290] T 00000000000000000000000000000000 P 0dce6ec91ce34832b5e33986bbbee161 [CANDIDATE]: Term 1 pre-election: Requested pre-vote from peers 06b2110f53b04c90b4998d4ab9c0ca89 (127.7.93.126:46479), e8ab89b696904cc58f9fab5be7f62952 (127.7.93.125:34079)
I20260630 12:25:14.955348  7745 raft_consensus.cc:2804] T 00000000000000000000000000000000 P 0dce6ec91ce34832b5e33986bbbee161 [term 0 FOLLOWER]: Leader pre-election won for term 1
I20260630 12:25:14.955901  7745 raft_consensus.cc:493] T 00000000000000000000000000000000 P 0dce6ec91ce34832b5e33986bbbee161 [term 0 FOLLOWER]: Starting leader election (no leader contacted us within the election timeout)
I20260630 12:25:14.956393  7745 raft_consensus.cc:3060] T 00000000000000000000000000000000 P 0dce6ec91ce34832b5e33986bbbee161 [term 0 FOLLOWER]: Advancing to term 1
W20260630 12:25:14.963889  7562 tablet.cc:2406] T 00000000000000000000000000000000 P 06b2110f53b04c90b4998d4ab9c0ca89: Can't schedule compaction. Clean time has not been advanced past its initial value.
I20260630 12:25:14.972505  7745 raft_consensus.cc:515] T 00000000000000000000000000000000 P 0dce6ec91ce34832b5e33986bbbee161 [term 1 FOLLOWER]: Starting leader election with config: opid_index: -1 OBSOLETE_local: false peers { permanent_uuid: "06b2110f53b04c90b4998d4ab9c0ca89" member_type: VOTER last_known_addr { host: "127.7.93.126" port: 46479 } } peers { permanent_uuid: "e8ab89b696904cc58f9fab5be7f62952" member_type: VOTER last_known_addr { host: "127.7.93.125" port: 34079 } } peers { permanent_uuid: "0dce6ec91ce34832b5e33986bbbee161" member_type: VOTER last_known_addr { host: "127.7.93.124" port: 35327 } }
I20260630 12:25:14.976325  7583 tablet_service.cc:1917] Received RequestConsensusVote() RPC: tablet_id: "00000000000000000000000000000000" candidate_uuid: "0dce6ec91ce34832b5e33986bbbee161" candidate_term: 1 candidate_status { last_received { term: 0 index: 0 } } ignore_live_leader: false dest_uuid: "06b2110f53b04c90b4998d4ab9c0ca89"
I20260630 12:25:14.977097  7583 raft_consensus.cc:3060] T 00000000000000000000000000000000 P 06b2110f53b04c90b4998d4ab9c0ca89 [term 0 FOLLOWER]: Advancing to term 1
I20260630 12:25:14.990309  7648 tablet_service.cc:1917] Received RequestConsensusVote() RPC: tablet_id: "00000000000000000000000000000000" candidate_uuid: "0dce6ec91ce34832b5e33986bbbee161" candidate_term: 1 candidate_status { last_received { term: 0 index: 0 } } ignore_live_leader: false dest_uuid: "e8ab89b696904cc58f9fab5be7f62952"
I20260630 12:25:14.991236  7648 raft_consensus.cc:3060] T 00000000000000000000000000000000 P e8ab89b696904cc58f9fab5be7f62952 [term 0 FOLLOWER]: Advancing to term 1
I20260630 12:25:15.000087  7583 raft_consensus.cc:2468] T 00000000000000000000000000000000 P 06b2110f53b04c90b4998d4ab9c0ca89 [term 1 FOLLOWER]: Leader election vote request: Granting yes vote for candidate 0dce6ec91ce34832b5e33986bbbee161 in term 1.
I20260630 12:25:15.003638  7689 leader_election.cc:304] T 00000000000000000000000000000000 P 0dce6ec91ce34832b5e33986bbbee161 [CANDIDATE]: Term 1 election: Election decided. Result: candidate won. Election summary: received 2 responses out of 3 voters: 2 yes votes; 0 no votes. yes voters: 06b2110f53b04c90b4998d4ab9c0ca89, 0dce6ec91ce34832b5e33986bbbee161; no voters: 
I20260630 12:25:15.004662  7775 raft_consensus.cc:2804] T 00000000000000000000000000000000 P 0dce6ec91ce34832b5e33986bbbee161 [term 1 FOLLOWER]: Leader election won for term 1
I20260630 12:25:15.002081  7648 raft_consensus.cc:2468] T 00000000000000000000000000000000 P e8ab89b696904cc58f9fab5be7f62952 [term 1 FOLLOWER]: Leader election vote request: Granting yes vote for candidate 0dce6ec91ce34832b5e33986bbbee161 in term 1.
I20260630 12:25:14.999626  7745 leader_election.cc:290] T 00000000000000000000000000000000 P 0dce6ec91ce34832b5e33986bbbee161 [CANDIDATE]: Term 1 election: Requested vote from peers 06b2110f53b04c90b4998d4ab9c0ca89 (127.7.93.126:46479), e8ab89b696904cc58f9fab5be7f62952 (127.7.93.125:34079)
W20260630 12:25:15.005640  7774 catalog_manager.cc:1594] T 00000000000000000000000000000000 P e8ab89b696904cc58f9fab5be7f62952: loading cluster ID for follower catalog manager: Not found: cluster ID entry not found
W20260630 12:25:15.008198  7774 catalog_manager.cc:883] Not found: cluster ID entry not found: failed to prepare follower catalog manager, will retry
I20260630 12:25:15.010263  7541 internal_mini_cluster.cc:184] Waiting to initialize catalog manager on master 1
I20260630 12:25:15.010366  7775 raft_consensus.cc:697] T 00000000000000000000000000000000 P 0dce6ec91ce34832b5e33986bbbee161 [term 1 LEADER]: Becoming Leader. State: Replica: 0dce6ec91ce34832b5e33986bbbee161, State: Running, Role: LEADER
I20260630 12:25:15.010566  7541 internal_mini_cluster.cc:184] Waiting to initialize catalog manager on master 2
I20260630 12:25:15.010926  7778 catalog_manager.cc:805] Waiting for catalog manager background task thread to start: Service unavailable: Catalog manager is not initialized. State: Starting
I20260630 12:25:15.011488  7775 consensus_queue.cc:237] T 00000000000000000000000000000000 P 0dce6ec91ce34832b5e33986bbbee161 [LEADER]: Queue going to LEADER mode. State: All replicated index: 0, Majority replicated index: 0, Committed index: 0, Last appended: 0.0, Last appended by leader: 0, Current term: 1, Majority size: 2, State: 0, Mode: LEADER, active raft config: opid_index: -1 OBSOLETE_local: false peers { permanent_uuid: "06b2110f53b04c90b4998d4ab9c0ca89" member_type: VOTER last_known_addr { host: "127.7.93.126" port: 46479 } } peers { permanent_uuid: "e8ab89b696904cc58f9fab5be7f62952" member_type: VOTER last_known_addr { host: "127.7.93.125" port: 34079 } } peers { permanent_uuid: "0dce6ec91ce34832b5e33986bbbee161" member_type: VOTER last_known_addr { host: "127.7.93.124" port: 35327 } }
I20260630 12:25:15.025703  7745 sys_catalog.cc:455] T 00000000000000000000000000000000 P 0dce6ec91ce34832b5e33986bbbee161 [sys.catalog]: SysCatalogTable state changed. Reason: New leader 0dce6ec91ce34832b5e33986bbbee161. Latest consensus state: current_term: 1 leader_uuid: "0dce6ec91ce34832b5e33986bbbee161" committed_config { opid_index: -1 OBSOLETE_local: false peers { permanent_uuid: "06b2110f53b04c90b4998d4ab9c0ca89" member_type: VOTER last_known_addr { host: "127.7.93.126" port: 46479 } } peers { permanent_uuid: "e8ab89b696904cc58f9fab5be7f62952" member_type: VOTER last_known_addr { host: "127.7.93.125" port: 34079 } } peers { permanent_uuid: "0dce6ec91ce34832b5e33986bbbee161" member_type: VOTER last_known_addr { host: "127.7.93.124" port: 35327 } } }
I20260630 12:25:15.026489  7745 sys_catalog.cc:458] T 00000000000000000000000000000000 P 0dce6ec91ce34832b5e33986bbbee161 [sys.catalog]: This master's current role is: LEADER
I20260630 12:25:15.027968  7541 file_cache.cc:492] Constructed file cache file cache with capacity 419430
W20260630 12:25:15.037299  7784 catalog_manager.cc:1594] T 00000000000000000000000000000000 P 0dce6ec91ce34832b5e33986bbbee161: loading cluster ID for follower catalog manager: Not found: cluster ID entry not found
W20260630 12:25:15.037644  7784 catalog_manager.cc:883] Not found: cluster ID entry not found: failed to prepare follower catalog manager, will retry
I20260630 12:25:15.038097  7785 catalog_manager.cc:1511] Loading table and tablet metadata into memory...
I20260630 12:25:15.046612  7785 catalog_manager.cc:1520] Initializing Kudu cluster ID...
W20260630 12:25:15.048074  7786 instance_detector.cc:116] could not retrieve AWS instance metadata: Network error: curl error: HTTP response code said error: The requested URL returned error: 404
W20260630 12:25:15.048494  7787 instance_detector.cc:116] could not retrieve Azure instance metadata: Network error: curl error: HTTP response code said error: The requested URL returned error: 404
I20260630 12:25:15.059360  7541 server_base.cc:1061] running on GCE node
W20260630 12:25:15.060534  7789 instance_detector.cc:116] could not retrieve OpenStack instance metadata: Network error: curl error: HTTP response code said error: The requested URL returned error: 404
I20260630 12:25:15.061542  7541 hybrid_clock.cc:584] initializing the hybrid clock with 'system_unsync' time source
W20260630 12:25:15.061761  7541 system_unsync_time.cc:38] NTP support is disabled. Clock error bounds will not be accurate. This configuration is not suitable for distributed clusters.
I20260630 12:25:15.061956  7541 hybrid_clock.cc:648] HybridClock initialized: now 1782822315061937 us; error 0 us; skew 500 ppm
I20260630 12:25:15.062467  7541 server_base.cc:861] Flag tcmalloc_max_total_thread_cache_bytes is not working since tcmalloc is not enabled.
I20260630 12:25:15.069069  7541 webserver.cc:533] Webserver started at http://127.7.93.65:44097/ using document root <none> and password file <none>
I20260630 12:25:15.069700  7541 fs_manager.cc:362] Metadata directory not provided
I20260630 12:25:15.069933  7541 fs_manager.cc:368] Using write-ahead log directory (fs_wal_dir) as metadata directory
I20260630 12:25:15.070353  7541 server_base.cc:909] This appears to be a new deployment of Kudu; creating new FS layout
I20260630 12:25:15.071817  7541 fs_manager.cc:1068] Generated new instance metadata in path /tmp/dist-test-taskKThO4u/test-tmp/auto_rebalancer-test.0.AutoRebalancerTest.OnlyLeaderDoesAutoRebalancing.1782822312937456-7541-0/minicluster-data/ts-0-root/instance:
uuid: "540fe2e3ef3e4065b7ac332cfd59d5bc"
format_stamp: "Formatted at 2026-06-30 12:25:15 on dist-test-slave-wkhr"
I20260630 12:25:15.072228  7648 raft_consensus.cc:1275] T 00000000000000000000000000000000 P e8ab89b696904cc58f9fab5be7f62952 [term 1 FOLLOWER]: Refusing update from remote peer 0dce6ec91ce34832b5e33986bbbee161: Log matching property violated. Preceding OpId in replica: term: 0 index: 0. Preceding OpId from leader: term: 1 index: 2. (index mismatch)
I20260630 12:25:15.073041  7583 raft_consensus.cc:1275] T 00000000000000000000000000000000 P 06b2110f53b04c90b4998d4ab9c0ca89 [term 1 FOLLOWER]: Refusing update from remote peer 0dce6ec91ce34832b5e33986bbbee161: Log matching property violated. Preceding OpId in replica: term: 0 index: 0. Preceding OpId from leader: term: 1 index: 2. (index mismatch)
I20260630 12:25:15.073904  7745 consensus_queue.cc:1048] T 00000000000000000000000000000000 P 0dce6ec91ce34832b5e33986bbbee161 [LEADER]: Connected to new peer: Peer: permanent_uuid: "e8ab89b696904cc58f9fab5be7f62952" member_type: VOTER last_known_addr { host: "127.7.93.125" port: 34079 }, Status: LMP_MISMATCH, Last received: 0.0, Next index: 1, Last known committed idx: 0, Time since last communication: 0.000s
I20260630 12:25:15.074836  7775 consensus_queue.cc:1048] T 00000000000000000000000000000000 P 0dce6ec91ce34832b5e33986bbbee161 [LEADER]: Connected to new peer: Peer: permanent_uuid: "06b2110f53b04c90b4998d4ab9c0ca89" member_type: VOTER last_known_addr { host: "127.7.93.126" port: 46479 }, Status: LMP_MISMATCH, Last received: 0.0, Next index: 1, Last known committed idx: 0, Time since last communication: 0.000s
I20260630 12:25:15.096202  7746 sys_catalog.cc:455] T 00000000000000000000000000000000 P 06b2110f53b04c90b4998d4ab9c0ca89 [sys.catalog]: SysCatalogTable state changed. Reason: New leader 0dce6ec91ce34832b5e33986bbbee161. Latest consensus state: current_term: 1 leader_uuid: "0dce6ec91ce34832b5e33986bbbee161" committed_config { opid_index: -1 OBSOLETE_local: false peers { permanent_uuid: "06b2110f53b04c90b4998d4ab9c0ca89" member_type: VOTER last_known_addr { host: "127.7.93.126" port: 46479 } } peers { permanent_uuid: "e8ab89b696904cc58f9fab5be7f62952" member_type: VOTER last_known_addr { host: "127.7.93.125" port: 34079 } } peers { permanent_uuid: "0dce6ec91ce34832b5e33986bbbee161" member_type: VOTER last_known_addr { host: "127.7.93.124" port: 35327 } } }
I20260630 12:25:15.097268  7746 sys_catalog.cc:458] T 00000000000000000000000000000000 P 06b2110f53b04c90b4998d4ab9c0ca89 [sys.catalog]: This master's current role is: FOLLOWER
I20260630 12:25:15.101253  7541 fs_manager.cc:696] Time spent creating directory manager: real 0.027s	user 0.009s	sys 0.016s
I20260630 12:25:15.102553  7747 sys_catalog.cc:455] T 00000000000000000000000000000000 P e8ab89b696904cc58f9fab5be7f62952 [sys.catalog]: SysCatalogTable state changed. Reason: New leader 0dce6ec91ce34832b5e33986bbbee161. Latest consensus state: current_term: 1 leader_uuid: "0dce6ec91ce34832b5e33986bbbee161" committed_config { opid_index: -1 OBSOLETE_local: false peers { permanent_uuid: "06b2110f53b04c90b4998d4ab9c0ca89" member_type: VOTER last_known_addr { host: "127.7.93.126" port: 46479 } } peers { permanent_uuid: "e8ab89b696904cc58f9fab5be7f62952" member_type: VOTER last_known_addr { host: "127.7.93.125" port: 34079 } } peers { permanent_uuid: "0dce6ec91ce34832b5e33986bbbee161" member_type: VOTER last_known_addr { host: "127.7.93.124" port: 35327 } } }
I20260630 12:25:15.103189  7747 sys_catalog.cc:458] T 00000000000000000000000000000000 P e8ab89b696904cc58f9fab5be7f62952 [sys.catalog]: This master's current role is: FOLLOWER
I20260630 12:25:15.110311  7791 mvcc.cc:204] Tried to move back new op lower bound from 7302440202517561344 to 7302440202299936768. Current Snapshot: MvccSnapshot[applied={T|T < 7302440202517561344}]
I20260630 12:25:15.113411  7799 log_block_manager.cc:4031] Time spent loading block containers with low live blocks: real 0.000s	user 0.000s	sys 0.000s
I20260630 12:25:15.114993  7541 fs_manager.cc:730] Time spent opening block manager: real 0.011s	user 0.000s	sys 0.008s
I20260630 12:25:15.115463  7541 fs_manager.cc:647] Opened local filesystem: /tmp/dist-test-taskKThO4u/test-tmp/auto_rebalancer-test.0.AutoRebalancerTest.OnlyLeaderDoesAutoRebalancing.1782822312937456-7541-0/minicluster-data/ts-0-root
uuid: "540fe2e3ef3e4065b7ac332cfd59d5bc"
format_stamp: "Formatted at 2026-06-30 12:25:15 on dist-test-slave-wkhr"
I20260630 12:25:15.115864  7541 fs_report.cc:389] FS layout report
--------------------
wal directory: /tmp/dist-test-taskKThO4u/test-tmp/auto_rebalancer-test.0.AutoRebalancerTest.OnlyLeaderDoesAutoRebalancing.1782822312937456-7541-0/minicluster-data/ts-0-root
metadata directory: /tmp/dist-test-taskKThO4u/test-tmp/auto_rebalancer-test.0.AutoRebalancerTest.OnlyLeaderDoesAutoRebalancing.1782822312937456-7541-0/minicluster-data/ts-0-root
1 data directories: /tmp/dist-test-taskKThO4u/test-tmp/auto_rebalancer-test.0.AutoRebalancerTest.OnlyLeaderDoesAutoRebalancing.1782822312937456-7541-0/minicluster-data/ts-0-root/data
Total live blocks: 0
Total live bytes: 0
Total live bytes (after alignment): 0
Total number of LBM containers: 0 (0 full)
Did not check for missing blocks
Did not check for orphaned blocks
Total full LBM containers with extra space: 0 (0 repaired)
Total full LBM container extra space in bytes: 0 (0 repaired)
Total incomplete LBM containers: 0 (0 repaired)
Total LBM partial records: 0 (0 repaired)
Total corrupted LBM metadata records in RocksDB: 0 (0 repaired)
I20260630 12:25:15.122615  7746 sys_catalog.cc:455] T 00000000000000000000000000000000 P 06b2110f53b04c90b4998d4ab9c0ca89 [sys.catalog]: SysCatalogTable state changed. Reason: Replicated consensus-only round. Latest consensus state: current_term: 1 leader_uuid: "0dce6ec91ce34832b5e33986bbbee161" committed_config { opid_index: -1 OBSOLETE_local: false peers { permanent_uuid: "06b2110f53b04c90b4998d4ab9c0ca89" member_type: VOTER last_known_addr { host: "127.7.93.126" port: 46479 } } peers { permanent_uuid: "e8ab89b696904cc58f9fab5be7f62952" member_type: VOTER last_known_addr { host: "127.7.93.125" port: 34079 } } peers { permanent_uuid: "0dce6ec91ce34832b5e33986bbbee161" member_type: VOTER last_known_addr { host: "127.7.93.124" port: 35327 } } }
I20260630 12:25:15.123306  7746 sys_catalog.cc:458] T 00000000000000000000000000000000 P 06b2110f53b04c90b4998d4ab9c0ca89 [sys.catalog]: This master's current role is: FOLLOWER
I20260630 12:25:15.128309  7785 catalog_manager.cc:1383] Generated new cluster ID: 5aa3539b0dd649afbbb5084500a98403
I20260630 12:25:15.128631  7785 catalog_manager.cc:1531] Initializing Kudu internal certificate authority...
I20260630 12:25:15.128860  7781 sys_catalog.cc:455] T 00000000000000000000000000000000 P 0dce6ec91ce34832b5e33986bbbee161 [sys.catalog]: SysCatalogTable state changed. Reason: Peer health change. Latest consensus state: current_term: 1 leader_uuid: "0dce6ec91ce34832b5e33986bbbee161" committed_config { opid_index: -1 OBSOLETE_local: false peers { permanent_uuid: "06b2110f53b04c90b4998d4ab9c0ca89" member_type: VOTER last_known_addr { host: "127.7.93.126" port: 46479 } } peers { permanent_uuid: "e8ab89b696904cc58f9fab5be7f62952" member_type: VOTER last_known_addr { host: "127.7.93.125" port: 34079 } } peers { permanent_uuid: "0dce6ec91ce34832b5e33986bbbee161" member_type: VOTER last_known_addr { host: "127.7.93.124" port: 35327 } } }
I20260630 12:25:15.129839  7781 sys_catalog.cc:458] T 00000000000000000000000000000000 P 0dce6ec91ce34832b5e33986bbbee161 [sys.catalog]: This master's current role is: LEADER
