I20260630 12:26:30.759353 10364 heartbeater.cc:344] Connected to a master server at 127.7.56.62:33201
I20260630 12:26:30.759812 10364 heartbeater.cc:461] Registering TS with master...
I20260630 12:26:30.760265  7392 fs_manager.cc:1068] Generated new instance metadata in path /tmp/dist-test-taskL_MlXu/test-tmp/auto_rebalancer-test.0.AutoRebalancerTest.RangeAwareRebalancesNewRangeReplicas.1782822310687001-7392-0/minicluster-data/ts-1-root/instance:
uuid: "c73e4c9f3c824a29b6bf2aadfd27d83d"
format_stamp: "Formatted at 2026-06-30 12:26:30 on dist-test-slave-3wb8"
I20260630 12:26:30.760690 10364 heartbeater.cc:507] Master 127.7.56.62:33201 requested a full tablet report, sending...
I20260630 12:26:30.762959 10237 ts_manager.cc:194] Registered new tserver with Master: 76fbbd803b944ca6aa7232fdb6afdac7 (127.7.56.1:40249)
I20260630 12:26:30.765446 10237 master_service.cc:502] Signed X509 certificate for tserver {username='slave'} at 127.0.0.1:60888
I20260630 12:26:30.765818  7392 fs_manager.cc:696] Time spent creating directory manager: real 0.005s	user 0.005s	sys 0.000s
I20260630 12:26:30.769362 10376 log_block_manager.cc:4031] Time spent loading block containers with low live blocks: real 0.000s	user 0.000s	sys 0.000s
I20260630 12:26:30.770223  7392 fs_manager.cc:730] Time spent opening block manager: real 0.002s	user 0.001s	sys 0.000s
I20260630 12:26:30.770519  7392 fs_manager.cc:647] Opened local filesystem: /tmp/dist-test-taskL_MlXu/test-tmp/auto_rebalancer-test.0.AutoRebalancerTest.RangeAwareRebalancesNewRangeReplicas.1782822310687001-7392-0/minicluster-data/ts-1-root
uuid: "c73e4c9f3c824a29b6bf2aadfd27d83d"
format_stamp: "Formatted at 2026-06-30 12:26:30 on dist-test-slave-3wb8"
I20260630 12:26:30.770759  7392 fs_report.cc:389] FS layout report
--------------------
wal directory: /tmp/dist-test-taskL_MlXu/test-tmp/auto_rebalancer-test.0.AutoRebalancerTest.RangeAwareRebalancesNewRangeReplicas.1782822310687001-7392-0/minicluster-data/ts-1-root
metadata directory: /tmp/dist-test-taskL_MlXu/test-tmp/auto_rebalancer-test.0.AutoRebalancerTest.RangeAwareRebalancesNewRangeReplicas.1782822310687001-7392-0/minicluster-data/ts-1-root
1 data directories: /tmp/dist-test-taskL_MlXu/test-tmp/auto_rebalancer-test.0.AutoRebalancerTest.RangeAwareRebalancesNewRangeReplicas.1782822310687001-7392-0/minicluster-data/ts-1-root/data
Total live blocks: 0
Total live bytes: 0
Total live bytes (after alignment): 0
Total number of LBM containers: 0 (0 full)
Did not check for missing blocks
Did not check for orphaned blocks
Total full LBM containers with extra space: 0 (0 repaired)
Total full LBM container extra space in bytes: 0 (0 repaired)
Total incomplete LBM containers: 0 (0 repaired)
Total LBM partial records: 0 (0 repaired)
Total corrupted LBM metadata records in RocksDB: 0 (0 repaired)
I20260630 12:26:30.788453  7392 rpc_server.cc:225] running with OpenSSL 1.1.1  11 Sep 2018
I20260630 12:26:30.789564  7392 kserver.cc:163] Server-wide thread pool size limit: 3276
I20260630 12:26:30.790985  7392 txn_system_client.cc:432] TxnSystemClient initialization is disabled...
I20260630 12:26:30.793584  7392 ts_tablet_manager.cc:585] Loaded tablet metadata (0 total tablets, 0 live tablets)
I20260630 12:26:30.793797  7392 ts_tablet_manager.cc:531] Time spent load tablet metadata: real 0.000s	user 0.000s	sys 0.000s
I20260630 12:26:30.794157  7392 ts_tablet_manager.cc:616] Registered 0 tablets
I20260630 12:26:30.794343  7392 ts_tablet_manager.cc:595] Time spent register tablets: real 0.000s	user 0.000s	sys 0.000s
I20260630 12:26:30.832857  7392 rpc_server.cc:307] RPC server started. Bound to: 127.7.56.2:35479
I20260630 12:26:30.832950 10438 acceptor_pool.cc:272] collecting diagnostics on the listening RPC socket 127.7.56.2:35479 every 8 connection(s)
I20260630 12:26:30.837949  7392 file_cache.cc:492] Constructed file cache file cache with capacity 419430
W20260630 12:26:30.844796 10442 instance_detector.cc:116] could not retrieve AWS instance metadata: Network error: curl error: HTTP response code said error: The requested URL returned error: 404
W20260630 12:26:30.845561 10443 instance_detector.cc:116] could not retrieve Azure instance metadata: Network error: curl error: HTTP response code said error: The requested URL returned error: 404
W20260630 12:26:30.848719 10445 instance_detector.cc:116] could not retrieve OpenStack instance metadata: Network error: curl error: HTTP response code said error: The requested URL returned error: 404
I20260630 12:26:30.848860  7392 server_base.cc:1061] running on GCE node
I20260630 12:26:30.850088  7392 hybrid_clock.cc:584] initializing the hybrid clock with 'system_unsync' time source
W20260630 12:26:30.850421  7392 system_unsync_time.cc:38] NTP support is disabled. Clock error bounds will not be accurate. This configuration is not suitable for distributed clusters.
I20260630 12:26:30.850557 10439 heartbeater.cc:344] Connected to a master server at 127.7.56.62:33201
I20260630 12:26:30.850679  7392 hybrid_clock.cc:648] HybridClock initialized: now 1782822390850652 us; error 0 us; skew 500 ppm
I20260630 12:26:30.851089 10439 heartbeater.cc:461] Registering TS with master...
I20260630 12:26:30.851449  7392 server_base.cc:861] Flag tcmalloc_max_total_thread_cache_bytes is not working since tcmalloc is not enabled.
I20260630 12:26:30.851956 10439 heartbeater.cc:507] Master 127.7.56.62:33201 requested a full tablet report, sending...
I20260630 12:26:30.854346 10237 ts_manager.cc:194] Registered new tserver with Master: c73e4c9f3c824a29b6bf2aadfd27d83d (127.7.56.2:35479)
I20260630 12:26:30.854424  7392 webserver.cc:533] Webserver started at http://127.7.56.3:39229/ using document root <none> and password file <none>
I20260630 12:26:30.855078  7392 fs_manager.cc:362] Metadata directory not provided
I20260630 12:26:30.855268  7392 fs_manager.cc:368] Using write-ahead log directory (fs_wal_dir) as metadata directory
I20260630 12:26:30.855576  7392 server_base.cc:909] This appears to be a new deployment of Kudu; creating new FS layout
I20260630 12:26:30.855986 10237 master_service.cc:502] Signed X509 certificate for tserver {username='slave'} at 127.0.0.1:60892
I20260630 12:26:30.856716  7392 fs_manager.cc:1068] Generated new instance metadata in path /tmp/dist-test-taskL_MlXu/test-tmp/auto_rebalancer-test.0.AutoRebalancerTest.RangeAwareRebalancesNewRangeReplicas.1782822310687001-7392-0/minicluster-data/ts-2-root/instance:
uuid: "f6709246bcb24d12bf989e2d8afb2a3d"
format_stamp: "Formatted at 2026-06-30 12:26:30 on dist-test-slave-3wb8"
I20260630 12:26:30.861220  7392 fs_manager.cc:696] Time spent creating directory manager: real 0.004s	user 0.005s	sys 0.000s
I20260630 12:26:30.864770 10450 log_block_manager.cc:4031] Time spent loading block containers with low live blocks: real 0.000s	user 0.000s	sys 0.000s
I20260630 12:26:30.865579  7392 fs_manager.cc:730] Time spent opening block manager: real 0.003s	user 0.003s	sys 0.000s
I20260630 12:26:30.865857  7392 fs_manager.cc:647] Opened local filesystem: /tmp/dist-test-taskL_MlXu/test-tmp/auto_rebalancer-test.0.AutoRebalancerTest.RangeAwareRebalancesNewRangeReplicas.1782822310687001-7392-0/minicluster-data/ts-2-root
uuid: "f6709246bcb24d12bf989e2d8afb2a3d"
format_stamp: "Formatted at 2026-06-30 12:26:30 on dist-test-slave-3wb8"
I20260630 12:26:30.866112  7392 fs_report.cc:389] FS layout report
--------------------
wal directory: /tmp/dist-test-taskL_MlXu/test-tmp/auto_rebalancer-test.0.AutoRebalancerTest.RangeAwareRebalancesNewRangeReplicas.1782822310687001-7392-0/minicluster-data/ts-2-root
metadata directory: /tmp/dist-test-taskL_MlXu/test-tmp/auto_rebalancer-test.0.AutoRebalancerTest.RangeAwareRebalancesNewRangeReplicas.1782822310687001-7392-0/minicluster-data/ts-2-root
1 data directories: /tmp/dist-test-taskL_MlXu/test-tmp/auto_rebalancer-test.0.AutoRebalancerTest.RangeAwareRebalancesNewRangeReplicas.1782822310687001-7392-0/minicluster-data/ts-2-root/data
Total live blocks: 0
Total live bytes: 0
Total live bytes (after alignment): 0
Total number of LBM containers: 0 (0 full)
Did not check for missing blocks
Did not check for orphaned blocks
Total full LBM containers with extra space: 0 (0 repaired)
Total full LBM container extra space in bytes: 0 (0 repaired)
Total incomplete LBM containers: 0 (0 repaired)
Total LBM partial records: 0 (0 repaired)
Total corrupted LBM metadata records in RocksDB: 0 (0 repaired)
I20260630 12:26:30.881721  7392 rpc_server.cc:225] running with OpenSSL 1.1.1  11 Sep 2018
I20260630 12:26:30.882764  7392 kserver.cc:163] Server-wide thread pool size limit: 3276
I20260630 12:26:30.884197  7392 txn_system_client.cc:432] TxnSystemClient initialization is disabled...
I20260630 12:26:30.886502  7392 ts_tablet_manager.cc:585] Loaded tablet metadata (0 total tablets, 0 live tablets)
I20260630 12:26:30.886694  7392 ts_tablet_manager.cc:531] Time spent load tablet metadata: real 0.000s	user 0.000s	sys 0.000s
I20260630 12:26:30.887019  7392 ts_tablet_manager.cc:616] Registered 0 tablets
I20260630 12:26:30.887163  7392 ts_tablet_manager.cc:595] Time spent register tablets: real 0.000s	user 0.000s	sys 0.000s
I20260630 12:26:30.926100  7392 rpc_server.cc:307] RPC server started. Bound to: 127.7.56.3:35403
I20260630 12:26:30.926190 10512 acceptor_pool.cc:272] collecting diagnostics on the listening RPC socket 127.7.56.3:35403 every 8 connection(s)
I20260630 12:26:30.939911 10513 heartbeater.cc:344] Connected to a master server at 127.7.56.62:33201
I20260630 12:26:30.940260 10513 heartbeater.cc:461] Registering TS with master...
I20260630 12:26:30.940896 10513 heartbeater.cc:507] Master 127.7.56.62:33201 requested a full tablet report, sending...
I20260630 12:26:30.942870 10237 ts_manager.cc:194] Registered new tserver with Master: f6709246bcb24d12bf989e2d8afb2a3d (127.7.56.3:35403)
I20260630 12:26:30.943708  7392 internal_mini_cluster.cc:371] 3 TS(s) registered with all masters after 0.01462585s
I20260630 12:26:30.944506 10237 master_service.cc:502] Signed X509 certificate for tserver {username='slave'} at 127.0.0.1:60896
I20260630 12:26:31.768478 10364 heartbeater.cc:499] Master 127.7.56.62:33201 was elected leader, sending a full tablet report...
I20260630 12:26:31.858672 10439 heartbeater.cc:499] Master 127.7.56.62:33201 was elected leader, sending a full tablet report...
I20260630 12:26:31.947913 10513 heartbeater.cc:499] Master 127.7.56.62:33201 was elected leader, sending a full tablet report...
I20260630 12:26:32.001737 10237 catalog_manager.cc:2283] Servicing CreateTable request from {username='slave'} at 127.0.0.1:49376:
name: "range_aware_rebalance_new_range"
schema {
  columns {
    name: "key"
    type: INT32
    is_key: true
    is_nullable: false
    encoding: AUTO_ENCODING
    compression: DEFAULT_COMPRESSION
    cfile_block_size: 0
    immutable: false
  }
}
num_replicas: 3
split_rows_range_bounds {
  rows: "\006\001\000\000\000\000\007\001\n\000\000\000""\006\001\000\000\000\000\007\001\n\000\000\000"
  indirect_data: """"
}
partition_schema {
  hash_schema {
    columns {
      name: "key"
    }
    num_buckets: 8
    seed: 0
  }
  range_schema {
    columns {
      name: "key"
    }
  }
}
W20260630 12:26:32.004257 10237 catalog_manager.cc:7077] The number of live tablet servers is not enough to re-replicate a tablet replica of the newly created table range_aware_rebalance_new_range in case of a server failure: 4 tablet servers would be needed, 3 are available. Consider bringing up more tablet servers.
I20260630 12:26:32.070290 10478 tablet_service.cc:1511] Processing CreateTablet for tablet a4781a23085a459a9c14d689d3a45869 (DEFAULT_TABLE table=range_aware_rebalance_new_range [id=ce47513ba9f04e7685d5d30f0a3c094d]), partition=HASH (key) PARTITION 0, RANGE (key) PARTITION 0 <= VALUES < 10
I20260630 12:26:32.072932 10477 tablet_service.cc:1511] Processing CreateTablet for tablet 22e7035b7ee34b77b3095f557f6633e0 (DEFAULT_TABLE table=range_aware_rebalance_new_range [id=ce47513ba9f04e7685d5d30f0a3c094d]), partition=HASH (key) PARTITION 1, RANGE (key) PARTITION 0 <= VALUES < 10
I20260630 12:26:32.076972 10476 tablet_service.cc:1511] Processing CreateTablet for tablet 3f160267650d446eac8e91a4d6b13d56 (DEFAULT_TABLE table=range_aware_rebalance_new_range [id=ce47513ba9f04e7685d5d30f0a3c094d]), partition=HASH (key) PARTITION 2, RANGE (key) PARTITION 0 <= VALUES < 10
I20260630 12:26:32.077915 10326 tablet_service.cc:1511] Processing CreateTablet for tablet 2f3945e89a004fafba1fe9610d429830 (DEFAULT_TABLE table=range_aware_rebalance_new_range [id=ce47513ba9f04e7685d5d30f0a3c094d]), partition=HASH (key) PARTITION 3, RANGE (key) PARTITION 0 <= VALUES < 10
I20260630 12:26:32.078987 10323 tablet_service.cc:1511] Processing CreateTablet for tablet 7be47bae388d46f8ad49f27d93022658 (DEFAULT_TABLE table=range_aware_rebalance_new_range [id=ce47513ba9f04e7685d5d30f0a3c094d]), partition=HASH (key) PARTITION 6, RANGE (key) PARTITION 0 <= VALUES < 10
I20260630 12:26:32.079545 10325 tablet_service.cc:1511] Processing CreateTablet for tablet 8af00e18c9eb47db9fce6a342fd6c631 (DEFAULT_TABLE table=range_aware_rebalance_new_range [id=ce47513ba9f04e7685d5d30f0a3c094d]), partition=HASH (key) PARTITION 4, RANGE (key) PARTITION 0 <= VALUES < 10
I20260630 12:26:32.083649 10475 tablet_service.cc:1511] Processing CreateTablet for tablet 2f3945e89a004fafba1fe9610d429830 (DEFAULT_TABLE table=range_aware_rebalance_new_range [id=ce47513ba9f04e7685d5d30f0a3c094d]), partition=HASH (key) PARTITION 3, RANGE (key) PARTITION 0 <= VALUES < 10
I20260630 12:26:32.089462 10401 tablet_service.cc:1511] Processing CreateTablet for tablet 2f3945e89a004fafba1fe9610d429830 (DEFAULT_TABLE table=range_aware_rebalance_new_range [id=ce47513ba9f04e7685d5d30f0a3c094d]), partition=HASH (key) PARTITION 3, RANGE (key) PARTITION 0 <= VALUES < 10
I20260630 12:26:32.090883 10400 tablet_service.cc:1511] Processing CreateTablet for tablet 8af00e18c9eb47db9fce6a342fd6c631 (DEFAULT_TABLE table=range_aware_rebalance_new_range [id=ce47513ba9f04e7685d5d30f0a3c094d]), partition=HASH (key) PARTITION 4, RANGE (key) PARTITION 0 <= VALUES < 10
I20260630 12:26:32.098213 10471 tablet_service.cc:1511] Processing CreateTablet for tablet 2b0e14fbc874404ca4c4e148825343c2 (DEFAULT_TABLE table=range_aware_rebalance_new_range [id=ce47513ba9f04e7685d5d30f0a3c094d]), partition=HASH (key) PARTITION 7, RANGE (key) PARTITION 0 <= VALUES < 10
I20260630 12:26:32.074748 10477 data_dirs.cc:400] Could only allocate 1 dirs of requested 3 for tablet 22e7035b7ee34b77b3095f557f6633e0. 1 dirs total, 0 dirs full, 0 dirs failed
I20260630 12:26:32.092312 10399 tablet_service.cc:1511] Processing CreateTablet for tablet 38fd7d93d9ee457782c2b89ec25e7232 (DEFAULT_TABLE table=range_aware_rebalance_new_range [id=ce47513ba9f04e7685d5d30f0a3c094d]), partition=HASH (key) PARTITION 5, RANGE (key) PARTITION 0 <= VALUES < 10
I20260630 12:26:32.095553 10473 tablet_service.cc:1511] Processing CreateTablet for tablet 38fd7d93d9ee457782c2b89ec25e7232 (DEFAULT_TABLE table=range_aware_rebalance_new_range [id=ce47513ba9f04e7685d5d30f0a3c094d]), partition=HASH (key) PARTITION 5, RANGE (key) PARTITION 0 <= VALUES < 10
I20260630 12:26:32.100672 10401 data_dirs.cc:400] Could only allocate 1 dirs of requested 3 for tablet 2f3945e89a004fafba1fe9610d429830. 1 dirs total, 0 dirs full, 0 dirs failed
I20260630 12:26:32.086441 10403 tablet_service.cc:1511] Processing CreateTablet for tablet 22e7035b7ee34b77b3095f557f6633e0 (DEFAULT_TABLE table=range_aware_rebalance_new_range [id=ce47513ba9f04e7685d5d30f0a3c094d]), partition=HASH (key) PARTITION 1, RANGE (key) PARTITION 0 <= VALUES < 10
I20260630 12:26:32.101621 10473 data_dirs.cc:400] Could only allocate 1 dirs of requested 3 for tablet 38fd7d93d9ee457782c2b89ec25e7232. 1 dirs total, 0 dirs full, 0 dirs failed
I20260630 12:26:32.102448 10399 data_dirs.cc:400] Could only allocate 1 dirs of requested 3 for tablet 38fd7d93d9ee457782c2b89ec25e7232. 1 dirs total, 0 dirs full, 0 dirs failed
I20260630 12:26:32.088018 10402 tablet_service.cc:1511] Processing CreateTablet for tablet 3f160267650d446eac8e91a4d6b13d56 (DEFAULT_TABLE table=range_aware_rebalance_new_range [id=ce47513ba9f04e7685d5d30f0a3c094d]), partition=HASH (key) PARTITION 2, RANGE (key) PARTITION 0 <= VALUES < 10
I20260630 12:26:32.104102 10478 data_dirs.cc:400] Could only allocate 1 dirs of requested 3 for tablet a4781a23085a459a9c14d689d3a45869. 1 dirs total, 0 dirs full, 0 dirs failed
I20260630 12:26:32.096982 10472 tablet_service.cc:1511] Processing CreateTablet for tablet 7be47bae388d46f8ad49f27d93022658 (DEFAULT_TABLE table=range_aware_rebalance_new_range [id=ce47513ba9f04e7685d5d30f0a3c094d]), partition=HASH (key) PARTITION 6, RANGE (key) PARTITION 0 <= VALUES < 10
I20260630 12:26:32.104856 10476 data_dirs.cc:400] Could only allocate 1 dirs of requested 3 for tablet 3f160267650d446eac8e91a4d6b13d56. 1 dirs total, 0 dirs full, 0 dirs failed
I20260630 12:26:32.079649 10326 data_dirs.cc:400] Could only allocate 1 dirs of requested 3 for tablet 2f3945e89a004fafba1fe9610d429830. 1 dirs total, 0 dirs full, 0 dirs failed
I20260630 12:26:32.105715 10472 data_dirs.cc:400] Could only allocate 1 dirs of requested 3 for tablet 7be47bae388d46f8ad49f27d93022658. 1 dirs total, 0 dirs full, 0 dirs failed
I20260630 12:26:32.089308 10329 tablet_service.cc:1511] Processing CreateTablet for tablet a4781a23085a459a9c14d689d3a45869 (DEFAULT_TABLE table=range_aware_rebalance_new_range [id=ce47513ba9f04e7685d5d30f0a3c094d]), partition=HASH (key) PARTITION 0, RANGE (key) PARTITION 0 <= VALUES < 10
I20260630 12:26:32.106233 10325 data_dirs.cc:400] Could only allocate 1 dirs of requested 3 for tablet 8af00e18c9eb47db9fce6a342fd6c631. 1 dirs total, 0 dirs full, 0 dirs failed
I20260630 12:26:32.106966 10329 data_dirs.cc:400] Could only allocate 1 dirs of requested 3 for tablet a4781a23085a459a9c14d689d3a45869. 1 dirs total, 0 dirs full, 0 dirs failed
I20260630 12:26:32.086280 10404 tablet_service.cc:1511] Processing CreateTablet for tablet a4781a23085a459a9c14d689d3a45869 (DEFAULT_TABLE table=range_aware_rebalance_new_range [id=ce47513ba9f04e7685d5d30f0a3c094d]), partition=HASH (key) PARTITION 0, RANGE (key) PARTITION 0 <= VALUES < 10
I20260630 12:26:32.081281 10324 tablet_service.cc:1511] Processing CreateTablet for tablet 38fd7d93d9ee457782c2b89ec25e7232 (DEFAULT_TABLE table=range_aware_rebalance_new_range [id=ce47513ba9f04e7685d5d30f0a3c094d]), partition=HASH (key) PARTITION 5, RANGE (key) PARTITION 0 <= VALUES < 10
I20260630 12:26:32.094015 10474 tablet_service.cc:1511] Processing CreateTablet for tablet 8af00e18c9eb47db9fce6a342fd6c631 (DEFAULT_TABLE table=range_aware_rebalance_new_range [id=ce47513ba9f04e7685d5d30f0a3c094d]), partition=HASH (key) PARTITION 4, RANGE (key) PARTITION 0 <= VALUES < 10
I20260630 12:26:32.108431 10402 data_dirs.cc:400] Could only allocate 1 dirs of requested 3 for tablet 3f160267650d446eac8e91a4d6b13d56. 1 dirs total, 0 dirs full, 0 dirs failed
I20260630 12:26:32.108820 10474 data_dirs.cc:400] Could only allocate 1 dirs of requested 3 for tablet 8af00e18c9eb47db9fce6a342fd6c631. 1 dirs total, 0 dirs full, 0 dirs failed
I20260630 12:26:32.080893 10327 tablet_service.cc:1511] Processing CreateTablet for tablet 3f160267650d446eac8e91a4d6b13d56 (DEFAULT_TABLE table=range_aware_rebalance_new_range [id=ce47513ba9f04e7685d5d30f0a3c094d]), partition=HASH (key) PARTITION 2, RANGE (key) PARTITION 0 <= VALUES < 10
I20260630 12:26:32.112774 10471 data_dirs.cc:400] Could only allocate 1 dirs of requested 3 for tablet 2b0e14fbc874404ca4c4e148825343c2. 1 dirs total, 0 dirs full, 0 dirs failed
I20260630 12:26:32.112627 10400 data_dirs.cc:400] Could only allocate 1 dirs of requested 3 for tablet 8af00e18c9eb47db9fce6a342fd6c631. 1 dirs total, 0 dirs full, 0 dirs failed
I20260630 12:26:32.115223 10398 tablet_service.cc:1511] Processing CreateTablet for tablet 7be47bae388d46f8ad49f27d93022658 (DEFAULT_TABLE table=range_aware_rebalance_new_range [id=ce47513ba9f04e7685d5d30f0a3c094d]), partition=HASH (key) PARTITION 6, RANGE (key) PARTITION 0 <= VALUES < 10
I20260630 12:26:32.119539 10475 data_dirs.cc:400] Could only allocate 1 dirs of requested 3 for tablet 2f3945e89a004fafba1fe9610d429830. 1 dirs total, 0 dirs full, 0 dirs failed
I20260630 12:26:32.122051 10404 data_dirs.cc:400] Could only allocate 1 dirs of requested 3 for tablet a4781a23085a459a9c14d689d3a45869. 1 dirs total, 0 dirs full, 0 dirs failed
I20260630 12:26:32.122880 10403 data_dirs.cc:400] Could only allocate 1 dirs of requested 3 for tablet 22e7035b7ee34b77b3095f557f6633e0. 1 dirs total, 0 dirs full, 0 dirs failed
I20260630 12:26:32.127229 10398 data_dirs.cc:400] Could only allocate 1 dirs of requested 3 for tablet 7be47bae388d46f8ad49f27d93022658. 1 dirs total, 0 dirs full, 0 dirs failed
I20260630 12:26:32.108417 10324 data_dirs.cc:400] Could only allocate 1 dirs of requested 3 for tablet 38fd7d93d9ee457782c2b89ec25e7232. 1 dirs total, 0 dirs full, 0 dirs failed
I20260630 12:26:32.140133 10327 data_dirs.cc:400] Could only allocate 1 dirs of requested 3 for tablet 3f160267650d446eac8e91a4d6b13d56. 1 dirs total, 0 dirs full, 0 dirs failed
I20260630 12:26:32.148064 10323 data_dirs.cc:400] Could only allocate 1 dirs of requested 3 for tablet 7be47bae388d46f8ad49f27d93022658. 1 dirs total, 0 dirs full, 0 dirs failed
I20260630 12:26:32.082103 10328 tablet_service.cc:1511] Processing CreateTablet for tablet 22e7035b7ee34b77b3095f557f6633e0 (DEFAULT_TABLE table=range_aware_rebalance_new_range [id=ce47513ba9f04e7685d5d30f0a3c094d]), partition=HASH (key) PARTITION 1, RANGE (key) PARTITION 0 <= VALUES < 10
I20260630 12:26:32.161764 10397 tablet_service.cc:1511] Processing CreateTablet for tablet 2b0e14fbc874404ca4c4e148825343c2 (DEFAULT_TABLE table=range_aware_rebalance_new_range [id=ce47513ba9f04e7685d5d30f0a3c094d]), partition=HASH (key) PARTITION 7, RANGE (key) PARTITION 0 <= VALUES < 10
I20260630 12:26:32.164709 10397 data_dirs.cc:400] Could only allocate 1 dirs of requested 3 for tablet 2b0e14fbc874404ca4c4e148825343c2. 1 dirs total, 0 dirs full, 0 dirs failed
I20260630 12:26:32.164754 10322 tablet_service.cc:1511] Processing CreateTablet for tablet 2b0e14fbc874404ca4c4e148825343c2 (DEFAULT_TABLE table=range_aware_rebalance_new_range [id=ce47513ba9f04e7685d5d30f0a3c094d]), partition=HASH (key) PARTITION 7, RANGE (key) PARTITION 0 <= VALUES < 10
I20260630 12:26:32.166392 10322 data_dirs.cc:400] Could only allocate 1 dirs of requested 3 for tablet 2b0e14fbc874404ca4c4e148825343c2. 1 dirs total, 0 dirs full, 0 dirs failed
I20260630 12:26:32.199359 10328 data_dirs.cc:400] Could only allocate 1 dirs of requested 3 for tablet 22e7035b7ee34b77b3095f557f6633e0. 1 dirs total, 0 dirs full, 0 dirs failed
I20260630 12:26:32.214047 10534 tablet_bootstrap.cc:492] T 38fd7d93d9ee457782c2b89ec25e7232 P c73e4c9f3c824a29b6bf2aadfd27d83d: Bootstrap starting.
I20260630 12:26:32.227375 10535 tablet_bootstrap.cc:492] T 22e7035b7ee34b77b3095f557f6633e0 P f6709246bcb24d12bf989e2d8afb2a3d: Bootstrap starting.
I20260630 12:26:32.249073 10534 tablet_bootstrap.cc:654] T 38fd7d93d9ee457782c2b89ec25e7232 P c73e4c9f3c824a29b6bf2aadfd27d83d: Neither blocks nor log segments found. Creating new log.
I20260630 12:26:32.256487 10536 tablet_bootstrap.cc:492] T 38fd7d93d9ee457782c2b89ec25e7232 P 76fbbd803b944ca6aa7232fdb6afdac7: Bootstrap starting.
I20260630 12:26:32.259357 10534 tablet_bootstrap.cc:492] T 38fd7d93d9ee457782c2b89ec25e7232 P c73e4c9f3c824a29b6bf2aadfd27d83d: No bootstrap required, opened a new log
I20260630 12:26:32.259364 10535 tablet_bootstrap.cc:654] T 22e7035b7ee34b77b3095f557f6633e0 P f6709246bcb24d12bf989e2d8afb2a3d: Neither blocks nor log segments found. Creating new log.
I20260630 12:26:32.260130 10534 ts_tablet_manager.cc:1403] T 38fd7d93d9ee457782c2b89ec25e7232 P c73e4c9f3c824a29b6bf2aadfd27d83d: Time spent bootstrapping tablet: real 0.047s	user 0.006s	sys 0.010s
I20260630 12:26:32.263147 10536 tablet_bootstrap.cc:654] T 38fd7d93d9ee457782c2b89ec25e7232 P 76fbbd803b944ca6aa7232fdb6afdac7: Neither blocks nor log segments found. Creating new log.
I20260630 12:26:32.263808 10534 raft_consensus.cc:359] T 38fd7d93d9ee457782c2b89ec25e7232 P c73e4c9f3c824a29b6bf2aadfd27d83d [term 0 FOLLOWER]: Replica starting. Triggering 0 pending ops. Active config: opid_index: -1 OBSOLETE_local: false peers { permanent_uuid: "76fbbd803b944ca6aa7232fdb6afdac7" member_type: VOTER last_known_addr { host: "127.7.56.1" port: 40249 } } peers { permanent_uuid: "c73e4c9f3c824a29b6bf2aadfd27d83d" member_type: VOTER last_known_addr { host: "127.7.56.2" port: 35479 } } peers { permanent_uuid: "f6709246bcb24d12bf989e2d8afb2a3d" member_type: VOTER last_known_addr { host: "127.7.56.3" port: 35403 } }
I20260630 12:26:32.265003 10534 raft_consensus.cc:385] T 38fd7d93d9ee457782c2b89ec25e7232 P c73e4c9f3c824a29b6bf2aadfd27d83d [term 0 FOLLOWER]: Consensus starting up: Expiring failure detector timer to make a prompt election more likely
I20260630 12:26:32.265327 10534 raft_consensus.cc:740] T 38fd7d93d9ee457782c2b89ec25e7232 P c73e4c9f3c824a29b6bf2aadfd27d83d [term 0 FOLLOWER]: Becoming Follower/Learner. State: Replica: c73e4c9f3c824a29b6bf2aadfd27d83d, State: Initialized, Role: FOLLOWER
I20260630 12:26:32.266184 10534 consensus_queue.cc:260] T 38fd7d93d9ee457782c2b89ec25e7232 P c73e4c9f3c824a29b6bf2aadfd27d83d [NON_LEADER]: Queue going to NON_LEADER mode. State: All replicated index: 0, Majority replicated index: 0, Committed index: 0, Last appended: 0.0, Last appended by leader: 0, Current term: 0, Majority size: -1, State: 0, Mode: NON_LEADER, active raft config: opid_index: -1 OBSOLETE_local: false peers { permanent_uuid: "76fbbd803b944ca6aa7232fdb6afdac7" member_type: VOTER last_known_addr { host: "127.7.56.1" port: 40249 } } peers { permanent_uuid: "c73e4c9f3c824a29b6bf2aadfd27d83d" member_type: VOTER last_known_addr { host: "127.7.56.2" port: 35479 } } peers { permanent_uuid: "f6709246bcb24d12bf989e2d8afb2a3d" member_type: VOTER last_known_addr { host: "127.7.56.3" port: 35403 } }
I20260630 12:26:32.267961 10535 tablet_bootstrap.cc:492] T 22e7035b7ee34b77b3095f557f6633e0 P f6709246bcb24d12bf989e2d8afb2a3d: No bootstrap required, opened a new log
I20260630 12:26:32.268712 10535 ts_tablet_manager.cc:1403] T 22e7035b7ee34b77b3095f557f6633e0 P f6709246bcb24d12bf989e2d8afb2a3d: Time spent bootstrapping tablet: real 0.042s	user 0.011s	sys 0.004s
I20260630 12:26:32.269220 10534 ts_tablet_manager.cc:1434] T 38fd7d93d9ee457782c2b89ec25e7232 P c73e4c9f3c824a29b6bf2aadfd27d83d: Time spent starting tablet: real 0.009s	user 0.004s	sys 0.005s
I20260630 12:26:32.270233 10534 tablet_bootstrap.cc:492] T 3f160267650d446eac8e91a4d6b13d56 P c73e4c9f3c824a29b6bf2aadfd27d83d: Bootstrap starting.
I20260630 12:26:32.273010 10535 raft_consensus.cc:359] T 22e7035b7ee34b77b3095f557f6633e0 P f6709246bcb24d12bf989e2d8afb2a3d [term 0 FOLLOWER]: Replica starting. Triggering 0 pending ops. Active config: opid_index: -1 OBSOLETE_local: false peers { permanent_uuid: "c73e4c9f3c824a29b6bf2aadfd27d83d" member_type: VOTER last_known_addr { host: "127.7.56.2" port: 35479 } } peers { permanent_uuid: "76fbbd803b944ca6aa7232fdb6afdac7" member_type: VOTER last_known_addr { host: "127.7.56.1" port: 40249 } } peers { permanent_uuid: "f6709246bcb24d12bf989e2d8afb2a3d" member_type: VOTER last_known_addr { host: "127.7.56.3" port: 35403 } }
I20260630 12:26:32.274252 10535 raft_consensus.cc:385] T 22e7035b7ee34b77b3095f557f6633e0 P f6709246bcb24d12bf989e2d8afb2a3d [term 0 FOLLOWER]: Consensus starting up: Expiring failure detector timer to make a prompt election more likely
I20260630 12:26:32.274729 10535 raft_consensus.cc:740] T 22e7035b7ee34b77b3095f557f6633e0 P f6709246bcb24d12bf989e2d8afb2a3d [term 0 FOLLOWER]: Becoming Follower/Learner. State: Replica: f6709246bcb24d12bf989e2d8afb2a3d, State: Initialized, Role: FOLLOWER
I20260630 12:26:32.276866 10534 tablet_bootstrap.cc:654] T 3f160267650d446eac8e91a4d6b13d56 P c73e4c9f3c824a29b6bf2aadfd27d83d: Neither blocks nor log segments found. Creating new log.
I20260630 12:26:32.277455 10535 consensus_queue.cc:260] T 22e7035b7ee34b77b3095f557f6633e0 P f6709246bcb24d12bf989e2d8afb2a3d [NON_LEADER]: Queue going to NON_LEADER mode. State: All replicated index: 0, Majority replicated index: 0, Committed index: 0, Last appended: 0.0, Last appended by leader: 0, Current term: 0, Majority size: -1, State: 0, Mode: NON_LEADER, active raft config: opid_index: -1 OBSOLETE_local: false peers { permanent_uuid: "c73e4c9f3c824a29b6bf2aadfd27d83d" member_type: VOTER last_known_addr { host: "127.7.56.2" port: 35479 } } peers { permanent_uuid: "76fbbd803b944ca6aa7232fdb6afdac7" member_type: VOTER last_known_addr { host: "127.7.56.1" port: 40249 } } peers { permanent_uuid: "f6709246bcb24d12bf989e2d8afb2a3d" member_type: VOTER last_known_addr { host: "127.7.56.3" port: 35403 } }
I20260630 12:26:32.283022 10535 ts_tablet_manager.cc:1434] T 22e7035b7ee34b77b3095f557f6633e0 P f6709246bcb24d12bf989e2d8afb2a3d: Time spent starting tablet: real 0.014s	user 0.008s	sys 0.001s
I20260630 12:26:32.283248 10536 tablet_bootstrap.cc:492] T 38fd7d93d9ee457782c2b89ec25e7232 P 76fbbd803b944ca6aa7232fdb6afdac7: No bootstrap required, opened a new log
I20260630 12:26:32.283834 10536 ts_tablet_manager.cc:1403] T 38fd7d93d9ee457782c2b89ec25e7232 P 76fbbd803b944ca6aa7232fdb6afdac7: Time spent bootstrapping tablet: real 0.028s	user 0.022s	sys 0.003s
I20260630 12:26:32.287967 10536 raft_consensus.cc:359] T 38fd7d93d9ee457782c2b89ec25e7232 P 76fbbd803b944ca6aa7232fdb6afdac7 [term 0 FOLLOWER]: Replica starting. Triggering 0 pending ops. Active config: opid_index: -1 OBSOLETE_local: false peers { permanent_uuid: "76fbbd803b944ca6aa7232fdb6afdac7" member_type: VOTER last_known_addr { host: "127.7.56.1" port: 40249 } } peers { permanent_uuid: "c73e4c9f3c824a29b6bf2aadfd27d83d" member_type: VOTER last_known_addr { host: "127.7.56.2" port: 35479 } } peers { permanent_uuid: "f6709246bcb24d12bf989e2d8afb2a3d" member_type: VOTER last_known_addr { host: "127.7.56.3" port: 35403 } }
I20260630 12:26:32.288977 10536 raft_consensus.cc:385] T 38fd7d93d9ee457782c2b89ec25e7232 P 76fbbd803b944ca6aa7232fdb6afdac7 [term 0 FOLLOWER]: Consensus starting up: Expiring failure detector timer to make a prompt election more likely
I20260630 12:26:32.289366 10536 raft_consensus.cc:740] T 38fd7d93d9ee457782c2b89ec25e7232 P 76fbbd803b944ca6aa7232fdb6afdac7 [term 0 FOLLOWER]: Becoming Follower/Learner. State: Replica: 76fbbd803b944ca6aa7232fdb6afdac7, State: Initialized, Role: FOLLOWER
I20260630 12:26:32.290387 10536 consensus_queue.cc:260] T 38fd7d93d9ee457782c2b89ec25e7232 P 76fbbd803b944ca6aa7232fdb6afdac7 [NON_LEADER]: Queue going to NON_LEADER mode. State: All replicated index: 0, Majority replicated index: 0, Committed index: 0, Last appended: 0.0, Last appended by leader: 0, Current term: 0, Majority size: -1, State: 0, Mode: NON_LEADER, active raft config: opid_index: -1 OBSOLETE_local: false peers { permanent_uuid: "76fbbd803b944ca6aa7232fdb6afdac7" member_type: VOTER last_known_addr { host: "127.7.56.1" port: 40249 } } peers { permanent_uuid: "c73e4c9f3c824a29b6bf2aadfd27d83d" member_type: VOTER last_known_addr { host: "127.7.56.2" port: 35479 } } peers { permanent_uuid: "f6709246bcb24d12bf989e2d8afb2a3d" member_type: VOTER last_known_addr { host: "127.7.56.3" port: 35403 } }
I20260630 12:26:32.294838 10534 tablet_bootstrap.cc:492] T 3f160267650d446eac8e91a4d6b13d56 P c73e4c9f3c824a29b6bf2aadfd27d83d: No bootstrap required, opened a new log
I20260630 12:26:32.295406 10534 ts_tablet_manager.cc:1403] T 3f160267650d446eac8e91a4d6b13d56 P c73e4c9f3c824a29b6bf2aadfd27d83d: Time spent bootstrapping tablet: real 0.025s	user 0.018s	sys 0.004s
I20260630 12:26:32.296219 10535 tablet_bootstrap.cc:492] T 8af00e18c9eb47db9fce6a342fd6c631 P f6709246bcb24d12bf989e2d8afb2a3d: Bootstrap starting.
I20260630 12:26:32.298723 10534 raft_consensus.cc:359] T 3f160267650d446eac8e91a4d6b13d56 P c73e4c9f3c824a29b6bf2aadfd27d83d [term 0 FOLLOWER]: Replica starting. Triggering 0 pending ops. Active config: opid_index: -1 OBSOLETE_local: false peers { permanent_uuid: "76fbbd803b944ca6aa7232fdb6afdac7" member_type: VOTER last_known_addr { host: "127.7.56.1" port: 40249 } } peers { permanent_uuid: "c73e4c9f3c824a29b6bf2aadfd27d83d" member_type: VOTER last_known_addr { host: "127.7.56.2" port: 35479 } } peers { permanent_uuid: "f6709246bcb24d12bf989e2d8afb2a3d" member_type: VOTER last_known_addr { host: "127.7.56.3" port: 35403 } }
I20260630 12:26:32.299594 10534 raft_consensus.cc:385] T 3f160267650d446eac8e91a4d6b13d56 P c73e4c9f3c824a29b6bf2aadfd27d83d [term 0 FOLLOWER]: Consensus starting up: Expiring failure detector timer to make a prompt election more likely
I20260630 12:26:32.299984 10534 raft_consensus.cc:740] T 3f160267650d446eac8e91a4d6b13d56 P c73e4c9f3c824a29b6bf2aadfd27d83d [term 0 FOLLOWER]: Becoming Follower/Learner. State: Replica: c73e4c9f3c824a29b6bf2aadfd27d83d, State: Initialized, Role: FOLLOWER
I20260630 12:26:32.300922 10534 consensus_queue.cc:260] T 3f160267650d446eac8e91a4d6b13d56 P c73e4c9f3c824a29b6bf2aadfd27d83d [NON_LEADER]: Queue going to NON_LEADER mode. State: All replicated index: 0, Majority replicated index: 0, Committed index: 0, Last appended: 0.0, Last appended by leader: 0, Current term: 0, Majority size: -1, State: 0, Mode: NON_LEADER, active raft config: opid_index: -1 OBSOLETE_local: false peers { permanent_uuid: "76fbbd803b944ca6aa7232fdb6afdac7" member_type: VOTER last_known_addr { host: "127.7.56.1" port: 40249 } } peers { permanent_uuid: "c73e4c9f3c824a29b6bf2aadfd27d83d" member_type: VOTER last_known_addr { host: "127.7.56.2" port: 35479 } } peers { permanent_uuid: "f6709246bcb24d12bf989e2d8afb2a3d" member_type: VOTER last_known_addr { host: "127.7.56.3" port: 35403 } }
I20260630 12:26:32.302316 10536 ts_tablet_manager.cc:1434] T 38fd7d93d9ee457782c2b89ec25e7232 P 76fbbd803b944ca6aa7232fdb6afdac7: Time spent starting tablet: real 0.018s	user 0.008s	sys 0.007s
I20260630 12:26:32.303442 10534 ts_tablet_manager.cc:1434] T 3f160267650d446eac8e91a4d6b13d56 P c73e4c9f3c824a29b6bf2aadfd27d83d: Time spent starting tablet: real 0.008s	user 0.007s	sys 0.000s
I20260630 12:26:32.304543 10534 tablet_bootstrap.cc:492] T 8af00e18c9eb47db9fce6a342fd6c631 P c73e4c9f3c824a29b6bf2aadfd27d83d: Bootstrap starting.
I20260630 12:26:32.305488 10536 tablet_bootstrap.cc:492] T 8af00e18c9eb47db9fce6a342fd6c631 P 76fbbd803b944ca6aa7232fdb6afdac7: Bootstrap starting.
I20260630 12:26:32.310370 10535 tablet_bootstrap.cc:654] T 8af00e18c9eb47db9fce6a342fd6c631 P f6709246bcb24d12bf989e2d8afb2a3d: Neither blocks nor log segments found. Creating new log.
I20260630 12:26:32.310865 10534 tablet_bootstrap.cc:654] T 8af00e18c9eb47db9fce6a342fd6c631 P c73e4c9f3c824a29b6bf2aadfd27d83d: Neither blocks nor log segments found. Creating new log.
I20260630 12:26:32.313038 10536 tablet_bootstrap.cc:654] T 8af00e18c9eb47db9fce6a342fd6c631 P 76fbbd803b944ca6aa7232fdb6afdac7: Neither blocks nor log segments found. Creating new log.
I20260630 12:26:32.321802 10536 tablet_bootstrap.cc:492] T 8af00e18c9eb47db9fce6a342fd6c631 P 76fbbd803b944ca6aa7232fdb6afdac7: No bootstrap required, opened a new log
I20260630 12:26:32.322502 10536 ts_tablet_manager.cc:1403] T 8af00e18c9eb47db9fce6a342fd6c631 P 76fbbd803b944ca6aa7232fdb6afdac7: Time spent bootstrapping tablet: real 0.017s	user 0.009s	sys 0.004s
I20260630 12:26:32.330018 10536 raft_consensus.cc:359] T 8af00e18c9eb47db9fce6a342fd6c631 P 76fbbd803b944ca6aa7232fdb6afdac7 [term 0 FOLLOWER]: Replica starting. Triggering 0 pending ops. Active config: opid_index: -1 OBSOLETE_local: false peers { permanent_uuid: "76fbbd803b944ca6aa7232fdb6afdac7" member_type: VOTER last_known_addr { host: "127.7.56.1" port: 40249 } } peers { permanent_uuid: "c73e4c9f3c824a29b6bf2aadfd27d83d" member_type: VOTER last_known_addr { host: "127.7.56.2" port: 35479 } } peers { permanent_uuid: "f6709246bcb24d12bf989e2d8afb2a3d" member_type: VOTER last_known_addr { host: "127.7.56.3" port: 35403 } }
I20260630 12:26:32.330778 10536 raft_consensus.cc:385] T 8af00e18c9eb47db9fce6a342fd6c631 P 76fbbd803b944ca6aa7232fdb6afdac7 [term 0 FOLLOWER]: Consensus starting up: Expiring failure detector timer to make a prompt election more likely
I20260630 12:26:32.331081 10536 raft_consensus.cc:740] T 8af00e18c9eb47db9fce6a342fd6c631 P 76fbbd803b944ca6aa7232fdb6afdac7 [term 0 FOLLOWER]: Becoming Follower/Learner. State: Replica: 76fbbd803b944ca6aa7232fdb6afdac7, State: Initialized, Role: FOLLOWER
I20260630 12:26:32.331908 10535 tablet_bootstrap.cc:492] T 8af00e18c9eb47db9fce6a342fd6c631 P f6709246bcb24d12bf989e2d8afb2a3d: No bootstrap required, opened a new log
I20260630 12:26:32.331881 10536 consensus_queue.cc:260] T 8af00e18c9eb47db9fce6a342fd6c631 P 76fbbd803b944ca6aa7232fdb6afdac7 [NON_LEADER]: Queue going to NON_LEADER mode. State: All replicated index: 0, Majority replicated index: 0, Committed index: 0, Last appended: 0.0, Last appended by leader: 0, Current term: 0, Majority size: -1, State: 0, Mode: NON_LEADER, active raft config: opid_index: -1 OBSOLETE_local: false peers { permanent_uuid: "76fbbd803b944ca6aa7232fdb6afdac7" member_type: VOTER last_known_addr { host: "127.7.56.1" port: 40249 } } peers { permanent_uuid: "c73e4c9f3c824a29b6bf2aadfd27d83d" member_type: VOTER last_known_addr { host: "127.7.56.2" port: 35479 } } peers { permanent_uuid: "f6709246bcb24d12bf989e2d8afb2a3d" member_type: VOTER last_known_addr { host: "127.7.56.3" port: 35403 } }
I20260630 12:26:32.332562 10535 ts_tablet_manager.cc:1403] T 8af00e18c9eb47db9fce6a342fd6c631 P f6709246bcb24d12bf989e2d8afb2a3d: Time spent bootstrapping tablet: real 0.037s	user 0.006s	sys 0.023s
I20260630 12:26:32.333264 10534 tablet_bootstrap.cc:492] T 8af00e18c9eb47db9fce6a342fd6c631 P c73e4c9f3c824a29b6bf2aadfd27d83d: No bootstrap required, opened a new log
I20260630 12:26:32.333781 10534 ts_tablet_manager.cc:1403] T 8af00e18c9eb47db9fce6a342fd6c631 P c73e4c9f3c824a29b6bf2aadfd27d83d: Time spent bootstrapping tablet: real 0.030s	user 0.013s	sys 0.012s
I20260630 12:26:32.334276 10536 ts_tablet_manager.cc:1434] T 8af00e18c9eb47db9fce6a342fd6c631 P 76fbbd803b944ca6aa7232fdb6afdac7: Time spent starting tablet: real 0.011s	user 0.008s	sys 0.000s
I20260630 12:26:32.335255 10536 tablet_bootstrap.cc:492] T 3f160267650d446eac8e91a4d6b13d56 P 76fbbd803b944ca6aa7232fdb6afdac7: Bootstrap starting.
I20260630 12:26:32.335886 10535 raft_consensus.cc:359] T 8af00e18c9eb47db9fce6a342fd6c631 P f6709246bcb24d12bf989e2d8afb2a3d [term 0 FOLLOWER]: Replica starting. Triggering 0 pending ops. Active config: opid_index: -1 OBSOLETE_local: false peers { permanent_uuid: "76fbbd803b944ca6aa7232fdb6afdac7" member_type: VOTER last_known_addr { host: "127.7.56.1" port: 40249 } } peers { permanent_uuid: "c73e4c9f3c824a29b6bf2aadfd27d83d" member_type: VOTER last_known_addr { host: "127.7.56.2" port: 35479 } } peers { permanent_uuid: "f6709246bcb24d12bf989e2d8afb2a3d" member_type: VOTER last_known_addr { host: "127.7.56.3" port: 35403 } }
I20260630 12:26:32.336658 10535 raft_consensus.cc:385] T 8af00e18c9eb47db9fce6a342fd6c631 P f6709246bcb24d12bf989e2d8afb2a3d [term 0 FOLLOWER]: Consensus starting up: Expiring failure detector timer to make a prompt election more likely
I20260630 12:26:32.336282 10534 raft_consensus.cc:359] T 8af00e18c9eb47db9fce6a342fd6c631 P c73e4c9f3c824a29b6bf2aadfd27d83d [term 0 FOLLOWER]: Replica starting. Triggering 0 pending ops. Active config: opid_index: -1 OBSOLETE_local: false peers { permanent_uuid: "76fbbd803b944ca6aa7232fdb6afdac7" member_type: VOTER last_known_addr { host: "127.7.56.1" port: 40249 } } peers { permanent_uuid: "c73e4c9f3c824a29b6bf2aadfd27d83d" member_type: VOTER last_known_addr { host: "127.7.56.2" port: 35479 } } peers { permanent_uuid: "f6709246bcb24d12bf989e2d8afb2a3d" member_type: VOTER last_known_addr { host: "127.7.56.3" port: 35403 } }
I20260630 12:26:32.336987 10535 raft_consensus.cc:740] T 8af00e18c9eb47db9fce6a342fd6c631 P f6709246bcb24d12bf989e2d8afb2a3d [term 0 FOLLOWER]: Becoming Follower/Learner. State: Replica: f6709246bcb24d12bf989e2d8afb2a3d, State: Initialized, Role: FOLLOWER
I20260630 12:26:32.337136 10534 raft_consensus.cc:385] T 8af00e18c9eb47db9fce6a342fd6c631 P c73e4c9f3c824a29b6bf2aadfd27d83d [term 0 FOLLOWER]: Consensus starting up: Expiring failure detector timer to make a prompt election more likely
I20260630 12:26:32.337517 10534 raft_consensus.cc:740] T 8af00e18c9eb47db9fce6a342fd6c631 P c73e4c9f3c824a29b6bf2aadfd27d83d [term 0 FOLLOWER]: Becoming Follower/Learner. State: Replica: c73e4c9f3c824a29b6bf2aadfd27d83d, State: Initialized, Role: FOLLOWER
I20260630 12:26:32.338285 10534 consensus_queue.cc:260] T 8af00e18c9eb47db9fce6a342fd6c631 P c73e4c9f3c824a29b6bf2aadfd27d83d [NON_LEADER]: Queue going to NON_LEADER mode. State: All replicated index: 0, Majority replicated index: 0, Committed index: 0, Last appended: 0.0, Last appended by leader: 0, Current term: 0, Majority size: -1, State: 0, Mode: NON_LEADER, active raft config: opid_index: -1 OBSOLETE_local: false peers { permanent_uuid: "76fbbd803b944ca6aa7232fdb6afdac7" member_type: VOTER last_known_addr { host: "127.7.56.1" port: 40249 } } peers { permanent_uuid: "c73e4c9f3c824a29b6bf2aadfd27d83d" member_type: VOTER last_known_addr { host: "127.7.56.2" port: 35479 } } peers { permanent_uuid: "f6709246bcb24d12bf989e2d8afb2a3d" member_type: VOTER last_known_addr { host: "127.7.56.3" port: 35403 } }
I20260630 12:26:32.341194 10534 ts_tablet_manager.cc:1434] T 8af00e18c9eb47db9fce6a342fd6c631 P c73e4c9f3c824a29b6bf2aadfd27d83d: Time spent starting tablet: real 0.007s	user 0.007s	sys 0.000s
I20260630 12:26:32.341060 10535 consensus_queue.cc:260] T 8af00e18c9eb47db9fce6a342fd6c631 P f6709246bcb24d12bf989e2d8afb2a3d [NON_LEADER]: Queue going to NON_LEADER mode. State: All replicated index: 0, Majority replicated index: 0, Committed index: 0, Last appended: 0.0, Last appended by leader: 0, Current term: 0, Majority size: -1, State: 0, Mode: NON_LEADER, active raft config: opid_index: -1 OBSOLETE_local: false peers { permanent_uuid: "76fbbd803b944ca6aa7232fdb6afdac7" member_type: VOTER last_known_addr { host: "127.7.56.1" port: 40249 } } peers { permanent_uuid: "c73e4c9f3c824a29b6bf2aadfd27d83d" member_type: VOTER last_known_addr { host: "127.7.56.2" port: 35479 } } peers { permanent_uuid: "f6709246bcb24d12bf989e2d8afb2a3d" member_type: VOTER last_known_addr { host: "127.7.56.3" port: 35403 } }
I20260630 12:26:32.342088 10536 tablet_bootstrap.cc:654] T 3f160267650d446eac8e91a4d6b13d56 P 76fbbd803b944ca6aa7232fdb6afdac7: Neither blocks nor log segments found. Creating new log.
I20260630 12:26:32.342473 10534 tablet_bootstrap.cc:492] T 22e7035b7ee34b77b3095f557f6633e0 P c73e4c9f3c824a29b6bf2aadfd27d83d: Bootstrap starting.
I20260630 12:26:32.347344 10535 ts_tablet_manager.cc:1434] T 8af00e18c9eb47db9fce6a342fd6c631 P f6709246bcb24d12bf989e2d8afb2a3d: Time spent starting tablet: real 0.014s	user 0.006s	sys 0.000s
I20260630 12:26:32.348773 10535 tablet_bootstrap.cc:492] T 7be47bae388d46f8ad49f27d93022658 P f6709246bcb24d12bf989e2d8afb2a3d: Bootstrap starting.
I20260630 12:26:32.349560 10534 tablet_bootstrap.cc:654] T 22e7035b7ee34b77b3095f557f6633e0 P c73e4c9f3c824a29b6bf2aadfd27d83d: Neither blocks nor log segments found. Creating new log.
I20260630 12:26:32.362383 10534 tablet_bootstrap.cc:492] T 22e7035b7ee34b77b3095f557f6633e0 P c73e4c9f3c824a29b6bf2aadfd27d83d: No bootstrap required, opened a new log
I20260630 12:26:32.362874 10534 ts_tablet_manager.cc:1403] T 22e7035b7ee34b77b3095f557f6633e0 P c73e4c9f3c824a29b6bf2aadfd27d83d: Time spent bootstrapping tablet: real 0.021s	user 0.010s	sys 0.005s
I20260630 12:26:32.363556 10535 tablet_bootstrap.cc:654] T 7be47bae388d46f8ad49f27d93022658 P f6709246bcb24d12bf989e2d8afb2a3d: Neither blocks nor log segments found. Creating new log.
I20260630 12:26:32.364399 10539 raft_consensus.cc:493] T 3f160267650d446eac8e91a4d6b13d56 P c73e4c9f3c824a29b6bf2aadfd27d83d [term 0 FOLLOWER]: Starting pre-election (no leader contacted us within the election timeout)
I20260630 12:26:32.365021 10539 raft_consensus.cc:515] T 3f160267650d446eac8e91a4d6b13d56 P c73e4c9f3c824a29b6bf2aadfd27d83d [term 0 FOLLOWER]: Starting pre-election with config: opid_index: -1 OBSOLETE_local: false peers { permanent_uuid: "76fbbd803b944ca6aa7232fdb6afdac7" member_type: VOTER last_known_addr { host: "127.7.56.1" port: 40249 } } peers { permanent_uuid: "c73e4c9f3c824a29b6bf2aadfd27d83d" member_type: VOTER last_known_addr { host: "127.7.56.2" port: 35479 } } peers { permanent_uuid: "f6709246bcb24d12bf989e2d8afb2a3d" member_type: VOTER last_known_addr { host: "127.7.56.3" port: 35403 } }
I20260630 12:26:32.366515 10534 raft_consensus.cc:359] T 22e7035b7ee34b77b3095f557f6633e0 P c73e4c9f3c824a29b6bf2aadfd27d83d [term 0 FOLLOWER]: Replica starting. Triggering 0 pending ops. Active config: opid_index: -1 OBSOLETE_local: false peers { permanent_uuid: "c73e4c9f3c824a29b6bf2aadfd27d83d" member_type: VOTER last_known_addr { host: "127.7.56.2" port: 35479 } } peers { permanent_uuid: "76fbbd803b944ca6aa7232fdb6afdac7" member_type: VOTER last_known_addr { host: "127.7.56.1" port: 40249 } } peers { permanent_uuid: "f6709246bcb24d12bf989e2d8afb2a3d" member_type: VOTER last_known_addr { host: "127.7.56.3" port: 35403 } }
I20260630 12:26:32.367542 10534 raft_consensus.cc:385] T 22e7035b7ee34b77b3095f557f6633e0 P c73e4c9f3c824a29b6bf2aadfd27d83d [term 0 FOLLOWER]: Consensus starting up: Expiring failure detector timer to make a prompt election more likely
I20260630 12:26:32.367942 10534 raft_consensus.cc:740] T 22e7035b7ee34b77b3095f557f6633e0 P c73e4c9f3c824a29b6bf2aadfd27d83d [term 0 FOLLOWER]: Becoming Follower/Learner. State: Replica: c73e4c9f3c824a29b6bf2aadfd27d83d, State: Initialized, Role: FOLLOWER
I20260630 12:26:32.369343 10534 consensus_queue.cc:260] T 22e7035b7ee34b77b3095f557f6633e0 P c73e4c9f3c824a29b6bf2aadfd27d83d [NON_LEADER]: Queue going to NON_LEADER mode. State: All replicated index: 0, Majority replicated index: 0, Committed index: 0, Last appended: 0.0, Last appended by leader: 0, Current term: 0, Majority size: -1, State: 0, Mode: NON_LEADER, active raft config: opid_index: -1 OBSOLETE_local: false peers { permanent_uuid: "c73e4c9f3c824a29b6bf2aadfd27d83d" member_type: VOTER last_known_addr { host: "127.7.56.2" port: 35479 } } peers { permanent_uuid: "76fbbd803b944ca6aa7232fdb6afdac7" member_type: VOTER last_known_addr { host: "127.7.56.1" port: 40249 } } peers { permanent_uuid: "f6709246bcb24d12bf989e2d8afb2a3d" member_type: VOTER last_known_addr { host: "127.7.56.3" port: 35403 } }
I20260630 12:26:32.375428 10539 leader_election.cc:290] T 3f160267650d446eac8e91a4d6b13d56 P c73e4c9f3c824a29b6bf2aadfd27d83d [CANDIDATE]: Term 1 pre-election: Requested pre-vote from peers 76fbbd803b944ca6aa7232fdb6afdac7 (127.7.56.1:40249), f6709246bcb24d12bf989e2d8afb2a3d (127.7.56.3:35403)
I20260630 12:26:32.382875 10536 tablet_bootstrap.cc:492] T 3f160267650d446eac8e91a4d6b13d56 P 76fbbd803b944ca6aa7232fdb6afdac7: No bootstrap required, opened a new log
I20260630 12:26:32.383543 10536 ts_tablet_manager.cc:1403] T 3f160267650d446eac8e91a4d6b13d56 P 76fbbd803b944ca6aa7232fdb6afdac7: Time spent bootstrapping tablet: real 0.048s	user 0.026s	sys 0.016s
I20260630 12:26:32.386758 10536 raft_consensus.cc:359] T 3f160267650d446eac8e91a4d6b13d56 P 76fbbd803b944ca6aa7232fdb6afdac7 [term 0 FOLLOWER]: Replica starting. Triggering 0 pending ops. Active config: opid_index: -1 OBSOLETE_local: false peers { permanent_uuid: "76fbbd803b944ca6aa7232fdb6afdac7" member_type: VOTER last_known_addr { host: "127.7.56.1" port: 40249 } } peers { permanent_uuid: "c73e4c9f3c824a29b6bf2aadfd27d83d" member_type: VOTER last_known_addr { host: "127.7.56.2" port: 35479 } } peers { permanent_uuid: "f6709246bcb24d12bf989e2d8afb2a3d" member_type: VOTER last_known_addr { host: "127.7.56.3" port: 35403 } }
I20260630 12:26:32.387624 10536 raft_consensus.cc:385] T 3f160267650d446eac8e91a4d6b13d56 P 76fbbd803b944ca6aa7232fdb6afdac7 [term 0 FOLLOWER]: Consensus starting up: Expiring failure detector timer to make a prompt election more likely
I20260630 12:26:32.388006 10536 raft_consensus.cc:740] T 3f160267650d446eac8e91a4d6b13d56 P 76fbbd803b944ca6aa7232fdb6afdac7 [term 0 FOLLOWER]: Becoming Follower/Learner. State: Replica: 76fbbd803b944ca6aa7232fdb6afdac7, State: Initialized, Role: FOLLOWER
I20260630 12:26:32.388850 10536 consensus_queue.cc:260] T 3f160267650d446eac8e91a4d6b13d56 P 76fbbd803b944ca6aa7232fdb6afdac7 [NON_LEADER]: Queue going to NON_LEADER mode. State: All replicated index: 0, Majority replicated index: 0, Committed index: 0, Last appended: 0.0, Last appended by leader: 0, Current term: 0, Majority size: -1, State: 0, Mode: NON_LEADER, active raft config: opid_index: -1 OBSOLETE_local: false peers { permanent_uuid: "76fbbd803b944ca6aa7232fdb6afdac7" member_type: VOTER last_known_addr { host: "127.7.56.1" port: 40249 } } peers { permanent_uuid: "c73e4c9f3c824a29b6bf2aadfd27d83d" member_type: VOTER last_known_addr { host: "127.7.56.2" port: 35479 } } peers { permanent_uuid: "f6709246bcb24d12bf989e2d8afb2a3d" member_type: VOTER last_known_addr { host: "127.7.56.3" port: 35403 } }
I20260630 12:26:32.394672 10339 tablet_service.cc:1917] Received RequestConsensusVote() RPC: tablet_id: "3f160267650d446eac8e91a4d6b13d56" candidate_uuid: "c73e4c9f3c824a29b6bf2aadfd27d83d" candidate_term: 1 candidate_status { last_received { term: 0 index: 0 } } ignore_live_leader: false dest_uuid: "76fbbd803b944ca6aa7232fdb6afdac7" is_pre_election: true
I20260630 12:26:32.395532 10339 raft_consensus.cc:2468] T 3f160267650d446eac8e91a4d6b13d56 P 76fbbd803b944ca6aa7232fdb6afdac7 [term 0 FOLLOWER]: Leader pre-election vote request: Granting yes vote for candidate c73e4c9f3c824a29b6bf2aadfd27d83d in term 0.
