I20260630 12:26:28.922573 13471 acceptor_pool.cc:272] collecting diagnostics on the listening RPC socket 127.10.159.190:46523 every 8 connection(s)
I20260630 12:26:28.926656 13472 data_dirs.cc:400] Could only allocate 1 dirs of requested 3 for tablet 00000000000000000000000000000000. 1 dirs total, 0 dirs full, 0 dirs failed
I20260630 12:26:28.937691 13472 tablet_bootstrap.cc:492] T 00000000000000000000000000000000 P fa47f2fdcfa64d6d965f7e376de0db09: Bootstrap starting.
I20260630 12:26:28.942570 13472 tablet_bootstrap.cc:654] T 00000000000000000000000000000000 P fa47f2fdcfa64d6d965f7e376de0db09: Neither blocks nor log segments found. Creating new log.
I20260630 12:26:28.946897 13472 tablet_bootstrap.cc:492] T 00000000000000000000000000000000 P fa47f2fdcfa64d6d965f7e376de0db09: No bootstrap required, opened a new log
I20260630 12:26:28.949059 13472 raft_consensus.cc:359] T 00000000000000000000000000000000 P fa47f2fdcfa64d6d965f7e376de0db09 [term 0 FOLLOWER]: Replica starting. Triggering 0 pending ops. Active config: opid_index: -1 OBSOLETE_local: true peers { permanent_uuid: "fa47f2fdcfa64d6d965f7e376de0db09" member_type: VOTER }
I20260630 12:26:28.949497 13472 raft_consensus.cc:385] T 00000000000000000000000000000000 P fa47f2fdcfa64d6d965f7e376de0db09 [term 0 FOLLOWER]: Consensus starting up: Expiring failure detector timer to make a prompt election more likely
I20260630 12:26:28.949759 13472 raft_consensus.cc:740] T 00000000000000000000000000000000 P fa47f2fdcfa64d6d965f7e376de0db09 [term 0 FOLLOWER]: Becoming Follower/Learner. State: Replica: fa47f2fdcfa64d6d965f7e376de0db09, State: Initialized, Role: FOLLOWER
I20260630 12:26:28.950431 13472 consensus_queue.cc:260] T 00000000000000000000000000000000 P fa47f2fdcfa64d6d965f7e376de0db09 [NON_LEADER]: Queue going to NON_LEADER mode. State: All replicated index: 0, Majority replicated index: 0, Committed index: 0, Last appended: 0.0, Last appended by leader: 0, Current term: 0, Majority size: -1, State: 0, Mode: NON_LEADER, active raft config: opid_index: -1 OBSOLETE_local: true peers { permanent_uuid: "fa47f2fdcfa64d6d965f7e376de0db09" member_type: VOTER }
I20260630 12:26:28.950935 13472 raft_consensus.cc:399] T 00000000000000000000000000000000 P fa47f2fdcfa64d6d965f7e376de0db09 [term 0 FOLLOWER]: Only one voter in the Raft config. Triggering election immediately
I20260630 12:26:28.951174 13472 raft_consensus.cc:493] T 00000000000000000000000000000000 P fa47f2fdcfa64d6d965f7e376de0db09 [term 0 FOLLOWER]: Starting leader election (initial election of a single-replica configuration)
I20260630 12:26:28.951453 13472 raft_consensus.cc:3060] T 00000000000000000000000000000000 P fa47f2fdcfa64d6d965f7e376de0db09 [term 0 FOLLOWER]: Advancing to term 1
I20260630 12:26:28.956023 13472 raft_consensus.cc:515] T 00000000000000000000000000000000 P fa47f2fdcfa64d6d965f7e376de0db09 [term 1 FOLLOWER]: Starting leader election with config: opid_index: -1 OBSOLETE_local: true peers { permanent_uuid: "fa47f2fdcfa64d6d965f7e376de0db09" member_type: VOTER }
I20260630 12:26:28.956566 13472 leader_election.cc:304] T 00000000000000000000000000000000 P fa47f2fdcfa64d6d965f7e376de0db09 [CANDIDATE]: Term 1 election: Election decided. Result: candidate won. Election summary: received 1 responses out of 1 voters: 1 yes votes; 0 no votes. yes voters: fa47f2fdcfa64d6d965f7e376de0db09; no voters: 
I20260630 12:26:28.957764 13472 leader_election.cc:290] T 00000000000000000000000000000000 P fa47f2fdcfa64d6d965f7e376de0db09 [CANDIDATE]: Term 1 election: Requested vote from peers 
I20260630 12:26:28.958283 13475 raft_consensus.cc:2804] T 00000000000000000000000000000000 P fa47f2fdcfa64d6d965f7e376de0db09 [term 1 FOLLOWER]: Leader election won for term 1
I20260630 12:26:28.959676 13475 raft_consensus.cc:697] T 00000000000000000000000000000000 P fa47f2fdcfa64d6d965f7e376de0db09 [term 1 LEADER]: Becoming Leader. State: Replica: fa47f2fdcfa64d6d965f7e376de0db09, State: Running, Role: LEADER
I20260630 12:26:28.960407 13475 consensus_queue.cc:237] T 00000000000000000000000000000000 P fa47f2fdcfa64d6d965f7e376de0db09 [LEADER]: Queue going to LEADER mode. State: All replicated index: 0, Majority replicated index: 0, Committed index: 0, Last appended: 0.0, Last appended by leader: 0, Current term: 1, Majority size: 1, State: 0, Mode: LEADER, active raft config: opid_index: -1 OBSOLETE_local: true peers { permanent_uuid: "fa47f2fdcfa64d6d965f7e376de0db09" member_type: VOTER }
I20260630 12:26:28.960613 13472 sys_catalog.cc:565] T 00000000000000000000000000000000 P fa47f2fdcfa64d6d965f7e376de0db09 [sys.catalog]: configured and running, proceeding with master startup.
I20260630 12:26:28.963651 13477 sys_catalog.cc:455] T 00000000000000000000000000000000 P fa47f2fdcfa64d6d965f7e376de0db09 [sys.catalog]: SysCatalogTable state changed. Reason: New leader fa47f2fdcfa64d6d965f7e376de0db09. Latest consensus state: current_term: 1 leader_uuid: "fa47f2fdcfa64d6d965f7e376de0db09" committed_config { opid_index: -1 OBSOLETE_local: true peers { permanent_uuid: "fa47f2fdcfa64d6d965f7e376de0db09" member_type: VOTER } }
I20260630 12:26:28.963610 13476 sys_catalog.cc:455] T 00000000000000000000000000000000 P fa47f2fdcfa64d6d965f7e376de0db09 [sys.catalog]: SysCatalogTable state changed. Reason: RaftConsensus started. Latest consensus state: current_term: 1 leader_uuid: "fa47f2fdcfa64d6d965f7e376de0db09" committed_config { opid_index: -1 OBSOLETE_local: true peers { permanent_uuid: "fa47f2fdcfa64d6d965f7e376de0db09" member_type: VOTER } }
I20260630 12:26:28.964293 13477 sys_catalog.cc:458] T 00000000000000000000000000000000 P fa47f2fdcfa64d6d965f7e376de0db09 [sys.catalog]: This master's current role is: LEADER
I20260630 12:26:28.964387 13476 sys_catalog.cc:458] T 00000000000000000000000000000000 P fa47f2fdcfa64d6d965f7e376de0db09 [sys.catalog]: This master's current role is: LEADER
I20260630 12:26:28.968308 13482 catalog_manager.cc:1511] Loading table and tablet metadata into memory...
I20260630 12:26:28.977440 13482 catalog_manager.cc:1520] Initializing Kudu cluster ID...
I20260630 12:26:28.982055 10878 internal_mini_cluster.cc:184] Waiting to initialize catalog manager on master 0
I20260630 12:26:28.988812 13482 catalog_manager.cc:1383] Generated new cluster ID: 26a5fb0c17054281b0315a9f9d3bc837
I20260630 12:26:28.989192 13482 catalog_manager.cc:1531] Initializing Kudu internal certificate authority...
I20260630 12:26:29.012295 13482 catalog_manager.cc:1406] Generated new certificate authority record
I20260630 12:26:29.013584 13482 catalog_manager.cc:1540] Loading token signing keys...
I20260630 12:26:29.039068 13482 catalog_manager.cc:6070] T 00000000000000000000000000000000 P fa47f2fdcfa64d6d965f7e376de0db09: Generated new TSK 0
I20260630 12:26:29.039765 13482 catalog_manager.cc:1550] Initializing in-progress tserver states...
I20260630 12:26:29.053622 10878 file_cache.cc:492] Constructed file cache file cache with capacity 419430
W20260630 12:26:29.060606 13493 instance_detector.cc:116] could not retrieve AWS instance metadata: Network error: curl error: HTTP response code said error: The requested URL returned error: 404
W20260630 12:26:29.061532 13494 instance_detector.cc:116] could not retrieve Azure instance metadata: Network error: curl error: HTTP response code said error: The requested URL returned error: 404
W20260630 12:26:29.063100 13496 instance_detector.cc:116] could not retrieve OpenStack instance metadata: Network error: curl error: HTTP response code said error: The requested URL returned error: 404
I20260630 12:26:29.063962 10878 server_base.cc:1061] running on GCE node
I20260630 12:26:29.064868 10878 hybrid_clock.cc:584] initializing the hybrid clock with 'system_unsync' time source
W20260630 12:26:29.065052 10878 system_unsync_time.cc:38] NTP support is disabled. Clock error bounds will not be accurate. This configuration is not suitable for distributed clusters.
I20260630 12:26:29.065176 10878 hybrid_clock.cc:648] HybridClock initialized: now 1782822389065165 us; error 0 us; skew 500 ppm
I20260630 12:26:29.065614 10878 server_base.cc:861] Flag tcmalloc_max_total_thread_cache_bytes is not working since tcmalloc is not enabled.
I20260630 12:26:29.068204 10878 webserver.cc:533] Webserver started at http://127.10.159.129:41725/ using document root <none> and password file <none>
I20260630 12:26:29.068713 10878 fs_manager.cc:362] Metadata directory not provided
I20260630 12:26:29.068874 10878 fs_manager.cc:368] Using write-ahead log directory (fs_wal_dir) as metadata directory
I20260630 12:26:29.069090 10878 server_base.cc:909] This appears to be a new deployment of Kudu; creating new FS layout
I20260630 12:26:29.070199 10878 fs_manager.cc:1068] Generated new instance metadata in path /tmp/dist-test-taskGg7kxB/test-tmp/auto_rebalancer-test.0.AutoRebalancerTest.RangeAwareBuildClusterInfoGroupsByRange.1782822308304819-10878-0/minicluster-data/ts-0-root/instance:
uuid: "87b2f5b21e1a4256a77ae7acaa2cf7b0"
format_stamp: "Formatted at 2026-06-30 12:26:29 on dist-test-slave-9867"
I20260630 12:26:29.074848 10878 fs_manager.cc:696] Time spent creating directory manager: real 0.004s	user 0.003s	sys 0.000s
I20260630 12:26:29.078449 13501 log_block_manager.cc:4031] Time spent loading block containers with low live blocks: real 0.000s	user 0.000s	sys 0.000s
I20260630 12:26:29.079306 10878 fs_manager.cc:730] Time spent opening block manager: real 0.002s	user 0.002s	sys 0.001s
I20260630 12:26:29.079597 10878 fs_manager.cc:647] Opened local filesystem: /tmp/dist-test-taskGg7kxB/test-tmp/auto_rebalancer-test.0.AutoRebalancerTest.RangeAwareBuildClusterInfoGroupsByRange.1782822308304819-10878-0/minicluster-data/ts-0-root
uuid: "87b2f5b21e1a4256a77ae7acaa2cf7b0"
format_stamp: "Formatted at 2026-06-30 12:26:29 on dist-test-slave-9867"
I20260630 12:26:29.079859 10878 fs_report.cc:389] FS layout report
--------------------
wal directory: /tmp/dist-test-taskGg7kxB/test-tmp/auto_rebalancer-test.0.AutoRebalancerTest.RangeAwareBuildClusterInfoGroupsByRange.1782822308304819-10878-0/minicluster-data/ts-0-root
metadata directory: /tmp/dist-test-taskGg7kxB/test-tmp/auto_rebalancer-test.0.AutoRebalancerTest.RangeAwareBuildClusterInfoGroupsByRange.1782822308304819-10878-0/minicluster-data/ts-0-root
1 data directories: /tmp/dist-test-taskGg7kxB/test-tmp/auto_rebalancer-test.0.AutoRebalancerTest.RangeAwareBuildClusterInfoGroupsByRange.1782822308304819-10878-0/minicluster-data/ts-0-root/data
Total live blocks: 0
Total live bytes: 0
Total live bytes (after alignment): 0
Total number of LBM containers: 0 (0 full)
Did not check for missing blocks
Did not check for orphaned blocks
Total full LBM containers with extra space: 0 (0 repaired)
Total full LBM container extra space in bytes: 0 (0 repaired)
Total incomplete LBM containers: 0 (0 repaired)
Total LBM partial records: 0 (0 repaired)
Total corrupted LBM metadata records in RocksDB: 0 (0 repaired)
I20260630 12:26:29.099704 10878 rpc_server.cc:225] running with OpenSSL 1.1.1  11 Sep 2018
I20260630 12:26:29.101024 10878 kserver.cc:163] Server-wide thread pool size limit: 3276
I20260630 12:26:29.102761 10878 txn_system_client.cc:432] TxnSystemClient initialization is disabled...
I20260630 12:26:29.105274 10878 ts_tablet_manager.cc:585] Loaded tablet metadata (0 total tablets, 0 live tablets)
I20260630 12:26:29.105479 10878 ts_tablet_manager.cc:531] Time spent load tablet metadata: real 0.000s	user 0.000s	sys 0.000s
I20260630 12:26:29.105758 10878 ts_tablet_manager.cc:616] Registered 0 tablets
I20260630 12:26:29.105985 10878 ts_tablet_manager.cc:595] Time spent register tablets: real 0.000s	user 0.000s	sys 0.000s
I20260630 12:26:29.148778 10878 rpc_server.cc:307] RPC server started. Bound to: 127.10.159.129:32829
I20260630 12:26:29.148874 13563 acceptor_pool.cc:272] collecting diagnostics on the listening RPC socket 127.10.159.129:32829 every 8 connection(s)
I20260630 12:26:29.153841 10878 file_cache.cc:492] Constructed file cache file cache with capacity 419430
W20260630 12:26:29.160818 13568 instance_detector.cc:116] could not retrieve AWS instance metadata: Network error: curl error: HTTP response code said error: The requested URL returned error: 404
W20260630 12:26:29.161732 13569 instance_detector.cc:116] could not retrieve Azure instance metadata: Network error: curl error: HTTP response code said error: The requested URL returned error: 404
W20260630 12:26:29.166885 13571 instance_detector.cc:116] could not retrieve OpenStack instance metadata: Network error: curl error: HTTP response code said error: The requested URL returned error: 404
I20260630 12:26:29.167464 10878 server_base.cc:1061] running on GCE node
I20260630 12:26:29.167745 13564 heartbeater.cc:344] Connected to a master server at 127.10.159.190:46523
I20260630 12:26:29.168174 13564 heartbeater.cc:461] Registering TS with master...
I20260630 12:26:29.168339 10878 hybrid_clock.cc:584] initializing the hybrid clock with 'system_unsync' time source
W20260630 12:26:29.168594 10878 system_unsync_time.cc:38] NTP support is disabled. Clock error bounds will not be accurate. This configuration is not suitable for distributed clusters.
I20260630 12:26:29.168807 10878 hybrid_clock.cc:648] HybridClock initialized: now 1782822389168786 us; error 0 us; skew 500 ppm
I20260630 12:26:29.169075 13564 heartbeater.cc:507] Master 127.10.159.190:46523 requested a full tablet report, sending...
I20260630 12:26:29.169497 10878 server_base.cc:861] Flag tcmalloc_max_total_thread_cache_bytes is not working since tcmalloc is not enabled.
I20260630 12:26:29.171453 13437 ts_manager.cc:194] Registered new tserver with Master: 87b2f5b21e1a4256a77ae7acaa2cf7b0 (127.10.159.129:32829)
I20260630 12:26:29.172225 10878 webserver.cc:533] Webserver started at http://127.10.159.130:37189/ using document root <none> and password file <none>
I20260630 12:26:29.172712 10878 fs_manager.cc:362] Metadata directory not provided
I20260630 12:26:29.172900 10878 fs_manager.cc:368] Using write-ahead log directory (fs_wal_dir) as metadata directory
I20260630 12:26:29.173166 10878 server_base.cc:909] This appears to be a new deployment of Kudu; creating new FS layout
I20260630 12:26:29.173463 13437 master_service.cc:502] Signed X509 certificate for tserver {username='slave'} at 127.0.0.1:50856
I20260630 12:26:29.174398 10878 fs_manager.cc:1068] Generated new instance metadata in path /tmp/dist-test-taskGg7kxB/test-tmp/auto_rebalancer-test.0.AutoRebalancerTest.RangeAwareBuildClusterInfoGroupsByRange.1782822308304819-10878-0/minicluster-data/ts-1-root/instance:
uuid: "22a0d1758e7d40d0b84d24fdc2f38483"
format_stamp: "Formatted at 2026-06-30 12:26:29 on dist-test-slave-9867"
I20260630 12:26:29.178999 10878 fs_manager.cc:696] Time spent creating directory manager: real 0.004s	user 0.004s	sys 0.000s
I20260630 12:26:29.182389 13576 log_block_manager.cc:4031] Time spent loading block containers with low live blocks: real 0.000s	user 0.000s	sys 0.000s
I20260630 12:26:29.183231 10878 fs_manager.cc:730] Time spent opening block manager: real 0.002s	user 0.002s	sys 0.001s
I20260630 12:26:29.183549 10878 fs_manager.cc:647] Opened local filesystem: /tmp/dist-test-taskGg7kxB/test-tmp/auto_rebalancer-test.0.AutoRebalancerTest.RangeAwareBuildClusterInfoGroupsByRange.1782822308304819-10878-0/minicluster-data/ts-1-root
uuid: "22a0d1758e7d40d0b84d24fdc2f38483"
format_stamp: "Formatted at 2026-06-30 12:26:29 on dist-test-slave-9867"
I20260630 12:26:29.183849 10878 fs_report.cc:389] FS layout report
--------------------
wal directory: /tmp/dist-test-taskGg7kxB/test-tmp/auto_rebalancer-test.0.AutoRebalancerTest.RangeAwareBuildClusterInfoGroupsByRange.1782822308304819-10878-0/minicluster-data/ts-1-root
metadata directory: /tmp/dist-test-taskGg7kxB/test-tmp/auto_rebalancer-test.0.AutoRebalancerTest.RangeAwareBuildClusterInfoGroupsByRange.1782822308304819-10878-0/minicluster-data/ts-1-root
1 data directories: /tmp/dist-test-taskGg7kxB/test-tmp/auto_rebalancer-test.0.AutoRebalancerTest.RangeAwareBuildClusterInfoGroupsByRange.1782822308304819-10878-0/minicluster-data/ts-1-root/data
Total live blocks: 0
Total live bytes: 0
Total live bytes (after alignment): 0
Total number of LBM containers: 0 (0 full)
Did not check for missing blocks
Did not check for orphaned blocks
Total full LBM containers with extra space: 0 (0 repaired)
Total full LBM container extra space in bytes: 0 (0 repaired)
Total incomplete LBM containers: 0 (0 repaired)
Total LBM partial records: 0 (0 repaired)
Total corrupted LBM metadata records in RocksDB: 0 (0 repaired)
I20260630 12:26:29.205246 10878 rpc_server.cc:225] running with OpenSSL 1.1.1  11 Sep 2018
I20260630 12:26:29.206450 10878 kserver.cc:163] Server-wide thread pool size limit: 3276
I20260630 12:26:29.207984 10878 txn_system_client.cc:432] TxnSystemClient initialization is disabled...
I20260630 12:26:29.210240 10878 ts_tablet_manager.cc:585] Loaded tablet metadata (0 total tablets, 0 live tablets)
I20260630 12:26:29.210472 10878 ts_tablet_manager.cc:531] Time spent load tablet metadata: real 0.000s	user 0.000s	sys 0.000s
I20260630 12:26:29.210740 10878 ts_tablet_manager.cc:616] Registered 0 tablets
I20260630 12:26:29.210914 10878 ts_tablet_manager.cc:595] Time spent register tablets: real 0.000s	user 0.000s	sys 0.000s
I20260630 12:26:29.250296 10878 rpc_server.cc:307] RPC server started. Bound to: 127.10.159.130:45217
I20260630 12:26:29.250411 13638 acceptor_pool.cc:272] collecting diagnostics on the listening RPC socket 127.10.159.130:45217 every 8 connection(s)
I20260630 12:26:29.255175 10878 file_cache.cc:492] Constructed file cache file cache with capacity 419430
W20260630 12:26:29.263239 13642 instance_detector.cc:116] could not retrieve AWS instance metadata: Network error: curl error: HTTP response code said error: The requested URL returned error: 404
W20260630 12:26:29.264412 13643 instance_detector.cc:116] could not retrieve Azure instance metadata: Network error: curl error: HTTP response code said error: The requested URL returned error: 404
W20260630 12:26:29.265479 13645 instance_detector.cc:116] could not retrieve OpenStack instance metadata: Network error: curl error: HTTP response code said error: The requested URL returned error: 404
I20260630 12:26:29.266045 10878 server_base.cc:1061] running on GCE node
I20260630 12:26:29.266978 10878 hybrid_clock.cc:584] initializing the hybrid clock with 'system_unsync' time source
W20260630 12:26:29.267216 10878 system_unsync_time.cc:38] NTP support is disabled. Clock error bounds will not be accurate. This configuration is not suitable for distributed clusters.
I20260630 12:26:29.267401 10878 hybrid_clock.cc:648] HybridClock initialized: now 1782822389267383 us; error 0 us; skew 500 ppm
I20260630 12:26:29.267918 10878 server_base.cc:861] Flag tcmalloc_max_total_thread_cache_bytes is not working since tcmalloc is not enabled.
I20260630 12:26:29.269685 13639 heartbeater.cc:344] Connected to a master server at 127.10.159.190:46523
I20260630 12:26:29.270033 13639 heartbeater.cc:461] Registering TS with master...
I20260630 12:26:29.270885 13639 heartbeater.cc:507] Master 127.10.159.190:46523 requested a full tablet report, sending...
I20260630 12:26:29.271000 10878 webserver.cc:533] Webserver started at http://127.10.159.131:38693/ using document root <none> and password file <none>
I20260630 12:26:29.271575 10878 fs_manager.cc:362] Metadata directory not provided
I20260630 12:26:29.271796 10878 fs_manager.cc:368] Using write-ahead log directory (fs_wal_dir) as metadata directory
I20260630 12:26:29.272111 10878 server_base.cc:909] This appears to be a new deployment of Kudu; creating new FS layout
I20260630 12:26:29.272966 13437 ts_manager.cc:194] Registered new tserver with Master: 22a0d1758e7d40d0b84d24fdc2f38483 (127.10.159.130:45217)
I20260630 12:26:29.273389 10878 fs_manager.cc:1068] Generated new instance metadata in path /tmp/dist-test-taskGg7kxB/test-tmp/auto_rebalancer-test.0.AutoRebalancerTest.RangeAwareBuildClusterInfoGroupsByRange.1782822308304819-10878-0/minicluster-data/ts-2-root/instance:
uuid: "23ee129290214f85a0f08361aae7251d"
format_stamp: "Formatted at 2026-06-30 12:26:29 on dist-test-slave-9867"
I20260630 12:26:29.274405 13437 master_service.cc:502] Signed X509 certificate for tserver {username='slave'} at 127.0.0.1:50870
I20260630 12:26:29.278224 10878 fs_manager.cc:696] Time spent creating directory manager: real 0.004s	user 0.007s	sys 0.000s
I20260630 12:26:29.282043 13650 log_block_manager.cc:4031] Time spent loading block containers with low live blocks: real 0.000s	user 0.000s	sys 0.000s
I20260630 12:26:29.282943 10878 fs_manager.cc:730] Time spent opening block manager: real 0.002s	user 0.003s	sys 0.000s
I20260630 12:26:29.283281 10878 fs_manager.cc:647] Opened local filesystem: /tmp/dist-test-taskGg7kxB/test-tmp/auto_rebalancer-test.0.AutoRebalancerTest.RangeAwareBuildClusterInfoGroupsByRange.1782822308304819-10878-0/minicluster-data/ts-2-root
uuid: "23ee129290214f85a0f08361aae7251d"
format_stamp: "Formatted at 2026-06-30 12:26:29 on dist-test-slave-9867"
I20260630 12:26:29.283571 10878 fs_report.cc:389] FS layout report
--------------------
wal directory: /tmp/dist-test-taskGg7kxB/test-tmp/auto_rebalancer-test.0.AutoRebalancerTest.RangeAwareBuildClusterInfoGroupsByRange.1782822308304819-10878-0/minicluster-data/ts-2-root
metadata directory: /tmp/dist-test-taskGg7kxB/test-tmp/auto_rebalancer-test.0.AutoRebalancerTest.RangeAwareBuildClusterInfoGroupsByRange.1782822308304819-10878-0/minicluster-data/ts-2-root
1 data directories: /tmp/dist-test-taskGg7kxB/test-tmp/auto_rebalancer-test.0.AutoRebalancerTest.RangeAwareBuildClusterInfoGroupsByRange.1782822308304819-10878-0/minicluster-data/ts-2-root/data
Total live blocks: 0
Total live bytes: 0
Total live bytes (after alignment): 0
Total number of LBM containers: 0 (0 full)
Did not check for missing blocks
Did not check for orphaned blocks
Total full LBM containers with extra space: 0 (0 repaired)
Total full LBM container extra space in bytes: 0 (0 repaired)
Total incomplete LBM containers: 0 (0 repaired)
Total LBM partial records: 0 (0 repaired)
Total corrupted LBM metadata records in RocksDB: 0 (0 repaired)
I20260630 12:26:29.306922 10878 rpc_server.cc:225] running with OpenSSL 1.1.1  11 Sep 2018
I20260630 12:26:29.308115 10878 kserver.cc:163] Server-wide thread pool size limit: 3276
I20260630 12:26:29.309549 10878 txn_system_client.cc:432] TxnSystemClient initialization is disabled...
I20260630 12:26:29.311784 10878 ts_tablet_manager.cc:585] Loaded tablet metadata (0 total tablets, 0 live tablets)
I20260630 12:26:29.312001 10878 ts_tablet_manager.cc:531] Time spent load tablet metadata: real 0.000s	user 0.000s	sys 0.000s
I20260630 12:26:29.312274 10878 ts_tablet_manager.cc:616] Registered 0 tablets
I20260630 12:26:29.312443 10878 ts_tablet_manager.cc:595] Time spent register tablets: real 0.000s	user 0.000s	sys 0.000s
I20260630 12:26:29.351315 10878 rpc_server.cc:307] RPC server started. Bound to: 127.10.159.131:44087
I20260630 12:26:29.351438 13712 acceptor_pool.cc:272] collecting diagnostics on the listening RPC socket 127.10.159.131:44087 every 8 connection(s)
I20260630 12:26:29.365381 13713 heartbeater.cc:344] Connected to a master server at 127.10.159.190:46523
I20260630 12:26:29.365814 13713 heartbeater.cc:461] Registering TS with master...
I20260630 12:26:29.366679 13713 heartbeater.cc:507] Master 127.10.159.190:46523 requested a full tablet report, sending...
I20260630 12:26:29.368722 13437 ts_manager.cc:194] Registered new tserver with Master: 23ee129290214f85a0f08361aae7251d (127.10.159.131:44087)
I20260630 12:26:29.369050 10878 internal_mini_cluster.cc:371] 3 TS(s) registered with all masters after 0.014647183s
I20260630 12:26:29.370173 13437 master_service.cc:502] Signed X509 certificate for tserver {username='slave'} at 127.0.0.1:50872
I20260630 12:26:30.176239 13564 heartbeater.cc:499] Master 127.10.159.190:46523 was elected leader, sending a full tablet report...
I20260630 12:26:30.277025 13639 heartbeater.cc:499] Master 127.10.159.190:46523 was elected leader, sending a full tablet report...
I20260630 12:26:30.373080 13713 heartbeater.cc:499] Master 127.10.159.190:46523 was elected leader, sending a full tablet report...
I20260630 12:26:30.424523 13437 catalog_manager.cc:2283] Servicing CreateTable request from {username='slave'} at 127.0.0.1:50878:
name: "range_aware_auto_rebalancer_test"
schema {
  columns {
    name: "key"
    type: INT32
    is_key: true
    is_nullable: false
    encoding: AUTO_ENCODING
    compression: DEFAULT_COMPRESSION
    cfile_block_size: 0
    immutable: false
  }
}
num_replicas: 3
split_rows_range_bounds {
  rows: "\006\001\000\000\000\000\007\001\n\000\000\000\006\001\n\000\000\000\007\001\024\000\000\000""\006\001\000\000\000\000\007\001\n\000\000\000\006\001\n\000\000\000\007\001\024\000\000\000"
  indirect_data: """"
}
partition_schema {
  hash_schema {
    columns {
      name: "key"
    }
    num_buckets: 2
    seed: 0
  }
  range_schema {
    columns {
      name: "key"
    }
  }
}
W20260630 12:26:30.426908 13437 catalog_manager.cc:7077] The number of live tablet servers is not enough to re-replicate a tablet replica of the newly created table range_aware_auto_rebalancer_test in case of a server failure: 4 tablet servers would be needed, 3 are available. Consider bringing up more tablet servers.
I20260630 12:26:30.485487 13529 tablet_service.cc:1511] Processing CreateTablet for tablet 0ed5c394cd324077a0a3a786fc768079 (DEFAULT_TABLE table=range_aware_auto_rebalancer_test [id=3fae3feb23c1428aa5868db093e42d49]), partition=HASH (key) PARTITION 0, RANGE (key) PARTITION 0 <= VALUES < 10
I20260630 12:26:30.487178 13529 data_dirs.cc:400] Could only allocate 1 dirs of requested 3 for tablet 0ed5c394cd324077a0a3a786fc768079. 1 dirs total, 0 dirs full, 0 dirs failed
I20260630 12:26:30.498934 13528 tablet_service.cc:1511] Processing CreateTablet for tablet 1359c4194b2d49baa6bf55073a90a5ba (DEFAULT_TABLE table=range_aware_auto_rebalancer_test [id=3fae3feb23c1428aa5868db093e42d49]), partition=HASH (key) PARTITION 0, RANGE (key) PARTITION 10 <= VALUES < 20
I20260630 12:26:30.499758 13678 tablet_service.cc:1511] Processing CreateTablet for tablet 0ed5c394cd324077a0a3a786fc768079 (DEFAULT_TABLE table=range_aware_auto_rebalancer_test [id=3fae3feb23c1428aa5868db093e42d49]), partition=HASH (key) PARTITION 0, RANGE (key) PARTITION 0 <= VALUES < 10
I20260630 12:26:30.500579 13528 data_dirs.cc:400] Could only allocate 1 dirs of requested 3 for tablet 1359c4194b2d49baa6bf55073a90a5ba. 1 dirs total, 0 dirs full, 0 dirs failed
I20260630 12:26:30.501204 13678 data_dirs.cc:400] Could only allocate 1 dirs of requested 3 for tablet 0ed5c394cd324077a0a3a786fc768079. 1 dirs total, 0 dirs full, 0 dirs failed
I20260630 12:26:30.500950 13676 tablet_service.cc:1511] Processing CreateTablet for tablet cd498a948e624c25ae36ae29ae766288 (DEFAULT_TABLE table=range_aware_auto_rebalancer_test [id=3fae3feb23c1428aa5868db093e42d49]), partition=HASH (key) PARTITION 1, RANGE (key) PARTITION 0 <= VALUES < 10
I20260630 12:26:30.502331 13676 data_dirs.cc:400] Could only allocate 1 dirs of requested 3 for tablet cd498a948e624c25ae36ae29ae766288. 1 dirs total, 0 dirs full, 0 dirs failed
I20260630 12:26:30.503509 13527 tablet_service.cc:1511] Processing CreateTablet for tablet cd498a948e624c25ae36ae29ae766288 (DEFAULT_TABLE table=range_aware_auto_rebalancer_test [id=3fae3feb23c1428aa5868db093e42d49]), partition=HASH (key) PARTITION 1, RANGE (key) PARTITION 0 <= VALUES < 10
I20260630 12:26:30.505023 13527 data_dirs.cc:400] Could only allocate 1 dirs of requested 3 for tablet cd498a948e624c25ae36ae29ae766288. 1 dirs total, 0 dirs full, 0 dirs failed
I20260630 12:26:30.508015 13526 tablet_service.cc:1511] Processing CreateTablet for tablet 8358469f34d447c4b60095d21d08c1f2 (DEFAULT_TABLE table=range_aware_auto_rebalancer_test [id=3fae3feb23c1428aa5868db093e42d49]), partition=HASH (key) PARTITION 1, RANGE (key) PARTITION 10 <= VALUES < 20
I20260630 12:26:30.510038 13526 data_dirs.cc:400] Could only allocate 1 dirs of requested 3 for tablet 8358469f34d447c4b60095d21d08c1f2. 1 dirs total, 0 dirs full, 0 dirs failed
I20260630 12:26:30.511529 13677 tablet_service.cc:1511] Processing CreateTablet for tablet 1359c4194b2d49baa6bf55073a90a5ba (DEFAULT_TABLE table=range_aware_auto_rebalancer_test [id=3fae3feb23c1428aa5868db093e42d49]), partition=HASH (key) PARTITION 0, RANGE (key) PARTITION 10 <= VALUES < 20
I20260630 12:26:30.512945 13677 data_dirs.cc:400] Could only allocate 1 dirs of requested 3 for tablet 1359c4194b2d49baa6bf55073a90a5ba. 1 dirs total, 0 dirs full, 0 dirs failed
I20260630 12:26:30.513062 13733 tablet_bootstrap.cc:492] T 0ed5c394cd324077a0a3a786fc768079 P 87b2f5b21e1a4256a77ae7acaa2cf7b0: Bootstrap starting.
I20260630 12:26:30.522360 13733 tablet_bootstrap.cc:654] T 0ed5c394cd324077a0a3a786fc768079 P 87b2f5b21e1a4256a77ae7acaa2cf7b0: Neither blocks nor log segments found. Creating new log.
I20260630 12:26:30.538015 13676 tablet_service.cc:1511] Processing CreateTablet for tablet 8358469f34d447c4b60095d21d08c1f2 (DEFAULT_TABLE table=range_aware_auto_rebalancer_test [id=3fae3feb23c1428aa5868db093e42d49]), partition=HASH (key) PARTITION 1, RANGE (key) PARTITION 10 <= VALUES < 20
I20260630 12:26:30.539484 13676 data_dirs.cc:400] Could only allocate 1 dirs of requested 3 for tablet 8358469f34d447c4b60095d21d08c1f2. 1 dirs total, 0 dirs full, 0 dirs failed
I20260630 12:26:30.541682 13734 tablet_bootstrap.cc:492] T 0ed5c394cd324077a0a3a786fc768079 P 23ee129290214f85a0f08361aae7251d: Bootstrap starting.
I20260630 12:26:30.553047 13734 tablet_bootstrap.cc:654] T 0ed5c394cd324077a0a3a786fc768079 P 23ee129290214f85a0f08361aae7251d: Neither blocks nor log segments found. Creating new log.
I20260630 12:26:30.564625 13734 tablet_bootstrap.cc:492] T 0ed5c394cd324077a0a3a786fc768079 P 23ee129290214f85a0f08361aae7251d: No bootstrap required, opened a new log
I20260630 12:26:30.565105 13734 ts_tablet_manager.cc:1403] T 0ed5c394cd324077a0a3a786fc768079 P 23ee129290214f85a0f08361aae7251d: Time spent bootstrapping tablet: real 0.024s	user 0.008s	sys 0.008s
I20260630 12:26:30.567971 13734 raft_consensus.cc:359] T 0ed5c394cd324077a0a3a786fc768079 P 23ee129290214f85a0f08361aae7251d [term 0 FOLLOWER]: Replica starting. Triggering 0 pending ops. Active config: opid_index: -1 OBSOLETE_local: false peers { permanent_uuid: "87b2f5b21e1a4256a77ae7acaa2cf7b0" member_type: VOTER last_known_addr { host: "127.10.159.129" port: 32829 } } peers { permanent_uuid: "22a0d1758e7d40d0b84d24fdc2f38483" member_type: VOTER last_known_addr { host: "127.10.159.130" port: 45217 } } peers { permanent_uuid: "23ee129290214f85a0f08361aae7251d" member_type: VOTER last_known_addr { host: "127.10.159.131" port: 44087 } }
I20260630 12:26:30.569986 13734 raft_consensus.cc:385] T 0ed5c394cd324077a0a3a786fc768079 P 23ee129290214f85a0f08361aae7251d [term 0 FOLLOWER]: Consensus starting up: Expiring failure detector timer to make a prompt election more likely
I20260630 12:26:30.569669 13604 tablet_service.cc:1511] Processing CreateTablet for tablet 0ed5c394cd324077a0a3a786fc768079 (DEFAULT_TABLE table=range_aware_auto_rebalancer_test [id=3fae3feb23c1428aa5868db093e42d49]), partition=HASH (key) PARTITION 0, RANGE (key) PARTITION 0 <= VALUES < 10
I20260630 12:26:30.570319 13734 raft_consensus.cc:740] T 0ed5c394cd324077a0a3a786fc768079 P 23ee129290214f85a0f08361aae7251d [term 0 FOLLOWER]: Becoming Follower/Learner. State: Replica: 23ee129290214f85a0f08361aae7251d, State: Initialized, Role: FOLLOWER
I20260630 12:26:30.571113 13604 data_dirs.cc:400] Could only allocate 1 dirs of requested 3 for tablet 0ed5c394cd324077a0a3a786fc768079. 1 dirs total, 0 dirs full, 0 dirs failed
I20260630 12:26:30.571188 13734 consensus_queue.cc:260] T 0ed5c394cd324077a0a3a786fc768079 P 23ee129290214f85a0f08361aae7251d [NON_LEADER]: Queue going to NON_LEADER mode. State: All replicated index: 0, Majority replicated index: 0, Committed index: 0, Last appended: 0.0, Last appended by leader: 0, Current term: 0, Majority size: -1, State: 0, Mode: NON_LEADER, active raft config: opid_index: -1 OBSOLETE_local: false peers { permanent_uuid: "87b2f5b21e1a4256a77ae7acaa2cf7b0" member_type: VOTER last_known_addr { host: "127.10.159.129" port: 32829 } } peers { permanent_uuid: "22a0d1758e7d40d0b84d24fdc2f38483" member_type: VOTER last_known_addr { host: "127.10.159.130" port: 45217 } } peers { permanent_uuid: "23ee129290214f85a0f08361aae7251d" member_type: VOTER last_known_addr { host: "127.10.159.131" port: 44087 } }
I20260630 12:26:30.572351 13733 tablet_bootstrap.cc:492] T 0ed5c394cd324077a0a3a786fc768079 P 87b2f5b21e1a4256a77ae7acaa2cf7b0: No bootstrap required, opened a new log
I20260630 12:26:30.572846 13733 ts_tablet_manager.cc:1403] T 0ed5c394cd324077a0a3a786fc768079 P 87b2f5b21e1a4256a77ae7acaa2cf7b0: Time spent bootstrapping tablet: real 0.060s	user 0.015s	sys 0.032s
I20260630 12:26:30.574219 13734 ts_tablet_manager.cc:1434] T 0ed5c394cd324077a0a3a786fc768079 P 23ee129290214f85a0f08361aae7251d: Time spent starting tablet: real 0.009s	user 0.008s	sys 0.000s
I20260630 12:26:30.575249 13734 tablet_bootstrap.cc:492] T cd498a948e624c25ae36ae29ae766288 P 23ee129290214f85a0f08361aae7251d: Bootstrap starting.
I20260630 12:26:30.575785 13601 tablet_service.cc:1511] Processing CreateTablet for tablet 8358469f34d447c4b60095d21d08c1f2 (DEFAULT_TABLE table=range_aware_auto_rebalancer_test [id=3fae3feb23c1428aa5868db093e42d49]), partition=HASH (key) PARTITION 1, RANGE (key) PARTITION 10 <= VALUES < 20
I20260630 12:26:30.577203 13601 data_dirs.cc:400] Could only allocate 1 dirs of requested 3 for tablet 8358469f34d447c4b60095d21d08c1f2. 1 dirs total, 0 dirs full, 0 dirs failed
I20260630 12:26:30.580258 13603 tablet_service.cc:1511] Processing CreateTablet for tablet 1359c4194b2d49baa6bf55073a90a5ba (DEFAULT_TABLE table=range_aware_auto_rebalancer_test [id=3fae3feb23c1428aa5868db093e42d49]), partition=HASH (key) PARTITION 0, RANGE (key) PARTITION 10 <= VALUES < 20
I20260630 12:26:30.581583 13603 data_dirs.cc:400] Could only allocate 1 dirs of requested 3 for tablet 1359c4194b2d49baa6bf55073a90a5ba. 1 dirs total, 0 dirs full, 0 dirs failed
I20260630 12:26:30.581986 13734 tablet_bootstrap.cc:654] T cd498a948e624c25ae36ae29ae766288 P 23ee129290214f85a0f08361aae7251d: Neither blocks nor log segments found. Creating new log.
I20260630 12:26:30.581881 13602 tablet_service.cc:1511] Processing CreateTablet for tablet cd498a948e624c25ae36ae29ae766288 (DEFAULT_TABLE table=range_aware_auto_rebalancer_test [id=3fae3feb23c1428aa5868db093e42d49]), partition=HASH (key) PARTITION 1, RANGE (key) PARTITION 0 <= VALUES < 10
I20260630 12:26:30.583278 13602 data_dirs.cc:400] Could only allocate 1 dirs of requested 3 for tablet cd498a948e624c25ae36ae29ae766288. 1 dirs total, 0 dirs full, 0 dirs failed
I20260630 12:26:30.601724 13733 raft_consensus.cc:359] T 0ed5c394cd324077a0a3a786fc768079 P 87b2f5b21e1a4256a77ae7acaa2cf7b0 [term 0 FOLLOWER]: Replica starting. Triggering 0 pending ops. Active config: opid_index: -1 OBSOLETE_local: false peers { permanent_uuid: "87b2f5b21e1a4256a77ae7acaa2cf7b0" member_type: VOTER last_known_addr { host: "127.10.159.129" port: 32829 } } peers { permanent_uuid: "22a0d1758e7d40d0b84d24fdc2f38483" member_type: VOTER last_known_addr { host: "127.10.159.130" port: 45217 } } peers { permanent_uuid: "23ee129290214f85a0f08361aae7251d" member_type: VOTER last_known_addr { host: "127.10.159.131" port: 44087 } }
I20260630 12:26:30.602626 13733 raft_consensus.cc:385] T 0ed5c394cd324077a0a3a786fc768079 P 87b2f5b21e1a4256a77ae7acaa2cf7b0 [term 0 FOLLOWER]: Consensus starting up: Expiring failure detector timer to make a prompt election more likely
I20260630 12:26:30.602963 13733 raft_consensus.cc:740] T 0ed5c394cd324077a0a3a786fc768079 P 87b2f5b21e1a4256a77ae7acaa2cf7b0 [term 0 FOLLOWER]: Becoming Follower/Learner. State: Replica: 87b2f5b21e1a4256a77ae7acaa2cf7b0, State: Initialized, Role: FOLLOWER
I20260630 12:26:30.604143 13733 consensus_queue.cc:260] T 0ed5c394cd324077a0a3a786fc768079 P 87b2f5b21e1a4256a77ae7acaa2cf7b0 [NON_LEADER]: Queue going to NON_LEADER mode. State: All replicated index: 0, Majority replicated index: 0, Committed index: 0, Last appended: 0.0, Last appended by leader: 0, Current term: 0, Majority size: -1, State: 0, Mode: NON_LEADER, active raft config: opid_index: -1 OBSOLETE_local: false peers { permanent_uuid: "87b2f5b21e1a4256a77ae7acaa2cf7b0" member_type: VOTER last_known_addr { host: "127.10.159.129" port: 32829 } } peers { permanent_uuid: "22a0d1758e7d40d0b84d24fdc2f38483" member_type: VOTER last_known_addr { host: "127.10.159.130" port: 45217 } } peers { permanent_uuid: "23ee129290214f85a0f08361aae7251d" member_type: VOTER last_known_addr { host: "127.10.159.131" port: 44087 } }
W20260630 12:26:30.606704 13714 tablet.cc:2406] T 0ed5c394cd324077a0a3a786fc768079 P 23ee129290214f85a0f08361aae7251d: Can't schedule compaction. Clean time has not been advanced past its initial value.
I20260630 12:26:30.610000 13734 tablet_bootstrap.cc:492] T cd498a948e624c25ae36ae29ae766288 P 23ee129290214f85a0f08361aae7251d: No bootstrap required, opened a new log
I20260630 12:26:30.610518 13734 ts_tablet_manager.cc:1403] T cd498a948e624c25ae36ae29ae766288 P 23ee129290214f85a0f08361aae7251d: Time spent bootstrapping tablet: real 0.035s	user 0.009s	sys 0.022s
I20260630 12:26:30.612250 13739 tablet_bootstrap.cc:492] T 1359c4194b2d49baa6bf55073a90a5ba P 22a0d1758e7d40d0b84d24fdc2f38483: Bootstrap starting.
I20260630 12:26:30.613560 13734 raft_consensus.cc:359] T cd498a948e624c25ae36ae29ae766288 P 23ee129290214f85a0f08361aae7251d [term 0 FOLLOWER]: Replica starting. Triggering 0 pending ops. Active config: opid_index: -1 OBSOLETE_local: false peers { permanent_uuid: "87b2f5b21e1a4256a77ae7acaa2cf7b0" member_type: VOTER last_known_addr { host: "127.10.159.129" port: 32829 } } peers { permanent_uuid: "22a0d1758e7d40d0b84d24fdc2f38483" member_type: VOTER last_known_addr { host: "127.10.159.130" port: 45217 } } peers { permanent_uuid: "23ee129290214f85a0f08361aae7251d" member_type: VOTER last_known_addr { host: "127.10.159.131" port: 44087 } }
I20260630 12:26:30.614351 13734 raft_consensus.cc:385] T cd498a948e624c25ae36ae29ae766288 P 23ee129290214f85a0f08361aae7251d [term 0 FOLLOWER]: Consensus starting up: Expiring failure detector timer to make a prompt election more likely
I20260630 12:26:30.614729 13734 raft_consensus.cc:740] T cd498a948e624c25ae36ae29ae766288 P 23ee129290214f85a0f08361aae7251d [term 0 FOLLOWER]: Becoming Follower/Learner. State: Replica: 23ee129290214f85a0f08361aae7251d, State: Initialized, Role: FOLLOWER
I20260630 12:26:30.615584 13734 consensus_queue.cc:260] T cd498a948e624c25ae36ae29ae766288 P 23ee129290214f85a0f08361aae7251d [NON_LEADER]: Queue going to NON_LEADER mode. State: All replicated index: 0, Majority replicated index: 0, Committed index: 0, Last appended: 0.0, Last appended by leader: 0, Current term: 0, Majority size: -1, State: 0, Mode: NON_LEADER, active raft config: opid_index: -1 OBSOLETE_local: false peers { permanent_uuid: "87b2f5b21e1a4256a77ae7acaa2cf7b0" member_type: VOTER last_known_addr { host: "127.10.159.129" port: 32829 } } peers { permanent_uuid: "22a0d1758e7d40d0b84d24fdc2f38483" member_type: VOTER last_known_addr { host: "127.10.159.130" port: 45217 } } peers { permanent_uuid: "23ee129290214f85a0f08361aae7251d" member_type: VOTER last_known_addr { host: "127.10.159.131" port: 44087 } }
I20260630 12:26:30.617834 13734 ts_tablet_manager.cc:1434] T cd498a948e624c25ae36ae29ae766288 P 23ee129290214f85a0f08361aae7251d: Time spent starting tablet: real 0.007s	user 0.005s	sys 0.000s
I20260630 12:26:30.618830 13734 tablet_bootstrap.cc:492] T 1359c4194b2d49baa6bf55073a90a5ba P 23ee129290214f85a0f08361aae7251d: Bootstrap starting.
I20260630 12:26:30.619336 13739 tablet_bootstrap.cc:654] T 1359c4194b2d49baa6bf55073a90a5ba P 22a0d1758e7d40d0b84d24fdc2f38483: Neither blocks nor log segments found. Creating new log.
I20260630 12:26:30.620792 13733 ts_tablet_manager.cc:1434] T 0ed5c394cd324077a0a3a786fc768079 P 87b2f5b21e1a4256a77ae7acaa2cf7b0: Time spent starting tablet: real 0.048s	user 0.000s	sys 0.009s
I20260630 12:26:30.621923 13733 tablet_bootstrap.cc:492] T cd498a948e624c25ae36ae29ae766288 P 87b2f5b21e1a4256a77ae7acaa2cf7b0: Bootstrap starting.
I20260630 12:26:30.625167 13734 tablet_bootstrap.cc:654] T 1359c4194b2d49baa6bf55073a90a5ba P 23ee129290214f85a0f08361aae7251d: Neither blocks nor log segments found. Creating new log.
I20260630 12:26:30.628677 13733 tablet_bootstrap.cc:654] T cd498a948e624c25ae36ae29ae766288 P 87b2f5b21e1a4256a77ae7acaa2cf7b0: Neither blocks nor log segments found. Creating new log.
I20260630 12:26:30.631589 13734 tablet_bootstrap.cc:492] T 1359c4194b2d49baa6bf55073a90a5ba P 23ee129290214f85a0f08361aae7251d: No bootstrap required, opened a new log
I20260630 12:26:30.632097 13734 ts_tablet_manager.cc:1403] T 1359c4194b2d49baa6bf55073a90a5ba P 23ee129290214f85a0f08361aae7251d: Time spent bootstrapping tablet: real 0.013s	user 0.011s	sys 0.001s
I20260630 12:26:30.634480 13737 raft_consensus.cc:493] T 0ed5c394cd324077a0a3a786fc768079 P 23ee129290214f85a0f08361aae7251d [term 0 FOLLOWER]: Starting pre-election (no leader contacted us within the election timeout)
I20260630 12:26:30.634999 13737 raft_consensus.cc:515] T 0ed5c394cd324077a0a3a786fc768079 P 23ee129290214f85a0f08361aae7251d [term 0 FOLLOWER]: Starting pre-election with config: opid_index: -1 OBSOLETE_local: false peers { permanent_uuid: "87b2f5b21e1a4256a77ae7acaa2cf7b0" member_type: VOTER last_known_addr { host: "127.10.159.129" port: 32829 } } peers { permanent_uuid: "22a0d1758e7d40d0b84d24fdc2f38483" member_type: VOTER last_known_addr { host: "127.10.159.130" port: 45217 } } peers { permanent_uuid: "23ee129290214f85a0f08361aae7251d" member_type: VOTER last_known_addr { host: "127.10.159.131" port: 44087 } }
I20260630 12:26:30.635120 13734 raft_consensus.cc:359] T 1359c4194b2d49baa6bf55073a90a5ba P 23ee129290214f85a0f08361aae7251d [term 0 FOLLOWER]: Replica starting. Triggering 0 pending ops. Active config: opid_index: -1 OBSOLETE_local: false peers { permanent_uuid: "87b2f5b21e1a4256a77ae7acaa2cf7b0" member_type: VOTER last_known_addr { host: "127.10.159.129" port: 32829 } } peers { permanent_uuid: "22a0d1758e7d40d0b84d24fdc2f38483" member_type: VOTER last_known_addr { host: "127.10.159.130" port: 45217 } } peers { permanent_uuid: "23ee129290214f85a0f08361aae7251d" member_type: VOTER last_known_addr { host: "127.10.159.131" port: 44087 } }
I20260630 12:26:30.635913 13734 raft_consensus.cc:385] T 1359c4194b2d49baa6bf55073a90a5ba P 23ee129290214f85a0f08361aae7251d [term 0 FOLLOWER]: Consensus starting up: Expiring failure detector timer to make a prompt election more likely
I20260630 12:26:30.636209 13734 raft_consensus.cc:740] T 1359c4194b2d49baa6bf55073a90a5ba P 23ee129290214f85a0f08361aae7251d [term 0 FOLLOWER]: Becoming Follower/Learner. State: Replica: 23ee129290214f85a0f08361aae7251d, State: Initialized, Role: FOLLOWER
I20260630 12:26:30.636351 13739 tablet_bootstrap.cc:492] T 1359c4194b2d49baa6bf55073a90a5ba P 22a0d1758e7d40d0b84d24fdc2f38483: No bootstrap required, opened a new log
I20260630 12:26:30.636824 13739 ts_tablet_manager.cc:1403] T 1359c4194b2d49baa6bf55073a90a5ba P 22a0d1758e7d40d0b84d24fdc2f38483: Time spent bootstrapping tablet: real 0.025s	user 0.011s	sys 0.000s
I20260630 12:26:30.636965 13734 consensus_queue.cc:260] T 1359c4194b2d49baa6bf55073a90a5ba P 23ee129290214f85a0f08361aae7251d [NON_LEADER]: Queue going to NON_LEADER mode. State: All replicated index: 0, Majority replicated index: 0, Committed index: 0, Last appended: 0.0, Last appended by leader: 0, Current term: 0, Majority size: -1, State: 0, Mode: NON_LEADER, active raft config: opid_index: -1 OBSOLETE_local: false peers { permanent_uuid: "87b2f5b21e1a4256a77ae7acaa2cf7b0" member_type: VOTER last_known_addr { host: "127.10.159.129" port: 32829 } } peers { permanent_uuid: "22a0d1758e7d40d0b84d24fdc2f38483" member_type: VOTER last_known_addr { host: "127.10.159.130" port: 45217 } } peers { permanent_uuid: "23ee129290214f85a0f08361aae7251d" member_type: VOTER last_known_addr { host: "127.10.159.131" port: 44087 } }
I20260630 12:26:30.640516 13737 leader_election.cc:290] T 0ed5c394cd324077a0a3a786fc768079 P 23ee129290214f85a0f08361aae7251d [CANDIDATE]: Term 1 pre-election: Requested pre-vote from peers 87b2f5b21e1a4256a77ae7acaa2cf7b0 (127.10.159.129:32829), 22a0d1758e7d40d0b84d24fdc2f38483 (127.10.159.130:45217)
I20260630 12:26:30.641074 13739 raft_consensus.cc:359] T 1359c4194b2d49baa6bf55073a90a5ba P 22a0d1758e7d40d0b84d24fdc2f38483 [term 0 FOLLOWER]: Replica starting. Triggering 0 pending ops. Active config: opid_index: -1 OBSOLETE_local: false peers { permanent_uuid: "87b2f5b21e1a4256a77ae7acaa2cf7b0" member_type: VOTER last_known_addr { host: "127.10.159.129" port: 32829 } } peers { permanent_uuid: "22a0d1758e7d40d0b84d24fdc2f38483" member_type: VOTER last_known_addr { host: "127.10.159.130" port: 45217 } } peers { permanent_uuid: "23ee129290214f85a0f08361aae7251d" member_type: VOTER last_known_addr { host: "127.10.159.131" port: 44087 } }
I20260630 12:26:30.642283 13739 raft_consensus.cc:385] T 1359c4194b2d49baa6bf55073a90a5ba P 22a0d1758e7d40d0b84d24fdc2f38483 [term 0 FOLLOWER]: Consensus starting up: Expiring failure detector timer to make a prompt election more likely
I20260630 12:26:30.642760 13739 raft_consensus.cc:740] T 1359c4194b2d49baa6bf55073a90a5ba P 22a0d1758e7d40d0b84d24fdc2f38483 [term 0 FOLLOWER]: Becoming Follower/Learner. State: Replica: 22a0d1758e7d40d0b84d24fdc2f38483, State: Initialized, Role: FOLLOWER
I20260630 12:26:30.643992 13739 consensus_queue.cc:260] T 1359c4194b2d49baa6bf55073a90a5ba P 22a0d1758e7d40d0b84d24fdc2f38483 [NON_LEADER]: Queue going to NON_LEADER mode. State: All replicated index: 0, Majority replicated index: 0, Committed index: 0, Last appended: 0.0, Last appended by leader: 0, Current term: 0, Majority size: -1, State: 0, Mode: NON_LEADER, active raft config: opid_index: -1 OBSOLETE_local: false peers { permanent_uuid: "87b2f5b21e1a4256a77ae7acaa2cf7b0" member_type: VOTER last_known_addr { host: "127.10.159.129" port: 32829 } } peers { permanent_uuid: "22a0d1758e7d40d0b84d24fdc2f38483" member_type: VOTER last_known_addr { host: "127.10.159.130" port: 45217 } } peers { permanent_uuid: "23ee129290214f85a0f08361aae7251d" member_type: VOTER last_known_addr { host: "127.10.159.131" port: 44087 } }
I20260630 12:26:30.654024 13733 tablet_bootstrap.cc:492] T cd498a948e624c25ae36ae29ae766288 P 87b2f5b21e1a4256a77ae7acaa2cf7b0: No bootstrap required, opened a new log
I20260630 12:26:30.654626 13733 ts_tablet_manager.cc:1403] T cd498a948e624c25ae36ae29ae766288 P 87b2f5b21e1a4256a77ae7acaa2cf7b0: Time spent bootstrapping tablet: real 0.033s	user 0.003s	sys 0.010s
I20260630 12:26:30.661176 13733 raft_consensus.cc:359] T cd498a948e624c25ae36ae29ae766288 P 87b2f5b21e1a4256a77ae7acaa2cf7b0 [term 0 FOLLOWER]: Replica starting. Triggering 0 pending ops. Active config: opid_index: -1 OBSOLETE_local: false peers { permanent_uuid: "87b2f5b21e1a4256a77ae7acaa2cf7b0" member_type: VOTER last_known_addr { host: "127.10.159.129" port: 32829 } } peers { permanent_uuid: "22a0d1758e7d40d0b84d24fdc2f38483" member_type: VOTER last_known_addr { host: "127.10.159.130" port: 45217 } } peers { permanent_uuid: "23ee129290214f85a0f08361aae7251d" member_type: VOTER last_known_addr { host: "127.10.159.131" port: 44087 } }
I20260630 12:26:30.665459 13733 raft_consensus.cc:385] T cd498a948e624c25ae36ae29ae766288 P 87b2f5b21e1a4256a77ae7acaa2cf7b0 [term 0 FOLLOWER]: Consensus starting up: Expiring failure detector timer to make a prompt election more likely
I20260630 12:26:30.666515 13733 raft_consensus.cc:740] T cd498a948e624c25ae36ae29ae766288 P 87b2f5b21e1a4256a77ae7acaa2cf7b0 [term 0 FOLLOWER]: Becoming Follower/Learner. State: Replica: 87b2f5b21e1a4256a77ae7acaa2cf7b0, State: Initialized, Role: FOLLOWER
I20260630 12:26:30.667656 13734 ts_tablet_manager.cc:1434] T 1359c4194b2d49baa6bf55073a90a5ba P 23ee129290214f85a0f08361aae7251d: Time spent starting tablet: real 0.035s	user 0.017s	sys 0.018s
I20260630 12:26:30.669018 13734 tablet_bootstrap.cc:492] T 8358469f34d447c4b60095d21d08c1f2 P 23ee129290214f85a0f08361aae7251d: Bootstrap starting.
I20260630 12:26:30.670818 13539 tablet_service.cc:1917] Received RequestConsensusVote() RPC: tablet_id: "0ed5c394cd324077a0a3a786fc768079" candidate_uuid: "23ee129290214f85a0f08361aae7251d" candidate_term: 1 candidate_status { last_received { term: 0 index: 0 } } ignore_live_leader: false dest_uuid: "87b2f5b21e1a4256a77ae7acaa2cf7b0" is_pre_election: true
I20260630 12:26:30.668915 13733 consensus_queue.cc:260] T cd498a948e624c25ae36ae29ae766288 P 87b2f5b21e1a4256a77ae7acaa2cf7b0 [NON_LEADER]: Queue going to NON_LEADER mode. State: All replicated index: 0, Majority replicated index: 0, Committed index: 0, Last appended: 0.0, Last appended by leader: 0, Current term: 0, Majority size: -1, State: 0, Mode: NON_LEADER, active raft config: opid_index: -1 OBSOLETE_local: false peers { permanent_uuid: "87b2f5b21e1a4256a77ae7acaa2cf7b0" member_type: VOTER last_known_addr { host: "127.10.159.129" port: 32829 } } peers { permanent_uuid: "22a0d1758e7d40d0b84d24fdc2f38483" member_type: VOTER last_known_addr { host: "127.10.159.130" port: 45217 } } peers { permanent_uuid: "23ee129290214f85a0f08361aae7251d" member_type: VOTER last_known_addr { host: "127.10.159.131" port: 44087 } }
I20260630 12:26:30.671622 13539 raft_consensus.cc:2468] T 0ed5c394cd324077a0a3a786fc768079 P 87b2f5b21e1a4256a77ae7acaa2cf7b0 [term 0 FOLLOWER]: Leader pre-election vote request: Granting yes vote for candidate 23ee129290214f85a0f08361aae7251d in term 0.
