I20260630 12:26:37.119901 10041 consensus_queue.cc:237] T 56c43966d77d4abb99f730d748f27288 P d2bcad82ee9d491aada2cccac46ff41b [LEADER]: Queue going to LEADER mode. State: All replicated index: 0, Majority replicated index: 3, Committed index: 3, Last appended: 1.3, Last appended by leader: 0, Current term: 1, Majority size: 2, State: 0, Mode: LEADER, active raft config: opid_index: 4 OBSOLETE_local: false peers { permanent_uuid: "d2bcad82ee9d491aada2cccac46ff41b" member_type: VOTER last_known_addr { host: "127.6.234.65" port: 32819 } } peers { permanent_uuid: "6065bf3f4bb747c4b5c3e5b6937cc250" member_type: VOTER last_known_addr { host: "127.6.234.66" port: 45931 } } peers { permanent_uuid: "ce4ee5cab37c4444a08befea299de069" member_type: VOTER last_known_addr { host: "127.6.234.68" port: 46871 } attrs { promote: false } }
I20260630 12:26:37.121120 10486 consensus_queue.cc:1048] T fc0edbf46fc94215a37c6e51ff5d6cb8 P 6065bf3f4bb747c4b5c3e5b6937cc250 [LEADER]: Connected to new peer: Peer: permanent_uuid: "d2bcad82ee9d491aada2cccac46ff41b" member_type: VOTER last_known_addr { host: "127.6.234.65" port: 32819 } attrs { replace: true }, Status: LMP_MISMATCH, Last received: 0.0, Next index: 3, Last known committed idx: 2, Time since last communication: 0.000s
I20260630 12:26:37.136677 10346 raft_consensus.cc:1275] T 56c43966d77d4abb99f730d748f27288 P ce4ee5cab37c4444a08befea299de069 [term 1 FOLLOWER]: Refusing update from remote peer d2bcad82ee9d491aada2cccac46ff41b: Log matching property violated. Preceding OpId in replica: term: 1 index: 3. Preceding OpId from leader: term: 1 index: 4. (index mismatch)
I20260630 12:26:37.136778 10116 raft_consensus.cc:1275] T 56c43966d77d4abb99f730d748f27288 P 6065bf3f4bb747c4b5c3e5b6937cc250 [term 1 FOLLOWER]: Refusing update from remote peer d2bcad82ee9d491aada2cccac46ff41b: Log matching property violated. Preceding OpId in replica: term: 1 index: 3. Preceding OpId from leader: term: 1 index: 4. (index mismatch)
I20260630 12:26:37.138731 10513 consensus_queue.cc:1048] T 56c43966d77d4abb99f730d748f27288 P d2bcad82ee9d491aada2cccac46ff41b [LEADER]: Connected to new peer: Peer: permanent_uuid: "ce4ee5cab37c4444a08befea299de069" member_type: VOTER last_known_addr { host: "127.6.234.68" port: 46871 } attrs { promote: false }, Status: LMP_MISMATCH, Last received: 0.0, Next index: 4, Last known committed idx: 3, Time since last communication: 0.000s
I20260630 12:26:37.140671 10507 consensus_queue.cc:1048] T 56c43966d77d4abb99f730d748f27288 P d2bcad82ee9d491aada2cccac46ff41b [LEADER]: Connected to new peer: Peer: permanent_uuid: "6065bf3f4bb747c4b5c3e5b6937cc250" member_type: VOTER last_known_addr { host: "127.6.234.66" port: 45931 }, Status: LMP_MISMATCH, Last received: 0.0, Next index: 4, Last known committed idx: 3, Time since last communication: 0.000s
I20260630 12:26:37.141894 10498 raft_consensus.cc:2955] T fc0edbf46fc94215a37c6e51ff5d6cb8 P 6065bf3f4bb747c4b5c3e5b6937cc250 [term 1 LEADER]: Committing config change with OpId 1.3: config changed from index 2 to 3, ce4ee5cab37c4444a08befea299de069 (127.6.234.68) changed from NON_VOTER to VOTER. New config: { opid_index: 3 OBSOLETE_local: false peers { permanent_uuid: "6065bf3f4bb747c4b5c3e5b6937cc250" member_type: VOTER last_known_addr { host: "127.6.234.66" port: 45931 } } peers { permanent_uuid: "2be9e4d6259e4629a77b6158592c7a4a" member_type: VOTER last_known_addr { host: "127.6.234.67" port: 44085 } } peers { permanent_uuid: "d2bcad82ee9d491aada2cccac46ff41b" member_type: VOTER last_known_addr { host: "127.6.234.65" port: 32819 } attrs { replace: true } } peers { permanent_uuid: "ce4ee5cab37c4444a08befea299de069" member_type: VOTER last_known_addr { host: "127.6.234.68" port: 46871 } attrs { promote: false } } }
I20260630 12:26:37.147766 10190 raft_consensus.cc:2955] T fc0edbf46fc94215a37c6e51ff5d6cb8 P 2be9e4d6259e4629a77b6158592c7a4a [term 1 FOLLOWER]: Committing config change with OpId 1.3: config changed from index 2 to 3, ce4ee5cab37c4444a08befea299de069 (127.6.234.68) changed from NON_VOTER to VOTER. New config: { opid_index: 3 OBSOLETE_local: false peers { permanent_uuid: "6065bf3f4bb747c4b5c3e5b6937cc250" member_type: VOTER last_known_addr { host: "127.6.234.66" port: 45931 } } peers { permanent_uuid: "2be9e4d6259e4629a77b6158592c7a4a" member_type: VOTER last_known_addr { host: "127.6.234.67" port: 44085 } } peers { permanent_uuid: "d2bcad82ee9d491aada2cccac46ff41b" member_type: VOTER last_known_addr { host: "127.6.234.65" port: 32819 } attrs { replace: true } } peers { permanent_uuid: "ce4ee5cab37c4444a08befea299de069" member_type: VOTER last_known_addr { host: "127.6.234.68" port: 46871 } attrs { promote: false } } }
I20260630 12:26:37.151904 10346 raft_consensus.cc:2955] T fc0edbf46fc94215a37c6e51ff5d6cb8 P ce4ee5cab37c4444a08befea299de069 [term 1 FOLLOWER]: Committing config change with OpId 1.3: config changed from index 2 to 3, ce4ee5cab37c4444a08befea299de069 (127.6.234.68) changed from NON_VOTER to VOTER. New config: { opid_index: 3 OBSOLETE_local: false peers { permanent_uuid: "6065bf3f4bb747c4b5c3e5b6937cc250" member_type: VOTER last_known_addr { host: "127.6.234.66" port: 45931 } } peers { permanent_uuid: "2be9e4d6259e4629a77b6158592c7a4a" member_type: VOTER last_known_addr { host: "127.6.234.67" port: 44085 } } peers { permanent_uuid: "d2bcad82ee9d491aada2cccac46ff41b" member_type: VOTER last_known_addr { host: "127.6.234.65" port: 32819 } attrs { replace: true } } peers { permanent_uuid: "ce4ee5cab37c4444a08befea299de069" member_type: VOTER last_known_addr { host: "127.6.234.68" port: 46871 } attrs { promote: false } } }
I20260630 12:26:37.155797 10263 raft_consensus.cc:2955] T 56c43966d77d4abb99f730d748f27288 P d2bcad82ee9d491aada2cccac46ff41b [term 1 LEADER]: Committing config change with OpId 1.4: config changed from index 3 to 4, VOTER 2be9e4d6259e4629a77b6158592c7a4a (127.6.234.67) evicted. New config: { opid_index: 4 OBSOLETE_local: false peers { permanent_uuid: "d2bcad82ee9d491aada2cccac46ff41b" member_type: VOTER last_known_addr { host: "127.6.234.65" port: 32819 } } peers { permanent_uuid: "6065bf3f4bb747c4b5c3e5b6937cc250" member_type: VOTER last_known_addr { host: "127.6.234.66" port: 45931 } } peers { permanent_uuid: "ce4ee5cab37c4444a08befea299de069" member_type: VOTER last_known_addr { host: "127.6.234.68" port: 46871 } attrs { promote: false } } }
I20260630 12:26:37.165299  9935 catalog_manager.cc:5697] T fc0edbf46fc94215a37c6e51ff5d6cb8 P 2be9e4d6259e4629a77b6158592c7a4a reported cstate change: config changed from index 2 to 3, ce4ee5cab37c4444a08befea299de069 (127.6.234.68) changed from NON_VOTER to VOTER. New cstate: current_term: 1 leader_uuid: "6065bf3f4bb747c4b5c3e5b6937cc250" committed_config { opid_index: 3 OBSOLETE_local: false peers { permanent_uuid: "6065bf3f4bb747c4b5c3e5b6937cc250" member_type: VOTER last_known_addr { host: "127.6.234.66" port: 45931 } } peers { permanent_uuid: "2be9e4d6259e4629a77b6158592c7a4a" member_type: VOTER last_known_addr { host: "127.6.234.67" port: 44085 } } peers { permanent_uuid: "d2bcad82ee9d491aada2cccac46ff41b" member_type: VOTER last_known_addr { host: "127.6.234.65" port: 32819 } attrs { replace: true } } peers { permanent_uuid: "ce4ee5cab37c4444a08befea299de069" member_type: VOTER last_known_addr { host: "127.6.234.68" port: 46871 } attrs { promote: false } } }
I20260630 12:26:37.166648 10347 raft_consensus.cc:2955] T 56c43966d77d4abb99f730d748f27288 P ce4ee5cab37c4444a08befea299de069 [term 1 FOLLOWER]: Committing config change with OpId 1.4: config changed from index 3 to 4, VOTER 2be9e4d6259e4629a77b6158592c7a4a (127.6.234.67) evicted. New config: { opid_index: 4 OBSOLETE_local: false peers { permanent_uuid: "d2bcad82ee9d491aada2cccac46ff41b" member_type: VOTER last_known_addr { host: "127.6.234.65" port: 32819 } } peers { permanent_uuid: "6065bf3f4bb747c4b5c3e5b6937cc250" member_type: VOTER last_known_addr { host: "127.6.234.66" port: 45931 } } peers { permanent_uuid: "ce4ee5cab37c4444a08befea299de069" member_type: VOTER last_known_addr { host: "127.6.234.68" port: 46871 } attrs { promote: false } } }
I20260630 12:26:37.170382 10040 raft_consensus.cc:1275] T f686290e7a5e4f3facdf21462dee78f8 P d2bcad82ee9d491aada2cccac46ff41b [term 2 FOLLOWER]: Refusing update from remote peer 6065bf3f4bb747c4b5c3e5b6937cc250: Log matching property violated. Preceding OpId in replica: term: 1 index: 1. Preceding OpId from leader: term: 2 index: 2. (index mismatch)
I20260630 12:26:37.173364  9927 catalog_manager.cc:5210] ChangeConfig:REMOVE_PEER RPC for tablet 56c43966d77d4abb99f730d748f27288 with cas_config_opid_index 3: ChangeConfig:REMOVE_PEER succeeded (attempt 1)
I20260630 12:26:37.174017 10486 consensus_queue.cc:1048] T f686290e7a5e4f3facdf21462dee78f8 P 6065bf3f4bb747c4b5c3e5b6937cc250 [LEADER]: Connected to new peer: Peer: permanent_uuid: "d2bcad82ee9d491aada2cccac46ff41b" member_type: VOTER last_known_addr { host: "127.6.234.65" port: 32819 }, Status: LMP_MISMATCH, Last received: 0.0, Next index: 2, Last known committed idx: 1, Time since last communication: 0.000s
I20260630 12:26:37.178747  9937 catalog_manager.cc:5697] T 56c43966d77d4abb99f730d748f27288 P d2bcad82ee9d491aada2cccac46ff41b reported cstate change: config changed from index 3 to 4, VOTER 2be9e4d6259e4629a77b6158592c7a4a (127.6.234.67) evicted. New cstate: current_term: 1 leader_uuid: "d2bcad82ee9d491aada2cccac46ff41b" committed_config { opid_index: 4 OBSOLETE_local: false peers { permanent_uuid: "d2bcad82ee9d491aada2cccac46ff41b" member_type: VOTER last_known_addr { host: "127.6.234.65" port: 32819 } health_report { overall_health: HEALTHY } } peers { permanent_uuid: "6065bf3f4bb747c4b5c3e5b6937cc250" member_type: VOTER last_known_addr { host: "127.6.234.66" port: 45931 } health_report { overall_health: HEALTHY } } peers { permanent_uuid: "ce4ee5cab37c4444a08befea299de069" member_type: VOTER last_known_addr { host: "127.6.234.68" port: 46871 } attrs { promote: false } health_report { overall_health: HEALTHY } } }
I20260630 12:26:37.167125 10116 raft_consensus.cc:2955] T 56c43966d77d4abb99f730d748f27288 P 6065bf3f4bb747c4b5c3e5b6937cc250 [term 1 FOLLOWER]: Committing config change with OpId 1.4: config changed from index 3 to 4, VOTER 2be9e4d6259e4629a77b6158592c7a4a (127.6.234.67) evicted. New config: { opid_index: 4 OBSOLETE_local: false peers { permanent_uuid: "d2bcad82ee9d491aada2cccac46ff41b" member_type: VOTER last_known_addr { host: "127.6.234.65" port: 32819 } } peers { permanent_uuid: "6065bf3f4bb747c4b5c3e5b6937cc250" member_type: VOTER last_known_addr { host: "127.6.234.66" port: 45931 } } peers { permanent_uuid: "ce4ee5cab37c4444a08befea299de069" member_type: VOTER last_known_addr { host: "127.6.234.68" port: 46871 } attrs { promote: false } } }
I20260630 12:26:37.190196 10041 raft_consensus.cc:2955] T fc0edbf46fc94215a37c6e51ff5d6cb8 P d2bcad82ee9d491aada2cccac46ff41b [term 1 FOLLOWER]: Committing config change with OpId 1.3: config changed from index 2 to 3, ce4ee5cab37c4444a08befea299de069 (127.6.234.68) changed from NON_VOTER to VOTER. New config: { opid_index: 3 OBSOLETE_local: false peers { permanent_uuid: "6065bf3f4bb747c4b5c3e5b6937cc250" member_type: VOTER last_known_addr { host: "127.6.234.66" port: 45931 } } peers { permanent_uuid: "2be9e4d6259e4629a77b6158592c7a4a" member_type: VOTER last_known_addr { host: "127.6.234.67" port: 44085 } } peers { permanent_uuid: "d2bcad82ee9d491aada2cccac46ff41b" member_type: VOTER last_known_addr { host: "127.6.234.65" port: 32819 } attrs { replace: true } } peers { permanent_uuid: "ce4ee5cab37c4444a08befea299de069" member_type: VOTER last_known_addr { host: "127.6.234.68" port: 46871 } attrs { promote: false } } }
I20260630 12:26:37.194017 10181 tablet_service.cc:1558] Processing DeleteTablet for tablet 56c43966d77d4abb99f730d748f27288 with delete_type TABLET_DATA_TOMBSTONED (TS 2be9e4d6259e4629a77b6158592c7a4a not found in new config with opid_index 4) from {username='slave'} at 127.0.0.1:52628
I20260630 12:26:37.206081 10115 consensus_queue.cc:237] T fc0edbf46fc94215a37c6e51ff5d6cb8 P 6065bf3f4bb747c4b5c3e5b6937cc250 [LEADER]: Queue going to LEADER mode. State: All replicated index: 0, Majority replicated index: 3, Committed index: 3, Last appended: 1.3, Last appended by leader: 0, Current term: 1, Majority size: 2, State: 0, Mode: LEADER, active raft config: opid_index: 4 OBSOLETE_local: false peers { permanent_uuid: "6065bf3f4bb747c4b5c3e5b6937cc250" member_type: VOTER last_known_addr { host: "127.6.234.66" port: 45931 } } peers { permanent_uuid: "2be9e4d6259e4629a77b6158592c7a4a" member_type: VOTER last_known_addr { host: "127.6.234.67" port: 44085 } } peers { permanent_uuid: "ce4ee5cab37c4444a08befea299de069" member_type: VOTER last_known_addr { host: "127.6.234.68" port: 46871 } attrs { promote: false } }
I20260630 12:26:37.208575 10190 raft_consensus.cc:1275] T f686290e7a5e4f3facdf21462dee78f8 P 2be9e4d6259e4629a77b6158592c7a4a [term 2 FOLLOWER]: Refusing update from remote peer 6065bf3f4bb747c4b5c3e5b6937cc250: Log matching property violated. Preceding OpId in replica: term: 1 index: 1. Preceding OpId from leader: term: 2 index: 2. (index mismatch)
I20260630 12:26:37.210464 10498 consensus_queue.cc:1048] T f686290e7a5e4f3facdf21462dee78f8 P 6065bf3f4bb747c4b5c3e5b6937cc250 [LEADER]: Connected to new peer: Peer: permanent_uuid: "2be9e4d6259e4629a77b6158592c7a4a" member_type: VOTER last_known_addr { host: "127.6.234.67" port: 44085 }, Status: LMP_MISMATCH, Last received: 0.0, Next index: 2, Last known committed idx: 1, Time since last communication: 0.001s
I20260630 12:26:37.213464 10347 raft_consensus.cc:1275] T fc0edbf46fc94215a37c6e51ff5d6cb8 P ce4ee5cab37c4444a08befea299de069 [term 1 FOLLOWER]: Refusing update from remote peer 6065bf3f4bb747c4b5c3e5b6937cc250: Log matching property violated. Preceding OpId in replica: term: 1 index: 3. Preceding OpId from leader: term: 1 index: 4. (index mismatch)
I20260630 12:26:37.216207 10191 raft_consensus.cc:1275] T fc0edbf46fc94215a37c6e51ff5d6cb8 P 2be9e4d6259e4629a77b6158592c7a4a [term 1 FOLLOWER]: Refusing update from remote peer 6065bf3f4bb747c4b5c3e5b6937cc250: Log matching property violated. Preceding OpId in replica: term: 1 index: 3. Preceding OpId from leader: term: 1 index: 4. (index mismatch)
I20260630 12:26:37.216239 10498 consensus_queue.cc:1048] T fc0edbf46fc94215a37c6e51ff5d6cb8 P 6065bf3f4bb747c4b5c3e5b6937cc250 [LEADER]: Connected to new peer: Peer: permanent_uuid: "ce4ee5cab37c4444a08befea299de069" member_type: VOTER last_known_addr { host: "127.6.234.68" port: 46871 } attrs { promote: false }, Status: LMP_MISMATCH, Last received: 0.0, Next index: 4, Last known committed idx: 3, Time since last communication: 0.002s
I20260630 12:26:37.218910 10526 consensus_queue.cc:1048] T fc0edbf46fc94215a37c6e51ff5d6cb8 P 6065bf3f4bb747c4b5c3e5b6937cc250 [LEADER]: Connected to new peer: Peer: permanent_uuid: "2be9e4d6259e4629a77b6158592c7a4a" member_type: VOTER last_known_addr { host: "127.6.234.67" port: 44085 }, Status: LMP_MISMATCH, Last received: 0.0, Next index: 4, Last known committed idx: 3, Time since last communication: 0.000s
I20260630 12:26:37.232985 10534 raft_consensus.cc:2955] T fc0edbf46fc94215a37c6e51ff5d6cb8 P 6065bf3f4bb747c4b5c3e5b6937cc250 [term 1 LEADER]: Committing config change with OpId 1.4: config changed from index 3 to 4, VOTER d2bcad82ee9d491aada2cccac46ff41b (127.6.234.65) evicted. New config: { opid_index: 4 OBSOLETE_local: false peers { permanent_uuid: "6065bf3f4bb747c4b5c3e5b6937cc250" member_type: VOTER last_known_addr { host: "127.6.234.66" port: 45931 } } peers { permanent_uuid: "2be9e4d6259e4629a77b6158592c7a4a" member_type: VOTER last_known_addr { host: "127.6.234.67" port: 44085 } } peers { permanent_uuid: "ce4ee5cab37c4444a08befea299de069" member_type: VOTER last_known_addr { host: "127.6.234.68" port: 46871 } attrs { promote: false } } }
I20260630 12:26:37.239967 10191 raft_consensus.cc:2955] T fc0edbf46fc94215a37c6e51ff5d6cb8 P 2be9e4d6259e4629a77b6158592c7a4a [term 1 FOLLOWER]: Committing config change with OpId 1.4: config changed from index 3 to 4, VOTER d2bcad82ee9d491aada2cccac46ff41b (127.6.234.65) evicted. New config: { opid_index: 4 OBSOLETE_local: false peers { permanent_uuid: "6065bf3f4bb747c4b5c3e5b6937cc250" member_type: VOTER last_known_addr { host: "127.6.234.66" port: 45931 } } peers { permanent_uuid: "2be9e4d6259e4629a77b6158592c7a4a" member_type: VOTER last_known_addr { host: "127.6.234.67" port: 44085 } } peers { permanent_uuid: "ce4ee5cab37c4444a08befea299de069" member_type: VOTER last_known_addr { host: "127.6.234.68" port: 46871 } attrs { promote: false } } }
I20260630 12:26:37.243316 10347 raft_consensus.cc:2955] T fc0edbf46fc94215a37c6e51ff5d6cb8 P ce4ee5cab37c4444a08befea299de069 [term 1 FOLLOWER]: Committing config change with OpId 1.4: config changed from index 3 to 4, VOTER d2bcad82ee9d491aada2cccac46ff41b (127.6.234.65) evicted. New config: { opid_index: 4 OBSOLETE_local: false peers { permanent_uuid: "6065bf3f4bb747c4b5c3e5b6937cc250" member_type: VOTER last_known_addr { host: "127.6.234.66" port: 45931 } } peers { permanent_uuid: "2be9e4d6259e4629a77b6158592c7a4a" member_type: VOTER last_known_addr { host: "127.6.234.67" port: 44085 } } peers { permanent_uuid: "ce4ee5cab37c4444a08befea299de069" member_type: VOTER last_known_addr { host: "127.6.234.68" port: 46871 } attrs { promote: false } } }
I20260630 12:26:37.253974  9937 catalog_manager.cc:5697] T fc0edbf46fc94215a37c6e51ff5d6cb8 P 2be9e4d6259e4629a77b6158592c7a4a reported cstate change: config changed from index 3 to 4, VOTER d2bcad82ee9d491aada2cccac46ff41b (127.6.234.65) evicted. New cstate: current_term: 1 leader_uuid: "6065bf3f4bb747c4b5c3e5b6937cc250" committed_config { opid_index: 4 OBSOLETE_local: false peers { permanent_uuid: "6065bf3f4bb747c4b5c3e5b6937cc250" member_type: VOTER last_known_addr { host: "127.6.234.66" port: 45931 } } peers { permanent_uuid: "2be9e4d6259e4629a77b6158592c7a4a" member_type: VOTER last_known_addr { host: "127.6.234.67" port: 44085 } } peers { permanent_uuid: "ce4ee5cab37c4444a08befea299de069" member_type: VOTER last_known_addr { host: "127.6.234.68" port: 46871 } attrs { promote: false } } }
I20260630 12:26:37.256651  9926 catalog_manager.cc:5210] ChangeConfig:REMOVE_PEER RPC for tablet fc0edbf46fc94215a37c6e51ff5d6cb8 with cas_config_opid_index 3: ChangeConfig:REMOVE_PEER succeeded (attempt 1)
I20260630 12:26:37.260938 10542 tablet_replica.cc:333] T 56c43966d77d4abb99f730d748f27288 P 2be9e4d6259e4629a77b6158592c7a4a: stopping tablet replica
I20260630 12:26:37.261888 10542 raft_consensus.cc:2243] T 56c43966d77d4abb99f730d748f27288 P 2be9e4d6259e4629a77b6158592c7a4a [term 1 FOLLOWER]: Raft consensus shutting down.
I20260630 12:26:37.262506 10542 raft_consensus.cc:2272] T 56c43966d77d4abb99f730d748f27288 P 2be9e4d6259e4629a77b6158592c7a4a [term 1 FOLLOWER]: Raft consensus is shut down!
I20260630 12:26:37.265619 10027 tablet_service.cc:1558] Processing DeleteTablet for tablet fc0edbf46fc94215a37c6e51ff5d6cb8 with delete_type TABLET_DATA_TOMBSTONED (TS d2bcad82ee9d491aada2cccac46ff41b not found in new config with opid_index 4) from {username='slave'} at 127.0.0.1:52204
I20260630 12:26:37.268849 10542 ts_tablet_manager.cc:1916] T 56c43966d77d4abb99f730d748f27288 P 2be9e4d6259e4629a77b6158592c7a4a: Deleting tablet data with delete state TABLET_DATA_TOMBSTONED
I20260630 12:26:37.279222 10545 tablet_replica.cc:333] T fc0edbf46fc94215a37c6e51ff5d6cb8 P d2bcad82ee9d491aada2cccac46ff41b: stopping tablet replica
I20260630 12:26:37.280300 10545 raft_consensus.cc:2243] T fc0edbf46fc94215a37c6e51ff5d6cb8 P d2bcad82ee9d491aada2cccac46ff41b [term 1 FOLLOWER]: Raft consensus shutting down.
I20260630 12:26:37.281068 10545 raft_consensus.cc:2272] T fc0edbf46fc94215a37c6e51ff5d6cb8 P d2bcad82ee9d491aada2cccac46ff41b [term 1 FOLLOWER]: Raft consensus is shut down!
I20260630 12:26:37.283068 10542 ts_tablet_manager.cc:1929] T 56c43966d77d4abb99f730d748f27288 P 2be9e4d6259e4629a77b6158592c7a4a: tablet deleted with delete type TABLET_DATA_TOMBSTONED: last-logged OpId 1.3
I20260630 12:26:37.283519 10542 log.cc:1199] T 56c43966d77d4abb99f730d748f27288 P 2be9e4d6259e4629a77b6158592c7a4a: Deleting WAL directory at /tmp/dist-test-taskbhbEJm/test-tmp/auto_rebalancer-test.0.AutoRebalancerTest.RangeAwareRebalancesNewRangeReplicas.1782822307912443-7081-0/minicluster-data/ts-2-root/wals/56c43966d77d4abb99f730d748f27288
I20260630 12:26:37.284030 10545 ts_tablet_manager.cc:1916] T fc0edbf46fc94215a37c6e51ff5d6cb8 P d2bcad82ee9d491aada2cccac46ff41b: Deleting tablet data with delete state TABLET_DATA_TOMBSTONED
I20260630 12:26:37.285086  9927 catalog_manager.cc:5028] TS 2be9e4d6259e4629a77b6158592c7a4a (127.6.234.67:44085): tablet 56c43966d77d4abb99f730d748f27288 (table range_aware_rebalance_new_range [id=15a2678191c04728bb04fc71aa6035be]) successfully deleted
I20260630 12:26:37.294459 10545 ts_tablet_manager.cc:1929] T fc0edbf46fc94215a37c6e51ff5d6cb8 P d2bcad82ee9d491aada2cccac46ff41b: tablet deleted with delete type TABLET_DATA_TOMBSTONED: last-logged OpId 1.3
I20260630 12:26:37.294843 10545 log.cc:1199] T fc0edbf46fc94215a37c6e51ff5d6cb8 P d2bcad82ee9d491aada2cccac46ff41b: Deleting WAL directory at /tmp/dist-test-taskbhbEJm/test-tmp/auto_rebalancer-test.0.AutoRebalancerTest.RangeAwareRebalancesNewRangeReplicas.1782822307912443-7081-0/minicluster-data/ts-0-root/wals/fc0edbf46fc94215a37c6e51ff5d6cb8
I20260630 12:26:37.296253  9927 catalog_manager.cc:5028] TS d2bcad82ee9d491aada2cccac46ff41b (127.6.234.65:32819): tablet fc0edbf46fc94215a37c6e51ff5d6cb8 (table range_aware_rebalance_new_range [id=15a2678191c04728bb04fc71aa6035be]) successfully deleted
I20260630 12:26:37.302194 10040 raft_consensus.cc:1275] T 1cfb4e8fe8254636bd4047b4115c11a2 P d2bcad82ee9d491aada2cccac46ff41b [term 2 FOLLOWER]: Refusing update from remote peer 6065bf3f4bb747c4b5c3e5b6937cc250: Log matching property violated. Preceding OpId in replica: term: 1 index: 2. Preceding OpId from leader: term: 2 index: 3. (index mismatch)
I20260630 12:26:37.303601 10534 consensus_queue.cc:1048] T 1cfb4e8fe8254636bd4047b4115c11a2 P 6065bf3f4bb747c4b5c3e5b6937cc250 [LEADER]: Connected to new peer: Peer: permanent_uuid: "d2bcad82ee9d491aada2cccac46ff41b" member_type: VOTER last_known_addr { host: "127.6.234.65" port: 32819 } attrs { replace: true }, Status: LMP_MISMATCH, Last received: 0.0, Next index: 3, Last known committed idx: 2, Time since last communication: 0.000s
I20260630 12:26:37.312580 10347 raft_consensus.cc:3060] T 1cfb4e8fe8254636bd4047b4115c11a2 P ce4ee5cab37c4444a08befea299de069 [term 1 LEARNER]: Advancing to term 2
I20260630 12:26:37.314172 10190 raft_consensus.cc:1275] T 1cfb4e8fe8254636bd4047b4115c11a2 P 2be9e4d6259e4629a77b6158592c7a4a [term 2 FOLLOWER]: Refusing update from remote peer 6065bf3f4bb747c4b5c3e5b6937cc250: Log matching property violated. Preceding OpId in replica: term: 1 index: 2. Preceding OpId from leader: term: 2 index: 3. (index mismatch)
I20260630 12:26:37.315837 10526 consensus_queue.cc:1048] T 1cfb4e8fe8254636bd4047b4115c11a2 P 6065bf3f4bb747c4b5c3e5b6937cc250 [LEADER]: Connected to new peer: Peer: permanent_uuid: "2be9e4d6259e4629a77b6158592c7a4a" member_type: VOTER last_known_addr { host: "127.6.234.67" port: 44085 }, Status: LMP_MISMATCH, Last received: 0.0, Next index: 3, Last known committed idx: 2, Time since last communication: 0.000s
I20260630 12:26:37.320724 10347 raft_consensus.cc:1275] T 1cfb4e8fe8254636bd4047b4115c11a2 P ce4ee5cab37c4444a08befea299de069 [term 2 LEARNER]: Refusing update from remote peer 6065bf3f4bb747c4b5c3e5b6937cc250: Log matching property violated. Preceding OpId in replica: term: 1 index: 2. Preceding OpId from leader: term: 2 index: 3. (index mismatch)
I20260630 12:26:37.324838 10527 consensus_queue.cc:1048] T 1cfb4e8fe8254636bd4047b4115c11a2 P 6065bf3f4bb747c4b5c3e5b6937cc250 [LEADER]: Connected to new peer: Peer: permanent_uuid: "ce4ee5cab37c4444a08befea299de069" member_type: NON_VOTER last_known_addr { host: "127.6.234.68" port: 46871 } attrs { promote: true }, Status: LMP_MISMATCH, Last received: 0.0, Next index: 3, Last known committed idx: 2, Time since last communication: 0.000s
I20260630 12:26:37.337502 10527 raft_consensus.cc:1064] T 1cfb4e8fe8254636bd4047b4115c11a2 P 6065bf3f4bb747c4b5c3e5b6937cc250: attempting to promote NON_VOTER ce4ee5cab37c4444a08befea299de069 to VOTER
I20260630 12:26:37.340025 10527 consensus_queue.cc:237] T 1cfb4e8fe8254636bd4047b4115c11a2 P 6065bf3f4bb747c4b5c3e5b6937cc250 [LEADER]: Queue going to LEADER mode. State: All replicated index: 0, Majority replicated index: 3, Committed index: 3, Last appended: 2.3, Last appended by leader: 2, Current term: 2, Majority size: 3, State: 0, Mode: LEADER, active raft config: opid_index: 4 OBSOLETE_local: false peers { permanent_uuid: "d2bcad82ee9d491aada2cccac46ff41b" member_type: VOTER last_known_addr { host: "127.6.234.65" port: 32819 } attrs { replace: true } } peers { permanent_uuid: "6065bf3f4bb747c4b5c3e5b6937cc250" member_type: VOTER last_known_addr { host: "127.6.234.66" port: 45931 } } peers { permanent_uuid: "2be9e4d6259e4629a77b6158592c7a4a" member_type: VOTER last_known_addr { host: "127.6.234.67" port: 44085 } } peers { permanent_uuid: "ce4ee5cab37c4444a08befea299de069" member_type: VOTER last_known_addr { host: "127.6.234.68" port: 46871 } attrs { promote: false } }
I20260630 12:26:37.346192 10346 raft_consensus.cc:1275] T 1cfb4e8fe8254636bd4047b4115c11a2 P ce4ee5cab37c4444a08befea299de069 [term 2 LEARNER]: Refusing update from remote peer 6065bf3f4bb747c4b5c3e5b6937cc250: Log matching property violated. Preceding OpId in replica: term: 2 index: 3. Preceding OpId from leader: term: 2 index: 4. (index mismatch)
I20260630 12:26:37.346743 10190 raft_consensus.cc:1275] T 1cfb4e8fe8254636bd4047b4115c11a2 P 2be9e4d6259e4629a77b6158592c7a4a [term 2 FOLLOWER]: Refusing update from remote peer 6065bf3f4bb747c4b5c3e5b6937cc250: Log matching property violated. Preceding OpId in replica: term: 2 index: 3. Preceding OpId from leader: term: 2 index: 4. (index mismatch)
I20260630 12:26:37.347774 10040 raft_consensus.cc:1275] T 1cfb4e8fe8254636bd4047b4115c11a2 P d2bcad82ee9d491aada2cccac46ff41b [term 2 FOLLOWER]: Refusing update from remote peer 6065bf3f4bb747c4b5c3e5b6937cc250: Log matching property violated. Preceding OpId in replica: term: 2 index: 3. Preceding OpId from leader: term: 2 index: 4. (index mismatch)
I20260630 12:26:37.347941 10527 consensus_queue.cc:1048] T 1cfb4e8fe8254636bd4047b4115c11a2 P 6065bf3f4bb747c4b5c3e5b6937cc250 [LEADER]: Connected to new peer: Peer: permanent_uuid: "ce4ee5cab37c4444a08befea299de069" member_type: VOTER last_known_addr { host: "127.6.234.68" port: 46871 } attrs { promote: false }, Status: LMP_MISMATCH, Last received: 0.0, Next index: 4, Last known committed idx: 3, Time since last communication: 0.000s
I20260630 12:26:37.348575 10526 consensus_queue.cc:1048] T 1cfb4e8fe8254636bd4047b4115c11a2 P 6065bf3f4bb747c4b5c3e5b6937cc250 [LEADER]: Connected to new peer: Peer: permanent_uuid: "2be9e4d6259e4629a77b6158592c7a4a" member_type: VOTER last_known_addr { host: "127.6.234.67" port: 44085 }, Status: LMP_MISMATCH, Last received: 0.0, Next index: 4, Last known committed idx: 3, Time since last communication: 0.000s
I20260630 12:26:37.349505 10534 consensus_queue.cc:1048] T 1cfb4e8fe8254636bd4047b4115c11a2 P 6065bf3f4bb747c4b5c3e5b6937cc250 [LEADER]: Connected to new peer: Peer: permanent_uuid: "d2bcad82ee9d491aada2cccac46ff41b" member_type: VOTER last_known_addr { host: "127.6.234.65" port: 32819 } attrs { replace: true }, Status: LMP_MISMATCH, Last received: 0.0, Next index: 4, Last known committed idx: 3, Time since last communication: 0.000s
I20260630 12:26:37.356714 10526 raft_consensus.cc:2955] T 1cfb4e8fe8254636bd4047b4115c11a2 P 6065bf3f4bb747c4b5c3e5b6937cc250 [term 2 LEADER]: Committing config change with OpId 2.4: config changed from index 2 to 4, ce4ee5cab37c4444a08befea299de069 (127.6.234.68) changed from NON_VOTER to VOTER. New config: { opid_index: 4 OBSOLETE_local: false peers { permanent_uuid: "d2bcad82ee9d491aada2cccac46ff41b" member_type: VOTER last_known_addr { host: "127.6.234.65" port: 32819 } attrs { replace: true } } peers { permanent_uuid: "6065bf3f4bb747c4b5c3e5b6937cc250" member_type: VOTER last_known_addr { host: "127.6.234.66" port: 45931 } } peers { permanent_uuid: "2be9e4d6259e4629a77b6158592c7a4a" member_type: VOTER last_known_addr { host: "127.6.234.67" port: 44085 } } peers { permanent_uuid: "ce4ee5cab37c4444a08befea299de069" member_type: VOTER last_known_addr { host: "127.6.234.68" port: 46871 } attrs { promote: false } } }
I20260630 12:26:37.360378 10190 raft_consensus.cc:2955] T 1cfb4e8fe8254636bd4047b4115c11a2 P 2be9e4d6259e4629a77b6158592c7a4a [term 2 FOLLOWER]: Committing config change with OpId 2.4: config changed from index 2 to 4, ce4ee5cab37c4444a08befea299de069 (127.6.234.68) changed from NON_VOTER to VOTER. New config: { opid_index: 4 OBSOLETE_local: false peers { permanent_uuid: "d2bcad82ee9d491aada2cccac46ff41b" member_type: VOTER last_known_addr { host: "127.6.234.65" port: 32819 } attrs { replace: true } } peers { permanent_uuid: "6065bf3f4bb747c4b5c3e5b6937cc250" member_type: VOTER last_known_addr { host: "127.6.234.66" port: 45931 } } peers { permanent_uuid: "2be9e4d6259e4629a77b6158592c7a4a" member_type: VOTER last_known_addr { host: "127.6.234.67" port: 44085 } } peers { permanent_uuid: "ce4ee5cab37c4444a08befea299de069" member_type: VOTER last_known_addr { host: "127.6.234.68" port: 46871 } attrs { promote: false } } }
I20260630 12:26:37.367264 10040 raft_consensus.cc:2955] T 1cfb4e8fe8254636bd4047b4115c11a2 P d2bcad82ee9d491aada2cccac46ff41b [term 2 FOLLOWER]: Committing config change with OpId 2.4: config changed from index 2 to 4, ce4ee5cab37c4444a08befea299de069 (127.6.234.68) changed from NON_VOTER to VOTER. New config: { opid_index: 4 OBSOLETE_local: false peers { permanent_uuid: "d2bcad82ee9d491aada2cccac46ff41b" member_type: VOTER last_known_addr { host: "127.6.234.65" port: 32819 } attrs { replace: true } } peers { permanent_uuid: "6065bf3f4bb747c4b5c3e5b6937cc250" member_type: VOTER last_known_addr { host: "127.6.234.66" port: 45931 } } peers { permanent_uuid: "2be9e4d6259e4629a77b6158592c7a4a" member_type: VOTER last_known_addr { host: "127.6.234.67" port: 44085 } } peers { permanent_uuid: "ce4ee5cab37c4444a08befea299de069" member_type: VOTER last_known_addr { host: "127.6.234.68" port: 46871 } attrs { promote: false } } }
I20260630 12:26:37.372553 10346 raft_consensus.cc:2955] T 1cfb4e8fe8254636bd4047b4115c11a2 P ce4ee5cab37c4444a08befea299de069 [term 2 FOLLOWER]: Committing config change with OpId 2.4: config changed from index 2 to 4, ce4ee5cab37c4444a08befea299de069 (127.6.234.68) changed from NON_VOTER to VOTER. New config: { opid_index: 4 OBSOLETE_local: false peers { permanent_uuid: "d2bcad82ee9d491aada2cccac46ff41b" member_type: VOTER last_known_addr { host: "127.6.234.65" port: 32819 } attrs { replace: true } } peers { permanent_uuid: "6065bf3f4bb747c4b5c3e5b6937cc250" member_type: VOTER last_known_addr { host: "127.6.234.66" port: 45931 } } peers { permanent_uuid: "2be9e4d6259e4629a77b6158592c7a4a" member_type: VOTER last_known_addr { host: "127.6.234.67" port: 44085 } } peers { permanent_uuid: "ce4ee5cab37c4444a08befea299de069" member_type: VOTER last_known_addr { host: "127.6.234.68" port: 46871 } attrs { promote: false } } }
I20260630 12:26:37.373592  9936 catalog_manager.cc:5697] T 1cfb4e8fe8254636bd4047b4115c11a2 P 2be9e4d6259e4629a77b6158592c7a4a reported cstate change: config changed from index 2 to 4, ce4ee5cab37c4444a08befea299de069 (127.6.234.68) changed from NON_VOTER to VOTER. New cstate: current_term: 2 leader_uuid: "6065bf3f4bb747c4b5c3e5b6937cc250" committed_config { opid_index: 4 OBSOLETE_local: false peers { permanent_uuid: "d2bcad82ee9d491aada2cccac46ff41b" member_type: VOTER last_known_addr { host: "127.6.234.65" port: 32819 } attrs { replace: true } } peers { permanent_uuid: "6065bf3f4bb747c4b5c3e5b6937cc250" member_type: VOTER last_known_addr { host: "127.6.234.66" port: 45931 } } peers { permanent_uuid: "2be9e4d6259e4629a77b6158592c7a4a" member_type: VOTER last_known_addr { host: "127.6.234.67" port: 44085 } } peers { permanent_uuid: "ce4ee5cab37c4444a08befea299de069" member_type: VOTER last_known_addr { host: "127.6.234.68" port: 46871 } attrs { promote: false } } }
I20260630 12:26:37.391608 10115 consensus_queue.cc:237] T 1cfb4e8fe8254636bd4047b4115c11a2 P 6065bf3f4bb747c4b5c3e5b6937cc250 [LEADER]: Queue going to LEADER mode. State: All replicated index: 0, Majority replicated index: 4, Committed index: 4, Last appended: 2.4, Last appended by leader: 2, Current term: 2, Majority size: 2, State: 0, Mode: LEADER, active raft config: opid_index: 5 OBSOLETE_local: false peers { permanent_uuid: "6065bf3f4bb747c4b5c3e5b6937cc250" member_type: VOTER last_known_addr { host: "127.6.234.66" port: 45931 } } peers { permanent_uuid: "2be9e4d6259e4629a77b6158592c7a4a" member_type: VOTER last_known_addr { host: "127.6.234.67" port: 44085 } } peers { permanent_uuid: "ce4ee5cab37c4444a08befea299de069" member_type: VOTER last_known_addr { host: "127.6.234.68" port: 46871 } attrs { promote: false } }
I20260630 12:26:37.396661 10346 raft_consensus.cc:1275] T 1cfb4e8fe8254636bd4047b4115c11a2 P ce4ee5cab37c4444a08befea299de069 [term 2 FOLLOWER]: Refusing update from remote peer 6065bf3f4bb747c4b5c3e5b6937cc250: Log matching property violated. Preceding OpId in replica: term: 2 index: 4. Preceding OpId from leader: term: 2 index: 5. (index mismatch)
I20260630 12:26:37.397722 10190 raft_consensus.cc:1275] T 1cfb4e8fe8254636bd4047b4115c11a2 P 2be9e4d6259e4629a77b6158592c7a4a [term 2 FOLLOWER]: Refusing update from remote peer 6065bf3f4bb747c4b5c3e5b6937cc250: Log matching property violated. Preceding OpId in replica: term: 2 index: 4. Preceding OpId from leader: term: 2 index: 5. (index mismatch)
I20260630 12:26:37.398687 10534 consensus_queue.cc:1048] T 1cfb4e8fe8254636bd4047b4115c11a2 P 6065bf3f4bb747c4b5c3e5b6937cc250 [LEADER]: Connected to new peer: Peer: permanent_uuid: "ce4ee5cab37c4444a08befea299de069" member_type: VOTER last_known_addr { host: "127.6.234.68" port: 46871 } attrs { promote: false }, Status: LMP_MISMATCH, Last received: 0.0, Next index: 5, Last known committed idx: 4, Time since last communication: 0.000s
I20260630 12:26:37.399652 10526 consensus_queue.cc:1048] T 1cfb4e8fe8254636bd4047b4115c11a2 P 6065bf3f4bb747c4b5c3e5b6937cc250 [LEADER]: Connected to new peer: Peer: permanent_uuid: "2be9e4d6259e4629a77b6158592c7a4a" member_type: VOTER last_known_addr { host: "127.6.234.67" port: 44085 }, Status: LMP_MISMATCH, Last received: 0.0, Next index: 5, Last known committed idx: 4, Time since last communication: 0.000s
I20260630 12:26:37.406186 10534 raft_consensus.cc:2955] T 1cfb4e8fe8254636bd4047b4115c11a2 P 6065bf3f4bb747c4b5c3e5b6937cc250 [term 2 LEADER]: Committing config change with OpId 2.5: config changed from index 4 to 5, VOTER d2bcad82ee9d491aada2cccac46ff41b (127.6.234.65) evicted. New config: { opid_index: 5 OBSOLETE_local: false peers { permanent_uuid: "6065bf3f4bb747c4b5c3e5b6937cc250" member_type: VOTER last_known_addr { host: "127.6.234.66" port: 45931 } } peers { permanent_uuid: "2be9e4d6259e4629a77b6158592c7a4a" member_type: VOTER last_known_addr { host: "127.6.234.67" port: 44085 } } peers { permanent_uuid: "ce4ee5cab37c4444a08befea299de069" member_type: VOTER last_known_addr { host: "127.6.234.68" port: 46871 } attrs { promote: false } } }
I20260630 12:26:37.409502 10346 raft_consensus.cc:2955] T 1cfb4e8fe8254636bd4047b4115c11a2 P ce4ee5cab37c4444a08befea299de069 [term 2 FOLLOWER]: Committing config change with OpId 2.5: config changed from index 4 to 5, VOTER d2bcad82ee9d491aada2cccac46ff41b (127.6.234.65) evicted. New config: { opid_index: 5 OBSOLETE_local: false peers { permanent_uuid: "6065bf3f4bb747c4b5c3e5b6937cc250" member_type: VOTER last_known_addr { host: "127.6.234.66" port: 45931 } } peers { permanent_uuid: "2be9e4d6259e4629a77b6158592c7a4a" member_type: VOTER last_known_addr { host: "127.6.234.67" port: 44085 } } peers { permanent_uuid: "ce4ee5cab37c4444a08befea299de069" member_type: VOTER last_known_addr { host: "127.6.234.68" port: 46871 } attrs { promote: false } } }
I20260630 12:26:37.415753 10190 raft_consensus.cc:2955] T 1cfb4e8fe8254636bd4047b4115c11a2 P 2be9e4d6259e4629a77b6158592c7a4a [term 2 FOLLOWER]: Committing config change with OpId 2.5: config changed from index 4 to 5, VOTER d2bcad82ee9d491aada2cccac46ff41b (127.6.234.65) evicted. New config: { opid_index: 5 OBSOLETE_local: false peers { permanent_uuid: "6065bf3f4bb747c4b5c3e5b6937cc250" member_type: VOTER last_known_addr { host: "127.6.234.66" port: 45931 } } peers { permanent_uuid: "2be9e4d6259e4629a77b6158592c7a4a" member_type: VOTER last_known_addr { host: "127.6.234.67" port: 44085 } } peers { permanent_uuid: "ce4ee5cab37c4444a08befea299de069" member_type: VOTER last_known_addr { host: "127.6.234.68" port: 46871 } attrs { promote: false } } }
I20260630 12:26:37.420737  9926 catalog_manager.cc:5210] ChangeConfig:REMOVE_PEER RPC for tablet 1cfb4e8fe8254636bd4047b4115c11a2 with cas_config_opid_index 4: ChangeConfig:REMOVE_PEER succeeded (attempt 1)
I20260630 12:26:37.420357  9940 catalog_manager.cc:5697] T 1cfb4e8fe8254636bd4047b4115c11a2 P ce4ee5cab37c4444a08befea299de069 reported cstate change: config changed from index 4 to 5, VOTER d2bcad82ee9d491aada2cccac46ff41b (127.6.234.65) evicted. New cstate: current_term: 2 leader_uuid: "6065bf3f4bb747c4b5c3e5b6937cc250" committed_config { opid_index: 5 OBSOLETE_local: false peers { permanent_uuid: "6065bf3f4bb747c4b5c3e5b6937cc250" member_type: VOTER last_known_addr { host: "127.6.234.66" port: 45931 } } peers { permanent_uuid: "2be9e4d6259e4629a77b6158592c7a4a" member_type: VOTER last_known_addr { host: "127.6.234.67" port: 44085 } } peers { permanent_uuid: "ce4ee5cab37c4444a08befea299de069" member_type: VOTER last_known_addr { host: "127.6.234.68" port: 46871 } attrs { promote: false } } }
I20260630 12:26:37.431901 10027 tablet_service.cc:1558] Processing DeleteTablet for tablet 1cfb4e8fe8254636bd4047b4115c11a2 with delete_type TABLET_DATA_TOMBSTONED (TS d2bcad82ee9d491aada2cccac46ff41b not found in new config with opid_index 5) from {username='slave'} at 127.0.0.1:52204
I20260630 12:26:37.433894 10545 tablet_replica.cc:333] T 1cfb4e8fe8254636bd4047b4115c11a2 P d2bcad82ee9d491aada2cccac46ff41b: stopping tablet replica
I20260630 12:26:37.434796 10545 raft_consensus.cc:2243] T 1cfb4e8fe8254636bd4047b4115c11a2 P d2bcad82ee9d491aada2cccac46ff41b [term 2 FOLLOWER]: Raft consensus shutting down.
I20260630 12:26:37.435576 10545 raft_consensus.cc:2272] T 1cfb4e8fe8254636bd4047b4115c11a2 P d2bcad82ee9d491aada2cccac46ff41b [term 2 FOLLOWER]: Raft consensus is shut down!
I20260630 12:26:37.438119 10545 ts_tablet_manager.cc:1916] T 1cfb4e8fe8254636bd4047b4115c11a2 P d2bcad82ee9d491aada2cccac46ff41b: Deleting tablet data with delete state TABLET_DATA_TOMBSTONED
I20260630 12:26:37.448925 10545 ts_tablet_manager.cc:1929] T 1cfb4e8fe8254636bd4047b4115c11a2 P d2bcad82ee9d491aada2cccac46ff41b: tablet deleted with delete type TABLET_DATA_TOMBSTONED: last-logged OpId 2.4
I20260630 12:26:37.449262 10545 log.cc:1199] T 1cfb4e8fe8254636bd4047b4115c11a2 P d2bcad82ee9d491aada2cccac46ff41b: Deleting WAL directory at /tmp/dist-test-taskbhbEJm/test-tmp/auto_rebalancer-test.0.AutoRebalancerTest.RangeAwareRebalancesNewRangeReplicas.1782822307912443-7081-0/minicluster-data/ts-0-root/wals/1cfb4e8fe8254636bd4047b4115c11a2
I20260630 12:26:37.451460  9927 catalog_manager.cc:5028] TS d2bcad82ee9d491aada2cccac46ff41b (127.6.234.65:32819): tablet 1cfb4e8fe8254636bd4047b4115c11a2 (table range_aware_rebalance_new_range [id=15a2678191c04728bb04fc71aa6035be]) successfully deleted
I20260630 12:26:38.274698  9993 auto_leader_rebalancer.cc:141] leader rebalance for table range_aware_rebalance_new_range
I20260630 12:26:38.301954 10115 tablet_service.cc:2072] Received LeaderStepDown RPC: tablet_id: "f686290e7a5e4f3facdf21462dee78f8"
dest_uuid: "6065bf3f4bb747c4b5c3e5b6937cc250"
mode: GRACEFUL
new_leader_uuid: "2be9e4d6259e4629a77b6158592c7a4a"
 from {username='slave'} at 127.0.0.1:45424
I20260630 12:26:38.302541 10115 raft_consensus.cc:606] T f686290e7a5e4f3facdf21462dee78f8 P 6065bf3f4bb747c4b5c3e5b6937cc250 [term 2 LEADER]: Received request to transfer leadership to TS 2be9e4d6259e4629a77b6158592c7a4a
I20260630 12:26:38.303846  9993 auto_leader_rebalancer.cc:440] table: range_aware_rebalance_new_range, leader rebalance finish, leader transfer count: 1
I20260630 12:26:38.304440  9993 auto_leader_rebalancer.cc:515] All tables' leader rebalancing finished this round
I20260630 12:26:38.512346 10190 consensus_queue.cc:237] T 5ac92f55e9414cf79d8f3f591d0ad0c0 P 2be9e4d6259e4629a77b6158592c7a4a [LEADER]: Queue going to LEADER mode. State: All replicated index: 0, Majority replicated index: 1, Committed index: 1, Last appended: 1.1, Last appended by leader: 0, Current term: 1, Majority size: 2, State: 0, Mode: LEADER, active raft config: opid_index: 2 OBSOLETE_local: false peers { permanent_uuid: "ce4ee5cab37c4444a08befea299de069" member_type: VOTER last_known_addr { host: "127.6.234.68" port: 46871 } attrs { replace: true } } peers { permanent_uuid: "2be9e4d6259e4629a77b6158592c7a4a" member_type: VOTER last_known_addr { host: "127.6.234.67" port: 44085 } } peers { permanent_uuid: "d2bcad82ee9d491aada2cccac46ff41b" member_type: VOTER last_known_addr { host: "127.6.234.65" port: 32819 } } peers { permanent_uuid: "6065bf3f4bb747c4b5c3e5b6937cc250" member_type: NON_VOTER last_known_addr { host: "127.6.234.66" port: 45931 } attrs { promote: true } }
I20260630 12:26:38.519271 10041 raft_consensus.cc:1275] T 5ac92f55e9414cf79d8f3f591d0ad0c0 P d2bcad82ee9d491aada2cccac46ff41b [term 1 FOLLOWER]: Refusing update from remote peer 2be9e4d6259e4629a77b6158592c7a4a: Log matching property violated. Preceding OpId in replica: term: 1 index: 1. Preceding OpId from leader: term: 1 index: 2. (index mismatch)
I20260630 12:26:38.521320 10347 raft_consensus.cc:1275] T 5ac92f55e9414cf79d8f3f591d0ad0c0 P ce4ee5cab37c4444a08befea299de069 [term 1 FOLLOWER]: Refusing update from remote peer 2be9e4d6259e4629a77b6158592c7a4a: Log matching property violated. Preceding OpId in replica: term: 1 index: 1. Preceding OpId from leader: term: 1 index: 2. (index mismatch)
W20260630 12:26:38.521502 10156 consensus_peers.cc:597] T 5ac92f55e9414cf79d8f3f591d0ad0c0 P 2be9e4d6259e4629a77b6158592c7a4a -> Peer 6065bf3f4bb747c4b5c3e5b6937cc250 (127.6.234.66:45931): Couldn't send request to peer 6065bf3f4bb747c4b5c3e5b6937cc250. Error code: TABLET_NOT_FOUND (6). Status: Not found: Tablet not found: 5ac92f55e9414cf79d8f3f591d0ad0c0. This is attempt 1: this message will repeat every 5th retry.
I20260630 12:26:38.521704 10555 consensus_queue.cc:1048] T 5ac92f55e9414cf79d8f3f591d0ad0c0 P 2be9e4d6259e4629a77b6158592c7a4a [LEADER]: Connected to new peer: Peer: permanent_uuid: "d2bcad82ee9d491aada2cccac46ff41b" member_type: VOTER last_known_addr { host: "127.6.234.65" port: 32819 }, Status: LMP_MISMATCH, Last received: 0.0, Next index: 2, Last known committed idx: 1, Time since last communication: 0.001s
I20260630 12:26:38.522891 10557 consensus_queue.cc:1048] T 5ac92f55e9414cf79d8f3f591d0ad0c0 P 2be9e4d6259e4629a77b6158592c7a4a [LEADER]: Connected to new peer: Peer: permanent_uuid: "ce4ee5cab37c4444a08befea299de069" member_type: VOTER last_known_addr { host: "127.6.234.68" port: 46871 } attrs { replace: true }, Status: LMP_MISMATCH, Last received: 0.0, Next index: 2, Last known committed idx: 1, Time since last communication: 0.000s
I20260630 12:26:38.531446 10519 raft_consensus.cc:2955] T 5ac92f55e9414cf79d8f3f591d0ad0c0 P 2be9e4d6259e4629a77b6158592c7a4a [term 1 LEADER]: Committing config change with OpId 1.2: config changed from index -1 to 2, NON_VOTER 6065bf3f4bb747c4b5c3e5b6937cc250 (127.6.234.66) added. New config: { opid_index: 2 OBSOLETE_local: false peers { permanent_uuid: "ce4ee5cab37c4444a08befea299de069" member_type: VOTER last_known_addr { host: "127.6.234.68" port: 46871 } attrs { replace: true } } peers { permanent_uuid: "2be9e4d6259e4629a77b6158592c7a4a" member_type: VOTER last_known_addr { host: "127.6.234.67" port: 44085 } } peers { permanent_uuid: "d2bcad82ee9d491aada2cccac46ff41b" member_type: VOTER last_known_addr { host: "127.6.234.65" port: 32819 } } peers { permanent_uuid: "6065bf3f4bb747c4b5c3e5b6937cc250" member_type: NON_VOTER last_known_addr { host: "127.6.234.66" port: 45931 } attrs { promote: true } } }
I20260630 12:26:38.532974 10347 raft_consensus.cc:2955] T 5ac92f55e9414cf79d8f3f591d0ad0c0 P ce4ee5cab37c4444a08befea299de069 [term 1 FOLLOWER]: Committing config change with OpId 1.2: config changed from index -1 to 2, NON_VOTER 6065bf3f4bb747c4b5c3e5b6937cc250 (127.6.234.66) added. New config: { opid_index: 2 OBSOLETE_local: false peers { permanent_uuid: "ce4ee5cab37c4444a08befea299de069" member_type: VOTER last_known_addr { host: "127.6.234.68" port: 46871 } attrs { replace: true } } peers { permanent_uuid: "2be9e4d6259e4629a77b6158592c7a4a" member_type: VOTER last_known_addr { host: "127.6.234.67" port: 44085 } } peers { permanent_uuid: "d2bcad82ee9d491aada2cccac46ff41b" member_type: VOTER last_known_addr { host: "127.6.234.65" port: 32819 } } peers { permanent_uuid: "6065bf3f4bb747c4b5c3e5b6937cc250" member_type: NON_VOTER last_known_addr { host: "127.6.234.66" port: 45931 } attrs { promote: true } } }
I20260630 12:26:38.533254 10041 raft_consensus.cc:2955] T 5ac92f55e9414cf79d8f3f591d0ad0c0 P d2bcad82ee9d491aada2cccac46ff41b [term 1 FOLLOWER]: Committing config change with OpId 1.2: config changed from index -1 to 2, NON_VOTER 6065bf3f4bb747c4b5c3e5b6937cc250 (127.6.234.66) added. New config: { opid_index: 2 OBSOLETE_local: false peers { permanent_uuid: "ce4ee5cab37c4444a08befea299de069" member_type: VOTER last_known_addr { host: "127.6.234.68" port: 46871 } attrs { replace: true } } peers { permanent_uuid: "2be9e4d6259e4629a77b6158592c7a4a" member_type: VOTER last_known_addr { host: "127.6.234.67" port: 44085 } } peers { permanent_uuid: "d2bcad82ee9d491aada2cccac46ff41b" member_type: VOTER last_known_addr { host: "127.6.234.65" port: 32819 } } peers { permanent_uuid: "6065bf3f4bb747c4b5c3e5b6937cc250" member_type: NON_VOTER last_known_addr { host: "127.6.234.66" port: 45931 } attrs { promote: true } } }
I20260630 12:26:38.550760  9940 catalog_manager.cc:5697] T 5ac92f55e9414cf79d8f3f591d0ad0c0 P ce4ee5cab37c4444a08befea299de069 reported cstate change: config changed from index -1 to 2, NON_VOTER 6065bf3f4bb747c4b5c3e5b6937cc250 (127.6.234.66) added. New cstate: current_term: 1 leader_uuid: "2be9e4d6259e4629a77b6158592c7a4a" committed_config { opid_index: 2 OBSOLETE_local: false peers { permanent_uuid: "ce4ee5cab37c4444a08befea299de069" member_type: VOTER last_known_addr { host: "127.6.234.68" port: 46871 } attrs { replace: true } } peers { permanent_uuid: "2be9e4d6259e4629a77b6158592c7a4a" member_type: VOTER last_known_addr { host: "127.6.234.67" port: 44085 } } peers { permanent_uuid: "d2bcad82ee9d491aada2cccac46ff41b" member_type: VOTER last_known_addr { host: "127.6.234.65" port: 32819 } } peers { permanent_uuid: "6065bf3f4bb747c4b5c3e5b6937cc250" member_type: NON_VOTER last_known_addr { host: "127.6.234.66" port: 45931 } attrs { promote: true } } }
I20260630 12:26:38.552867 10041 consensus_queue.cc:237] T 2487185341e14212a54da140c140ec9b P d2bcad82ee9d491aada2cccac46ff41b [LEADER]: Queue going to LEADER mode. State: All replicated index: 0, Majority replicated index: 1, Committed index: 1, Last appended: 1.1, Last appended by leader: 0, Current term: 1, Majority size: 2, State: 0, Mode: LEADER, active raft config: opid_index: 2 OBSOLETE_local: false peers { permanent_uuid: "d2bcad82ee9d491aada2cccac46ff41b" member_type: VOTER last_known_addr { host: "127.6.234.65" port: 32819 } } peers { permanent_uuid: "6065bf3f4bb747c4b5c3e5b6937cc250" member_type: VOTER last_known_addr { host: "127.6.234.66" port: 45931 } attrs { replace: true } } peers { permanent_uuid: "2be9e4d6259e4629a77b6158592c7a4a" member_type: VOTER last_known_addr { host: "127.6.234.67" port: 44085 } } peers { permanent_uuid: "ce4ee5cab37c4444a08befea299de069" member_type: NON_VOTER last_known_addr { host: "127.6.234.68" port: 46871 } attrs { promote: true } }
I20260630 12:26:38.561316 10190 raft_consensus.cc:1275] T 2487185341e14212a54da140c140ec9b P 2be9e4d6259e4629a77b6158592c7a4a [term 1 FOLLOWER]: Refusing update from remote peer d2bcad82ee9d491aada2cccac46ff41b: Log matching property violated. Preceding OpId in replica: term: 1 index: 1. Preceding OpId from leader: term: 1 index: 2. (index mismatch)
W20260630 12:26:38.562845 10007 consensus_peers.cc:597] T 2487185341e14212a54da140c140ec9b P d2bcad82ee9d491aada2cccac46ff41b -> Peer ce4ee5cab37c4444a08befea299de069 (127.6.234.68:46871): Couldn't send request to peer ce4ee5cab37c4444a08befea299de069. Error code: TABLET_NOT_FOUND (6). Status: Not found: Tablet not found: 2487185341e14212a54da140c140ec9b. This is attempt 1: this message will repeat every 5th retry.
I20260630 12:26:38.563126 10263 consensus_queue.cc:1048] T 2487185341e14212a54da140c140ec9b P d2bcad82ee9d491aada2cccac46ff41b [LEADER]: Connected to new peer: Peer: permanent_uuid: "2be9e4d6259e4629a77b6158592c7a4a" member_type: VOTER last_known_addr { host: "127.6.234.67" port: 44085 }, Status: LMP_MISMATCH, Last received: 0.0, Next index: 2, Last known committed idx: 1, Time since last communication: 0.001s
