I20260630 12:26:33.646799 10146 tablet_service.cc:1917] Received RequestConsensusVote() RPC: tablet_id: "cec17468482b436c96ffe1c6bd01bf21" candidate_uuid: "a5a680e8e5814008a3c7825cb0fcd6f3" candidate_term: 3 candidate_status { last_received { term: 2 index: 2 } } ignore_live_leader: false dest_uuid: "6bc0957362e845f5ae3e38e4988b3fd0"
I20260630 12:26:33.654078 10146 raft_consensus.cc:2468] T cec17468482b436c96ffe1c6bd01bf21 P 6bc0957362e845f5ae3e38e4988b3fd0 [term 3 FOLLOWER]: Leader election vote request: Granting yes vote for candidate a5a680e8e5814008a3c7825cb0fcd6f3 in term 3.
I20260630 12:26:33.655256 10263 leader_election.cc:304] T cec17468482b436c96ffe1c6bd01bf21 P a5a680e8e5814008a3c7825cb0fcd6f3 [CANDIDATE]: Term 3 election: Election decided. Result: candidate won. Election summary: received 2 responses out of 3 voters: 2 yes votes; 0 no votes. yes voters: 6bc0957362e845f5ae3e38e4988b3fd0, a5a680e8e5814008a3c7825cb0fcd6f3; no voters: 
I20260630 12:26:33.656180 10677 raft_consensus.cc:2804] T cec17468482b436c96ffe1c6bd01bf21 P a5a680e8e5814008a3c7825cb0fcd6f3 [term 3 FOLLOWER]: Leader election won for term 3
I20260630 12:26:33.656682 10677 raft_consensus.cc:697] T cec17468482b436c96ffe1c6bd01bf21 P a5a680e8e5814008a3c7825cb0fcd6f3 [term 3 LEADER]: Becoming Leader. State: Replica: a5a680e8e5814008a3c7825cb0fcd6f3, State: Running, Role: LEADER
I20260630 12:26:33.657557 10677 consensus_queue.cc:237] T cec17468482b436c96ffe1c6bd01bf21 P a5a680e8e5814008a3c7825cb0fcd6f3 [LEADER]: Queue going to LEADER mode. State: All replicated index: 0, Majority replicated index: 2, Committed index: 2, Last appended: 2.2, Last appended by leader: 2, Current term: 3, Majority size: 2, State: 0, Mode: LEADER, active raft config: opid_index: -1 OBSOLETE_local: false peers { permanent_uuid: "6bc0957362e845f5ae3e38e4988b3fd0" member_type: VOTER last_known_addr { host: "127.7.3.65" port: 35339 } } peers { permanent_uuid: "1841d8982af944049236dc38085e6251" member_type: VOTER last_known_addr { host: "127.7.3.66" port: 45075 } } peers { permanent_uuid: "a5a680e8e5814008a3c7825cb0fcd6f3" member_type: VOTER last_known_addr { host: "127.7.3.67" port: 44665 } }
I20260630 12:26:33.665182 10225 tablet_service.cc:1917] Received RequestConsensusVote() RPC: tablet_id: "cec17468482b436c96ffe1c6bd01bf21" candidate_uuid: "a5a680e8e5814008a3c7825cb0fcd6f3" candidate_term: 3 candidate_status { last_received { term: 2 index: 2 } } ignore_live_leader: false dest_uuid: "1841d8982af944049236dc38085e6251"
I20260630 12:26:33.666013 10225 raft_consensus.cc:2393] T cec17468482b436c96ffe1c6bd01bf21 P 1841d8982af944049236dc38085e6251 [term 3 FOLLOWER]: Leader election vote request: Denying vote to candidate a5a680e8e5814008a3c7825cb0fcd6f3 in current term 3: Already voted for candidate 1841d8982af944049236dc38085e6251 in this term.
I20260630 12:26:33.669548 10676 leader_election.cc:290] T cec17468482b436c96ffe1c6bd01bf21 P a5a680e8e5814008a3c7825cb0fcd6f3 [CANDIDATE]: Term 3 election: Requested vote from peers 6bc0957362e845f5ae3e38e4988b3fd0 (127.7.3.65:35339), 1841d8982af944049236dc38085e6251 (127.7.3.66:45075)
I20260630 12:26:33.671694 10045 catalog_manager.cc:5697] T cec17468482b436c96ffe1c6bd01bf21 P a5a680e8e5814008a3c7825cb0fcd6f3 reported cstate change: term changed from 2 to 3, leader changed from 6bc0957362e845f5ae3e38e4988b3fd0 (127.7.3.65) to a5a680e8e5814008a3c7825cb0fcd6f3 (127.7.3.67). New cstate: current_term: 3 leader_uuid: "a5a680e8e5814008a3c7825cb0fcd6f3" committed_config { opid_index: -1 OBSOLETE_local: false peers { permanent_uuid: "6bc0957362e845f5ae3e38e4988b3fd0" member_type: VOTER last_known_addr { host: "127.7.3.65" port: 35339 } health_report { overall_health: UNKNOWN } } peers { permanent_uuid: "1841d8982af944049236dc38085e6251" member_type: VOTER last_known_addr { host: "127.7.3.66" port: 45075 } health_report { overall_health: UNKNOWN } } peers { permanent_uuid: "a5a680e8e5814008a3c7825cb0fcd6f3" member_type: VOTER last_known_addr { host: "127.7.3.67" port: 44665 } health_report { overall_health: HEALTHY } } }
I20260630 12:26:33.686921 10225 tablet_service.cc:2072] Received LeaderStepDown RPC: tablet_id: "05efc1729aad41169ae1428495d3e9c0"
dest_uuid: "1841d8982af944049236dc38085e6251"
mode: GRACEFUL
new_leader_uuid: "a5a680e8e5814008a3c7825cb0fcd6f3"
 from {username='slave'} at 127.0.0.1:60034
I20260630 12:26:33.687573 10225 raft_consensus.cc:606] T 05efc1729aad41169ae1428495d3e9c0 P 1841d8982af944049236dc38085e6251 [term 1 LEADER]: Received request to transfer leadership to TS a5a680e8e5814008a3c7825cb0fcd6f3
I20260630 12:26:33.692087 10225 tablet_service.cc:2072] Received LeaderStepDown RPC: tablet_id: "2bfb0f39310d428783d59c2f5bfa61cc"
dest_uuid: "1841d8982af944049236dc38085e6251"
mode: GRACEFUL
new_leader_uuid: "a5a680e8e5814008a3c7825cb0fcd6f3"
 from {username='slave'} at 127.0.0.1:60034
I20260630 12:26:33.692641 10225 raft_consensus.cc:606] T 2bfb0f39310d428783d59c2f5bfa61cc P 1841d8982af944049236dc38085e6251 [term 2 LEADER]: Received request to transfer leadership to TS a5a680e8e5814008a3c7825cb0fcd6f3
I20260630 12:26:33.695590 10225 tablet_service.cc:2072] Received LeaderStepDown RPC: tablet_id: "b54a251fb33a454b9a14906d2e565773"
dest_uuid: "1841d8982af944049236dc38085e6251"
mode: GRACEFUL
new_leader_uuid: "6bc0957362e845f5ae3e38e4988b3fd0"
 from {username='slave'} at 127.0.0.1:60034
I20260630 12:26:33.696144 10225 raft_consensus.cc:606] T b54a251fb33a454b9a14906d2e565773 P 1841d8982af944049236dc38085e6251 [term 2 LEADER]: Received request to transfer leadership to TS 6bc0957362e845f5ae3e38e4988b3fd0
I20260630 12:26:33.697252 10100 auto_leader_rebalancer.cc:440] table: range_aware_rebalance_new_range, leader rebalance finish, leader transfer count: 3
I20260630 12:26:33.698077 10100 auto_leader_rebalancer.cc:515] All tables' leader rebalancing finished this round
I20260630 12:26:33.727049 10635 raft_consensus.cc:993] T b54a251fb33a454b9a14906d2e565773 P 1841d8982af944049236dc38085e6251: : Instructing follower 6bc0957362e845f5ae3e38e4988b3fd0 to start an election
I20260630 12:26:33.727872 10609 raft_consensus.cc:1081] T b54a251fb33a454b9a14906d2e565773 P 1841d8982af944049236dc38085e6251 [term 2 LEADER]: Signalling peer 6bc0957362e845f5ae3e38e4988b3fd0 to start an election
I20260630 12:26:33.729705 10146 tablet_service.cc:2044] Received Run Leader Election RPC: tablet_id: "b54a251fb33a454b9a14906d2e565773"
dest_uuid: "6bc0957362e845f5ae3e38e4988b3fd0"
 from {username='slave'} at 127.0.0.1:51812
I20260630 12:26:33.730286 10146 raft_consensus.cc:493] T b54a251fb33a454b9a14906d2e565773 P 6bc0957362e845f5ae3e38e4988b3fd0 [term 2 FOLLOWER]: Starting forced leader election (received explicit request)
I20260630 12:26:33.730661 10146 raft_consensus.cc:3060] T b54a251fb33a454b9a14906d2e565773 P 6bc0957362e845f5ae3e38e4988b3fd0 [term 2 FOLLOWER]: Advancing to term 3
I20260630 12:26:33.738699 10146 raft_consensus.cc:515] T b54a251fb33a454b9a14906d2e565773 P 6bc0957362e845f5ae3e38e4988b3fd0 [term 3 FOLLOWER]: Starting forced leader election with config: opid_index: -1 OBSOLETE_local: false peers { permanent_uuid: "6bc0957362e845f5ae3e38e4988b3fd0" member_type: VOTER last_known_addr { host: "127.7.3.65" port: 35339 } } peers { permanent_uuid: "1841d8982af944049236dc38085e6251" member_type: VOTER last_known_addr { host: "127.7.3.66" port: 45075 } } peers { permanent_uuid: "a5a680e8e5814008a3c7825cb0fcd6f3" member_type: VOTER last_known_addr { host: "127.7.3.67" port: 44665 } }
I20260630 12:26:33.741560 10225 tablet_service.cc:1917] Received RequestConsensusVote() RPC: tablet_id: "b54a251fb33a454b9a14906d2e565773" candidate_uuid: "6bc0957362e845f5ae3e38e4988b3fd0" candidate_term: 3 candidate_status { last_received { term: 2 index: 2 } } ignore_live_leader: true dest_uuid: "1841d8982af944049236dc38085e6251"
I20260630 12:26:33.742120 10225 raft_consensus.cc:3055] T b54a251fb33a454b9a14906d2e565773 P 1841d8982af944049236dc38085e6251 [term 2 LEADER]: Stepping down as leader of term 2
I20260630 12:26:33.742451 10225 raft_consensus.cc:740] T b54a251fb33a454b9a14906d2e565773 P 1841d8982af944049236dc38085e6251 [term 2 LEADER]: Becoming Follower/Learner. State: Replica: 1841d8982af944049236dc38085e6251, State: Running, Role: LEADER
I20260630 12:26:33.742815 10298 tablet_service.cc:1917] Received RequestConsensusVote() RPC: tablet_id: "b54a251fb33a454b9a14906d2e565773" candidate_uuid: "6bc0957362e845f5ae3e38e4988b3fd0" candidate_term: 3 candidate_status { last_received { term: 2 index: 2 } } ignore_live_leader: true dest_uuid: "a5a680e8e5814008a3c7825cb0fcd6f3"
I20260630 12:26:33.743520 10298 raft_consensus.cc:3060] T b54a251fb33a454b9a14906d2e565773 P a5a680e8e5814008a3c7825cb0fcd6f3 [term 2 FOLLOWER]: Advancing to term 3
I20260630 12:26:33.743423 10225 consensus_queue.cc:260] T b54a251fb33a454b9a14906d2e565773 P 1841d8982af944049236dc38085e6251 [NON_LEADER]: Queue going to NON_LEADER mode. State: All replicated index: 0, Majority replicated index: 2, Committed index: 2, Last appended: 2.2, Last appended by leader: 2, Current term: 2, Majority size: -1, State: 0, Mode: NON_LEADER, active raft config: opid_index: -1 OBSOLETE_local: false peers { permanent_uuid: "6bc0957362e845f5ae3e38e4988b3fd0" member_type: VOTER last_known_addr { host: "127.7.3.65" port: 35339 } } peers { permanent_uuid: "1841d8982af944049236dc38085e6251" member_type: VOTER last_known_addr { host: "127.7.3.66" port: 45075 } } peers { permanent_uuid: "a5a680e8e5814008a3c7825cb0fcd6f3" member_type: VOTER last_known_addr { host: "127.7.3.67" port: 44665 } }
I20260630 12:26:33.744616 10225 raft_consensus.cc:3060] T b54a251fb33a454b9a14906d2e565773 P 1841d8982af944049236dc38085e6251 [term 2 FOLLOWER]: Advancing to term 3
I20260630 12:26:33.750871 10298 raft_consensus.cc:2468] T b54a251fb33a454b9a14906d2e565773 P a5a680e8e5814008a3c7825cb0fcd6f3 [term 3 FOLLOWER]: Leader election vote request: Granting yes vote for candidate 6bc0957362e845f5ae3e38e4988b3fd0 in term 3.
I20260630 12:26:33.751209 10225 raft_consensus.cc:2468] T b54a251fb33a454b9a14906d2e565773 P 1841d8982af944049236dc38085e6251 [term 3 FOLLOWER]: Leader election vote request: Granting yes vote for candidate 6bc0957362e845f5ae3e38e4988b3fd0 in term 3.
I20260630 12:26:33.752354 10113 leader_election.cc:304] T b54a251fb33a454b9a14906d2e565773 P 6bc0957362e845f5ae3e38e4988b3fd0 [CANDIDATE]: Term 3 election: Election decided. Result: candidate won. Election summary: received 2 responses out of 3 voters: 2 yes votes; 0 no votes. yes voters: 6bc0957362e845f5ae3e38e4988b3fd0, a5a680e8e5814008a3c7825cb0fcd6f3; no voters: 
I20260630 12:26:33.753458 10383 raft_consensus.cc:2804] T b54a251fb33a454b9a14906d2e565773 P 6bc0957362e845f5ae3e38e4988b3fd0 [term 3 FOLLOWER]: Leader election won for term 3
I20260630 12:26:33.757551 10383 raft_consensus.cc:697] T b54a251fb33a454b9a14906d2e565773 P 6bc0957362e845f5ae3e38e4988b3fd0 [term 3 LEADER]: Becoming Leader. State: Replica: 6bc0957362e845f5ae3e38e4988b3fd0, State: Running, Role: LEADER
I20260630 12:26:33.758476 10146 leader_election.cc:290] T b54a251fb33a454b9a14906d2e565773 P 6bc0957362e845f5ae3e38e4988b3fd0 [CANDIDATE]: Term 3 election: Requested vote from peers 1841d8982af944049236dc38085e6251 (127.7.3.66:45075), a5a680e8e5814008a3c7825cb0fcd6f3 (127.7.3.67:44665)
I20260630 12:26:33.758435 10383 consensus_queue.cc:237] T b54a251fb33a454b9a14906d2e565773 P 6bc0957362e845f5ae3e38e4988b3fd0 [LEADER]: Queue going to LEADER mode. State: All replicated index: 0, Majority replicated index: 2, Committed index: 2, Last appended: 2.2, Last appended by leader: 2, Current term: 3, Majority size: 2, State: 0, Mode: LEADER, active raft config: opid_index: -1 OBSOLETE_local: false peers { permanent_uuid: "6bc0957362e845f5ae3e38e4988b3fd0" member_type: VOTER last_known_addr { host: "127.7.3.65" port: 35339 } } peers { permanent_uuid: "1841d8982af944049236dc38085e6251" member_type: VOTER last_known_addr { host: "127.7.3.66" port: 45075 } } peers { permanent_uuid: "a5a680e8e5814008a3c7825cb0fcd6f3" member_type: VOTER last_known_addr { host: "127.7.3.67" port: 44665 } }
I20260630 12:26:33.759621 10609 raft_consensus.cc:493] T 0a58da8155a643cc851fe014fe43aa1e P 1841d8982af944049236dc38085e6251 [term 2 FOLLOWER]: Starting pre-election (no leader contacted us within the election timeout)
I20260630 12:26:33.760079 10609 raft_consensus.cc:515] T 0a58da8155a643cc851fe014fe43aa1e P 1841d8982af944049236dc38085e6251 [term 2 FOLLOWER]: Starting pre-election with config: opid_index: -1 OBSOLETE_local: false peers { permanent_uuid: "1841d8982af944049236dc38085e6251" member_type: VOTER last_known_addr { host: "127.7.3.66" port: 45075 } } peers { permanent_uuid: "6bc0957362e845f5ae3e38e4988b3fd0" member_type: VOTER last_known_addr { host: "127.7.3.65" port: 35339 } } peers { permanent_uuid: "a5a680e8e5814008a3c7825cb0fcd6f3" member_type: VOTER last_known_addr { host: "127.7.3.67" port: 44665 } }
I20260630 12:26:33.762004 10609 leader_election.cc:290] T 0a58da8155a643cc851fe014fe43aa1e P 1841d8982af944049236dc38085e6251 [CANDIDATE]: Term 3 pre-election: Requested pre-vote from peers 6bc0957362e845f5ae3e38e4988b3fd0 (127.7.3.65:35339), a5a680e8e5814008a3c7825cb0fcd6f3 (127.7.3.67:44665)
I20260630 12:26:33.765321 10146 tablet_service.cc:1917] Received RequestConsensusVote() RPC: tablet_id: "0a58da8155a643cc851fe014fe43aa1e" candidate_uuid: "1841d8982af944049236dc38085e6251" candidate_term: 3 candidate_status { last_received { term: 1 index: 1 } } ignore_live_leader: false dest_uuid: "6bc0957362e845f5ae3e38e4988b3fd0" is_pre_election: true
I20260630 12:26:33.766171 10146 raft_consensus.cc:2468] T 0a58da8155a643cc851fe014fe43aa1e P 6bc0957362e845f5ae3e38e4988b3fd0 [term 2 FOLLOWER]: Leader pre-election vote request: Granting yes vote for candidate 1841d8982af944049236dc38085e6251 in term 2.
I20260630 12:26:33.767544 10189 leader_election.cc:304] T 0a58da8155a643cc851fe014fe43aa1e P 1841d8982af944049236dc38085e6251 [CANDIDATE]: Term 3 pre-election: Election decided. Result: candidate won. Election summary: received 2 responses out of 3 voters: 2 yes votes; 0 no votes. yes voters: 1841d8982af944049236dc38085e6251, 6bc0957362e845f5ae3e38e4988b3fd0; no voters: 
I20260630 12:26:33.768610 10609 raft_consensus.cc:2804] T 0a58da8155a643cc851fe014fe43aa1e P 1841d8982af944049236dc38085e6251 [term 2 FOLLOWER]: Leader pre-election won for term 3
I20260630 12:26:33.769073 10609 raft_consensus.cc:493] T 0a58da8155a643cc851fe014fe43aa1e P 1841d8982af944049236dc38085e6251 [term 2 FOLLOWER]: Starting leader election (no leader contacted us within the election timeout)
I20260630 12:26:33.769469 10609 raft_consensus.cc:3060] T 0a58da8155a643cc851fe014fe43aa1e P 1841d8982af944049236dc38085e6251 [term 2 FOLLOWER]: Advancing to term 3
I20260630 12:26:33.777040 10609 raft_consensus.cc:515] T 0a58da8155a643cc851fe014fe43aa1e P 1841d8982af944049236dc38085e6251 [term 3 FOLLOWER]: Starting leader election with config: opid_index: -1 OBSOLETE_local: false peers { permanent_uuid: "1841d8982af944049236dc38085e6251" member_type: VOTER last_known_addr { host: "127.7.3.66" port: 45075 } } peers { permanent_uuid: "6bc0957362e845f5ae3e38e4988b3fd0" member_type: VOTER last_known_addr { host: "127.7.3.65" port: 35339 } } peers { permanent_uuid: "a5a680e8e5814008a3c7825cb0fcd6f3" member_type: VOTER last_known_addr { host: "127.7.3.67" port: 44665 } }
I20260630 12:26:33.779634 10149 tablet_service.cc:1917] Received RequestConsensusVote() RPC: tablet_id: "0a58da8155a643cc851fe014fe43aa1e" candidate_uuid: "1841d8982af944049236dc38085e6251" candidate_term: 3 candidate_status { last_received { term: 1 index: 1 } } ignore_live_leader: false dest_uuid: "6bc0957362e845f5ae3e38e4988b3fd0"
I20260630 12:26:33.780261 10149 raft_consensus.cc:3060] T 0a58da8155a643cc851fe014fe43aa1e P 6bc0957362e845f5ae3e38e4988b3fd0 [term 2 FOLLOWER]: Advancing to term 3
I20260630 12:26:33.781455 10294 tablet_service.cc:1917] Received RequestConsensusVote() RPC: tablet_id: "0a58da8155a643cc851fe014fe43aa1e" candidate_uuid: "1841d8982af944049236dc38085e6251" candidate_term: 3 candidate_status { last_received { term: 1 index: 1 } } ignore_live_leader: false dest_uuid: "a5a680e8e5814008a3c7825cb0fcd6f3"
I20260630 12:26:33.783121 10609 leader_election.cc:290] T 0a58da8155a643cc851fe014fe43aa1e P 1841d8982af944049236dc38085e6251 [CANDIDATE]: Term 3 election: Requested vote from peers 6bc0957362e845f5ae3e38e4988b3fd0 (127.7.3.65:35339), a5a680e8e5814008a3c7825cb0fcd6f3 (127.7.3.67:44665)
I20260630 12:26:33.779634 10298 tablet_service.cc:1917] Received RequestConsensusVote() RPC: tablet_id: "0a58da8155a643cc851fe014fe43aa1e" candidate_uuid: "1841d8982af944049236dc38085e6251" candidate_term: 3 candidate_status { last_received { term: 1 index: 1 } } ignore_live_leader: false dest_uuid: "a5a680e8e5814008a3c7825cb0fcd6f3" is_pre_election: true
I20260630 12:26:33.786973 10149 raft_consensus.cc:2468] T 0a58da8155a643cc851fe014fe43aa1e P 6bc0957362e845f5ae3e38e4988b3fd0 [term 3 FOLLOWER]: Leader election vote request: Granting yes vote for candidate 1841d8982af944049236dc38085e6251 in term 3.
I20260630 12:26:33.791329 10045 catalog_manager.cc:5697] T b54a251fb33a454b9a14906d2e565773 P 6bc0957362e845f5ae3e38e4988b3fd0 reported cstate change: term changed from 2 to 3, leader changed from 1841d8982af944049236dc38085e6251 (127.7.3.66) to 6bc0957362e845f5ae3e38e4988b3fd0 (127.7.3.65). New cstate: current_term: 3 leader_uuid: "6bc0957362e845f5ae3e38e4988b3fd0" committed_config { opid_index: -1 OBSOLETE_local: false peers { permanent_uuid: "6bc0957362e845f5ae3e38e4988b3fd0" member_type: VOTER last_known_addr { host: "127.7.3.65" port: 35339 } health_report { overall_health: HEALTHY } } peers { permanent_uuid: "1841d8982af944049236dc38085e6251" member_type: VOTER last_known_addr { host: "127.7.3.66" port: 45075 } health_report { overall_health: UNKNOWN } } peers { permanent_uuid: "a5a680e8e5814008a3c7825cb0fcd6f3" member_type: VOTER last_known_addr { host: "127.7.3.67" port: 44665 } health_report { overall_health: UNKNOWN } } }
I20260630 12:26:33.793488 10189 leader_election.cc:304] T 0a58da8155a643cc851fe014fe43aa1e P 1841d8982af944049236dc38085e6251 [CANDIDATE]: Term 3 election: Election decided. Result: candidate won. Election summary: received 3 responses out of 3 voters: 2 yes votes; 1 no votes. yes voters: 1841d8982af944049236dc38085e6251, 6bc0957362e845f5ae3e38e4988b3fd0; no voters: a5a680e8e5814008a3c7825cb0fcd6f3
I20260630 12:26:33.794586 10609 raft_consensus.cc:2804] T 0a58da8155a643cc851fe014fe43aa1e P 1841d8982af944049236dc38085e6251 [term 3 FOLLOWER]: Leader election won for term 3
I20260630 12:26:33.795265 10609 raft_consensus.cc:697] T 0a58da8155a643cc851fe014fe43aa1e P 1841d8982af944049236dc38085e6251 [term 3 LEADER]: Becoming Leader. State: Replica: 1841d8982af944049236dc38085e6251, State: Running, Role: LEADER
I20260630 12:26:33.796115 10609 consensus_queue.cc:237] T 0a58da8155a643cc851fe014fe43aa1e P 1841d8982af944049236dc38085e6251 [LEADER]: Queue going to LEADER mode. State: All replicated index: 0, Majority replicated index: 1, Committed index: 1, Last appended: 1.1, Last appended by leader: 1, Current term: 3, Majority size: 2, State: 0, Mode: LEADER, active raft config: opid_index: -1 OBSOLETE_local: false peers { permanent_uuid: "1841d8982af944049236dc38085e6251" member_type: VOTER last_known_addr { host: "127.7.3.66" port: 45075 } } peers { permanent_uuid: "6bc0957362e845f5ae3e38e4988b3fd0" member_type: VOTER last_known_addr { host: "127.7.3.65" port: 35339 } } peers { permanent_uuid: "a5a680e8e5814008a3c7825cb0fcd6f3" member_type: VOTER last_known_addr { host: "127.7.3.67" port: 44665 } }
I20260630 12:26:33.807336 10045 catalog_manager.cc:5697] T 0a58da8155a643cc851fe014fe43aa1e P 1841d8982af944049236dc38085e6251 reported cstate change: term changed from 2 to 3, leader changed from a5a680e8e5814008a3c7825cb0fcd6f3 (127.7.3.67) to 1841d8982af944049236dc38085e6251 (127.7.3.66). New cstate: current_term: 3 leader_uuid: "1841d8982af944049236dc38085e6251" committed_config { opid_index: -1 OBSOLETE_local: false peers { permanent_uuid: "1841d8982af944049236dc38085e6251" member_type: VOTER last_known_addr { host: "127.7.3.66" port: 45075 } health_report { overall_health: HEALTHY } } peers { permanent_uuid: "6bc0957362e845f5ae3e38e4988b3fd0" member_type: VOTER last_known_addr { host: "127.7.3.65" port: 35339 } health_report { overall_health: UNKNOWN } } peers { permanent_uuid: "a5a680e8e5814008a3c7825cb0fcd6f3" member_type: VOTER last_known_addr { host: "127.7.3.67" port: 44665 } health_report { overall_health: UNKNOWN } } }
I20260630 12:26:33.810386 10609 raft_consensus.cc:993] T 05efc1729aad41169ae1428495d3e9c0 P 1841d8982af944049236dc38085e6251: : Instructing follower a5a680e8e5814008a3c7825cb0fcd6f3 to start an election
I20260630 12:26:33.810842 10635 raft_consensus.cc:1081] T 05efc1729aad41169ae1428495d3e9c0 P 1841d8982af944049236dc38085e6251 [term 1 LEADER]: Signalling peer a5a680e8e5814008a3c7825cb0fcd6f3 to start an election
I20260630 12:26:33.812525 10298 tablet_service.cc:2044] Received Run Leader Election RPC: tablet_id: "05efc1729aad41169ae1428495d3e9c0"
dest_uuid: "a5a680e8e5814008a3c7825cb0fcd6f3"
 from {username='slave'} at 127.0.0.1:46170
I20260630 12:26:33.813055 10298 raft_consensus.cc:493] T 05efc1729aad41169ae1428495d3e9c0 P a5a680e8e5814008a3c7825cb0fcd6f3 [term 1 FOLLOWER]: Starting forced leader election (received explicit request)
I20260630 12:26:33.813441 10298 raft_consensus.cc:3060] T 05efc1729aad41169ae1428495d3e9c0 P a5a680e8e5814008a3c7825cb0fcd6f3 [term 1 FOLLOWER]: Advancing to term 2
I20260630 12:26:33.820400 10298 raft_consensus.cc:515] T 05efc1729aad41169ae1428495d3e9c0 P a5a680e8e5814008a3c7825cb0fcd6f3 [term 2 FOLLOWER]: Starting forced leader election with config: opid_index: 4 OBSOLETE_local: false peers { permanent_uuid: "1841d8982af944049236dc38085e6251" member_type: VOTER last_known_addr { host: "127.7.3.66" port: 45075 } } peers { permanent_uuid: "a5a680e8e5814008a3c7825cb0fcd6f3" member_type: VOTER last_known_addr { host: "127.7.3.67" port: 44665 } } peers { permanent_uuid: "94d271e8ee684d3e90ec6a0de6f30536" member_type: VOTER last_known_addr { host: "127.7.3.68" port: 42357 } attrs { promote: false } }
I20260630 12:26:33.822330 10298 leader_election.cc:290] T 05efc1729aad41169ae1428495d3e9c0 P a5a680e8e5814008a3c7825cb0fcd6f3 [CANDIDATE]: Term 2 election: Requested vote from peers 1841d8982af944049236dc38085e6251 (127.7.3.66:45075), 94d271e8ee684d3e90ec6a0de6f30536 (127.7.3.68:42357)
I20260630 12:26:33.823513 10225 tablet_service.cc:1917] Received RequestConsensusVote() RPC: tablet_id: "05efc1729aad41169ae1428495d3e9c0" candidate_uuid: "a5a680e8e5814008a3c7825cb0fcd6f3" candidate_term: 2 candidate_status { last_received { term: 1 index: 4 } } ignore_live_leader: true dest_uuid: "1841d8982af944049236dc38085e6251"
I20260630 12:26:33.823619 10452 tablet_service.cc:1917] Received RequestConsensusVote() RPC: tablet_id: "05efc1729aad41169ae1428495d3e9c0" candidate_uuid: "a5a680e8e5814008a3c7825cb0fcd6f3" candidate_term: 2 candidate_status { last_received { term: 1 index: 4 } } ignore_live_leader: true dest_uuid: "94d271e8ee684d3e90ec6a0de6f30536"
I20260630 12:26:33.824101 10225 raft_consensus.cc:3055] T 05efc1729aad41169ae1428495d3e9c0 P 1841d8982af944049236dc38085e6251 [term 1 LEADER]: Stepping down as leader of term 1
I20260630 12:26:33.824277 10452 raft_consensus.cc:3060] T 05efc1729aad41169ae1428495d3e9c0 P 94d271e8ee684d3e90ec6a0de6f30536 [term 1 FOLLOWER]: Advancing to term 2
I20260630 12:26:33.824482 10225 raft_consensus.cc:740] T 05efc1729aad41169ae1428495d3e9c0 P 1841d8982af944049236dc38085e6251 [term 1 LEADER]: Becoming Follower/Learner. State: Replica: 1841d8982af944049236dc38085e6251, State: Running, Role: LEADER
I20260630 12:26:33.825328 10225 consensus_queue.cc:260] T 05efc1729aad41169ae1428495d3e9c0 P 1841d8982af944049236dc38085e6251 [NON_LEADER]: Queue going to NON_LEADER mode. State: All replicated index: 0, Majority replicated index: 4, Committed index: 4, Last appended: 1.4, Last appended by leader: 4, Current term: 1, Majority size: -1, State: 0, Mode: NON_LEADER, active raft config: opid_index: 4 OBSOLETE_local: false peers { permanent_uuid: "1841d8982af944049236dc38085e6251" member_type: VOTER last_known_addr { host: "127.7.3.66" port: 45075 } } peers { permanent_uuid: "a5a680e8e5814008a3c7825cb0fcd6f3" member_type: VOTER last_known_addr { host: "127.7.3.67" port: 44665 } } peers { permanent_uuid: "94d271e8ee684d3e90ec6a0de6f30536" member_type: VOTER last_known_addr { host: "127.7.3.68" port: 42357 } attrs { promote: false } }
I20260630 12:26:33.826370 10225 raft_consensus.cc:3060] T 05efc1729aad41169ae1428495d3e9c0 P 1841d8982af944049236dc38085e6251 [term 1 FOLLOWER]: Advancing to term 2
I20260630 12:26:33.832325 10452 raft_consensus.cc:2468] T 05efc1729aad41169ae1428495d3e9c0 P 94d271e8ee684d3e90ec6a0de6f30536 [term 2 FOLLOWER]: Leader election vote request: Granting yes vote for candidate a5a680e8e5814008a3c7825cb0fcd6f3 in term 2.
I20260630 12:26:33.832881 10225 raft_consensus.cc:2468] T 05efc1729aad41169ae1428495d3e9c0 P 1841d8982af944049236dc38085e6251 [term 2 FOLLOWER]: Leader election vote request: Granting yes vote for candidate a5a680e8e5814008a3c7825cb0fcd6f3 in term 2.
I20260630 12:26:33.833590 10264 leader_election.cc:304] T 05efc1729aad41169ae1428495d3e9c0 P a5a680e8e5814008a3c7825cb0fcd6f3 [CANDIDATE]: Term 2 election: Election decided. Result: candidate won. Election summary: received 2 responses out of 3 voters: 2 yes votes; 0 no votes. yes voters: 94d271e8ee684d3e90ec6a0de6f30536, a5a680e8e5814008a3c7825cb0fcd6f3; no voters: 
I20260630 12:26:33.834622 10676 raft_consensus.cc:2804] T 05efc1729aad41169ae1428495d3e9c0 P a5a680e8e5814008a3c7825cb0fcd6f3 [term 2 FOLLOWER]: Leader election won for term 2
I20260630 12:26:33.835115 10676 raft_consensus.cc:697] T 05efc1729aad41169ae1428495d3e9c0 P a5a680e8e5814008a3c7825cb0fcd6f3 [term 2 LEADER]: Becoming Leader. State: Replica: a5a680e8e5814008a3c7825cb0fcd6f3, State: Running, Role: LEADER
I20260630 12:26:33.835858 10676 consensus_queue.cc:237] T 05efc1729aad41169ae1428495d3e9c0 P a5a680e8e5814008a3c7825cb0fcd6f3 [LEADER]: Queue going to LEADER mode. State: All replicated index: 0, Majority replicated index: 4, Committed index: 4, Last appended: 1.4, Last appended by leader: 4, Current term: 2, Majority size: 2, State: 0, Mode: LEADER, active raft config: opid_index: 4 OBSOLETE_local: false peers { permanent_uuid: "1841d8982af944049236dc38085e6251" member_type: VOTER last_known_addr { host: "127.7.3.66" port: 45075 } } peers { permanent_uuid: "a5a680e8e5814008a3c7825cb0fcd6f3" member_type: VOTER last_known_addr { host: "127.7.3.67" port: 44665 } } peers { permanent_uuid: "94d271e8ee684d3e90ec6a0de6f30536" member_type: VOTER last_known_addr { host: "127.7.3.68" port: 42357 } attrs { promote: false } }
I20260630 12:26:33.843775 10045 catalog_manager.cc:5697] T 05efc1729aad41169ae1428495d3e9c0 P a5a680e8e5814008a3c7825cb0fcd6f3 reported cstate change: term changed from 1 to 2, leader changed from 1841d8982af944049236dc38085e6251 (127.7.3.66) to a5a680e8e5814008a3c7825cb0fcd6f3 (127.7.3.67). New cstate: current_term: 2 leader_uuid: "a5a680e8e5814008a3c7825cb0fcd6f3" committed_config { opid_index: 4 OBSOLETE_local: false peers { permanent_uuid: "1841d8982af944049236dc38085e6251" member_type: VOTER last_known_addr { host: "127.7.3.66" port: 45075 } health_report { overall_health: UNKNOWN } } peers { permanent_uuid: "a5a680e8e5814008a3c7825cb0fcd6f3" member_type: VOTER last_known_addr { host: "127.7.3.67" port: 44665 } health_report { overall_health: HEALTHY } } peers { permanent_uuid: "94d271e8ee684d3e90ec6a0de6f30536" member_type: VOTER last_known_addr { host: "127.7.3.68" port: 42357 } attrs { promote: false } health_report { overall_health: UNKNOWN } } }
I20260630 12:26:33.880235 10225 raft_consensus.cc:1275] T 6c2396ed77ee4b4b92d3e58d1f98a9bc P 1841d8982af944049236dc38085e6251 [term 2 FOLLOWER]: Refusing update from remote peer a5a680e8e5814008a3c7825cb0fcd6f3: Log matching property violated. Preceding OpId in replica: term: 1 index: 1. Preceding OpId from leader: term: 2 index: 2. (index mismatch)
I20260630 12:26:33.881700 10676 consensus_queue.cc:1048] T 6c2396ed77ee4b4b92d3e58d1f98a9bc P a5a680e8e5814008a3c7825cb0fcd6f3 [LEADER]: Connected to new peer: Peer: permanent_uuid: "1841d8982af944049236dc38085e6251" member_type: VOTER last_known_addr { host: "127.7.3.66" port: 45075 }, Status: LMP_MISMATCH, Last received: 0.0, Next index: 2, Last known committed idx: 1, Time since last communication: 0.000s
I20260630 12:26:33.907069 10452 raft_consensus.cc:1275] T 6c2396ed77ee4b4b92d3e58d1f98a9bc P 94d271e8ee684d3e90ec6a0de6f30536 [term 2 FOLLOWER]: Refusing update from remote peer a5a680e8e5814008a3c7825cb0fcd6f3: Log matching property violated. Preceding OpId in replica: term: 1 index: 1. Preceding OpId from leader: term: 2 index: 2. (index mismatch)
I20260630 12:26:33.912014 10677 consensus_queue.cc:1048] T 6c2396ed77ee4b4b92d3e58d1f98a9bc P a5a680e8e5814008a3c7825cb0fcd6f3 [LEADER]: Connected to new peer: Peer: permanent_uuid: "94d271e8ee684d3e90ec6a0de6f30536" member_type: VOTER last_known_addr { host: "127.7.3.68" port: 42357 }, Status: LMP_MISMATCH, Last received: 0.0, Next index: 2, Last known committed idx: 1, Time since last communication: 0.000s
I20260630 12:26:33.933988 10225 raft_consensus.cc:1240] T 0a58da8155a643cc851fe014fe43aa1e P 1841d8982af944049236dc38085e6251 [term 3 LEADER]: Rejecting Update request from peer a5a680e8e5814008a3c7825cb0fcd6f3 for earlier term 2. Current term is 3. Ops: []
I20260630 12:26:33.935719 10677 consensus_queue.cc:1059] T 0a58da8155a643cc851fe014fe43aa1e P a5a680e8e5814008a3c7825cb0fcd6f3 [LEADER]: Peer responded invalid term: Peer: permanent_uuid: "1841d8982af944049236dc38085e6251" member_type: VOTER last_known_addr { host: "127.7.3.66" port: 45075 }, Status: INVALID_TERM, Last received: 0.0, Next index: 2, Last known committed idx: 1, Time since last communication: 0.000s
I20260630 12:26:33.936420 10677 consensus_queue.cc:1243] T 0a58da8155a643cc851fe014fe43aa1e P a5a680e8e5814008a3c7825cb0fcd6f3 [LEADER]: Peer 1841d8982af944049236dc38085e6251 log is divergent from this leader: its last log entry 3.2 is not in this leader's log and it has not received anything from this leader yet. Falling back to committed index 1
I20260630 12:26:33.936914 10677 raft_consensus.cc:3055] T 0a58da8155a643cc851fe014fe43aa1e P a5a680e8e5814008a3c7825cb0fcd6f3 [term 2 LEADER]: Stepping down as leader of term 2
I20260630 12:26:33.937220 10677 raft_consensus.cc:740] T 0a58da8155a643cc851fe014fe43aa1e P a5a680e8e5814008a3c7825cb0fcd6f3 [term 2 LEADER]: Becoming Follower/Learner. State: Replica: a5a680e8e5814008a3c7825cb0fcd6f3, State: Running, Role: LEADER
I20260630 12:26:33.938014 10677 consensus_queue.cc:260] T 0a58da8155a643cc851fe014fe43aa1e P a5a680e8e5814008a3c7825cb0fcd6f3 [NON_LEADER]: Queue going to NON_LEADER mode. State: All replicated index: 0, Majority replicated index: 1, Committed index: 1, Last appended: 2.2, Last appended by leader: 2, Current term: 2, Majority size: -1, State: 0, Mode: NON_LEADER, active raft config: opid_index: -1 OBSOLETE_local: false peers { permanent_uuid: "1841d8982af944049236dc38085e6251" member_type: VOTER last_known_addr { host: "127.7.3.66" port: 45075 } } peers { permanent_uuid: "6bc0957362e845f5ae3e38e4988b3fd0" member_type: VOTER last_known_addr { host: "127.7.3.65" port: 35339 } } peers { permanent_uuid: "a5a680e8e5814008a3c7825cb0fcd6f3" member_type: VOTER last_known_addr { host: "127.7.3.67" port: 44665 } }
I20260630 12:26:33.939206 10677 raft_consensus.cc:3060] T 0a58da8155a643cc851fe014fe43aa1e P a5a680e8e5814008a3c7825cb0fcd6f3 [term 2 FOLLOWER]: Advancing to term 3
I20260630 12:26:33.986460 10225 raft_consensus.cc:1275] T 96b86ce887844cc88652cd7b7a91af3a P 1841d8982af944049236dc38085e6251 [term 3 FOLLOWER]: Refusing update from remote peer a5a680e8e5814008a3c7825cb0fcd6f3: Log matching property violated. Preceding OpId in replica: term: 1 index: 2. Preceding OpId from leader: term: 3 index: 3. (index mismatch)
I20260630 12:26:33.987809 10677 consensus_queue.cc:1048] T 96b86ce887844cc88652cd7b7a91af3a P a5a680e8e5814008a3c7825cb0fcd6f3 [LEADER]: Connected to new peer: Peer: permanent_uuid: "1841d8982af944049236dc38085e6251" member_type: VOTER last_known_addr { host: "127.7.3.66" port: 45075 }, Status: LMP_MISMATCH, Last received: 0.0, Next index: 3, Last known committed idx: 2, Time since last communication: 0.000s
I20260630 12:26:34.002153 10452 raft_consensus.cc:3060] T 96b86ce887844cc88652cd7b7a91af3a P 94d271e8ee684d3e90ec6a0de6f30536 [term 1 LEARNER]: Advancing to term 3
I20260630 12:26:34.005993 10149 raft_consensus.cc:1275] T 96b86ce887844cc88652cd7b7a91af3a P 6bc0957362e845f5ae3e38e4988b3fd0 [term 3 FOLLOWER]: Refusing update from remote peer a5a680e8e5814008a3c7825cb0fcd6f3: Log matching property violated. Preceding OpId in replica: term: 1 index: 2. Preceding OpId from leader: term: 3 index: 3. (index mismatch)
I20260630 12:26:34.008189 10683 consensus_queue.cc:1048] T 96b86ce887844cc88652cd7b7a91af3a P a5a680e8e5814008a3c7825cb0fcd6f3 [LEADER]: Connected to new peer: Peer: permanent_uuid: "6bc0957362e845f5ae3e38e4988b3fd0" member_type: VOTER last_known_addr { host: "127.7.3.65" port: 35339 } attrs { replace: true }, Status: LMP_MISMATCH, Last received: 0.0, Next index: 3, Last known committed idx: 2, Time since last communication: 0.001s
I20260630 12:26:34.024590 10452 raft_consensus.cc:1275] T 96b86ce887844cc88652cd7b7a91af3a P 94d271e8ee684d3e90ec6a0de6f30536 [term 3 LEARNER]: Refusing update from remote peer a5a680e8e5814008a3c7825cb0fcd6f3: Log matching property violated. Preceding OpId in replica: term: 1 index: 2. Preceding OpId from leader: term: 3 index: 3. (index mismatch)
I20260630 12:26:34.026973 10676 consensus_queue.cc:1048] T 96b86ce887844cc88652cd7b7a91af3a P a5a680e8e5814008a3c7825cb0fcd6f3 [LEADER]: Connected to new peer: Peer: permanent_uuid: "94d271e8ee684d3e90ec6a0de6f30536" member_type: NON_VOTER last_known_addr { host: "127.7.3.68" port: 42357 } attrs { promote: true }, Status: LMP_MISMATCH, Last received: 0.0, Next index: 3, Last known committed idx: 2, Time since last communication: 0.001s
I20260630 12:26:34.043426 10635 raft_consensus.cc:993] T 2bfb0f39310d428783d59c2f5bfa61cc P 1841d8982af944049236dc38085e6251: : Instructing follower a5a680e8e5814008a3c7825cb0fcd6f3 to start an election
I20260630 12:26:34.043968 10689 raft_consensus.cc:1081] T 2bfb0f39310d428783d59c2f5bfa61cc P 1841d8982af944049236dc38085e6251 [term 2 LEADER]: Signalling peer a5a680e8e5814008a3c7825cb0fcd6f3 to start an election
I20260630 12:26:34.045989 10298 tablet_service.cc:2044] Received Run Leader Election RPC: tablet_id: "2bfb0f39310d428783d59c2f5bfa61cc"
dest_uuid: "a5a680e8e5814008a3c7825cb0fcd6f3"
 from {username='slave'} at 127.0.0.1:46170
I20260630 12:26:34.046593 10298 raft_consensus.cc:493] T 2bfb0f39310d428783d59c2f5bfa61cc P a5a680e8e5814008a3c7825cb0fcd6f3 [term 2 FOLLOWER]: Starting forced leader election (received explicit request)
I20260630 12:26:34.046958 10298 raft_consensus.cc:3060] T 2bfb0f39310d428783d59c2f5bfa61cc P a5a680e8e5814008a3c7825cb0fcd6f3 [term 2 FOLLOWER]: Advancing to term 3
I20260630 12:26:34.050400 10677 raft_consensus.cc:1064] T 96b86ce887844cc88652cd7b7a91af3a P a5a680e8e5814008a3c7825cb0fcd6f3: attempting to promote NON_VOTER 94d271e8ee684d3e90ec6a0de6f30536 to VOTER
I20260630 12:26:34.052771 10677 consensus_queue.cc:237] T 96b86ce887844cc88652cd7b7a91af3a P a5a680e8e5814008a3c7825cb0fcd6f3 [LEADER]: Queue going to LEADER mode. State: All replicated index: 0, Majority replicated index: 3, Committed index: 3, Last appended: 3.3, Last appended by leader: 2, Current term: 3, Majority size: 3, State: 0, Mode: LEADER, active raft config: opid_index: 4 OBSOLETE_local: false peers { permanent_uuid: "6bc0957362e845f5ae3e38e4988b3fd0" member_type: VOTER last_known_addr { host: "127.7.3.65" port: 35339 } attrs { replace: true } } peers { permanent_uuid: "1841d8982af944049236dc38085e6251" member_type: VOTER last_known_addr { host: "127.7.3.66" port: 45075 } } peers { permanent_uuid: "a5a680e8e5814008a3c7825cb0fcd6f3" member_type: VOTER last_known_addr { host: "127.7.3.67" port: 44665 } } peers { permanent_uuid: "94d271e8ee684d3e90ec6a0de6f30536" member_type: VOTER last_known_addr { host: "127.7.3.68" port: 42357 } attrs { promote: false } }
I20260630 12:26:34.055851 10298 raft_consensus.cc:515] T 2bfb0f39310d428783d59c2f5bfa61cc P a5a680e8e5814008a3c7825cb0fcd6f3 [term 3 FOLLOWER]: Starting forced leader election with config: opid_index: -1 OBSOLETE_local: false peers { permanent_uuid: "a5a680e8e5814008a3c7825cb0fcd6f3" member_type: VOTER last_known_addr { host: "127.7.3.67" port: 44665 } } peers { permanent_uuid: "94d271e8ee684d3e90ec6a0de6f30536" member_type: VOTER last_known_addr { host: "127.7.3.68" port: 42357 } } peers { permanent_uuid: "1841d8982af944049236dc38085e6251" member_type: VOTER last_known_addr { host: "127.7.3.66" port: 45075 } }
I20260630 12:26:34.058972 10452 tablet_service.cc:1917] Received RequestConsensusVote() RPC: tablet_id: "2bfb0f39310d428783d59c2f5bfa61cc" candidate_uuid: "a5a680e8e5814008a3c7825cb0fcd6f3" candidate_term: 3 candidate_status { last_received { term: 2 index: 2 } } ignore_live_leader: true dest_uuid: "94d271e8ee684d3e90ec6a0de6f30536"
I20260630 12:26:34.059602 10452 raft_consensus.cc:3060] T 2bfb0f39310d428783d59c2f5bfa61cc P 94d271e8ee684d3e90ec6a0de6f30536 [term 2 FOLLOWER]: Advancing to term 3
I20260630 12:26:34.057967 10298 leader_election.cc:290] T 2bfb0f39310d428783d59c2f5bfa61cc P a5a680e8e5814008a3c7825cb0fcd6f3 [CANDIDATE]: Term 3 election: Requested vote from peers 94d271e8ee684d3e90ec6a0de6f30536 (127.7.3.68:42357), 1841d8982af944049236dc38085e6251 (127.7.3.66:45075)
I20260630 12:26:34.064474 10225 tablet_service.cc:1917] Received RequestConsensusVote() RPC: tablet_id: "2bfb0f39310d428783d59c2f5bfa61cc" candidate_uuid: "a5a680e8e5814008a3c7825cb0fcd6f3" candidate_term: 3 candidate_status { last_received { term: 2 index: 2 } } ignore_live_leader: true dest_uuid: "1841d8982af944049236dc38085e6251"
I20260630 12:26:34.065196 10225 raft_consensus.cc:3055] T 2bfb0f39310d428783d59c2f5bfa61cc P 1841d8982af944049236dc38085e6251 [term 2 LEADER]: Stepping down as leader of term 2
I20260630 12:26:34.065856 10225 raft_consensus.cc:740] T 2bfb0f39310d428783d59c2f5bfa61cc P 1841d8982af944049236dc38085e6251 [term 2 LEADER]: Becoming Follower/Learner. State: Replica: 1841d8982af944049236dc38085e6251, State: Running, Role: LEADER
I20260630 12:26:34.066587 10225 consensus_queue.cc:260] T 2bfb0f39310d428783d59c2f5bfa61cc P 1841d8982af944049236dc38085e6251 [NON_LEADER]: Queue going to NON_LEADER mode. State: All replicated index: 0, Majority replicated index: 2, Committed index: 2, Last appended: 2.2, Last appended by leader: 2, Current term: 2, Majority size: -1, State: 0, Mode: NON_LEADER, active raft config: opid_index: -1 OBSOLETE_local: false peers { permanent_uuid: "a5a680e8e5814008a3c7825cb0fcd6f3" member_type: VOTER last_known_addr { host: "127.7.3.67" port: 44665 } } peers { permanent_uuid: "94d271e8ee684d3e90ec6a0de6f30536" member_type: VOTER last_known_addr { host: "127.7.3.68" port: 42357 } } peers { permanent_uuid: "1841d8982af944049236dc38085e6251" member_type: VOTER last_known_addr { host: "127.7.3.66" port: 45075 } }
I20260630 12:26:34.067632 10225 raft_consensus.cc:3060] T 2bfb0f39310d428783d59c2f5bfa61cc P 1841d8982af944049236dc38085e6251 [term 2 FOLLOWER]: Advancing to term 3
I20260630 12:26:34.074750 10225 raft_consensus.cc:2468] T 2bfb0f39310d428783d59c2f5bfa61cc P 1841d8982af944049236dc38085e6251 [term 3 FOLLOWER]: Leader election vote request: Granting yes vote for candidate a5a680e8e5814008a3c7825cb0fcd6f3 in term 3.
I20260630 12:26:34.077034 10455 raft_consensus.cc:1275] T 96b86ce887844cc88652cd7b7a91af3a P 94d271e8ee684d3e90ec6a0de6f30536 [term 3 LEARNER]: Refusing update from remote peer a5a680e8e5814008a3c7825cb0fcd6f3: Log matching property violated. Preceding OpId in replica: term: 3 index: 3. Preceding OpId from leader: term: 3 index: 4. (index mismatch)
I20260630 12:26:34.078971 10452 raft_consensus.cc:2468] T 2bfb0f39310d428783d59c2f5bfa61cc P 94d271e8ee684d3e90ec6a0de6f30536 [term 3 FOLLOWER]: Leader election vote request: Granting yes vote for candidate a5a680e8e5814008a3c7825cb0fcd6f3 in term 3.
I20260630 12:26:34.079509 10224 raft_consensus.cc:1275] T 96b86ce887844cc88652cd7b7a91af3a P 1841d8982af944049236dc38085e6251 [term 3 FOLLOWER]: Refusing update from remote peer a5a680e8e5814008a3c7825cb0fcd6f3: Log matching property violated. Preceding OpId in replica: term: 3 index: 3. Preceding OpId from leader: term: 3 index: 4. (index mismatch)
I20260630 12:26:34.081061 10676 consensus_queue.cc:1048] T 96b86ce887844cc88652cd7b7a91af3a P a5a680e8e5814008a3c7825cb0fcd6f3 [LEADER]: Connected to new peer: Peer: permanent_uuid: "94d271e8ee684d3e90ec6a0de6f30536" member_type: VOTER last_known_addr { host: "127.7.3.68" port: 42357 } attrs { promote: false }, Status: LMP_MISMATCH, Last received: 0.0, Next index: 4, Last known committed idx: 3, Time since last communication: 0.000s
I20260630 12:26:34.081061 10264 leader_election.cc:304] T 2bfb0f39310d428783d59c2f5bfa61cc P a5a680e8e5814008a3c7825cb0fcd6f3 [CANDIDATE]: Term 3 election: Election decided. Result: candidate won. Election summary: received 2 responses out of 3 voters: 2 yes votes; 0 no votes. yes voters: 94d271e8ee684d3e90ec6a0de6f30536, a5a680e8e5814008a3c7825cb0fcd6f3; no voters: 
I20260630 12:26:34.082208 10683 consensus_queue.cc:1048] T 96b86ce887844cc88652cd7b7a91af3a P a5a680e8e5814008a3c7825cb0fcd6f3 [LEADER]: Connected to new peer: Peer: permanent_uuid: "1841d8982af944049236dc38085e6251" member_type: VOTER last_known_addr { host: "127.7.3.66" port: 45075 }, Status: LMP_MISMATCH, Last received: 0.0, Next index: 4, Last known committed idx: 3, Time since last communication: 0.000s
I20260630 12:26:34.082705 10676 raft_consensus.cc:2804] T 2bfb0f39310d428783d59c2f5bfa61cc P a5a680e8e5814008a3c7825cb0fcd6f3 [term 3 FOLLOWER]: Leader election won for term 3
I20260630 12:26:34.083199 10676 raft_consensus.cc:697] T 2bfb0f39310d428783d59c2f5bfa61cc P a5a680e8e5814008a3c7825cb0fcd6f3 [term 3 LEADER]: Becoming Leader. State: Replica: a5a680e8e5814008a3c7825cb0fcd6f3, State: Running, Role: LEADER
I20260630 12:26:34.083972 10676 consensus_queue.cc:237] T 2bfb0f39310d428783d59c2f5bfa61cc P a5a680e8e5814008a3c7825cb0fcd6f3 [LEADER]: Queue going to LEADER mode. State: All replicated index: 0, Majority replicated index: 2, Committed index: 2, Last appended: 2.2, Last appended by leader: 2, Current term: 3, Majority size: 2, State: 0, Mode: LEADER, active raft config: opid_index: -1 OBSOLETE_local: false peers { permanent_uuid: "a5a680e8e5814008a3c7825cb0fcd6f3" member_type: VOTER last_known_addr { host: "127.7.3.67" port: 44665 } } peers { permanent_uuid: "94d271e8ee684d3e90ec6a0de6f30536" member_type: VOTER last_known_addr { host: "127.7.3.68" port: 42357 } } peers { permanent_uuid: "1841d8982af944049236dc38085e6251" member_type: VOTER last_known_addr { host: "127.7.3.66" port: 45075 } }
I20260630 12:26:34.084375 10146 raft_consensus.cc:1275] T 96b86ce887844cc88652cd7b7a91af3a P 6bc0957362e845f5ae3e38e4988b3fd0 [term 3 FOLLOWER]: Refusing update from remote peer a5a680e8e5814008a3c7825cb0fcd6f3: Log matching property violated. Preceding OpId in replica: term: 3 index: 3. Preceding OpId from leader: term: 3 index: 4. (index mismatch)
I20260630 12:26:34.088490 10677 consensus_queue.cc:1048] T 96b86ce887844cc88652cd7b7a91af3a P a5a680e8e5814008a3c7825cb0fcd6f3 [LEADER]: Connected to new peer: Peer: permanent_uuid: "6bc0957362e845f5ae3e38e4988b3fd0" member_type: VOTER last_known_addr { host: "127.7.3.65" port: 35339 } attrs { replace: true }, Status: LMP_MISMATCH, Last received: 0.0, Next index: 4, Last known committed idx: 3, Time since last communication: 0.000s
I20260630 12:26:34.098804 10676 raft_consensus.cc:2955] T 96b86ce887844cc88652cd7b7a91af3a P a5a680e8e5814008a3c7825cb0fcd6f3 [term 3 LEADER]: Committing config change with OpId 3.4: config changed from index 2 to 4, 94d271e8ee684d3e90ec6a0de6f30536 (127.7.3.68) changed from NON_VOTER to VOTER. New config: { opid_index: 4 OBSOLETE_local: false peers { permanent_uuid: "6bc0957362e845f5ae3e38e4988b3fd0" member_type: VOTER last_known_addr { host: "127.7.3.65" port: 35339 } attrs { replace: true } } peers { permanent_uuid: "1841d8982af944049236dc38085e6251" member_type: VOTER last_known_addr { host: "127.7.3.66" port: 45075 } } peers { permanent_uuid: "a5a680e8e5814008a3c7825cb0fcd6f3" member_type: VOTER last_known_addr { host: "127.7.3.67" port: 44665 } } peers { permanent_uuid: "94d271e8ee684d3e90ec6a0de6f30536" member_type: VOTER last_known_addr { host: "127.7.3.68" port: 42357 } attrs { promote: false } } }
I20260630 12:26:34.103785 10045 catalog_manager.cc:5697] T 2bfb0f39310d428783d59c2f5bfa61cc P a5a680e8e5814008a3c7825cb0fcd6f3 reported cstate change: term changed from 2 to 3, leader changed from 1841d8982af944049236dc38085e6251 (127.7.3.66) to a5a680e8e5814008a3c7825cb0fcd6f3 (127.7.3.67). New cstate: current_term: 3 leader_uuid: "a5a680e8e5814008a3c7825cb0fcd6f3" committed_config { opid_index: -1 OBSOLETE_local: false peers { permanent_uuid: "a5a680e8e5814008a3c7825cb0fcd6f3" member_type: VOTER last_known_addr { host: "127.7.3.67" port: 44665 } health_report { overall_health: HEALTHY } } peers { permanent_uuid: "94d271e8ee684d3e90ec6a0de6f30536" member_type: VOTER last_known_addr { host: "127.7.3.68" port: 42357 } health_report { overall_health: UNKNOWN } } peers { permanent_uuid: "1841d8982af944049236dc38085e6251" member_type: VOTER last_known_addr { host: "127.7.3.66" port: 45075 } health_report { overall_health: UNKNOWN } } }
I20260630 12:26:34.110955 10455 raft_consensus.cc:2955] T 96b86ce887844cc88652cd7b7a91af3a P 94d271e8ee684d3e90ec6a0de6f30536 [term 3 FOLLOWER]: Committing config change with OpId 3.4: config changed from index 2 to 4, 94d271e8ee684d3e90ec6a0de6f30536 (127.7.3.68) changed from NON_VOTER to VOTER. New config: { opid_index: 4 OBSOLETE_local: false peers { permanent_uuid: "6bc0957362e845f5ae3e38e4988b3fd0" member_type: VOTER last_known_addr { host: "127.7.3.65" port: 35339 } attrs { replace: true } } peers { permanent_uuid: "1841d8982af944049236dc38085e6251" member_type: VOTER last_known_addr { host: "127.7.3.66" port: 45075 } } peers { permanent_uuid: "a5a680e8e5814008a3c7825cb0fcd6f3" member_type: VOTER last_known_addr { host: "127.7.3.67" port: 44665 } } peers { permanent_uuid: "94d271e8ee684d3e90ec6a0de6f30536" member_type: VOTER last_known_addr { host: "127.7.3.68" port: 42357 } attrs { promote: false } } }
I20260630 12:26:34.129907 10225 raft_consensus.cc:2955] T 96b86ce887844cc88652cd7b7a91af3a P 1841d8982af944049236dc38085e6251 [term 3 FOLLOWER]: Committing config change with OpId 3.4: config changed from index 2 to 4, 94d271e8ee684d3e90ec6a0de6f30536 (127.7.3.68) changed from NON_VOTER to VOTER. New config: { opid_index: 4 OBSOLETE_local: false peers { permanent_uuid: "6bc0957362e845f5ae3e38e4988b3fd0" member_type: VOTER last_known_addr { host: "127.7.3.65" port: 35339 } attrs { replace: true } } peers { permanent_uuid: "1841d8982af944049236dc38085e6251" member_type: VOTER last_known_addr { host: "127.7.3.66" port: 45075 } } peers { permanent_uuid: "a5a680e8e5814008a3c7825cb0fcd6f3" member_type: VOTER last_known_addr { host: "127.7.3.67" port: 44665 } } peers { permanent_uuid: "94d271e8ee684d3e90ec6a0de6f30536" member_type: VOTER last_known_addr { host: "127.7.3.68" port: 42357 } attrs { promote: false } } }
I20260630 12:26:34.140141 10045 catalog_manager.cc:5697] T 96b86ce887844cc88652cd7b7a91af3a P a5a680e8e5814008a3c7825cb0fcd6f3 reported cstate change: config changed from index 2 to 4, 94d271e8ee684d3e90ec6a0de6f30536 (127.7.3.68) changed from NON_VOTER to VOTER. New cstate: current_term: 3 leader_uuid: "a5a680e8e5814008a3c7825cb0fcd6f3" committed_config { opid_index: 4 OBSOLETE_local: false peers { permanent_uuid: "6bc0957362e845f5ae3e38e4988b3fd0" member_type: VOTER last_known_addr { host: "127.7.3.65" port: 35339 } attrs { replace: true } health_report { overall_health: UNKNOWN } } peers { permanent_uuid: "1841d8982af944049236dc38085e6251" member_type: VOTER last_known_addr { host: "127.7.3.66" port: 45075 } health_report { overall_health: HEALTHY } } peers { permanent_uuid: "a5a680e8e5814008a3c7825cb0fcd6f3" member_type: VOTER last_known_addr { host: "127.7.3.67" port: 44665 } health_report { overall_health: HEALTHY } } peers { permanent_uuid: "94d271e8ee684d3e90ec6a0de6f30536" member_type: VOTER last_known_addr { host: "127.7.3.68" port: 42357 } attrs { promote: false } health_report { overall_health: HEALTHY } } }
I20260630 12:26:34.141295 10146 raft_consensus.cc:1275] T cec17468482b436c96ffe1c6bd01bf21 P 6bc0957362e845f5ae3e38e4988b3fd0 [term 3 FOLLOWER]: Refusing update from remote peer a5a680e8e5814008a3c7825cb0fcd6f3: Log matching property violated. Preceding OpId in replica: term: 2 index: 2. Preceding OpId from leader: term: 3 index: 3. (index mismatch)
I20260630 12:26:34.142078 10224 raft_consensus.cc:1275] T cec17468482b436c96ffe1c6bd01bf21 P 1841d8982af944049236dc38085e6251 [term 3 FOLLOWER]: Refusing update from remote peer a5a680e8e5814008a3c7825cb0fcd6f3: Log matching property violated. Preceding OpId in replica: term: 2 index: 2. Preceding OpId from leader: term: 3 index: 3. (index mismatch)
