[==========] Running 26 tests from 2 test suites.
[----------] Global test environment set-up.
[----------] 24 tests from AutoRebalancerTest
[ RUN      ] AutoRebalancerTest.OnlyLeaderDoesAutoRebalancing
WARNING: Logging before InitGoogleLogging() is written to STDERR
I20260630 12:25:04.322837  7181 internal_mini_cluster.cc:156] Creating distributed mini masters. Addrs: 127.7.3.126:39343,127.7.3.125:33627,127.7.3.124:37627
I20260630 12:25:04.324573  7181 env_posix.cc:2267] Not raising this process' open files per process limit of 1048576; it is already as high as it can go
I20260630 12:25:04.325551  7181 file_cache.cc:492] Constructed file cache file cache with capacity 419430
W20260630 12:25:04.342075  7187 instance_detector.cc:116] could not retrieve AWS instance metadata: Network error: curl error: HTTP response code said error: The requested URL returned error: 404
W20260630 12:25:04.342152  7188 instance_detector.cc:116] could not retrieve Azure instance metadata: Network error: curl error: HTTP response code said error: The requested URL returned error: 404
W20260630 12:25:04.342295  7190 instance_detector.cc:116] could not retrieve OpenStack instance metadata: Network error: curl error: HTTP response code said error: The requested URL returned error: 404
I20260630 12:25:04.343561  7181 server_base.cc:1061] running on GCE node
I20260630 12:25:05.541044  7181 hybrid_clock.cc:584] initializing the hybrid clock with 'system_unsync' time source
W20260630 12:25:05.541272  7181 system_unsync_time.cc:38] NTP support is disabled. Clock error bounds will not be accurate. This configuration is not suitable for distributed clusters.
I20260630 12:25:05.541425  7181 hybrid_clock.cc:648] HybridClock initialized: now 1782822305541410 us; error 0 us; skew 500 ppm
I20260630 12:25:05.542167  7181 server_base.cc:861] Flag tcmalloc_max_total_thread_cache_bytes is not working since tcmalloc is not enabled.
I20260630 12:25:05.547289  7181 webserver.cc:533] Webserver started at http://127.7.3.126:33109/ using document root <none> and password file <none>
I20260630 12:25:05.548012  7181 fs_manager.cc:362] Metadata directory not provided
I20260630 12:25:05.548208  7181 fs_manager.cc:368] Using write-ahead log directory (fs_wal_dir) as metadata directory
I20260630 12:25:05.548645  7181 server_base.cc:909] This appears to be a new deployment of Kudu; creating new FS layout
I20260630 12:25:05.554239  7181 fs_manager.cc:1068] Generated new instance metadata in path /tmp/dist-test-taskeaioJX/test-tmp/auto_rebalancer-test.0.AutoRebalancerTest.OnlyLeaderDoesAutoRebalancing.1782822304158250-7181-0/minicluster-data/master-0-root/instance:
uuid: "aa1561f8d31640f7bd00bd5b10fe94d7"
format_stamp: "Formatted at 2026-06-30 12:25:05 on dist-test-slave-twh8"
I20260630 12:25:05.561628  7181 fs_manager.cc:696] Time spent creating directory manager: real 0.007s	user 0.008s	sys 0.002s
I20260630 12:25:05.566531  7196 log_block_manager.cc:4031] Time spent loading block containers with low live blocks: real 0.000s	user 0.000s	sys 0.000s
I20260630 12:25:05.567746  7181 fs_manager.cc:730] Time spent opening block manager: real 0.004s	user 0.003s	sys 0.000s
I20260630 12:25:05.568090  7181 fs_manager.cc:647] Opened local filesystem: /tmp/dist-test-taskeaioJX/test-tmp/auto_rebalancer-test.0.AutoRebalancerTest.OnlyLeaderDoesAutoRebalancing.1782822304158250-7181-0/minicluster-data/master-0-root
uuid: "aa1561f8d31640f7bd00bd5b10fe94d7"
format_stamp: "Formatted at 2026-06-30 12:25:05 on dist-test-slave-twh8"
I20260630 12:25:05.568416  7181 fs_report.cc:389] FS layout report
--------------------
wal directory: /tmp/dist-test-taskeaioJX/test-tmp/auto_rebalancer-test.0.AutoRebalancerTest.OnlyLeaderDoesAutoRebalancing.1782822304158250-7181-0/minicluster-data/master-0-root
metadata directory: /tmp/dist-test-taskeaioJX/test-tmp/auto_rebalancer-test.0.AutoRebalancerTest.OnlyLeaderDoesAutoRebalancing.1782822304158250-7181-0/minicluster-data/master-0-root
1 data directories: /tmp/dist-test-taskeaioJX/test-tmp/auto_rebalancer-test.0.AutoRebalancerTest.OnlyLeaderDoesAutoRebalancing.1782822304158250-7181-0/minicluster-data/master-0-root/data
Total live blocks: 0
Total live bytes: 0
Total live bytes (after alignment): 0
Total number of LBM containers: 0 (0 full)
Did not check for missing blocks
Did not check for orphaned blocks
Total full LBM containers with extra space: 0 (0 repaired)
Total full LBM container extra space in bytes: 0 (0 repaired)
Total incomplete LBM containers: 0 (0 repaired)
Total LBM partial records: 0 (0 repaired)
Total corrupted LBM metadata records in RocksDB: 0 (0 repaired)
I20260630 12:25:05.666671  7181 rpc_server.cc:225] running with OpenSSL 1.1.1  11 Sep 2018
I20260630 12:25:05.668263  7181 env_posix.cc:2267] Not raising this process' running threads per effective uid limit of 18446744073709551615; it is already as high as it can go
I20260630 12:25:05.668737  7181 kserver.cc:163] Server-wide thread pool size limit: 3276
I20260630 12:25:05.737124  7181 rpc_server.cc:307] RPC server started. Bound to: 127.7.3.126:39343
I20260630 12:25:05.737206  7247 acceptor_pool.cc:272] collecting diagnostics on the listening RPC socket 127.7.3.126:39343 every 8 connection(s)
I20260630 12:25:05.743193  7181 file_cache.cc:492] Constructed file cache file cache with capacity 419430
I20260630 12:25:05.744758  7248 data_dirs.cc:400] Could only allocate 1 dirs of requested 3 for tablet 00000000000000000000000000000000. 1 dirs total, 0 dirs full, 0 dirs failed
W20260630 12:25:05.749507  7250 instance_detector.cc:116] could not retrieve AWS instance metadata: Network error: curl error: HTTP response code said error: The requested URL returned error: 404
W20260630 12:25:05.751554  7251 instance_detector.cc:116] could not retrieve Azure instance metadata: Network error: curl error: HTTP response code said error: The requested URL returned error: 404
W20260630 12:25:05.754171  7253 instance_detector.cc:116] could not retrieve OpenStack instance metadata: Network error: curl error: HTTP response code said error: The requested URL returned error: 404
I20260630 12:25:05.754161  7181 server_base.cc:1061] running on GCE node
I20260630 12:25:05.755231  7181 hybrid_clock.cc:584] initializing the hybrid clock with 'system_unsync' time source
W20260630 12:25:05.755497  7181 system_unsync_time.cc:38] NTP support is disabled. Clock error bounds will not be accurate. This configuration is not suitable for distributed clusters.
I20260630 12:25:05.755704  7181 hybrid_clock.cc:648] HybridClock initialized: now 1782822305755685 us; error 0 us; skew 500 ppm
I20260630 12:25:05.756439  7181 server_base.cc:861] Flag tcmalloc_max_total_thread_cache_bytes is not working since tcmalloc is not enabled.
I20260630 12:25:05.760444  7181 webserver.cc:533] Webserver started at http://127.7.3.125:39509/ using document root <none> and password file <none>
I20260630 12:25:05.761129  7181 fs_manager.cc:362] Metadata directory not provided
I20260630 12:25:05.761405  7181 fs_manager.cc:368] Using write-ahead log directory (fs_wal_dir) as metadata directory
I20260630 12:25:05.761749  7181 server_base.cc:909] This appears to be a new deployment of Kudu; creating new FS layout
I20260630 12:25:05.763190  7181 fs_manager.cc:1068] Generated new instance metadata in path /tmp/dist-test-taskeaioJX/test-tmp/auto_rebalancer-test.0.AutoRebalancerTest.OnlyLeaderDoesAutoRebalancing.1782822304158250-7181-0/minicluster-data/master-1-root/instance:
uuid: "b1511a3e7ee64a2bb712f5a4e6dbf694"
format_stamp: "Formatted at 2026-06-30 12:25:05 on dist-test-slave-twh8"
I20260630 12:25:05.769649  7181 fs_manager.cc:696] Time spent creating directory manager: real 0.006s	user 0.005s	sys 0.001s
I20260630 12:25:05.769641  7248 sys_catalog.cc:422] member_type: VOTER last_known_addr { host: "127.7.3.126" port: 39343 } has no permanent_uuid. Determining permanent_uuid...
I20260630 12:25:05.774683  7258 log_block_manager.cc:4031] Time spent loading block containers with low live blocks: real 0.000s	user 0.000s	sys 0.000s
I20260630 12:25:05.775548  7181 fs_manager.cc:730] Time spent opening block manager: real 0.003s	user 0.003s	sys 0.000s
I20260630 12:25:05.775846  7181 fs_manager.cc:647] Opened local filesystem: /tmp/dist-test-taskeaioJX/test-tmp/auto_rebalancer-test.0.AutoRebalancerTest.OnlyLeaderDoesAutoRebalancing.1782822304158250-7181-0/minicluster-data/master-1-root
uuid: "b1511a3e7ee64a2bb712f5a4e6dbf694"
format_stamp: "Formatted at 2026-06-30 12:25:05 on dist-test-slave-twh8"
I20260630 12:25:05.776096  7181 fs_report.cc:389] FS layout report
--------------------
wal directory: /tmp/dist-test-taskeaioJX/test-tmp/auto_rebalancer-test.0.AutoRebalancerTest.OnlyLeaderDoesAutoRebalancing.1782822304158250-7181-0/minicluster-data/master-1-root
metadata directory: /tmp/dist-test-taskeaioJX/test-tmp/auto_rebalancer-test.0.AutoRebalancerTest.OnlyLeaderDoesAutoRebalancing.1782822304158250-7181-0/minicluster-data/master-1-root
1 data directories: /tmp/dist-test-taskeaioJX/test-tmp/auto_rebalancer-test.0.AutoRebalancerTest.OnlyLeaderDoesAutoRebalancing.1782822304158250-7181-0/minicluster-data/master-1-root/data
Total live blocks: 0
Total live bytes: 0
Total live bytes (after alignment): 0
Total number of LBM containers: 0 (0 full)
Did not check for missing blocks
Did not check for orphaned blocks
Total full LBM containers with extra space: 0 (0 repaired)
Total full LBM container extra space in bytes: 0 (0 repaired)
Total incomplete LBM containers: 0 (0 repaired)
Total LBM partial records: 0 (0 repaired)
Total corrupted LBM metadata records in RocksDB: 0 (0 repaired)
I20260630 12:25:05.789875  7181 rpc_server.cc:225] running with OpenSSL 1.1.1  11 Sep 2018
I20260630 12:25:05.791185  7181 kserver.cc:163] Server-wide thread pool size limit: 3276
I20260630 12:25:05.801270  7248 sys_catalog.cc:422] member_type: VOTER last_known_addr { host: "127.7.3.125" port: 33627 } has no permanent_uuid. Determining permanent_uuid...
W20260630 12:25:05.804090  7200 proxy.cc:239] Call had error, refreshing address and retrying: Network error: Client connection negotiation failed: client connection to 127.7.3.125:33627: connect: Connection refused (error 111)
W20260630 12:25:05.810221  7248 consensus_peers.cc:760] Error getting permanent uuid from config peer 127.7.3.125:33627: Network error: Client connection negotiation failed: client connection to 127.7.3.125:33627: connect: Connection refused (error 111)
I20260630 12:25:05.858793  7181 rpc_server.cc:307] RPC server started. Bound to: 127.7.3.125:33627
I20260630 12:25:05.858971  7312 acceptor_pool.cc:272] collecting diagnostics on the listening RPC socket 127.7.3.125:33627 every 8 connection(s)
I20260630 12:25:05.859871  7248 consensus_peers.cc:770] Retrying to get permanent uuid for remote peer: member_type: VOTER last_known_addr { host: "127.7.3.125" port: 33627 } attempt: 1
I20260630 12:25:05.865818  7313 data_dirs.cc:400] Could only allocate 1 dirs of requested 3 for tablet 00000000000000000000000000000000. 1 dirs total, 0 dirs full, 0 dirs failed
I20260630 12:25:05.865947  7181 file_cache.cc:492] Constructed file cache file cache with capacity 419430
W20260630 12:25:05.872929  7316 instance_detector.cc:116] could not retrieve AWS instance metadata: Network error: curl error: HTTP response code said error: The requested URL returned error: 404
I20260630 12:25:05.874843  7248 sys_catalog.cc:422] member_type: VOTER last_known_addr { host: "127.7.3.124" port: 37627 } has no permanent_uuid. Determining permanent_uuid...
I20260630 12:25:05.875617  7313 sys_catalog.cc:422] member_type: VOTER last_known_addr { host: "127.7.3.126" port: 39343 } has no permanent_uuid. Determining permanent_uuid...
W20260630 12:25:05.877221  7317 instance_detector.cc:116] could not retrieve Azure instance metadata: Network error: curl error: HTTP response code said error: The requested URL returned error: 404
W20260630 12:25:05.884147  7248 consensus_peers.cc:760] Error getting permanent uuid from config peer 127.7.3.124:37627: Network error: Client connection negotiation failed: client connection to 127.7.3.124:37627: connect: Connection refused (error 111)
W20260630 12:25:05.885066  7319 instance_detector.cc:116] could not retrieve OpenStack instance metadata: Network error: curl error: HTTP response code said error: The requested URL returned error: 404
I20260630 12:25:05.885200  7181 server_base.cc:1061] running on GCE node
I20260630 12:25:05.886059  7181 hybrid_clock.cc:584] initializing the hybrid clock with 'system_unsync' time source
W20260630 12:25:05.886245  7181 system_unsync_time.cc:38] NTP support is disabled. Clock error bounds will not be accurate. This configuration is not suitable for distributed clusters.
I20260630 12:25:05.886451  7181 hybrid_clock.cc:648] HybridClock initialized: now 1782822305886415 us; error 0 us; skew 500 ppm
I20260630 12:25:05.887112  7181 server_base.cc:861] Flag tcmalloc_max_total_thread_cache_bytes is not working since tcmalloc is not enabled.
I20260630 12:25:05.890196  7181 webserver.cc:533] Webserver started at http://127.7.3.124:36439/ using document root <none> and password file <none>
I20260630 12:25:05.890805  7181 fs_manager.cc:362] Metadata directory not provided
I20260630 12:25:05.891088  7181 fs_manager.cc:368] Using write-ahead log directory (fs_wal_dir) as metadata directory
I20260630 12:25:05.891426  7181 server_base.cc:909] This appears to be a new deployment of Kudu; creating new FS layout
I20260630 12:25:05.892905  7181 fs_manager.cc:1068] Generated new instance metadata in path /tmp/dist-test-taskeaioJX/test-tmp/auto_rebalancer-test.0.AutoRebalancerTest.OnlyLeaderDoesAutoRebalancing.1782822304158250-7181-0/minicluster-data/master-2-root/instance:
uuid: "ae15685217144d49bc73038b798d6b01"
format_stamp: "Formatted at 2026-06-30 12:25:05 on dist-test-slave-twh8"
I20260630 12:25:05.894198  7313 sys_catalog.cc:422] member_type: VOTER last_known_addr { host: "127.7.3.125" port: 33627 } has no permanent_uuid. Determining permanent_uuid...
I20260630 12:25:05.899152  7181 fs_manager.cc:696] Time spent creating directory manager: real 0.006s	user 0.003s	sys 0.004s
I20260630 12:25:05.903962  7325 log_block_manager.cc:4031] Time spent loading block containers with low live blocks: real 0.000s	user 0.000s	sys 0.000s
I20260630 12:25:05.904166  7313 sys_catalog.cc:422] member_type: VOTER last_known_addr { host: "127.7.3.124" port: 37627 } has no permanent_uuid. Determining permanent_uuid...
I20260630 12:25:05.904866  7181 fs_manager.cc:730] Time spent opening block manager: real 0.003s	user 0.003s	sys 0.002s
I20260630 12:25:05.905175  7181 fs_manager.cc:647] Opened local filesystem: /tmp/dist-test-taskeaioJX/test-tmp/auto_rebalancer-test.0.AutoRebalancerTest.OnlyLeaderDoesAutoRebalancing.1782822304158250-7181-0/minicluster-data/master-2-root
uuid: "ae15685217144d49bc73038b798d6b01"
format_stamp: "Formatted at 2026-06-30 12:25:05 on dist-test-slave-twh8"
I20260630 12:25:05.905416  7181 fs_report.cc:389] FS layout report
--------------------
wal directory: /tmp/dist-test-taskeaioJX/test-tmp/auto_rebalancer-test.0.AutoRebalancerTest.OnlyLeaderDoesAutoRebalancing.1782822304158250-7181-0/minicluster-data/master-2-root
metadata directory: /tmp/dist-test-taskeaioJX/test-tmp/auto_rebalancer-test.0.AutoRebalancerTest.OnlyLeaderDoesAutoRebalancing.1782822304158250-7181-0/minicluster-data/master-2-root
1 data directories: /tmp/dist-test-taskeaioJX/test-tmp/auto_rebalancer-test.0.AutoRebalancerTest.OnlyLeaderDoesAutoRebalancing.1782822304158250-7181-0/minicluster-data/master-2-root/data
Total live blocks: 0
Total live bytes: 0
Total live bytes (after alignment): 0
Total number of LBM containers: 0 (0 full)
Did not check for missing blocks
Did not check for orphaned blocks
Total full LBM containers with extra space: 0 (0 repaired)
Total full LBM container extra space in bytes: 0 (0 repaired)
Total incomplete LBM containers: 0 (0 repaired)
Total LBM partial records: 0 (0 repaired)
Total corrupted LBM metadata records in RocksDB: 0 (0 repaired)
W20260630 12:25:05.909934  7313 consensus_peers.cc:760] Error getting permanent uuid from config peer 127.7.3.124:37627: Network error: Client connection negotiation failed: client connection to 127.7.3.124:37627: connect: Connection refused (error 111)
I20260630 12:25:05.930313  7181 rpc_server.cc:225] running with OpenSSL 1.1.1  11 Sep 2018
I20260630 12:25:05.931591  7181 kserver.cc:163] Server-wide thread pool size limit: 3276
I20260630 12:25:05.936605  7248 consensus_peers.cc:770] Retrying to get permanent uuid for remote peer: member_type: VOTER last_known_addr { host: "127.7.3.124" port: 37627 } attempt: 1
W20260630 12:25:05.940990  7248 consensus_peers.cc:760] Error getting permanent uuid from config peer 127.7.3.124:37627: Network error: Client connection negotiation failed: client connection to 127.7.3.124:37627: connect: Connection refused (error 111)
I20260630 12:25:05.953474  7313 consensus_peers.cc:770] Retrying to get permanent uuid for remote peer: member_type: VOTER last_known_addr { host: "127.7.3.124" port: 37627 } attempt: 1
W20260630 12:25:05.959702  7313 consensus_peers.cc:760] Error getting permanent uuid from config peer 127.7.3.124:37627: Network error: Client connection negotiation failed: client connection to 127.7.3.124:37627: connect: Connection refused (error 111)
I20260630 12:25:05.988514  7248 consensus_peers.cc:770] Retrying to get permanent uuid for remote peer: member_type: VOTER last_known_addr { host: "127.7.3.124" port: 37627 } attempt: 2
W20260630 12:25:05.993650  7248 consensus_peers.cc:760] Error getting permanent uuid from config peer 127.7.3.124:37627: Network error: Client connection negotiation failed: client connection to 127.7.3.124:37627: connect: Connection refused (error 111)
I20260630 12:25:05.999913  7181 rpc_server.cc:307] RPC server started. Bound to: 127.7.3.124:37627
I20260630 12:25:06.000027  7377 acceptor_pool.cc:272] collecting diagnostics on the listening RPC socket 127.7.3.124:37627 every 8 connection(s)
I20260630 12:25:06.003873  7181 internal_mini_cluster.cc:184] Waiting to initialize catalog manager on master 0
I20260630 12:25:06.004613  7378 data_dirs.cc:400] Could only allocate 1 dirs of requested 3 for tablet 00000000000000000000000000000000. 1 dirs total, 0 dirs full, 0 dirs failed
I20260630 12:25:06.009761  7378 sys_catalog.cc:422] member_type: VOTER last_known_addr { host: "127.7.3.126" port: 39343 } has no permanent_uuid. Determining permanent_uuid...
I20260630 12:25:06.021363  7378 sys_catalog.cc:422] member_type: VOTER last_known_addr { host: "127.7.3.125" port: 33627 } has no permanent_uuid. Determining permanent_uuid...
I20260630 12:25:06.030332  7378 sys_catalog.cc:422] member_type: VOTER last_known_addr { host: "127.7.3.124" port: 37627 } has no permanent_uuid. Determining permanent_uuid...
I20260630 12:25:06.035192  7313 consensus_peers.cc:770] Retrying to get permanent uuid for remote peer: member_type: VOTER last_known_addr { host: "127.7.3.124" port: 37627 } attempt: 2
I20260630 12:25:06.049593  7378 tablet_bootstrap.cc:492] T 00000000000000000000000000000000 P ae15685217144d49bc73038b798d6b01: Bootstrap starting.
I20260630 12:25:06.051676  7313 tablet_bootstrap.cc:492] T 00000000000000000000000000000000 P b1511a3e7ee64a2bb712f5a4e6dbf694: Bootstrap starting.
I20260630 12:25:06.055888  7378 tablet_bootstrap.cc:654] T 00000000000000000000000000000000 P ae15685217144d49bc73038b798d6b01: Neither blocks nor log segments found. Creating new log.
I20260630 12:25:06.056532  7313 tablet_bootstrap.cc:654] T 00000000000000000000000000000000 P b1511a3e7ee64a2bb712f5a4e6dbf694: Neither blocks nor log segments found. Creating new log.
I20260630 12:25:06.057771  7378 log.cc:826] T 00000000000000000000000000000000 P ae15685217144d49bc73038b798d6b01: Log is configured to *not* fsync() on all Append() calls
I20260630 12:25:06.063980  7378 tablet_bootstrap.cc:492] T 00000000000000000000000000000000 P ae15685217144d49bc73038b798d6b01: No bootstrap required, opened a new log
I20260630 12:25:06.064013  7313 tablet_bootstrap.cc:492] T 00000000000000000000000000000000 P b1511a3e7ee64a2bb712f5a4e6dbf694: No bootstrap required, opened a new log
I20260630 12:25:06.081561  7313 raft_consensus.cc:359] T 00000000000000000000000000000000 P b1511a3e7ee64a2bb712f5a4e6dbf694 [term 0 FOLLOWER]: Replica starting. Triggering 0 pending ops. Active config: opid_index: -1 OBSOLETE_local: false peers { permanent_uuid: "aa1561f8d31640f7bd00bd5b10fe94d7" member_type: VOTER last_known_addr { host: "127.7.3.126" port: 39343 } } peers { permanent_uuid: "b1511a3e7ee64a2bb712f5a4e6dbf694" member_type: VOTER last_known_addr { host: "127.7.3.125" port: 33627 } } peers { permanent_uuid: "ae15685217144d49bc73038b798d6b01" member_type: VOTER last_known_addr { host: "127.7.3.124" port: 37627 } }
I20260630 12:25:06.081561  7378 raft_consensus.cc:359] T 00000000000000000000000000000000 P ae15685217144d49bc73038b798d6b01 [term 0 FOLLOWER]: Replica starting. Triggering 0 pending ops. Active config: opid_index: -1 OBSOLETE_local: false peers { permanent_uuid: "aa1561f8d31640f7bd00bd5b10fe94d7" member_type: VOTER last_known_addr { host: "127.7.3.126" port: 39343 } } peers { permanent_uuid: "b1511a3e7ee64a2bb712f5a4e6dbf694" member_type: VOTER last_known_addr { host: "127.7.3.125" port: 33627 } } peers { permanent_uuid: "ae15685217144d49bc73038b798d6b01" member_type: VOTER last_known_addr { host: "127.7.3.124" port: 37627 } }
I20260630 12:25:06.082326  7313 raft_consensus.cc:385] T 00000000000000000000000000000000 P b1511a3e7ee64a2bb712f5a4e6dbf694 [term 0 FOLLOWER]: Consensus starting up: Expiring failure detector timer to make a prompt election more likely
I20260630 12:25:06.082386  7378 raft_consensus.cc:385] T 00000000000000000000000000000000 P ae15685217144d49bc73038b798d6b01 [term 0 FOLLOWER]: Consensus starting up: Expiring failure detector timer to make a prompt election more likely
I20260630 12:25:06.082614  7313 raft_consensus.cc:740] T 00000000000000000000000000000000 P b1511a3e7ee64a2bb712f5a4e6dbf694 [term 0 FOLLOWER]: Becoming Follower/Learner. State: Replica: b1511a3e7ee64a2bb712f5a4e6dbf694, State: Initialized, Role: FOLLOWER
I20260630 12:25:06.082690  7378 raft_consensus.cc:740] T 00000000000000000000000000000000 P ae15685217144d49bc73038b798d6b01 [term 0 FOLLOWER]: Becoming Follower/Learner. State: Replica: ae15685217144d49bc73038b798d6b01, State: Initialized, Role: FOLLOWER
I20260630 12:25:06.083516  7378 consensus_queue.cc:260] T 00000000000000000000000000000000 P ae15685217144d49bc73038b798d6b01 [NON_LEADER]: Queue going to NON_LEADER mode. State: All replicated index: 0, Majority replicated index: 0, Committed index: 0, Last appended: 0.0, Last appended by leader: 0, Current term: 0, Majority size: -1, State: 0, Mode: NON_LEADER, active raft config: opid_index: -1 OBSOLETE_local: false peers { permanent_uuid: "aa1561f8d31640f7bd00bd5b10fe94d7" member_type: VOTER last_known_addr { host: "127.7.3.126" port: 39343 } } peers { permanent_uuid: "b1511a3e7ee64a2bb712f5a4e6dbf694" member_type: VOTER last_known_addr { host: "127.7.3.125" port: 33627 } } peers { permanent_uuid: "ae15685217144d49bc73038b798d6b01" member_type: VOTER last_known_addr { host: "127.7.3.124" port: 37627 } }
I20260630 12:25:06.083525  7313 consensus_queue.cc:260] T 00000000000000000000000000000000 P b1511a3e7ee64a2bb712f5a4e6dbf694 [NON_LEADER]: Queue going to NON_LEADER mode. State: All replicated index: 0, Majority replicated index: 0, Committed index: 0, Last appended: 0.0, Last appended by leader: 0, Current term: 0, Majority size: -1, State: 0, Mode: NON_LEADER, active raft config: opid_index: -1 OBSOLETE_local: false peers { permanent_uuid: "aa1561f8d31640f7bd00bd5b10fe94d7" member_type: VOTER last_known_addr { host: "127.7.3.126" port: 39343 } } peers { permanent_uuid: "b1511a3e7ee64a2bb712f5a4e6dbf694" member_type: VOTER last_known_addr { host: "127.7.3.125" port: 33627 } } peers { permanent_uuid: "ae15685217144d49bc73038b798d6b01" member_type: VOTER last_known_addr { host: "127.7.3.124" port: 37627 } }
I20260630 12:25:06.086086  7385 sys_catalog.cc:455] T 00000000000000000000000000000000 P b1511a3e7ee64a2bb712f5a4e6dbf694 [sys.catalog]: SysCatalogTable state changed. Reason: RaftConsensus started. Latest consensus state: current_term: 0 committed_config { opid_index: -1 OBSOLETE_local: false peers { permanent_uuid: "aa1561f8d31640f7bd00bd5b10fe94d7" member_type: VOTER last_known_addr { host: "127.7.3.126" port: 39343 } } peers { permanent_uuid: "b1511a3e7ee64a2bb712f5a4e6dbf694" member_type: VOTER last_known_addr { host: "127.7.3.125" port: 33627 } } peers { permanent_uuid: "ae15685217144d49bc73038b798d6b01" member_type: VOTER last_known_addr { host: "127.7.3.124" port: 37627 } } }
I20260630 12:25:06.086901  7385 sys_catalog.cc:458] T 00000000000000000000000000000000 P b1511a3e7ee64a2bb712f5a4e6dbf694 [sys.catalog]: This master's current role is: FOLLOWER
I20260630 12:25:06.086416  7386 sys_catalog.cc:455] T 00000000000000000000000000000000 P ae15685217144d49bc73038b798d6b01 [sys.catalog]: SysCatalogTable state changed. Reason: RaftConsensus started. Latest consensus state: current_term: 0 committed_config { opid_index: -1 OBSOLETE_local: false peers { permanent_uuid: "aa1561f8d31640f7bd00bd5b10fe94d7" member_type: VOTER last_known_addr { host: "127.7.3.126" port: 39343 } } peers { permanent_uuid: "b1511a3e7ee64a2bb712f5a4e6dbf694" member_type: VOTER last_known_addr { host: "127.7.3.125" port: 33627 } } peers { permanent_uuid: "ae15685217144d49bc73038b798d6b01" member_type: VOTER last_known_addr { host: "127.7.3.124" port: 37627 } } }
I20260630 12:25:06.087445  7386 sys_catalog.cc:458] T 00000000000000000000000000000000 P ae15685217144d49bc73038b798d6b01 [sys.catalog]: This master's current role is: FOLLOWER
I20260630 12:25:06.087754  7313 sys_catalog.cc:565] T 00000000000000000000000000000000 P b1511a3e7ee64a2bb712f5a4e6dbf694 [sys.catalog]: configured and running, proceeding with master startup.
I20260630 12:25:06.087813  7378 sys_catalog.cc:565] T 00000000000000000000000000000000 P ae15685217144d49bc73038b798d6b01 [sys.catalog]: configured and running, proceeding with master startup.
I20260630 12:25:06.090765  7386 raft_consensus.cc:493] T 00000000000000000000000000000000 P ae15685217144d49bc73038b798d6b01 [term 0 FOLLOWER]: Starting pre-election (no leader contacted us within the election timeout)
I20260630 12:25:06.091296  7386 raft_consensus.cc:515] T 00000000000000000000000000000000 P ae15685217144d49bc73038b798d6b01 [term 0 FOLLOWER]: Starting pre-election with config: opid_index: -1 OBSOLETE_local: false peers { permanent_uuid: "aa1561f8d31640f7bd00bd5b10fe94d7" member_type: VOTER last_known_addr { host: "127.7.3.126" port: 39343 } } peers { permanent_uuid: "b1511a3e7ee64a2bb712f5a4e6dbf694" member_type: VOTER last_known_addr { host: "127.7.3.125" port: 33627 } } peers { permanent_uuid: "ae15685217144d49bc73038b798d6b01" member_type: VOTER last_known_addr { host: "127.7.3.124" port: 37627 } }
I20260630 12:25:06.093559  7248 consensus_peers.cc:770] Retrying to get permanent uuid for remote peer: member_type: VOTER last_known_addr { host: "127.7.3.124" port: 37627 } attempt: 3
I20260630 12:25:06.094551  7386 leader_election.cc:290] T 00000000000000000000000000000000 P ae15685217144d49bc73038b798d6b01 [CANDIDATE]: Term 1 pre-election: Requested pre-vote from peers aa1561f8d31640f7bd00bd5b10fe94d7 (127.7.3.126:39343), b1511a3e7ee64a2bb712f5a4e6dbf694 (127.7.3.125:33627)
I20260630 12:25:06.096848  7288 tablet_service.cc:1917] Received RequestConsensusVote() RPC: tablet_id: "00000000000000000000000000000000" candidate_uuid: "ae15685217144d49bc73038b798d6b01" candidate_term: 1 candidate_status { last_received { term: 0 index: 0 } } ignore_live_leader: false dest_uuid: "b1511a3e7ee64a2bb712f5a4e6dbf694" is_pre_election: true
I20260630 12:25:06.097882  7288 raft_consensus.cc:2468] T 00000000000000000000000000000000 P b1511a3e7ee64a2bb712f5a4e6dbf694 [term 0 FOLLOWER]: Leader pre-election vote request: Granting yes vote for candidate ae15685217144d49bc73038b798d6b01 in term 0.
I20260630 12:25:06.099792  7330 leader_election.cc:304] T 00000000000000000000000000000000 P ae15685217144d49bc73038b798d6b01 [CANDIDATE]: Term 1 pre-election: Election decided. Result: candidate won. Election summary: received 2 responses out of 3 voters: 2 yes votes; 0 no votes. yes voters: ae15685217144d49bc73038b798d6b01, b1511a3e7ee64a2bb712f5a4e6dbf694; no voters: 
I20260630 12:25:06.103684  7386 raft_consensus.cc:2804] T 00000000000000000000000000000000 P ae15685217144d49bc73038b798d6b01 [term 0 FOLLOWER]: Leader pre-election won for term 1
I20260630 12:25:06.104241  7386 raft_consensus.cc:493] T 00000000000000000000000000000000 P ae15685217144d49bc73038b798d6b01 [term 0 FOLLOWER]: Starting leader election (no leader contacted us within the election timeout)
I20260630 12:25:06.104733  7386 raft_consensus.cc:3060] T 00000000000000000000000000000000 P ae15685217144d49bc73038b798d6b01 [term 0 FOLLOWER]: Advancing to term 1
I20260630 12:25:06.114539  7386 raft_consensus.cc:515] T 00000000000000000000000000000000 P ae15685217144d49bc73038b798d6b01 [term 1 FOLLOWER]: Starting leader election with config: opid_index: -1 OBSOLETE_local: false peers { permanent_uuid: "aa1561f8d31640f7bd00bd5b10fe94d7" member_type: VOTER last_known_addr { host: "127.7.3.126" port: 39343 } } peers { permanent_uuid: "b1511a3e7ee64a2bb712f5a4e6dbf694" member_type: VOTER last_known_addr { host: "127.7.3.125" port: 33627 } } peers { permanent_uuid: "ae15685217144d49bc73038b798d6b01" member_type: VOTER last_known_addr { host: "127.7.3.124" port: 37627 } }
I20260630 12:25:06.120792  7288 tablet_service.cc:1917] Received RequestConsensusVote() RPC: tablet_id: "00000000000000000000000000000000" candidate_uuid: "ae15685217144d49bc73038b798d6b01" candidate_term: 1 candidate_status { last_received { term: 0 index: 0 } } ignore_live_leader: false dest_uuid: "b1511a3e7ee64a2bb712f5a4e6dbf694"
I20260630 12:25:06.121483  7288 raft_consensus.cc:3060] T 00000000000000000000000000000000 P b1511a3e7ee64a2bb712f5a4e6dbf694 [term 0 FOLLOWER]: Advancing to term 1
I20260630 12:25:06.122736  7248 tablet_bootstrap.cc:492] T 00000000000000000000000000000000 P aa1561f8d31640f7bd00bd5b10fe94d7: Bootstrap starting.
I20260630 12:25:06.127417  7386 leader_election.cc:290] T 00000000000000000000000000000000 P ae15685217144d49bc73038b798d6b01 [CANDIDATE]: Term 1 election: Requested vote from peers aa1561f8d31640f7bd00bd5b10fe94d7 (127.7.3.126:39343), b1511a3e7ee64a2bb712f5a4e6dbf694 (127.7.3.125:33627)
I20260630 12:25:06.131420  7288 raft_consensus.cc:2468] T 00000000000000000000000000000000 P b1511a3e7ee64a2bb712f5a4e6dbf694 [term 1 FOLLOWER]: Leader election vote request: Granting yes vote for candidate ae15685217144d49bc73038b798d6b01 in term 1.
I20260630 12:25:06.132993  7330 leader_election.cc:304] T 00000000000000000000000000000000 P ae15685217144d49bc73038b798d6b01 [CANDIDATE]: Term 1 election: Election decided. Result: candidate won. Election summary: received 2 responses out of 3 voters: 2 yes votes; 0 no votes. yes voters: ae15685217144d49bc73038b798d6b01, b1511a3e7ee64a2bb712f5a4e6dbf694; no voters: 
I20260630 12:25:06.134063  7386 raft_consensus.cc:2804] T 00000000000000000000000000000000 P ae15685217144d49bc73038b798d6b01 [term 1 FOLLOWER]: Leader election won for term 1
I20260630 12:25:06.141359  7248 tablet_bootstrap.cc:654] T 00000000000000000000000000000000 P aa1561f8d31640f7bd00bd5b10fe94d7: Neither blocks nor log segments found. Creating new log.
I20260630 12:25:06.144205  7386 raft_consensus.cc:697] T 00000000000000000000000000000000 P ae15685217144d49bc73038b798d6b01 [term 1 LEADER]: Becoming Leader. State: Replica: ae15685217144d49bc73038b798d6b01, State: Running, Role: LEADER
I20260630 12:25:06.146282  7386 consensus_queue.cc:237] T 00000000000000000000000000000000 P ae15685217144d49bc73038b798d6b01 [LEADER]: Queue going to LEADER mode. State: All replicated index: 0, Majority replicated index: 0, Committed index: 0, Last appended: 0.0, Last appended by leader: 0, Current term: 1, Majority size: 2, State: 0, Mode: LEADER, active raft config: opid_index: -1 OBSOLETE_local: false peers { permanent_uuid: "aa1561f8d31640f7bd00bd5b10fe94d7" member_type: VOTER last_known_addr { host: "127.7.3.126" port: 39343 } } peers { permanent_uuid: "b1511a3e7ee64a2bb712f5a4e6dbf694" member_type: VOTER last_known_addr { host: "127.7.3.125" port: 33627 } } peers { permanent_uuid: "ae15685217144d49bc73038b798d6b01" member_type: VOTER last_known_addr { host: "127.7.3.124" port: 37627 } }
I20260630 12:25:06.156174  7248 tablet_bootstrap.cc:492] T 00000000000000000000000000000000 P aa1561f8d31640f7bd00bd5b10fe94d7: No bootstrap required, opened a new log
I20260630 12:25:06.161561  7248 raft_consensus.cc:359] T 00000000000000000000000000000000 P aa1561f8d31640f7bd00bd5b10fe94d7 [term 0 FOLLOWER]: Replica starting. Triggering 0 pending ops. Active config: opid_index: -1 OBSOLETE_local: false peers { permanent_uuid: "aa1561f8d31640f7bd00bd5b10fe94d7" member_type: VOTER last_known_addr { host: "127.7.3.126" port: 39343 } } peers { permanent_uuid: "b1511a3e7ee64a2bb712f5a4e6dbf694" member_type: VOTER last_known_addr { host: "127.7.3.125" port: 33627 } } peers { permanent_uuid: "ae15685217144d49bc73038b798d6b01" member_type: VOTER last_known_addr { host: "127.7.3.124" port: 37627 } }
I20260630 12:25:06.162472  7248 raft_consensus.cc:385] T 00000000000000000000000000000000 P aa1561f8d31640f7bd00bd5b10fe94d7 [term 0 FOLLOWER]: Consensus starting up: Expiring failure detector timer to make a prompt election more likely
I20260630 12:25:06.162871  7248 raft_consensus.cc:740] T 00000000000000000000000000000000 P aa1561f8d31640f7bd00bd5b10fe94d7 [term 0 FOLLOWER]: Becoming Follower/Learner. State: Replica: aa1561f8d31640f7bd00bd5b10fe94d7, State: Initialized, Role: FOLLOWER
I20260630 12:25:06.163793  7248 consensus_queue.cc:260] T 00000000000000000000000000000000 P aa1561f8d31640f7bd00bd5b10fe94d7 [NON_LEADER]: Queue going to NON_LEADER mode. State: All replicated index: 0, Majority replicated index: 0, Committed index: 0, Last appended: 0.0, Last appended by leader: 0, Current term: 0, Majority size: -1, State: 0, Mode: NON_LEADER, active raft config: opid_index: -1 OBSOLETE_local: false peers { permanent_uuid: "aa1561f8d31640f7bd00bd5b10fe94d7" member_type: VOTER last_known_addr { host: "127.7.3.126" port: 39343 } } peers { permanent_uuid: "b1511a3e7ee64a2bb712f5a4e6dbf694" member_type: VOTER last_known_addr { host: "127.7.3.125" port: 33627 } } peers { permanent_uuid: "ae15685217144d49bc73038b798d6b01" member_type: VOTER last_known_addr { host: "127.7.3.124" port: 37627 } }
I20260630 12:25:06.169610  7403 sys_catalog.cc:455] T 00000000000000000000000000000000 P aa1561f8d31640f7bd00bd5b10fe94d7 [sys.catalog]: SysCatalogTable state changed. Reason: RaftConsensus started. Latest consensus state: current_term: 0 committed_config { opid_index: -1 OBSOLETE_local: false peers { permanent_uuid: "aa1561f8d31640f7bd00bd5b10fe94d7" member_type: VOTER last_known_addr { host: "127.7.3.126" port: 39343 } } peers { permanent_uuid: "b1511a3e7ee64a2bb712f5a4e6dbf694" member_type: VOTER last_known_addr { host: "127.7.3.125" port: 33627 } } peers { permanent_uuid: "ae15685217144d49bc73038b798d6b01" member_type: VOTER last_known_addr { host: "127.7.3.124" port: 37627 } } }
I20260630 12:25:06.172261  7396 sys_catalog.cc:455] T 00000000000000000000000000000000 P ae15685217144d49bc73038b798d6b01 [sys.catalog]: SysCatalogTable state changed. Reason: New leader ae15685217144d49bc73038b798d6b01. Latest consensus state: current_term: 1 leader_uuid: "ae15685217144d49bc73038b798d6b01" committed_config { opid_index: -1 OBSOLETE_local: false peers { permanent_uuid: "aa1561f8d31640f7bd00bd5b10fe94d7" member_type: VOTER last_known_addr { host: "127.7.3.126" port: 39343 } } peers { permanent_uuid: "b1511a3e7ee64a2bb712f5a4e6dbf694" member_type: VOTER last_known_addr { host: "127.7.3.125" port: 33627 } } peers { permanent_uuid: "ae15685217144d49bc73038b798d6b01" member_type: VOTER last_known_addr { host: "127.7.3.124" port: 37627 } } }
I20260630 12:25:06.173959  7396 sys_catalog.cc:458] T 00000000000000000000000000000000 P ae15685217144d49bc73038b798d6b01 [sys.catalog]: This master's current role is: LEADER
W20260630 12:25:06.174279  7202 tablet.cc:2406] T 00000000000000000000000000000000 P aa1561f8d31640f7bd00bd5b10fe94d7: Can't schedule compaction. Clean time has not been advanced past its initial value.
I20260630 12:25:06.176364  7223 tablet_service.cc:1917] Received RequestConsensusVote() RPC: tablet_id: "00000000000000000000000000000000" candidate_uuid: "ae15685217144d49bc73038b798d6b01" candidate_term: 1 candidate_status { last_received { term: 0 index: 0 } } ignore_live_leader: false dest_uuid: "aa1561f8d31640f7bd00bd5b10fe94d7" is_pre_election: true
I20260630 12:25:06.176393  7222 tablet_service.cc:1917] Received RequestConsensusVote() RPC: tablet_id: "00000000000000000000000000000000" candidate_uuid: "ae15685217144d49bc73038b798d6b01" candidate_term: 1 candidate_status { last_received { term: 0 index: 0 } } ignore_live_leader: false dest_uuid: "aa1561f8d31640f7bd00bd5b10fe94d7"
I20260630 12:25:06.175812  7248 sys_catalog.cc:565] T 00000000000000000000000000000000 P aa1561f8d31640f7bd00bd5b10fe94d7 [sys.catalog]: configured and running, proceeding with master startup.
I20260630 12:25:06.179746  7403 sys_catalog.cc:458] T 00000000000000000000000000000000 P aa1561f8d31640f7bd00bd5b10fe94d7 [sys.catalog]: This master's current role is: FOLLOWER
I20260630 12:25:06.177626  7223 raft_consensus.cc:2468] T 00000000000000000000000000000000 P aa1561f8d31640f7bd00bd5b10fe94d7 [term 0 FOLLOWER]: Leader pre-election vote request: Granting yes vote for candidate ae15685217144d49bc73038b798d6b01 in term 0.
I20260630 12:25:06.190759  7405 catalog_manager.cc:1511] Loading table and tablet metadata into memory...
I20260630 12:25:06.212652  7405 catalog_manager.cc:1520] Initializing Kudu cluster ID...
W20260630 12:25:06.231273  7418 catalog_manager.cc:1594] T 00000000000000000000000000000000 P b1511a3e7ee64a2bb712f5a4e6dbf694: loading cluster ID for follower catalog manager: Not found: cluster ID entry not found
W20260630 12:25:06.231676  7418 catalog_manager.cc:883] Not found: cluster ID entry not found: failed to prepare follower catalog manager, will retry
I20260630 12:25:06.245813  7288 raft_consensus.cc:1275] T 00000000000000000000000000000000 P b1511a3e7ee64a2bb712f5a4e6dbf694 [term 1 FOLLOWER]: Refusing update from remote peer ae15685217144d49bc73038b798d6b01: Log matching property violated. Preceding OpId in replica: term: 0 index: 0. Preceding OpId from leader: term: 1 index: 2. (index mismatch)
I20260630 12:25:06.246547  7223 raft_consensus.cc:3060] T 00000000000000000000000000000000 P aa1561f8d31640f7bd00bd5b10fe94d7 [term 0 FOLLOWER]: Advancing to term 1
I20260630 12:25:06.251705  7181 internal_mini_cluster.cc:184] Waiting to initialize catalog manager on master 1
I20260630 12:25:06.251998  7181 internal_mini_cluster.cc:184] Waiting to initialize catalog manager on master 2
I20260630 12:25:06.252135  7386 consensus_queue.cc:1048] T 00000000000000000000000000000000 P ae15685217144d49bc73038b798d6b01 [LEADER]: Connected to new peer: Peer: permanent_uuid: "b1511a3e7ee64a2bb712f5a4e6dbf694" member_type: VOTER last_known_addr { host: "127.7.3.125" port: 33627 }, Status: LMP_MISMATCH, Last received: 0.0, Next index: 1, Last known committed idx: 0, Time since last communication: 0.000s
I20260630 12:25:06.253824  7181 file_cache.cc:492] Constructed file cache file cache with capacity 419430
I20260630 12:25:06.254460  7223 raft_consensus.cc:1275] T 00000000000000000000000000000000 P aa1561f8d31640f7bd00bd5b10fe94d7 [term 1 FOLLOWER]: Refusing update from remote peer ae15685217144d49bc73038b798d6b01: Log matching property violated. Preceding OpId in replica: term: 0 index: 0. Preceding OpId from leader: term: 1 index: 2. (index mismatch)
I20260630 12:25:06.256091  7386 consensus_queue.cc:1048] T 00000000000000000000000000000000 P ae15685217144d49bc73038b798d6b01 [LEADER]: Connected to new peer: Peer: permanent_uuid: "aa1561f8d31640f7bd00bd5b10fe94d7" member_type: VOTER last_known_addr { host: "127.7.3.126" port: 39343 }, Status: LMP_MISMATCH, Last received: 0.0, Next index: 1, Last known committed idx: 0, Time since last communication: 0.000s
I20260630 12:25:06.271747  7385 sys_catalog.cc:455] T 00000000000000000000000000000000 P b1511a3e7ee64a2bb712f5a4e6dbf694 [sys.catalog]: SysCatalogTable state changed. Reason: New leader ae15685217144d49bc73038b798d6b01. Latest consensus state: current_term: 1 leader_uuid: "ae15685217144d49bc73038b798d6b01" committed_config { opid_index: -1 OBSOLETE_local: false peers { permanent_uuid: "aa1561f8d31640f7bd00bd5b10fe94d7" member_type: VOTER last_known_addr { host: "127.7.3.126" port: 39343 } } peers { permanent_uuid: "b1511a3e7ee64a2bb712f5a4e6dbf694" member_type: VOTER last_known_addr { host: "127.7.3.125" port: 33627 } } peers { permanent_uuid: "ae15685217144d49bc73038b798d6b01" member_type: VOTER last_known_addr { host: "127.7.3.124" port: 37627 } } }
I20260630 12:25:06.272600  7385 sys_catalog.cc:458] T 00000000000000000000000000000000 P b1511a3e7ee64a2bb712f5a4e6dbf694 [sys.catalog]: This master's current role is: FOLLOWER
I20260630 12:25:06.279750  7421 mvcc.cc:204] Tried to move back new op lower bound from 7302440166363652096 to 7302440165995778048. Current Snapshot: MvccSnapshot[applied={T|T < 7302440166363652096}]
I20260630 12:25:06.287513  7403 sys_catalog.cc:455] T 00000000000000000000000000000000 P aa1561f8d31640f7bd00bd5b10fe94d7 [sys.catalog]: SysCatalogTable state changed. Reason: New leader ae15685217144d49bc73038b798d6b01. Latest consensus state: current_term: 1 leader_uuid: "ae15685217144d49bc73038b798d6b01" committed_config { opid_index: -1 OBSOLETE_local: false peers { permanent_uuid: "aa1561f8d31640f7bd00bd5b10fe94d7" member_type: VOTER last_known_addr { host: "127.7.3.126" port: 39343 } } peers { permanent_uuid: "b1511a3e7ee64a2bb712f5a4e6dbf694" member_type: VOTER last_known_addr { host: "127.7.3.125" port: 33627 } } peers { permanent_uuid: "ae15685217144d49bc73038b798d6b01" member_type: VOTER last_known_addr { host: "127.7.3.124" port: 37627 } } }
I20260630 12:25:06.288507  7403 sys_catalog.cc:458] T 00000000000000000000000000000000 P aa1561f8d31640f7bd00bd5b10fe94d7 [sys.catalog]: This master's current role is: FOLLOWER
W20260630 12:25:06.291357  7426 catalog_manager.cc:1594] T 00000000000000000000000000000000 P aa1561f8d31640f7bd00bd5b10fe94d7: loading cluster ID for follower catalog manager: Not found: cluster ID entry not found
W20260630 12:25:06.291839  7426 catalog_manager.cc:883] Not found: cluster ID entry not found: failed to prepare follower catalog manager, will retry
W20260630 12:25:06.294683  7428 instance_detector.cc:116] could not retrieve AWS instance metadata: Network error: curl error: HTTP response code said error: The requested URL returned error: 404
I20260630 12:25:06.300199  7385 sys_catalog.cc:455] T 00000000000000000000000000000000 P b1511a3e7ee64a2bb712f5a4e6dbf694 [sys.catalog]: SysCatalogTable state changed. Reason: Replicated consensus-only round. Latest consensus state: current_term: 1 leader_uuid: "ae15685217144d49bc73038b798d6b01" committed_config { opid_index: -1 OBSOLETE_local: false peers { permanent_uuid: "aa1561f8d31640f7bd00bd5b10fe94d7" member_type: VOTER last_known_addr { host: "127.7.3.126" port: 39343 } } peers { permanent_uuid: "b1511a3e7ee64a2bb712f5a4e6dbf694" member_type: VOTER last_known_addr { host: "127.7.3.125" port: 33627 } } peers { permanent_uuid: "ae15685217144d49bc73038b798d6b01" member_type: VOTER last_known_addr { host: "127.7.3.124" port: 37627 } } }
I20260630 12:25:06.301154  7385 sys_catalog.cc:458] T 00000000000000000000000000000000 P b1511a3e7ee64a2bb712f5a4e6dbf694 [sys.catalog]: This master's current role is: FOLLOWER
I20260630 12:25:06.304435  7403 sys_catalog.cc:455] T 00000000000000000000000000000000 P aa1561f8d31640f7bd00bd5b10fe94d7 [sys.catalog]: SysCatalogTable state changed. Reason: Replicated consensus-only round. Latest consensus state: current_term: 1 leader_uuid: "ae15685217144d49bc73038b798d6b01" committed_config { opid_index: -1 OBSOLETE_local: false peers { permanent_uuid: "aa1561f8d31640f7bd00bd5b10fe94d7" member_type: VOTER last_known_addr { host: "127.7.3.126" port: 39343 } } peers { permanent_uuid: "b1511a3e7ee64a2bb712f5a4e6dbf694" member_type: VOTER last_known_addr { host: "127.7.3.125" port: 33627 } } peers { permanent_uuid: "ae15685217144d49bc73038b798d6b01" member_type: VOTER last_known_addr { host: "127.7.3.124" port: 37627 } } }
I20260630 12:25:06.305158  7403 sys_catalog.cc:458] T 00000000000000000000000000000000 P aa1561f8d31640f7bd00bd5b10fe94d7 [sys.catalog]: This master's current role is: FOLLOWER
I20260630 12:25:06.310638  7405 catalog_manager.cc:1383] Generated new cluster ID: 507d6d64bdf64d5cb0131ad9dc4e33b3
I20260630 12:25:06.310971  7405 catalog_manager.cc:1531] Initializing Kudu internal certificate authority...
I20260630 12:25:06.310935  7386 sys_catalog.cc:455] T 00000000000000000000000000000000 P ae15685217144d49bc73038b798d6b01 [sys.catalog]: SysCatalogTable state changed. Reason: Peer health change. Latest consensus state: current_term: 1 leader_uuid: "ae15685217144d49bc73038b798d6b01" committed_config { opid_index: -1 OBSOLETE_local: false peers { permanent_uuid: "aa1561f8d31640f7bd00bd5b10fe94d7" member_type: VOTER last_known_addr { host: "127.7.3.126" port: 39343 } } peers { permanent_uuid: "b1511a3e7ee64a2bb712f5a4e6dbf694" member_type: VOTER last_known_addr { host: "127.7.3.125" port: 33627 } } peers { permanent_uuid: "ae15685217144d49bc73038b798d6b01" member_type: VOTER last_known_addr { host: "127.7.3.124" port: 37627 } } }
I20260630 12:25:06.311863  7386 sys_catalog.cc:458] T 00000000000000000000000000000000 P ae15685217144d49bc73038b798d6b01 [sys.catalog]: This master's current role is: LEADER
I20260630 12:25:06.311645  7396 sys_catalog.cc:455] T 00000000000000000000000000000000 P ae15685217144d49bc73038b798d6b01 [sys.catalog]: SysCatalogTable state changed. Reason: Peer health change. Latest consensus state: current_term: 1 leader_uuid: "ae15685217144d49bc73038b798d6b01" committed_config { opid_index: -1 OBSOLETE_local: false peers { permanent_uuid: "aa1561f8d31640f7bd00bd5b10fe94d7" member_type: VOTER last_known_addr { host: "127.7.3.126" port: 39343 } } peers { permanent_uuid: "b1511a3e7ee64a2bb712f5a4e6dbf694" member_type: VOTER last_known_addr { host: "127.7.3.125" port: 33627 } } peers { permanent_uuid: "ae15685217144d49bc73038b798d6b01" member_type: VOTER last_known_addr { host: "127.7.3.124" port: 37627 } } }
I20260630 12:25:06.312309  7396 sys_catalog.cc:458] T 00000000000000000000000000000000 P ae15685217144d49bc73038b798d6b01 [sys.catalog]: This master's current role is: LEADER
I20260630 12:25:06.321012  7181 server_base.cc:1061] running on GCE node
W20260630 12:25:06.322336  7439 instance_detector.cc:116] could not retrieve OpenStack instance metadata: Network error: curl error: HTTP response code said error: The requested URL returned error: 404
W20260630 12:25:06.323261  7432 instance_detector.cc:116] could not retrieve Azure instance metadata: Network error: curl error: HTTP response code said error: The requested URL returned error: 404
I20260630 12:25:06.324261  7181 hybrid_clock.cc:584] initializing the hybrid clock with 'system_unsync' time source
W20260630 12:25:06.324491  7181 system_unsync_time.cc:38] NTP support is disabled. Clock error bounds will not be accurate. This configuration is not suitable for distributed clusters.
I20260630 12:25:06.324684  7181 hybrid_clock.cc:648] HybridClock initialized: now 1782822306324666 us; error 0 us; skew 500 ppm
I20260630 12:25:06.325225  7181 server_base.cc:861] Flag tcmalloc_max_total_thread_cache_bytes is not working since tcmalloc is not enabled.
I20260630 12:25:06.328078  7181 webserver.cc:533] Webserver started at http://127.7.3.65:36643/ using document root <none> and password file <none>
I20260630 12:25:06.328568  7181 fs_manager.cc:362] Metadata directory not provided
I20260630 12:25:06.328783  7181 fs_manager.cc:368] Using write-ahead log directory (fs_wal_dir) as metadata directory
I20260630 12:25:06.329077  7181 server_base.cc:909] This appears to be a new deployment of Kudu; creating new FS layout
I20260630 12:25:06.330116  7181 fs_manager.cc:1068] Generated new instance metadata in path /tmp/dist-test-taskeaioJX/test-tmp/auto_rebalancer-test.0.AutoRebalancerTest.OnlyLeaderDoesAutoRebalancing.1782822304158250-7181-0/minicluster-data/ts-0-root/instance:
uuid: "7236e42792ca4ee586d44505b14a936d"
format_stamp: "Formatted at 2026-06-30 12:25:06 on dist-test-slave-twh8"
I20260630 12:25:06.334784  7181 fs_manager.cc:696] Time spent creating directory manager: real 0.004s	user 0.002s	sys 0.004s
I20260630 12:25:06.338246  7444 log_block_manager.cc:4031] Time spent loading block containers with low live blocks: real 0.000s	user 0.000s	sys 0.000s
I20260630 12:25:06.339581  7181 fs_manager.cc:730] Time spent opening block manager: real 0.003s	user 0.003s	sys 0.000s
I20260630 12:25:06.339895  7181 fs_manager.cc:647] Opened local filesystem: /tmp/dist-test-taskeaioJX/test-tmp/auto_rebalancer-test.0.AutoRebalancerTest.OnlyLeaderDoesAutoRebalancing.1782822304158250-7181-0/minicluster-data/ts-0-root
uuid: "7236e42792ca4ee586d44505b14a936d"
format_stamp: "Formatted at 2026-06-30 12:25:06 on dist-test-slave-twh8"
I20260630 12:25:06.340230  7181 fs_report.cc:389] FS layout report
--------------------
wal directory: /tmp/dist-test-taskeaioJX/test-tmp/auto_rebalancer-test.0.AutoRebalancerTest.OnlyLeaderDoesAutoRebalancing.1782822304158250-7181-0/minicluster-data/ts-0-root
