I20260630 12:26:35.066395 13754 consensus_queue.cc:237] T ff64365c5b1b4d45970b210d45758dc6 P e9fba0eb1cf346678e3b8677897a0326 [LEADER]: Queue going to LEADER mode. State: All replicated index: 0, Majority replicated index: 0, Committed index: 0, Last appended: 0.0, Last appended by leader: 0, Current term: 1, Majority size: 2, State: 0, Mode: LEADER, active raft config: opid_index: -1 OBSOLETE_local: false peers { permanent_uuid: "e9fba0eb1cf346678e3b8677897a0326" member_type: VOTER last_known_addr { host: "127.10.143.193" port: 33305 } } peers { permanent_uuid: "088392198b1d40569861aa4d6d132a30" member_type: VOTER last_known_addr { host: "127.10.143.194" port: 33785 } } peers { permanent_uuid: "40a222690ada4254a18ad7c2867177a4" member_type: VOTER last_known_addr { host: "127.10.143.195" port: 37931 } }
I20260630 12:26:35.071585 13627 raft_consensus.cc:2468] T ff64365c5b1b4d45970b210d45758dc6 P 088392198b1d40569861aa4d6d132a30 [term 1 FOLLOWER]: Leader election vote request: Granting yes vote for candidate e9fba0eb1cf346678e3b8677897a0326 in term 1.
I20260630 12:26:35.078135 13701 tablet_service.cc:1917] Received RequestConsensusVote() RPC: tablet_id: "ff64365c5b1b4d45970b210d45758dc6" candidate_uuid: "088392198b1d40569861aa4d6d132a30" candidate_term: 1 candidate_status { last_received { term: 0 index: 0 } } ignore_live_leader: false dest_uuid: "40a222690ada4254a18ad7c2867177a4" is_pre_election: true
I20260630 12:26:35.078825 13701 raft_consensus.cc:2393] T ff64365c5b1b4d45970b210d45758dc6 P 40a222690ada4254a18ad7c2867177a4 [term 1 FOLLOWER]: Leader pre-election vote request: Denying vote to candidate 088392198b1d40569861aa4d6d132a30 in current term 1: Already voted for candidate e9fba0eb1cf346678e3b8677897a0326 in this term.
I20260630 12:26:35.080401 13553 tablet_service.cc:1917] Received RequestConsensusVote() RPC: tablet_id: "ff64365c5b1b4d45970b210d45758dc6" candidate_uuid: "088392198b1d40569861aa4d6d132a30" candidate_term: 1 candidate_status { last_received { term: 0 index: 0 } } ignore_live_leader: false dest_uuid: "e9fba0eb1cf346678e3b8677897a0326" is_pre_election: true
I20260630 12:26:35.081736 13592 leader_election.cc:304] T ff64365c5b1b4d45970b210d45758dc6 P 088392198b1d40569861aa4d6d132a30 [CANDIDATE]: Term 1 pre-election: Election decided. Result: candidate lost. Election summary: received 3 responses out of 3 voters: 1 yes votes; 2 no votes. yes voters: 088392198b1d40569861aa4d6d132a30; no voters: 40a222690ada4254a18ad7c2867177a4, e9fba0eb1cf346678e3b8677897a0326
I20260630 12:26:35.082370 13758 raft_consensus.cc:2749] T ff64365c5b1b4d45970b210d45758dc6 P 088392198b1d40569861aa4d6d132a30 [term 1 FOLLOWER]: Leader pre-election lost for term 1. Reason: could not achieve majority
I20260630 12:26:35.082082 13451 catalog_manager.cc:5697] T ff64365c5b1b4d45970b210d45758dc6 P e9fba0eb1cf346678e3b8677897a0326 reported cstate change: term changed from 0 to 1, leader changed from <none> to e9fba0eb1cf346678e3b8677897a0326 (127.10.143.193). New cstate: current_term: 1 leader_uuid: "e9fba0eb1cf346678e3b8677897a0326" committed_config { opid_index: -1 OBSOLETE_local: false peers { permanent_uuid: "e9fba0eb1cf346678e3b8677897a0326" member_type: VOTER last_known_addr { host: "127.10.143.193" port: 33305 } health_report { overall_health: HEALTHY } } peers { permanent_uuid: "088392198b1d40569861aa4d6d132a30" member_type: VOTER last_known_addr { host: "127.10.143.194" port: 33785 } health_report { overall_health: UNKNOWN } } peers { permanent_uuid: "40a222690ada4254a18ad7c2867177a4" member_type: VOTER last_known_addr { host: "127.10.143.195" port: 37931 } health_report { overall_health: UNKNOWN } } }
I20260630 12:26:35.083645 13451 catalog_manager.cc:5697] T 3312e58d18094249b61d99beae3ecb05 P e9fba0eb1cf346678e3b8677897a0326 reported cstate change: term changed from 0 to 1, leader changed from <none> to e9fba0eb1cf346678e3b8677897a0326 (127.10.143.193). New cstate: current_term: 1 leader_uuid: "e9fba0eb1cf346678e3b8677897a0326" committed_config { opid_index: -1 OBSOLETE_local: false peers { permanent_uuid: "e9fba0eb1cf346678e3b8677897a0326" member_type: VOTER last_known_addr { host: "127.10.143.193" port: 33305 } health_report { overall_health: HEALTHY } } peers { permanent_uuid: "088392198b1d40569861aa4d6d132a30" member_type: VOTER last_known_addr { host: "127.10.143.194" port: 33785 } health_report { overall_health: UNKNOWN } } peers { permanent_uuid: "40a222690ada4254a18ad7c2867177a4" member_type: VOTER last_known_addr { host: "127.10.143.195" port: 37931 } health_report { overall_health: UNKNOWN } } }
I20260630 12:26:35.119153 13753 raft_consensus.cc:493] T 692d7df1f1384343acd26b0da3afd408 P 40a222690ada4254a18ad7c2867177a4 [term 0 FOLLOWER]: Starting pre-election (no leader contacted us within the election timeout)
I20260630 12:26:35.119634 13753 raft_consensus.cc:515] T 692d7df1f1384343acd26b0da3afd408 P 40a222690ada4254a18ad7c2867177a4 [term 0 FOLLOWER]: Starting pre-election with config: opid_index: -1 OBSOLETE_local: false peers { permanent_uuid: "e9fba0eb1cf346678e3b8677897a0326" member_type: VOTER last_known_addr { host: "127.10.143.193" port: 33305 } } peers { permanent_uuid: "088392198b1d40569861aa4d6d132a30" member_type: VOTER last_known_addr { host: "127.10.143.194" port: 33785 } } peers { permanent_uuid: "40a222690ada4254a18ad7c2867177a4" member_type: VOTER last_known_addr { host: "127.10.143.195" port: 37931 } }
I20260630 12:26:35.121973 13753 leader_election.cc:290] T 692d7df1f1384343acd26b0da3afd408 P 40a222690ada4254a18ad7c2867177a4 [CANDIDATE]: Term 1 pre-election: Requested pre-vote from peers e9fba0eb1cf346678e3b8677897a0326 (127.10.143.193:33305), 088392198b1d40569861aa4d6d132a30 (127.10.143.194:33785)
I20260630 12:26:35.133050 13553 tablet_service.cc:1917] Received RequestConsensusVote() RPC: tablet_id: "692d7df1f1384343acd26b0da3afd408" candidate_uuid: "40a222690ada4254a18ad7c2867177a4" candidate_term: 1 candidate_status { last_received { term: 0 index: 0 } } ignore_live_leader: false dest_uuid: "e9fba0eb1cf346678e3b8677897a0326" is_pre_election: true
I20260630 12:26:35.133562 13627 tablet_service.cc:1917] Received RequestConsensusVote() RPC: tablet_id: "692d7df1f1384343acd26b0da3afd408" candidate_uuid: "40a222690ada4254a18ad7c2867177a4" candidate_term: 1 candidate_status { last_received { term: 0 index: 0 } } ignore_live_leader: false dest_uuid: "088392198b1d40569861aa4d6d132a30" is_pre_election: true
I20260630 12:26:35.133708 13553 raft_consensus.cc:2468] T 692d7df1f1384343acd26b0da3afd408 P e9fba0eb1cf346678e3b8677897a0326 [term 0 FOLLOWER]: Leader pre-election vote request: Granting yes vote for candidate 40a222690ada4254a18ad7c2867177a4 in term 0.
I20260630 12:26:35.134125 13627 raft_consensus.cc:2468] T 692d7df1f1384343acd26b0da3afd408 P 088392198b1d40569861aa4d6d132a30 [term 0 FOLLOWER]: Leader pre-election vote request: Granting yes vote for candidate 40a222690ada4254a18ad7c2867177a4 in term 0.
I20260630 12:26:35.134893 13666 leader_election.cc:304] T 692d7df1f1384343acd26b0da3afd408 P 40a222690ada4254a18ad7c2867177a4 [CANDIDATE]: Term 1 pre-election: Election decided. Result: candidate won. Election summary: received 2 responses out of 3 voters: 2 yes votes; 0 no votes. yes voters: 40a222690ada4254a18ad7c2867177a4, e9fba0eb1cf346678e3b8677897a0326; no voters: 
I20260630 12:26:35.135612 13753 raft_consensus.cc:2804] T 692d7df1f1384343acd26b0da3afd408 P 40a222690ada4254a18ad7c2867177a4 [term 0 FOLLOWER]: Leader pre-election won for term 1
I20260630 12:26:35.135970 13753 raft_consensus.cc:493] T 692d7df1f1384343acd26b0da3afd408 P 40a222690ada4254a18ad7c2867177a4 [term 0 FOLLOWER]: Starting leader election (no leader contacted us within the election timeout)
I20260630 12:26:35.136260 13753 raft_consensus.cc:3060] T 692d7df1f1384343acd26b0da3afd408 P 40a222690ada4254a18ad7c2867177a4 [term 0 FOLLOWER]: Advancing to term 1
I20260630 12:26:35.140771 13753 raft_consensus.cc:515] T 692d7df1f1384343acd26b0da3afd408 P 40a222690ada4254a18ad7c2867177a4 [term 1 FOLLOWER]: Starting leader election with config: opid_index: -1 OBSOLETE_local: false peers { permanent_uuid: "e9fba0eb1cf346678e3b8677897a0326" member_type: VOTER last_known_addr { host: "127.10.143.193" port: 33305 } } peers { permanent_uuid: "088392198b1d40569861aa4d6d132a30" member_type: VOTER last_known_addr { host: "127.10.143.194" port: 33785 } } peers { permanent_uuid: "40a222690ada4254a18ad7c2867177a4" member_type: VOTER last_known_addr { host: "127.10.143.195" port: 37931 } }
I20260630 12:26:35.142397 13753 leader_election.cc:290] T 692d7df1f1384343acd26b0da3afd408 P 40a222690ada4254a18ad7c2867177a4 [CANDIDATE]: Term 1 election: Requested vote from peers e9fba0eb1cf346678e3b8677897a0326 (127.10.143.193:33305), 088392198b1d40569861aa4d6d132a30 (127.10.143.194:33785)
I20260630 12:26:35.143115 13553 tablet_service.cc:1917] Received RequestConsensusVote() RPC: tablet_id: "692d7df1f1384343acd26b0da3afd408" candidate_uuid: "40a222690ada4254a18ad7c2867177a4" candidate_term: 1 candidate_status { last_received { term: 0 index: 0 } } ignore_live_leader: false dest_uuid: "e9fba0eb1cf346678e3b8677897a0326"
I20260630 12:26:35.143355 13627 tablet_service.cc:1917] Received RequestConsensusVote() RPC: tablet_id: "692d7df1f1384343acd26b0da3afd408" candidate_uuid: "40a222690ada4254a18ad7c2867177a4" candidate_term: 1 candidate_status { last_received { term: 0 index: 0 } } ignore_live_leader: false dest_uuid: "088392198b1d40569861aa4d6d132a30"
I20260630 12:26:35.143646 13553 raft_consensus.cc:3060] T 692d7df1f1384343acd26b0da3afd408 P e9fba0eb1cf346678e3b8677897a0326 [term 0 FOLLOWER]: Advancing to term 1
I20260630 12:26:35.144009 13627 raft_consensus.cc:3060] T 692d7df1f1384343acd26b0da3afd408 P 088392198b1d40569861aa4d6d132a30 [term 0 FOLLOWER]: Advancing to term 1
I20260630 12:26:35.148200 13553 raft_consensus.cc:2468] T 692d7df1f1384343acd26b0da3afd408 P e9fba0eb1cf346678e3b8677897a0326 [term 1 FOLLOWER]: Leader election vote request: Granting yes vote for candidate 40a222690ada4254a18ad7c2867177a4 in term 1.
I20260630 12:26:35.148209 13627 raft_consensus.cc:2468] T 692d7df1f1384343acd26b0da3afd408 P 088392198b1d40569861aa4d6d132a30 [term 1 FOLLOWER]: Leader election vote request: Granting yes vote for candidate 40a222690ada4254a18ad7c2867177a4 in term 1.
I20260630 12:26:35.149302 13666 leader_election.cc:304] T 692d7df1f1384343acd26b0da3afd408 P 40a222690ada4254a18ad7c2867177a4 [CANDIDATE]: Term 1 election: Election decided. Result: candidate won. Election summary: received 2 responses out of 3 voters: 2 yes votes; 0 no votes. yes voters: 40a222690ada4254a18ad7c2867177a4, e9fba0eb1cf346678e3b8677897a0326; no voters: 
I20260630 12:26:35.149957 13753 raft_consensus.cc:2804] T 692d7df1f1384343acd26b0da3afd408 P 40a222690ada4254a18ad7c2867177a4 [term 1 FOLLOWER]: Leader election won for term 1
I20260630 12:26:35.151036 13753 raft_consensus.cc:697] T 692d7df1f1384343acd26b0da3afd408 P 40a222690ada4254a18ad7c2867177a4 [term 1 LEADER]: Becoming Leader. State: Replica: 40a222690ada4254a18ad7c2867177a4, State: Running, Role: LEADER
I20260630 12:26:35.151801 13753 consensus_queue.cc:237] T 692d7df1f1384343acd26b0da3afd408 P 40a222690ada4254a18ad7c2867177a4 [LEADER]: Queue going to LEADER mode. State: All replicated index: 0, Majority replicated index: 0, Committed index: 0, Last appended: 0.0, Last appended by leader: 0, Current term: 1, Majority size: 2, State: 0, Mode: LEADER, active raft config: opid_index: -1 OBSOLETE_local: false peers { permanent_uuid: "e9fba0eb1cf346678e3b8677897a0326" member_type: VOTER last_known_addr { host: "127.10.143.193" port: 33305 } } peers { permanent_uuid: "088392198b1d40569861aa4d6d132a30" member_type: VOTER last_known_addr { host: "127.10.143.194" port: 33785 } } peers { permanent_uuid: "40a222690ada4254a18ad7c2867177a4" member_type: VOTER last_known_addr { host: "127.10.143.195" port: 37931 } }
I20260630 12:26:35.158257 13451 catalog_manager.cc:5697] T 692d7df1f1384343acd26b0da3afd408 P 40a222690ada4254a18ad7c2867177a4 reported cstate change: term changed from 0 to 1, leader changed from <none> to 40a222690ada4254a18ad7c2867177a4 (127.10.143.195). New cstate: current_term: 1 leader_uuid: "40a222690ada4254a18ad7c2867177a4" committed_config { opid_index: -1 OBSOLETE_local: false peers { permanent_uuid: "e9fba0eb1cf346678e3b8677897a0326" member_type: VOTER last_known_addr { host: "127.10.143.193" port: 33305 } health_report { overall_health: UNKNOWN } } peers { permanent_uuid: "088392198b1d40569861aa4d6d132a30" member_type: VOTER last_known_addr { host: "127.10.143.194" port: 33785 } health_report { overall_health: UNKNOWN } } peers { permanent_uuid: "40a222690ada4254a18ad7c2867177a4" member_type: VOTER last_known_addr { host: "127.10.143.195" port: 37931 } health_report { overall_health: HEALTHY } } }
I20260630 12:26:35.231603 10815 tablet_server.cc:179] TabletServer@127.10.143.193:0 shutting down...
I20260630 12:26:35.252053 10815 ts_tablet_manager.cc:1507] Shutting down tablet manager...
I20260630 12:26:35.252986 10815 tablet_replica.cc:333] T 692d7df1f1384343acd26b0da3afd408 P e9fba0eb1cf346678e3b8677897a0326: stopping tablet replica
I20260630 12:26:35.253733 10815 raft_consensus.cc:2243] T 692d7df1f1384343acd26b0da3afd408 P e9fba0eb1cf346678e3b8677897a0326 [term 1 FOLLOWER]: Raft consensus shutting down.
I20260630 12:26:35.254215 10815 raft_consensus.cc:2272] T 692d7df1f1384343acd26b0da3afd408 P e9fba0eb1cf346678e3b8677897a0326 [term 1 FOLLOWER]: Raft consensus is shut down!
I20260630 12:26:35.256798 10815 tablet_replica.cc:333] T ff64365c5b1b4d45970b210d45758dc6 P e9fba0eb1cf346678e3b8677897a0326: stopping tablet replica
I20260630 12:26:35.257273 13504 auto_leader_rebalancer.cc:141] leader rebalance for table range_aware_auto_rebalancer_test
I20260630 12:26:35.257516 10815 raft_consensus.cc:2243] T ff64365c5b1b4d45970b210d45758dc6 P e9fba0eb1cf346678e3b8677897a0326 [term 1 LEADER]: Raft consensus shutting down.
I20260630 12:26:35.258287 10815 pending_rounds.cc:70] T ff64365c5b1b4d45970b210d45758dc6 P e9fba0eb1cf346678e3b8677897a0326: Trying to abort 1 pending ops.
I20260630 12:26:35.258594 10815 pending_rounds.cc:77] T ff64365c5b1b4d45970b210d45758dc6 P e9fba0eb1cf346678e3b8677897a0326: Aborting op as it isn't in flight: id { term: 1 index: 1 } timestamp: 7302440530201587712 op_type: NO_OP noop_request { }
I20260630 12:26:35.259058 10815 raft_consensus.cc:2889] T ff64365c5b1b4d45970b210d45758dc6 P e9fba0eb1cf346678e3b8677897a0326 [term 1 LEADER]: NO_OP replication failed: Aborted: Op aborted
I20260630 12:26:35.259421 10815 raft_consensus.cc:2272] T ff64365c5b1b4d45970b210d45758dc6 P e9fba0eb1cf346678e3b8677897a0326 [term 1 FOLLOWER]: Raft consensus is shut down!
I20260630 12:26:35.262306 10815 tablet_replica.cc:333] T a4744b94e16f4d02b07d5614d732f95a P e9fba0eb1cf346678e3b8677897a0326: stopping tablet replica
I20260630 12:26:35.262986 10815 raft_consensus.cc:2243] T a4744b94e16f4d02b07d5614d732f95a P e9fba0eb1cf346678e3b8677897a0326 [term 1 LEADER]: Raft consensus shutting down.
I20260630 12:26:35.263564 10815 pending_rounds.cc:70] T a4744b94e16f4d02b07d5614d732f95a P e9fba0eb1cf346678e3b8677897a0326: Trying to abort 1 pending ops.
I20260630 12:26:35.263764 10815 pending_rounds.cc:77] T a4744b94e16f4d02b07d5614d732f95a P e9fba0eb1cf346678e3b8677897a0326: Aborting op as it isn't in flight: id { term: 1 index: 1 } timestamp: 7302440530121437184 op_type: NO_OP noop_request { }
I20260630 12:26:35.264113 10815 raft_consensus.cc:2889] T a4744b94e16f4d02b07d5614d732f95a P e9fba0eb1cf346678e3b8677897a0326 [term 1 LEADER]: NO_OP replication failed: Aborted: Op aborted
I20260630 12:26:35.264427 10815 raft_consensus.cc:2272] T a4744b94e16f4d02b07d5614d732f95a P e9fba0eb1cf346678e3b8677897a0326 [term 1 FOLLOWER]: Raft consensus is shut down!
I20260630 12:26:35.266544 10815 tablet_replica.cc:333] T 3312e58d18094249b61d99beae3ecb05 P e9fba0eb1cf346678e3b8677897a0326: stopping tablet replica
I20260630 12:26:35.267017 10815 raft_consensus.cc:2243] T 3312e58d18094249b61d99beae3ecb05 P e9fba0eb1cf346678e3b8677897a0326 [term 1 LEADER]: Raft consensus shutting down.
I20260630 12:26:35.267542 10815 pending_rounds.cc:70] T 3312e58d18094249b61d99beae3ecb05 P e9fba0eb1cf346678e3b8677897a0326: Trying to abort 1 pending ops.
I20260630 12:26:35.267738 10815 pending_rounds.cc:77] T 3312e58d18094249b61d99beae3ecb05 P e9fba0eb1cf346678e3b8677897a0326: Aborting op as it isn't in flight: id { term: 1 index: 1 } timestamp: 7302440530159239168 op_type: NO_OP noop_request { }
I20260630 12:26:35.268051 10815 raft_consensus.cc:2889] T 3312e58d18094249b61d99beae3ecb05 P e9fba0eb1cf346678e3b8677897a0326 [term 1 LEADER]: NO_OP replication failed: Aborted: Op aborted
I20260630 12:26:35.268312 10815 raft_consensus.cc:2272] T 3312e58d18094249b61d99beae3ecb05 P e9fba0eb1cf346678e3b8677897a0326 [term 1 FOLLOWER]: Raft consensus is shut down!
W20260630 12:26:35.283418 13504 auto_leader_rebalancer.cc:524] the master instance isn't leader: Remote error: Service unavailable: service kudu.consensus.ConsensusService not registered on TabletServer
I20260630 12:26:35.298986 10815 tablet_server.cc:196] TabletServer@127.10.143.193:0 shutdown complete.
I20260630 12:26:35.311144 10815 tablet_server.cc:179] TabletServer@127.10.143.194:0 shutting down...
I20260630 12:26:35.331641 10815 ts_tablet_manager.cc:1507] Shutting down tablet manager...
I20260630 12:26:35.332698 10815 tablet_replica.cc:333] T 692d7df1f1384343acd26b0da3afd408 P 088392198b1d40569861aa4d6d132a30: stopping tablet replica
I20260630 12:26:35.333266 10815 raft_consensus.cc:2243] T 692d7df1f1384343acd26b0da3afd408 P 088392198b1d40569861aa4d6d132a30 [term 1 FOLLOWER]: Raft consensus shutting down.
I20260630 12:26:35.333683 10815 raft_consensus.cc:2272] T 692d7df1f1384343acd26b0da3afd408 P 088392198b1d40569861aa4d6d132a30 [term 1 FOLLOWER]: Raft consensus is shut down!
I20260630 12:26:35.335598 10815 tablet_replica.cc:333] T 3312e58d18094249b61d99beae3ecb05 P 088392198b1d40569861aa4d6d132a30: stopping tablet replica
I20260630 12:26:35.336176 10815 raft_consensus.cc:2243] T 3312e58d18094249b61d99beae3ecb05 P 088392198b1d40569861aa4d6d132a30 [term 1 FOLLOWER]: Raft consensus shutting down.
I20260630 12:26:35.336539 10815 raft_consensus.cc:2272] T 3312e58d18094249b61d99beae3ecb05 P 088392198b1d40569861aa4d6d132a30 [term 1 FOLLOWER]: Raft consensus is shut down!
I20260630 12:26:35.338271 10815 tablet_replica.cc:333] T ff64365c5b1b4d45970b210d45758dc6 P 088392198b1d40569861aa4d6d132a30: stopping tablet replica
I20260630 12:26:35.338757 10815 raft_consensus.cc:2243] T ff64365c5b1b4d45970b210d45758dc6 P 088392198b1d40569861aa4d6d132a30 [term 1 FOLLOWER]: Raft consensus shutting down.
I20260630 12:26:35.339107 10815 raft_consensus.cc:2272] T ff64365c5b1b4d45970b210d45758dc6 P 088392198b1d40569861aa4d6d132a30 [term 1 FOLLOWER]: Raft consensus is shut down!
I20260630 12:26:35.340777 10815 tablet_replica.cc:333] T a4744b94e16f4d02b07d5614d732f95a P 088392198b1d40569861aa4d6d132a30: stopping tablet replica
I20260630 12:26:35.341233 10815 raft_consensus.cc:2243] T a4744b94e16f4d02b07d5614d732f95a P 088392198b1d40569861aa4d6d132a30 [term 1 FOLLOWER]: Raft consensus shutting down.
I20260630 12:26:35.341575 10815 raft_consensus.cc:2272] T a4744b94e16f4d02b07d5614d732f95a P 088392198b1d40569861aa4d6d132a30 [term 1 FOLLOWER]: Raft consensus is shut down!
I20260630 12:26:35.363981 10815 tablet_server.cc:196] TabletServer@127.10.143.194:0 shutdown complete.
I20260630 12:26:35.376139 10815 tablet_server.cc:179] TabletServer@127.10.143.195:0 shutting down...
I20260630 12:26:35.395303 10815 ts_tablet_manager.cc:1507] Shutting down tablet manager...
I20260630 12:26:35.396219 10815 tablet_replica.cc:333] T 3312e58d18094249b61d99beae3ecb05 P 40a222690ada4254a18ad7c2867177a4: stopping tablet replica
I20260630 12:26:35.396849 10815 raft_consensus.cc:2243] T 3312e58d18094249b61d99beae3ecb05 P 40a222690ada4254a18ad7c2867177a4 [term 1 FOLLOWER]: Raft consensus shutting down.
I20260630 12:26:35.397197 10815 raft_consensus.cc:2272] T 3312e58d18094249b61d99beae3ecb05 P 40a222690ada4254a18ad7c2867177a4 [term 1 FOLLOWER]: Raft consensus is shut down!
I20260630 12:26:35.398970 10815 tablet_replica.cc:333] T 692d7df1f1384343acd26b0da3afd408 P 40a222690ada4254a18ad7c2867177a4: stopping tablet replica
I20260630 12:26:35.399420 10815 raft_consensus.cc:2243] T 692d7df1f1384343acd26b0da3afd408 P 40a222690ada4254a18ad7c2867177a4 [term 1 LEADER]: Raft consensus shutting down.
I20260630 12:26:35.399984 10815 pending_rounds.cc:70] T 692d7df1f1384343acd26b0da3afd408 P 40a222690ada4254a18ad7c2867177a4: Trying to abort 1 pending ops.
I20260630 12:26:35.400130 10815 pending_rounds.cc:77] T 692d7df1f1384343acd26b0da3afd408 P 40a222690ada4254a18ad7c2867177a4: Aborting op as it isn't in flight: id { term: 1 index: 1 } timestamp: 7302440530548273152 op_type: NO_OP noop_request { }
I20260630 12:26:35.400350 10815 raft_consensus.cc:2889] T 692d7df1f1384343acd26b0da3afd408 P 40a222690ada4254a18ad7c2867177a4 [term 1 LEADER]: NO_OP replication failed: Aborted: Op aborted
I20260630 12:26:35.400563 10815 raft_consensus.cc:2272] T 692d7df1f1384343acd26b0da3afd408 P 40a222690ada4254a18ad7c2867177a4 [term 1 FOLLOWER]: Raft consensus is shut down!
I20260630 12:26:35.402499 10815 tablet_replica.cc:333] T ff64365c5b1b4d45970b210d45758dc6 P 40a222690ada4254a18ad7c2867177a4: stopping tablet replica
I20260630 12:26:35.402918 10815 raft_consensus.cc:2243] T ff64365c5b1b4d45970b210d45758dc6 P 40a222690ada4254a18ad7c2867177a4 [term 1 FOLLOWER]: Raft consensus shutting down.
I20260630 12:26:35.403213 10815 raft_consensus.cc:2272] T ff64365c5b1b4d45970b210d45758dc6 P 40a222690ada4254a18ad7c2867177a4 [term 1 FOLLOWER]: Raft consensus is shut down!
I20260630 12:26:35.404739 10815 tablet_replica.cc:333] T a4744b94e16f4d02b07d5614d732f95a P 40a222690ada4254a18ad7c2867177a4: stopping tablet replica
I20260630 12:26:35.405160 10815 raft_consensus.cc:2243] T a4744b94e16f4d02b07d5614d732f95a P 40a222690ada4254a18ad7c2867177a4 [term 1 FOLLOWER]: Raft consensus shutting down.
I20260630 12:26:35.405468 10815 raft_consensus.cc:2272] T a4744b94e16f4d02b07d5614d732f95a P 40a222690ada4254a18ad7c2867177a4 [term 1 FOLLOWER]: Raft consensus is shut down!
I20260630 12:26:35.426743 10815 tablet_server.cc:196] TabletServer@127.10.143.195:0 shutdown complete.
I20260630 12:26:35.439133 10815 master.cc:562] Master@127.10.143.254:44689 shutting down...
I20260630 12:26:35.459569 10815 raft_consensus.cc:2243] T 00000000000000000000000000000000 P 3ce3055f391d4389a3e479e1fb745d57 [term 1 LEADER]: Raft consensus shutting down.
I20260630 12:26:35.460116 10815 raft_consensus.cc:2272] T 00000000000000000000000000000000 P 3ce3055f391d4389a3e479e1fb745d57 [term 1 FOLLOWER]: Raft consensus is shut down!
I20260630 12:26:35.460423 10815 tablet_replica.cc:333] T 00000000000000000000000000000000 P 3ce3055f391d4389a3e479e1fb745d57: stopping tablet replica
I20260630 12:26:35.469702 10815 master.cc:584] Master@127.10.143.254:44689 shutdown complete.
[       OK ] AutoRebalancerTest.RangeAwareBuildClusterInfoGroupsByRange (2379 ms)
[ RUN      ] AutoRebalancerTest.RangeAwareRebalancesNewRangeReplicas
I20260630 12:26:35.508666 10815 internal_mini_cluster.cc:156] Creating distributed mini masters. Addrs: 127.10.143.254:45819
I20260630 12:26:35.509771 10815 file_cache.cc:492] Constructed file cache file cache with capacity 419430
W20260630 12:26:35.515332 13782 instance_detector.cc:116] could not retrieve Azure instance metadata: Network error: curl error: HTTP response code said error: The requested URL returned error: 404
W20260630 12:26:35.515374 13781 instance_detector.cc:116] could not retrieve AWS instance metadata: Network error: curl error: HTTP response code said error: The requested URL returned error: 404
W20260630 12:26:35.517051 13784 instance_detector.cc:116] could not retrieve OpenStack instance metadata: Network error: curl error: HTTP response code said error: The requested URL returned error: 404
I20260630 12:26:35.518168 10815 server_base.cc:1061] running on GCE node
I20260630 12:26:35.519145 10815 hybrid_clock.cc:584] initializing the hybrid clock with 'system_unsync' time source
W20260630 12:26:35.519373 10815 system_unsync_time.cc:38] NTP support is disabled. Clock error bounds will not be accurate. This configuration is not suitable for distributed clusters.
I20260630 12:26:35.519569 10815 hybrid_clock.cc:648] HybridClock initialized: now 1782822395519537 us; error 0 us; skew 500 ppm
I20260630 12:26:35.520359 10815 server_base.cc:861] Flag tcmalloc_max_total_thread_cache_bytes is not working since tcmalloc is not enabled.
I20260630 12:26:35.522662 10815 webserver.cc:533] Webserver started at http://127.10.143.254:43655/ using document root <none> and password file <none>
I20260630 12:26:35.523159 10815 fs_manager.cc:362] Metadata directory not provided
I20260630 12:26:35.523365 10815 fs_manager.cc:368] Using write-ahead log directory (fs_wal_dir) as metadata directory
I20260630 12:26:35.523684 10815 server_base.cc:909] This appears to be a new deployment of Kudu; creating new FS layout
I20260630 12:26:35.524816 10815 fs_manager.cc:1068] Generated new instance metadata in path /tmp/dist-test-taskeWBkVc/test-tmp/auto_rebalancer-test.0.AutoRebalancerTest.RangeAwareRebalancesNewRangeReplicas.1782822304093604-10815-0/minicluster-data/master-0-root/instance:
uuid: "16201111d20c467cb0f8cfee9b3799ff"
format_stamp: "Formatted at 2026-06-30 12:26:35 on dist-test-slave-1s83"
I20260630 12:26:35.529150 10815 fs_manager.cc:696] Time spent creating directory manager: real 0.004s	user 0.005s	sys 0.000s
I20260630 12:26:35.532325 13789 log_block_manager.cc:4031] Time spent loading block containers with low live blocks: real 0.000s	user 0.000s	sys 0.000s
I20260630 12:26:35.533067 10815 fs_manager.cc:730] Time spent opening block manager: real 0.002s	user 0.002s	sys 0.001s
I20260630 12:26:35.533345 10815 fs_manager.cc:647] Opened local filesystem: /tmp/dist-test-taskeWBkVc/test-tmp/auto_rebalancer-test.0.AutoRebalancerTest.RangeAwareRebalancesNewRangeReplicas.1782822304093604-10815-0/minicluster-data/master-0-root
uuid: "16201111d20c467cb0f8cfee9b3799ff"
format_stamp: "Formatted at 2026-06-30 12:26:35 on dist-test-slave-1s83"
I20260630 12:26:35.533640 10815 fs_report.cc:389] FS layout report
--------------------
wal directory: /tmp/dist-test-taskeWBkVc/test-tmp/auto_rebalancer-test.0.AutoRebalancerTest.RangeAwareRebalancesNewRangeReplicas.1782822304093604-10815-0/minicluster-data/master-0-root
metadata directory: /tmp/dist-test-taskeWBkVc/test-tmp/auto_rebalancer-test.0.AutoRebalancerTest.RangeAwareRebalancesNewRangeReplicas.1782822304093604-10815-0/minicluster-data/master-0-root
1 data directories: /tmp/dist-test-taskeWBkVc/test-tmp/auto_rebalancer-test.0.AutoRebalancerTest.RangeAwareRebalancesNewRangeReplicas.1782822304093604-10815-0/minicluster-data/master-0-root/data
Total live blocks: 0
Total live bytes: 0
Total live bytes (after alignment): 0
Total number of LBM containers: 0 (0 full)
Did not check for missing blocks
Did not check for orphaned blocks
Total full LBM containers with extra space: 0 (0 repaired)
Total full LBM container extra space in bytes: 0 (0 repaired)
Total incomplete LBM containers: 0 (0 repaired)
Total LBM partial records: 0 (0 repaired)
Total corrupted LBM metadata records in RocksDB: 0 (0 repaired)
I20260630 12:26:35.558307 10815 rpc_server.cc:225] running with OpenSSL 1.1.1  11 Sep 2018
I20260630 12:26:35.559549 10815 kserver.cc:163] Server-wide thread pool size limit: 3276
I20260630 12:26:35.596825 10815 rpc_server.cc:307] RPC server started. Bound to: 127.10.143.254:45819
I20260630 12:26:35.596947 13840 acceptor_pool.cc:272] collecting diagnostics on the listening RPC socket 127.10.143.254:45819 every 8 connection(s)
I20260630 12:26:35.600735 13841 data_dirs.cc:400] Could only allocate 1 dirs of requested 3 for tablet 00000000000000000000000000000000. 1 dirs total, 0 dirs full, 0 dirs failed
I20260630 12:26:35.610525 13841 tablet_bootstrap.cc:492] T 00000000000000000000000000000000 P 16201111d20c467cb0f8cfee9b3799ff: Bootstrap starting.
I20260630 12:26:35.614866 13841 tablet_bootstrap.cc:654] T 00000000000000000000000000000000 P 16201111d20c467cb0f8cfee9b3799ff: Neither blocks nor log segments found. Creating new log.
I20260630 12:26:35.619017 13841 tablet_bootstrap.cc:492] T 00000000000000000000000000000000 P 16201111d20c467cb0f8cfee9b3799ff: No bootstrap required, opened a new log
I20260630 12:26:35.621066 13841 raft_consensus.cc:359] T 00000000000000000000000000000000 P 16201111d20c467cb0f8cfee9b3799ff [term 0 FOLLOWER]: Replica starting. Triggering 0 pending ops. Active config: opid_index: -1 OBSOLETE_local: true peers { permanent_uuid: "16201111d20c467cb0f8cfee9b3799ff" member_type: VOTER }
I20260630 12:26:35.621471 13841 raft_consensus.cc:385] T 00000000000000000000000000000000 P 16201111d20c467cb0f8cfee9b3799ff [term 0 FOLLOWER]: Consensus starting up: Expiring failure detector timer to make a prompt election more likely
I20260630 12:26:35.621708 13841 raft_consensus.cc:740] T 00000000000000000000000000000000 P 16201111d20c467cb0f8cfee9b3799ff [term 0 FOLLOWER]: Becoming Follower/Learner. State: Replica: 16201111d20c467cb0f8cfee9b3799ff, State: Initialized, Role: FOLLOWER
I20260630 12:26:35.622309 13841 consensus_queue.cc:260] T 00000000000000000000000000000000 P 16201111d20c467cb0f8cfee9b3799ff [NON_LEADER]: Queue going to NON_LEADER mode. State: All replicated index: 0, Majority replicated index: 0, Committed index: 0, Last appended: 0.0, Last appended by leader: 0, Current term: 0, Majority size: -1, State: 0, Mode: NON_LEADER, active raft config: opid_index: -1 OBSOLETE_local: true peers { permanent_uuid: "16201111d20c467cb0f8cfee9b3799ff" member_type: VOTER }
I20260630 12:26:35.622728 13841 raft_consensus.cc:399] T 00000000000000000000000000000000 P 16201111d20c467cb0f8cfee9b3799ff [term 0 FOLLOWER]: Only one voter in the Raft config. Triggering election immediately
I20260630 12:26:35.622946 13841 raft_consensus.cc:493] T 00000000000000000000000000000000 P 16201111d20c467cb0f8cfee9b3799ff [term 0 FOLLOWER]: Starting leader election (initial election of a single-replica configuration)
I20260630 12:26:35.623221 13841 raft_consensus.cc:3060] T 00000000000000000000000000000000 P 16201111d20c467cb0f8cfee9b3799ff [term 0 FOLLOWER]: Advancing to term 1
I20260630 12:26:35.627540 13841 raft_consensus.cc:515] T 00000000000000000000000000000000 P 16201111d20c467cb0f8cfee9b3799ff [term 1 FOLLOWER]: Starting leader election with config: opid_index: -1 OBSOLETE_local: true peers { permanent_uuid: "16201111d20c467cb0f8cfee9b3799ff" member_type: VOTER }
I20260630 12:26:35.628046 13841 leader_election.cc:304] T 00000000000000000000000000000000 P 16201111d20c467cb0f8cfee9b3799ff [CANDIDATE]: Term 1 election: Election decided. Result: candidate won. Election summary: received 1 responses out of 1 voters: 1 yes votes; 0 no votes. yes voters: 16201111d20c467cb0f8cfee9b3799ff; no voters: 
I20260630 12:26:35.629050 13841 leader_election.cc:290] T 00000000000000000000000000000000 P 16201111d20c467cb0f8cfee9b3799ff [CANDIDATE]: Term 1 election: Requested vote from peers 
I20260630 12:26:35.629446 13844 raft_consensus.cc:2804] T 00000000000000000000000000000000 P 16201111d20c467cb0f8cfee9b3799ff [term 1 FOLLOWER]: Leader election won for term 1
I20260630 12:26:35.630700 13844 raft_consensus.cc:697] T 00000000000000000000000000000000 P 16201111d20c467cb0f8cfee9b3799ff [term 1 LEADER]: Becoming Leader. State: Replica: 16201111d20c467cb0f8cfee9b3799ff, State: Running, Role: LEADER
I20260630 12:26:35.631327 13844 consensus_queue.cc:237] T 00000000000000000000000000000000 P 16201111d20c467cb0f8cfee9b3799ff [LEADER]: Queue going to LEADER mode. State: All replicated index: 0, Majority replicated index: 0, Committed index: 0, Last appended: 0.0, Last appended by leader: 0, Current term: 1, Majority size: 1, State: 0, Mode: LEADER, active raft config: opid_index: -1 OBSOLETE_local: true peers { permanent_uuid: "16201111d20c467cb0f8cfee9b3799ff" member_type: VOTER }
I20260630 12:26:35.631989 13841 sys_catalog.cc:565] T 00000000000000000000000000000000 P 16201111d20c467cb0f8cfee9b3799ff [sys.catalog]: configured and running, proceeding with master startup.
I20260630 12:26:35.636312 13845 sys_catalog.cc:455] T 00000000000000000000000000000000 P 16201111d20c467cb0f8cfee9b3799ff [sys.catalog]: SysCatalogTable state changed. Reason: RaftConsensus started. Latest consensus state: current_term: 1 leader_uuid: "16201111d20c467cb0f8cfee9b3799ff" committed_config { opid_index: -1 OBSOLETE_local: true peers { permanent_uuid: "16201111d20c467cb0f8cfee9b3799ff" member_type: VOTER } }
I20260630 12:26:35.636495 13846 sys_catalog.cc:455] T 00000000000000000000000000000000 P 16201111d20c467cb0f8cfee9b3799ff [sys.catalog]: SysCatalogTable state changed. Reason: New leader 16201111d20c467cb0f8cfee9b3799ff. Latest consensus state: current_term: 1 leader_uuid: "16201111d20c467cb0f8cfee9b3799ff" committed_config { opid_index: -1 OBSOLETE_local: true peers { permanent_uuid: "16201111d20c467cb0f8cfee9b3799ff" member_type: VOTER } }
I20260630 12:26:35.637142 13845 sys_catalog.cc:458] T 00000000000000000000000000000000 P 16201111d20c467cb0f8cfee9b3799ff [sys.catalog]: This master's current role is: LEADER
I20260630 12:26:35.637300 13846 sys_catalog.cc:458] T 00000000000000000000000000000000 P 16201111d20c467cb0f8cfee9b3799ff [sys.catalog]: This master's current role is: LEADER
I20260630 12:26:35.640143 13851 catalog_manager.cc:1511] Loading table and tablet metadata into memory...
I20260630 12:26:35.645484 13851 catalog_manager.cc:1520] Initializing Kudu cluster ID...
I20260630 12:26:35.648432 10815 internal_mini_cluster.cc:184] Waiting to initialize catalog manager on master 0
I20260630 12:26:35.653604 13851 catalog_manager.cc:1383] Generated new cluster ID: 536646c1904041c287e80fb5b9f720e3
I20260630 12:26:35.653856 13851 catalog_manager.cc:1531] Initializing Kudu internal certificate authority...
I20260630 12:26:35.671969 13851 catalog_manager.cc:1406] Generated new certificate authority record
I20260630 12:26:35.673192 13851 catalog_manager.cc:1540] Loading token signing keys...
I20260630 12:26:35.690168 13851 catalog_manager.cc:6070] T 00000000000000000000000000000000 P 16201111d20c467cb0f8cfee9b3799ff: Generated new TSK 0
I20260630 12:26:35.690740 13851 catalog_manager.cc:1550] Initializing in-progress tserver states...
I20260630 12:26:35.715133 10815 file_cache.cc:492] Constructed file cache file cache with capacity 419430
W20260630 12:26:35.720929 13862 instance_detector.cc:116] could not retrieve AWS instance metadata: Network error: curl error: HTTP response code said error: The requested URL returned error: 404
W20260630 12:26:35.722044 13863 instance_detector.cc:116] could not retrieve Azure instance metadata: Network error: curl error: HTTP response code said error: The requested URL returned error: 404
I20260630 12:26:35.723606 10815 server_base.cc:1061] running on GCE node
W20260630 12:26:35.723573 13865 instance_detector.cc:116] could not retrieve OpenStack instance metadata: Network error: curl error: HTTP response code said error: The requested URL returned error: 404
I20260630 12:26:35.724758 10815 hybrid_clock.cc:584] initializing the hybrid clock with 'system_unsync' time source
W20260630 12:26:35.725020 10815 system_unsync_time.cc:38] NTP support is disabled. Clock error bounds will not be accurate. This configuration is not suitable for distributed clusters.
I20260630 12:26:35.725157 10815 hybrid_clock.cc:648] HybridClock initialized: now 1782822395725145 us; error 0 us; skew 500 ppm
I20260630 12:26:35.725590 10815 server_base.cc:861] Flag tcmalloc_max_total_thread_cache_bytes is not working since tcmalloc is not enabled.
I20260630 12:26:35.727734 10815 webserver.cc:533] Webserver started at http://127.10.143.193:37009/ using document root <none> and password file <none>
I20260630 12:26:35.728225 10815 fs_manager.cc:362] Metadata directory not provided
I20260630 12:26:35.728379 10815 fs_manager.cc:368] Using write-ahead log directory (fs_wal_dir) as metadata directory
I20260630 12:26:35.728576 10815 server_base.cc:909] This appears to be a new deployment of Kudu; creating new FS layout
I20260630 12:26:35.729601 10815 fs_manager.cc:1068] Generated new instance metadata in path /tmp/dist-test-taskeWBkVc/test-tmp/auto_rebalancer-test.0.AutoRebalancerTest.RangeAwareRebalancesNewRangeReplicas.1782822304093604-10815-0/minicluster-data/ts-0-root/instance:
uuid: "c7808dd91abc4d40aa246cb37e05c8d7"
format_stamp: "Formatted at 2026-06-30 12:26:35 on dist-test-slave-1s83"
I20260630 12:26:35.733884 10815 fs_manager.cc:696] Time spent creating directory manager: real 0.004s	user 0.005s	sys 0.000s
I20260630 12:26:35.737186 13870 log_block_manager.cc:4031] Time spent loading block containers with low live blocks: real 0.000s	user 0.000s	sys 0.000s
I20260630 12:26:35.737988 10815 fs_manager.cc:730] Time spent opening block manager: real 0.002s	user 0.001s	sys 0.000s
I20260630 12:26:35.738265 10815 fs_manager.cc:647] Opened local filesystem: /tmp/dist-test-taskeWBkVc/test-tmp/auto_rebalancer-test.0.AutoRebalancerTest.RangeAwareRebalancesNewRangeReplicas.1782822304093604-10815-0/minicluster-data/ts-0-root
uuid: "c7808dd91abc4d40aa246cb37e05c8d7"
format_stamp: "Formatted at 2026-06-30 12:26:35 on dist-test-slave-1s83"
I20260630 12:26:35.738533 10815 fs_report.cc:389] FS layout report
--------------------
wal directory: /tmp/dist-test-taskeWBkVc/test-tmp/auto_rebalancer-test.0.AutoRebalancerTest.RangeAwareRebalancesNewRangeReplicas.1782822304093604-10815-0/minicluster-data/ts-0-root
metadata directory: /tmp/dist-test-taskeWBkVc/test-tmp/auto_rebalancer-test.0.AutoRebalancerTest.RangeAwareRebalancesNewRangeReplicas.1782822304093604-10815-0/minicluster-data/ts-0-root
1 data directories: /tmp/dist-test-taskeWBkVc/test-tmp/auto_rebalancer-test.0.AutoRebalancerTest.RangeAwareRebalancesNewRangeReplicas.1782822304093604-10815-0/minicluster-data/ts-0-root/data
Total live blocks: 0
Total live bytes: 0
Total live bytes (after alignment): 0
Total number of LBM containers: 0 (0 full)
Did not check for missing blocks
Did not check for orphaned blocks
Total full LBM containers with extra space: 0 (0 repaired)
Total full LBM container extra space in bytes: 0 (0 repaired)
Total incomplete LBM containers: 0 (0 repaired)
Total LBM partial records: 0 (0 repaired)
Total corrupted LBM metadata records in RocksDB: 0 (0 repaired)
I20260630 12:26:35.784624 10815 rpc_server.cc:225] running with OpenSSL 1.1.1  11 Sep 2018
I20260630 12:26:35.785781 10815 kserver.cc:163] Server-wide thread pool size limit: 3276
I20260630 12:26:35.787181 10815 txn_system_client.cc:432] TxnSystemClient initialization is disabled...
I20260630 12:26:35.789419 10815 ts_tablet_manager.cc:585] Loaded tablet metadata (0 total tablets, 0 live tablets)
I20260630 12:26:35.789640 10815 ts_tablet_manager.cc:531] Time spent load tablet metadata: real 0.000s	user 0.000s	sys 0.000s
I20260630 12:26:35.789881 10815 ts_tablet_manager.cc:616] Registered 0 tablets
I20260630 12:26:35.790068 10815 ts_tablet_manager.cc:595] Time spent register tablets: real 0.000s	user 0.000s	sys 0.000s
I20260630 12:26:35.828792 10815 rpc_server.cc:307] RPC server started. Bound to: 127.10.143.193:44187
I20260630 12:26:35.828910 13932 acceptor_pool.cc:272] collecting diagnostics on the listening RPC socket 127.10.143.193:44187 every 8 connection(s)
I20260630 12:26:35.833587 10815 file_cache.cc:492] Constructed file cache file cache with capacity 419430
W20260630 12:26:35.842542 13938 instance_detector.cc:116] could not retrieve Azure instance metadata: Network error: curl error: HTTP response code said error: The requested URL returned error: 404
W20260630 12:26:35.844201 13937 instance_detector.cc:116] could not retrieve AWS instance metadata: Network error: curl error: HTTP response code said error: The requested URL returned error: 404
I20260630 12:26:35.845783 10815 server_base.cc:1061] running on GCE node
W20260630 12:26:35.845976 13940 instance_detector.cc:116] could not retrieve OpenStack instance metadata: Network error: curl error: HTTP response code said error: The requested URL returned error: 404
I20260630 12:26:35.847028 10815 hybrid_clock.cc:584] initializing the hybrid clock with 'system_unsync' time source
W20260630 12:26:35.847308 10815 system_unsync_time.cc:38] NTP support is disabled. Clock error bounds will not be accurate. This configuration is not suitable for distributed clusters.
I20260630 12:26:35.847517 10815 hybrid_clock.cc:648] HybridClock initialized: now 1782822395847497 us; error 0 us; skew 500 ppm
I20260630 12:26:35.848174 10815 server_base.cc:861] Flag tcmalloc_max_total_thread_cache_bytes is not working since tcmalloc is not enabled.
I20260630 12:26:35.848791 13933 heartbeater.cc:344] Connected to a master server at 127.10.143.254:45819
I20260630 12:26:35.849195 13933 heartbeater.cc:461] Registering TS with master...
I20260630 12:26:35.849922 13933 heartbeater.cc:507] Master 127.10.143.254:45819 requested a full tablet report, sending...
I20260630 12:26:35.851161 10815 webserver.cc:533] Webserver started at http://127.10.143.194:37043/ using document root <none> and password file <none>
I20260630 12:26:35.851810 10815 fs_manager.cc:362] Metadata directory not provided
I20260630 12:26:35.852087 10815 fs_manager.cc:368] Using write-ahead log directory (fs_wal_dir) as metadata directory
I20260630 12:26:35.852108 13806 ts_manager.cc:194] Registered new tserver with Master: c7808dd91abc4d40aa246cb37e05c8d7 (127.10.143.193:44187)
I20260630 12:26:35.852602 10815 server_base.cc:909] This appears to be a new deployment of Kudu; creating new FS layout
I20260630 12:26:35.854040 10815 fs_manager.cc:1068] Generated new instance metadata in path /tmp/dist-test-taskeWBkVc/test-tmp/auto_rebalancer-test.0.AutoRebalancerTest.RangeAwareRebalancesNewRangeReplicas.1782822304093604-10815-0/minicluster-data/ts-1-root/instance:
uuid: "142fb80df13f40c380263809174bf434"
format_stamp: "Formatted at 2026-06-30 12:26:35 on dist-test-slave-1s83"
I20260630 12:26:35.854707 13806 master_service.cc:502] Signed X509 certificate for tserver {username='slave'} at 127.0.0.1:39710
I20260630 12:26:35.858863 10815 fs_manager.cc:696] Time spent creating directory manager: real 0.004s	user 0.002s	sys 0.004s
I20260630 12:26:35.862088 13945 log_block_manager.cc:4031] Time spent loading block containers with low live blocks: real 0.000s	user 0.000s	sys 0.000s
I20260630 12:26:35.862812 10815 fs_manager.cc:730] Time spent opening block manager: real 0.002s	user 0.002s	sys 0.000s
I20260630 12:26:35.863103 10815 fs_manager.cc:647] Opened local filesystem: /tmp/dist-test-taskeWBkVc/test-tmp/auto_rebalancer-test.0.AutoRebalancerTest.RangeAwareRebalancesNewRangeReplicas.1782822304093604-10815-0/minicluster-data/ts-1-root
uuid: "142fb80df13f40c380263809174bf434"
format_stamp: "Formatted at 2026-06-30 12:26:35 on dist-test-slave-1s83"
I20260630 12:26:35.863373 10815 fs_report.cc:389] FS layout report
--------------------
wal directory: /tmp/dist-test-taskeWBkVc/test-tmp/auto_rebalancer-test.0.AutoRebalancerTest.RangeAwareRebalancesNewRangeReplicas.1782822304093604-10815-0/minicluster-data/ts-1-root
metadata directory: /tmp/dist-test-taskeWBkVc/test-tmp/auto_rebalancer-test.0.AutoRebalancerTest.RangeAwareRebalancesNewRangeReplicas.1782822304093604-10815-0/minicluster-data/ts-1-root
1 data directories: /tmp/dist-test-taskeWBkVc/test-tmp/auto_rebalancer-test.0.AutoRebalancerTest.RangeAwareRebalancesNewRangeReplicas.1782822304093604-10815-0/minicluster-data/ts-1-root/data
Total live blocks: 0
Total live bytes: 0
Total live bytes (after alignment): 0
Total number of LBM containers: 0 (0 full)
Did not check for missing blocks
Did not check for orphaned blocks
Total full LBM containers with extra space: 0 (0 repaired)
Total full LBM container extra space in bytes: 0 (0 repaired)
Total incomplete LBM containers: 0 (0 repaired)
Total LBM partial records: 0 (0 repaired)
Total corrupted LBM metadata records in RocksDB: 0 (0 repaired)
I20260630 12:26:35.888218 10815 rpc_server.cc:225] running with OpenSSL 1.1.1  11 Sep 2018
I20260630 12:26:35.889282 10815 kserver.cc:163] Server-wide thread pool size limit: 3276
I20260630 12:26:35.890693 10815 txn_system_client.cc:432] TxnSystemClient initialization is disabled...
I20260630 12:26:35.892958 10815 ts_tablet_manager.cc:585] Loaded tablet metadata (0 total tablets, 0 live tablets)
I20260630 12:26:35.893186 10815 ts_tablet_manager.cc:531] Time spent load tablet metadata: real 0.000s	user 0.000s	sys 0.000s
I20260630 12:26:35.893505 10815 ts_tablet_manager.cc:616] Registered 0 tablets
I20260630 12:26:35.893726 10815 ts_tablet_manager.cc:595] Time spent register tablets: real 0.000s	user 0.000s	sys 0.000s
I20260630 12:26:35.930371 10815 rpc_server.cc:307] RPC server started. Bound to: 127.10.143.194:39067
I20260630 12:26:35.930481 14007 acceptor_pool.cc:272] collecting diagnostics on the listening RPC socket 127.10.143.194:39067 every 8 connection(s)
I20260630 12:26:35.935240 10815 file_cache.cc:492] Constructed file cache file cache with capacity 419430
W20260630 12:26:35.941881 14011 instance_detector.cc:116] could not retrieve AWS instance metadata: Network error: curl error: HTTP response code said error: The requested URL returned error: 404
W20260630 12:26:35.943040 14012 instance_detector.cc:116] could not retrieve Azure instance metadata: Network error: curl error: HTTP response code said error: The requested URL returned error: 404
W20260630 12:26:35.946659 14014 instance_detector.cc:116] could not retrieve OpenStack instance metadata: Network error: curl error: HTTP response code said error: The requested URL returned error: 404
I20260630 12:26:35.946816 10815 server_base.cc:1061] running on GCE node
I20260630 12:26:35.947961 10815 hybrid_clock.cc:584] initializing the hybrid clock with 'system_unsync' time source
W20260630 12:26:35.948233 10815 system_unsync_time.cc:38] NTP support is disabled. Clock error bounds will not be accurate. This configuration is not suitable for distributed clusters.
I20260630 12:26:35.948437 14008 heartbeater.cc:344] Connected to a master server at 127.10.143.254:45819
I20260630 12:26:35.948485 10815 hybrid_clock.cc:648] HybridClock initialized: now 1782822395948468 us; error 0 us; skew 500 ppm
I20260630 12:26:35.948935 14008 heartbeater.cc:461] Registering TS with master...
I20260630 12:26:35.949272 10815 server_base.cc:861] Flag tcmalloc_max_total_thread_cache_bytes is not working since tcmalloc is not enabled.
I20260630 12:26:35.949723 14008 heartbeater.cc:507] Master 127.10.143.254:45819 requested a full tablet report, sending...
I20260630 12:26:35.952018 13806 ts_manager.cc:194] Registered new tserver with Master: 142fb80df13f40c380263809174bf434 (127.10.143.194:39067)
I20260630 12:26:35.952134 10815 webserver.cc:533] Webserver started at http://127.10.143.195:44941/ using document root <none> and password file <none>
I20260630 12:26:35.952759 10815 fs_manager.cc:362] Metadata directory not provided
I20260630 12:26:35.953037 10815 fs_manager.cc:368] Using write-ahead log directory (fs_wal_dir) as metadata directory
I20260630 12:26:35.953367 10815 server_base.cc:909] This appears to be a new deployment of Kudu; creating new FS layout
I20260630 12:26:35.953905 13806 master_service.cc:502] Signed X509 certificate for tserver {username='slave'} at 127.0.0.1:39718
I20260630 12:26:35.954926 10815 fs_manager.cc:1068] Generated new instance metadata in path /tmp/dist-test-taskeWBkVc/test-tmp/auto_rebalancer-test.0.AutoRebalancerTest.RangeAwareRebalancesNewRangeReplicas.1782822304093604-10815-0/minicluster-data/ts-2-root/instance:
uuid: "e2bb05ec88ba40c5b4d549f98e4f4fd5"
format_stamp: "Formatted at 2026-06-30 12:26:35 on dist-test-slave-1s83"
I20260630 12:26:35.959388 10815 fs_manager.cc:696] Time spent creating directory manager: real 0.004s	user 0.007s	sys 0.000s
I20260630 12:26:35.962797 14019 log_block_manager.cc:4031] Time spent loading block containers with low live blocks: real 0.000s	user 0.000s	sys 0.000s
I20260630 12:26:35.963744 10815 fs_manager.cc:730] Time spent opening block manager: real 0.002s	user 0.000s	sys 0.003s
I20260630 12:26:35.964043 10815 fs_manager.cc:647] Opened local filesystem: /tmp/dist-test-taskeWBkVc/test-tmp/auto_rebalancer-test.0.AutoRebalancerTest.RangeAwareRebalancesNewRangeReplicas.1782822304093604-10815-0/minicluster-data/ts-2-root
uuid: "e2bb05ec88ba40c5b4d549f98e4f4fd5"
format_stamp: "Formatted at 2026-06-30 12:26:35 on dist-test-slave-1s83"
I20260630 12:26:35.964282 10815 fs_report.cc:389] FS layout report
--------------------
wal directory: /tmp/dist-test-taskeWBkVc/test-tmp/auto_rebalancer-test.0.AutoRebalancerTest.RangeAwareRebalancesNewRangeReplicas.1782822304093604-10815-0/minicluster-data/ts-2-root
metadata directory: /tmp/dist-test-taskeWBkVc/test-tmp/auto_rebalancer-test.0.AutoRebalancerTest.RangeAwareRebalancesNewRangeReplicas.1782822304093604-10815-0/minicluster-data/ts-2-root
1 data directories: /tmp/dist-test-taskeWBkVc/test-tmp/auto_rebalancer-test.0.AutoRebalancerTest.RangeAwareRebalancesNewRangeReplicas.1782822304093604-10815-0/minicluster-data/ts-2-root/data
Total live blocks: 0
Total live bytes: 0
Total live bytes (after alignment): 0
Total number of LBM containers: 0 (0 full)
Did not check for missing blocks
Did not check for orphaned blocks
Total full LBM containers with extra space: 0 (0 repaired)
Total full LBM container extra space in bytes: 0 (0 repaired)
Total incomplete LBM containers: 0 (0 repaired)
Total LBM partial records: 0 (0 repaired)
Total corrupted LBM metadata records in RocksDB: 0 (0 repaired)
I20260630 12:26:35.995177 10815 rpc_server.cc:225] running with OpenSSL 1.1.1  11 Sep 2018
