I20260630 12:12:26.350123  3257 tablet_bootstrap.cc:492] T 0f68a05c711e43b4bfee8ed709543404 P 68ad6a2036ef4c94be4fe96909c6f6d2: No bootstrap required, opened a new log
I20260630 12:12:26.350750  3257 ts_tablet_manager.cc:1403] T 0f68a05c711e43b4bfee8ed709543404 P 68ad6a2036ef4c94be4fe96909c6f6d2: Time spent bootstrapping tablet: real 0.023s	user 0.014s	sys 0.008s
I20260630 12:12:26.351107  3256 tablet_bootstrap.cc:492] T 0f68a05c711e43b4bfee8ed709543404 P 2aeb20d456114539b34f91d6a4a523b0: No bootstrap required, opened a new log
I20260630 12:12:26.351670  3256 ts_tablet_manager.cc:1403] T 0f68a05c711e43b4bfee8ed709543404 P 2aeb20d456114539b34f91d6a4a523b0: Time spent bootstrapping tablet: real 0.024s	user 0.014s	sys 0.009s
I20260630 12:12:26.353720  3257 raft_consensus.cc:359] T 0f68a05c711e43b4bfee8ed709543404 P 68ad6a2036ef4c94be4fe96909c6f6d2 [term 0 FOLLOWER]: Replica starting. Triggering 0 pending ops. Active config: opid_index: -1 OBSOLETE_local: false peers { permanent_uuid: "2aeb20d456114539b34f91d6a4a523b0" member_type: VOTER last_known_addr { host: "127.0.107.193" port: 42027 } } peers { permanent_uuid: "a6272b291d6d4f3ba041f2dfe222ae6d" member_type: VOTER last_known_addr { host: "127.0.107.194" port: 37001 } } peers { permanent_uuid: "68ad6a2036ef4c94be4fe96909c6f6d2" member_type: VOTER last_known_addr { host: "127.0.107.195" port: 34881 } }
I20260630 12:12:26.354606  3257 raft_consensus.cc:385] T 0f68a05c711e43b4bfee8ed709543404 P 68ad6a2036ef4c94be4fe96909c6f6d2 [term 0 FOLLOWER]: Consensus starting up: Expiring failure detector timer to make a prompt election more likely
I20260630 12:12:26.354434  3256 raft_consensus.cc:359] T 0f68a05c711e43b4bfee8ed709543404 P 2aeb20d456114539b34f91d6a4a523b0 [term 0 FOLLOWER]: Replica starting. Triggering 0 pending ops. Active config: opid_index: -1 OBSOLETE_local: false peers { permanent_uuid: "2aeb20d456114539b34f91d6a4a523b0" member_type: VOTER last_known_addr { host: "127.0.107.193" port: 42027 } } peers { permanent_uuid: "a6272b291d6d4f3ba041f2dfe222ae6d" member_type: VOTER last_known_addr { host: "127.0.107.194" port: 37001 } } peers { permanent_uuid: "68ad6a2036ef4c94be4fe96909c6f6d2" member_type: VOTER last_known_addr { host: "127.0.107.195" port: 34881 } }
I20260630 12:12:26.354975  3257 raft_consensus.cc:740] T 0f68a05c711e43b4bfee8ed709543404 P 68ad6a2036ef4c94be4fe96909c6f6d2 [term 0 FOLLOWER]: Becoming Follower/Learner. State: Replica: 68ad6a2036ef4c94be4fe96909c6f6d2, State: Initialized, Role: FOLLOWER
I20260630 12:12:26.355283  3256 raft_consensus.cc:385] T 0f68a05c711e43b4bfee8ed709543404 P 2aeb20d456114539b34f91d6a4a523b0 [term 0 FOLLOWER]: Consensus starting up: Expiring failure detector timer to make a prompt election more likely
I20260630 12:12:26.355644  3256 raft_consensus.cc:740] T 0f68a05c711e43b4bfee8ed709543404 P 2aeb20d456114539b34f91d6a4a523b0 [term 0 FOLLOWER]: Becoming Follower/Learner. State: Replica: 2aeb20d456114539b34f91d6a4a523b0, State: Initialized, Role: FOLLOWER
I20260630 12:12:26.356024  3255 tablet_bootstrap.cc:492] T 995c64b107d44dabbd9f2450d77726b1 P a6272b291d6d4f3ba041f2dfe222ae6d: No bootstrap required, opened a new log
I20260630 12:12:26.355897  3257 consensus_queue.cc:260] T 0f68a05c711e43b4bfee8ed709543404 P 68ad6a2036ef4c94be4fe96909c6f6d2 [NON_LEADER]: Queue going to NON_LEADER mode. State: All replicated index: 0, Majority replicated index: 0, Committed index: 0, Last appended: 0.0, Last appended by leader: 0, Current term: 0, Majority size: -1, State: 0, Mode: NON_LEADER, active raft config: opid_index: -1 OBSOLETE_local: false peers { permanent_uuid: "2aeb20d456114539b34f91d6a4a523b0" member_type: VOTER last_known_addr { host: "127.0.107.193" port: 42027 } } peers { permanent_uuid: "a6272b291d6d4f3ba041f2dfe222ae6d" member_type: VOTER last_known_addr { host: "127.0.107.194" port: 37001 } } peers { permanent_uuid: "68ad6a2036ef4c94be4fe96909c6f6d2" member_type: VOTER last_known_addr { host: "127.0.107.195" port: 34881 } }
I20260630 12:12:26.356694  3255 ts_tablet_manager.cc:1403] T 995c64b107d44dabbd9f2450d77726b1 P a6272b291d6d4f3ba041f2dfe222ae6d: Time spent bootstrapping tablet: real 0.022s	user 0.011s	sys 0.003s
I20260630 12:12:26.356480  3256 consensus_queue.cc:260] T 0f68a05c711e43b4bfee8ed709543404 P 2aeb20d456114539b34f91d6a4a523b0 [NON_LEADER]: Queue going to NON_LEADER mode. State: All replicated index: 0, Majority replicated index: 0, Committed index: 0, Last appended: 0.0, Last appended by leader: 0, Current term: 0, Majority size: -1, State: 0, Mode: NON_LEADER, active raft config: opid_index: -1 OBSOLETE_local: false peers { permanent_uuid: "2aeb20d456114539b34f91d6a4a523b0" member_type: VOTER last_known_addr { host: "127.0.107.193" port: 42027 } } peers { permanent_uuid: "a6272b291d6d4f3ba041f2dfe222ae6d" member_type: VOTER last_known_addr { host: "127.0.107.194" port: 37001 } } peers { permanent_uuid: "68ad6a2036ef4c94be4fe96909c6f6d2" member_type: VOTER last_known_addr { host: "127.0.107.195" port: 34881 } }
I20260630 12:12:26.358780  3256 ts_tablet_manager.cc:1434] T 0f68a05c711e43b4bfee8ed709543404 P 2aeb20d456114539b34f91d6a4a523b0: Time spent starting tablet: real 0.007s	user 0.005s	sys 0.000s
I20260630 12:12:26.359849  3256 tablet_bootstrap.cc:492] T 4fe73d45a7484368bd0208a5e7962624 P 2aeb20d456114539b34f91d6a4a523b0: Bootstrap starting.
I20260630 12:12:26.360247  3257 ts_tablet_manager.cc:1434] T 0f68a05c711e43b4bfee8ed709543404 P 68ad6a2036ef4c94be4fe96909c6f6d2: Time spent starting tablet: real 0.009s	user 0.002s	sys 0.004s
I20260630 12:12:26.360095  3255 raft_consensus.cc:359] T 995c64b107d44dabbd9f2450d77726b1 P a6272b291d6d4f3ba041f2dfe222ae6d [term 0 FOLLOWER]: Replica starting. Triggering 0 pending ops. Active config: opid_index: -1 OBSOLETE_local: false peers { permanent_uuid: "2aeb20d456114539b34f91d6a4a523b0" member_type: VOTER last_known_addr { host: "127.0.107.193" port: 42027 } } peers { permanent_uuid: "a6272b291d6d4f3ba041f2dfe222ae6d" member_type: VOTER last_known_addr { host: "127.0.107.194" port: 37001 } } peers { permanent_uuid: "68ad6a2036ef4c94be4fe96909c6f6d2" member_type: VOTER last_known_addr { host: "127.0.107.195" port: 34881 } }
I20260630 12:12:26.361047  3255 raft_consensus.cc:385] T 995c64b107d44dabbd9f2450d77726b1 P a6272b291d6d4f3ba041f2dfe222ae6d [term 0 FOLLOWER]: Consensus starting up: Expiring failure detector timer to make a prompt election more likely
I20260630 12:12:26.361405  3257 tablet_bootstrap.cc:492] T 995c64b107d44dabbd9f2450d77726b1 P 68ad6a2036ef4c94be4fe96909c6f6d2: Bootstrap starting.
I20260630 12:12:26.361485  3255 raft_consensus.cc:740] T 995c64b107d44dabbd9f2450d77726b1 P a6272b291d6d4f3ba041f2dfe222ae6d [term 0 FOLLOWER]: Becoming Follower/Learner. State: Replica: a6272b291d6d4f3ba041f2dfe222ae6d, State: Initialized, Role: FOLLOWER
I20260630 12:12:26.362831  3255 consensus_queue.cc:260] T 995c64b107d44dabbd9f2450d77726b1 P a6272b291d6d4f3ba041f2dfe222ae6d [NON_LEADER]: Queue going to NON_LEADER mode. State: All replicated index: 0, Majority replicated index: 0, Committed index: 0, Last appended: 0.0, Last appended by leader: 0, Current term: 0, Majority size: -1, State: 0, Mode: NON_LEADER, active raft config: opid_index: -1 OBSOLETE_local: false peers { permanent_uuid: "2aeb20d456114539b34f91d6a4a523b0" member_type: VOTER last_known_addr { host: "127.0.107.193" port: 42027 } } peers { permanent_uuid: "a6272b291d6d4f3ba041f2dfe222ae6d" member_type: VOTER last_known_addr { host: "127.0.107.194" port: 37001 } } peers { permanent_uuid: "68ad6a2036ef4c94be4fe96909c6f6d2" member_type: VOTER last_known_addr { host: "127.0.107.195" port: 34881 } }
I20260630 12:12:26.365733  3255 ts_tablet_manager.cc:1434] T 995c64b107d44dabbd9f2450d77726b1 P a6272b291d6d4f3ba041f2dfe222ae6d: Time spent starting tablet: real 0.009s	user 0.007s	sys 0.000s
I20260630 12:12:26.367075  3256 tablet_bootstrap.cc:654] T 4fe73d45a7484368bd0208a5e7962624 P 2aeb20d456114539b34f91d6a4a523b0: Neither blocks nor log segments found. Creating new log.
I20260630 12:12:26.368615  3257 tablet_bootstrap.cc:654] T 995c64b107d44dabbd9f2450d77726b1 P 68ad6a2036ef4c94be4fe96909c6f6d2: Neither blocks nor log segments found. Creating new log.
I20260630 12:12:26.379626  3257 tablet_bootstrap.cc:492] T 995c64b107d44dabbd9f2450d77726b1 P 68ad6a2036ef4c94be4fe96909c6f6d2: No bootstrap required, opened a new log
I20260630 12:12:26.380041  3256 tablet_bootstrap.cc:492] T 4fe73d45a7484368bd0208a5e7962624 P 2aeb20d456114539b34f91d6a4a523b0: No bootstrap required, opened a new log
I20260630 12:12:26.380255  3257 ts_tablet_manager.cc:1403] T 995c64b107d44dabbd9f2450d77726b1 P 68ad6a2036ef4c94be4fe96909c6f6d2: Time spent bootstrapping tablet: real 0.019s	user 0.016s	sys 0.000s
I20260630 12:12:26.380586  3256 ts_tablet_manager.cc:1403] T 4fe73d45a7484368bd0208a5e7962624 P 2aeb20d456114539b34f91d6a4a523b0: Time spent bootstrapping tablet: real 0.021s	user 0.003s	sys 0.016s
I20260630 12:12:26.383574  3257 raft_consensus.cc:359] T 995c64b107d44dabbd9f2450d77726b1 P 68ad6a2036ef4c94be4fe96909c6f6d2 [term 0 FOLLOWER]: Replica starting. Triggering 0 pending ops. Active config: opid_index: -1 OBSOLETE_local: false peers { permanent_uuid: "2aeb20d456114539b34f91d6a4a523b0" member_type: VOTER last_known_addr { host: "127.0.107.193" port: 42027 } } peers { permanent_uuid: "a6272b291d6d4f3ba041f2dfe222ae6d" member_type: VOTER last_known_addr { host: "127.0.107.194" port: 37001 } } peers { permanent_uuid: "68ad6a2036ef4c94be4fe96909c6f6d2" member_type: VOTER last_known_addr { host: "127.0.107.195" port: 34881 } }
I20260630 12:12:26.383735  3256 raft_consensus.cc:359] T 4fe73d45a7484368bd0208a5e7962624 P 2aeb20d456114539b34f91d6a4a523b0 [term 0 FOLLOWER]: Replica starting. Triggering 0 pending ops. Active config: opid_index: -1 OBSOLETE_local: false peers { permanent_uuid: "2aeb20d456114539b34f91d6a4a523b0" member_type: VOTER last_known_addr { host: "127.0.107.193" port: 42027 } } peers { permanent_uuid: "a6272b291d6d4f3ba041f2dfe222ae6d" member_type: VOTER last_known_addr { host: "127.0.107.194" port: 37001 } } peers { permanent_uuid: "68ad6a2036ef4c94be4fe96909c6f6d2" member_type: VOTER last_known_addr { host: "127.0.107.195" port: 34881 } }
I20260630 12:12:26.384421  3257 raft_consensus.cc:385] T 995c64b107d44dabbd9f2450d77726b1 P 68ad6a2036ef4c94be4fe96909c6f6d2 [term 0 FOLLOWER]: Consensus starting up: Expiring failure detector timer to make a prompt election more likely
I20260630 12:12:26.384454  3256 raft_consensus.cc:385] T 4fe73d45a7484368bd0208a5e7962624 P 2aeb20d456114539b34f91d6a4a523b0 [term 0 FOLLOWER]: Consensus starting up: Expiring failure detector timer to make a prompt election more likely
I20260630 12:12:26.384914  3257 raft_consensus.cc:740] T 995c64b107d44dabbd9f2450d77726b1 P 68ad6a2036ef4c94be4fe96909c6f6d2 [term 0 FOLLOWER]: Becoming Follower/Learner. State: Replica: 68ad6a2036ef4c94be4fe96909c6f6d2, State: Initialized, Role: FOLLOWER
I20260630 12:12:26.384990  3256 raft_consensus.cc:740] T 4fe73d45a7484368bd0208a5e7962624 P 2aeb20d456114539b34f91d6a4a523b0 [term 0 FOLLOWER]: Becoming Follower/Learner. State: Replica: 2aeb20d456114539b34f91d6a4a523b0, State: Initialized, Role: FOLLOWER
I20260630 12:12:26.385838  3257 consensus_queue.cc:260] T 995c64b107d44dabbd9f2450d77726b1 P 68ad6a2036ef4c94be4fe96909c6f6d2 [NON_LEADER]: Queue going to NON_LEADER mode. State: All replicated index: 0, Majority replicated index: 0, Committed index: 0, Last appended: 0.0, Last appended by leader: 0, Current term: 0, Majority size: -1, State: 0, Mode: NON_LEADER, active raft config: opid_index: -1 OBSOLETE_local: false peers { permanent_uuid: "2aeb20d456114539b34f91d6a4a523b0" member_type: VOTER last_known_addr { host: "127.0.107.193" port: 42027 } } peers { permanent_uuid: "a6272b291d6d4f3ba041f2dfe222ae6d" member_type: VOTER last_known_addr { host: "127.0.107.194" port: 37001 } } peers { permanent_uuid: "68ad6a2036ef4c94be4fe96909c6f6d2" member_type: VOTER last_known_addr { host: "127.0.107.195" port: 34881 } }
I20260630 12:12:26.385838  3256 consensus_queue.cc:260] T 4fe73d45a7484368bd0208a5e7962624 P 2aeb20d456114539b34f91d6a4a523b0 [NON_LEADER]: Queue going to NON_LEADER mode. State: All replicated index: 0, Majority replicated index: 0, Committed index: 0, Last appended: 0.0, Last appended by leader: 0, Current term: 0, Majority size: -1, State: 0, Mode: NON_LEADER, active raft config: opid_index: -1 OBSOLETE_local: false peers { permanent_uuid: "2aeb20d456114539b34f91d6a4a523b0" member_type: VOTER last_known_addr { host: "127.0.107.193" port: 42027 } } peers { permanent_uuid: "a6272b291d6d4f3ba041f2dfe222ae6d" member_type: VOTER last_known_addr { host: "127.0.107.194" port: 37001 } } peers { permanent_uuid: "68ad6a2036ef4c94be4fe96909c6f6d2" member_type: VOTER last_known_addr { host: "127.0.107.195" port: 34881 } }
I20260630 12:12:26.388276  3256 ts_tablet_manager.cc:1434] T 4fe73d45a7484368bd0208a5e7962624 P 2aeb20d456114539b34f91d6a4a523b0: Time spent starting tablet: real 0.007s	user 0.006s	sys 0.000s
I20260630 12:12:26.388276  3257 ts_tablet_manager.cc:1434] T 995c64b107d44dabbd9f2450d77726b1 P 68ad6a2036ef4c94be4fe96909c6f6d2: Time spent starting tablet: real 0.008s	user 0.001s	sys 0.003s
I20260630 12:12:26.423643  3262 raft_consensus.cc:493] T 63bf3e02d8e4473783d30a8c2b8090a6 P 2aeb20d456114539b34f91d6a4a523b0 [term 0 FOLLOWER]: Starting pre-election (no leader contacted us within the election timeout)
I20260630 12:12:26.424160  3262 raft_consensus.cc:515] T 63bf3e02d8e4473783d30a8c2b8090a6 P 2aeb20d456114539b34f91d6a4a523b0 [term 0 FOLLOWER]: Starting pre-election with config: opid_index: -1 OBSOLETE_local: false peers { permanent_uuid: "2aeb20d456114539b34f91d6a4a523b0" member_type: VOTER last_known_addr { host: "127.0.107.193" port: 42027 } } peers { permanent_uuid: "a6272b291d6d4f3ba041f2dfe222ae6d" member_type: VOTER last_known_addr { host: "127.0.107.194" port: 37001 } } peers { permanent_uuid: "68ad6a2036ef4c94be4fe96909c6f6d2" member_type: VOTER last_known_addr { host: "127.0.107.195" port: 34881 } }
I20260630 12:12:26.426331  3262 leader_election.cc:290] T 63bf3e02d8e4473783d30a8c2b8090a6 P 2aeb20d456114539b34f91d6a4a523b0 [CANDIDATE]: Term 1 pre-election: Requested pre-vote from peers a6272b291d6d4f3ba041f2dfe222ae6d (127.0.107.194:37001), 68ad6a2036ef4c94be4fe96909c6f6d2 (127.0.107.195:34881)
I20260630 12:12:26.437661  3210 tablet_service.cc:1917] Received RequestConsensusVote() RPC: tablet_id: "63bf3e02d8e4473783d30a8c2b8090a6" candidate_uuid: "2aeb20d456114539b34f91d6a4a523b0" candidate_term: 1 candidate_status { last_received { term: 0 index: 0 } } ignore_live_leader: false dest_uuid: "68ad6a2036ef4c94be4fe96909c6f6d2" is_pre_election: true
I20260630 12:12:26.437744  3136 tablet_service.cc:1917] Received RequestConsensusVote() RPC: tablet_id: "63bf3e02d8e4473783d30a8c2b8090a6" candidate_uuid: "2aeb20d456114539b34f91d6a4a523b0" candidate_term: 1 candidate_status { last_received { term: 0 index: 0 } } ignore_live_leader: false dest_uuid: "a6272b291d6d4f3ba041f2dfe222ae6d" is_pre_election: true
I20260630 12:12:26.438491  3210 raft_consensus.cc:2468] T 63bf3e02d8e4473783d30a8c2b8090a6 P 68ad6a2036ef4c94be4fe96909c6f6d2 [term 0 FOLLOWER]: Leader pre-election vote request: Granting yes vote for candidate 2aeb20d456114539b34f91d6a4a523b0 in term 0.
I20260630 12:12:26.438613  3136 raft_consensus.cc:2468] T 63bf3e02d8e4473783d30a8c2b8090a6 P a6272b291d6d4f3ba041f2dfe222ae6d [term 0 FOLLOWER]: Leader pre-election vote request: Granting yes vote for candidate 2aeb20d456114539b34f91d6a4a523b0 in term 0.
I20260630 12:12:26.439695  3027 leader_election.cc:304] T 63bf3e02d8e4473783d30a8c2b8090a6 P 2aeb20d456114539b34f91d6a4a523b0 [CANDIDATE]: Term 1 pre-election: Election decided. Result: candidate won. Election summary: received 2 responses out of 3 voters: 2 yes votes; 0 no votes. yes voters: 2aeb20d456114539b34f91d6a4a523b0, 68ad6a2036ef4c94be4fe96909c6f6d2; no voters: 
I20260630 12:12:26.440409  3262 raft_consensus.cc:2804] T 63bf3e02d8e4473783d30a8c2b8090a6 P 2aeb20d456114539b34f91d6a4a523b0 [term 0 FOLLOWER]: Leader pre-election won for term 1
I20260630 12:12:26.440793  3262 raft_consensus.cc:493] T 63bf3e02d8e4473783d30a8c2b8090a6 P 2aeb20d456114539b34f91d6a4a523b0 [term 0 FOLLOWER]: Starting leader election (no leader contacted us within the election timeout)
I20260630 12:12:26.441116  3262 raft_consensus.cc:3060] T 63bf3e02d8e4473783d30a8c2b8090a6 P 2aeb20d456114539b34f91d6a4a523b0 [term 0 FOLLOWER]: Advancing to term 1
I20260630 12:12:26.446170  3262 raft_consensus.cc:515] T 63bf3e02d8e4473783d30a8c2b8090a6 P 2aeb20d456114539b34f91d6a4a523b0 [term 1 FOLLOWER]: Starting leader election with config: opid_index: -1 OBSOLETE_local: false peers { permanent_uuid: "2aeb20d456114539b34f91d6a4a523b0" member_type: VOTER last_known_addr { host: "127.0.107.193" port: 42027 } } peers { permanent_uuid: "a6272b291d6d4f3ba041f2dfe222ae6d" member_type: VOTER last_known_addr { host: "127.0.107.194" port: 37001 } } peers { permanent_uuid: "68ad6a2036ef4c94be4fe96909c6f6d2" member_type: VOTER last_known_addr { host: "127.0.107.195" port: 34881 } }
I20260630 12:12:26.447718  3262 leader_election.cc:290] T 63bf3e02d8e4473783d30a8c2b8090a6 P 2aeb20d456114539b34f91d6a4a523b0 [CANDIDATE]: Term 1 election: Requested vote from peers a6272b291d6d4f3ba041f2dfe222ae6d (127.0.107.194:37001), 68ad6a2036ef4c94be4fe96909c6f6d2 (127.0.107.195:34881)
I20260630 12:12:26.448521  3136 tablet_service.cc:1917] Received RequestConsensusVote() RPC: tablet_id: "63bf3e02d8e4473783d30a8c2b8090a6" candidate_uuid: "2aeb20d456114539b34f91d6a4a523b0" candidate_term: 1 candidate_status { last_received { term: 0 index: 0 } } ignore_live_leader: false dest_uuid: "a6272b291d6d4f3ba041f2dfe222ae6d"
I20260630 12:12:26.448720  3210 tablet_service.cc:1917] Received RequestConsensusVote() RPC: tablet_id: "63bf3e02d8e4473783d30a8c2b8090a6" candidate_uuid: "2aeb20d456114539b34f91d6a4a523b0" candidate_term: 1 candidate_status { last_received { term: 0 index: 0 } } ignore_live_leader: false dest_uuid: "68ad6a2036ef4c94be4fe96909c6f6d2"
I20260630 12:12:26.449101  3136 raft_consensus.cc:3060] T 63bf3e02d8e4473783d30a8c2b8090a6 P a6272b291d6d4f3ba041f2dfe222ae6d [term 0 FOLLOWER]: Advancing to term 1
I20260630 12:12:26.449290  3210 raft_consensus.cc:3060] T 63bf3e02d8e4473783d30a8c2b8090a6 P 68ad6a2036ef4c94be4fe96909c6f6d2 [term 0 FOLLOWER]: Advancing to term 1
I20260630 12:12:26.454216  3210 raft_consensus.cc:2468] T 63bf3e02d8e4473783d30a8c2b8090a6 P 68ad6a2036ef4c94be4fe96909c6f6d2 [term 1 FOLLOWER]: Leader election vote request: Granting yes vote for candidate 2aeb20d456114539b34f91d6a4a523b0 in term 1.
I20260630 12:12:26.454246  3136 raft_consensus.cc:2468] T 63bf3e02d8e4473783d30a8c2b8090a6 P a6272b291d6d4f3ba041f2dfe222ae6d [term 1 FOLLOWER]: Leader election vote request: Granting yes vote for candidate 2aeb20d456114539b34f91d6a4a523b0 in term 1.
I20260630 12:12:26.455448  3027 leader_election.cc:304] T 63bf3e02d8e4473783d30a8c2b8090a6 P 2aeb20d456114539b34f91d6a4a523b0 [CANDIDATE]: Term 1 election: Election decided. Result: candidate won. Election summary: received 2 responses out of 3 voters: 2 yes votes; 0 no votes. yes voters: 2aeb20d456114539b34f91d6a4a523b0, 68ad6a2036ef4c94be4fe96909c6f6d2; no voters: 
I20260630 12:12:26.456122  3262 raft_consensus.cc:2804] T 63bf3e02d8e4473783d30a8c2b8090a6 P 2aeb20d456114539b34f91d6a4a523b0 [term 1 FOLLOWER]: Leader election won for term 1
I20260630 12:12:26.457307  3262 raft_consensus.cc:697] T 63bf3e02d8e4473783d30a8c2b8090a6 P 2aeb20d456114539b34f91d6a4a523b0 [term 1 LEADER]: Becoming Leader. State: Replica: 2aeb20d456114539b34f91d6a4a523b0, State: Running, Role: LEADER
I20260630 12:12:26.458052  3262 consensus_queue.cc:237] T 63bf3e02d8e4473783d30a8c2b8090a6 P 2aeb20d456114539b34f91d6a4a523b0 [LEADER]: Queue going to LEADER mode. State: All replicated index: 0, Majority replicated index: 0, Committed index: 0, Last appended: 0.0, Last appended by leader: 0, Current term: 1, Majority size: 2, State: 0, Mode: LEADER, active raft config: opid_index: -1 OBSOLETE_local: false peers { permanent_uuid: "2aeb20d456114539b34f91d6a4a523b0" member_type: VOTER last_known_addr { host: "127.0.107.193" port: 42027 } } peers { permanent_uuid: "a6272b291d6d4f3ba041f2dfe222ae6d" member_type: VOTER last_known_addr { host: "127.0.107.194" port: 37001 } } peers { permanent_uuid: "68ad6a2036ef4c94be4fe96909c6f6d2" member_type: VOTER last_known_addr { host: "127.0.107.195" port: 34881 } }
I20260630 12:12:26.465180  2958 catalog_manager.cc:5697] T 63bf3e02d8e4473783d30a8c2b8090a6 P 2aeb20d456114539b34f91d6a4a523b0 reported cstate change: term changed from 0 to 1, leader changed from <none> to 2aeb20d456114539b34f91d6a4a523b0 (127.0.107.193). New cstate: current_term: 1 leader_uuid: "2aeb20d456114539b34f91d6a4a523b0" committed_config { opid_index: -1 OBSOLETE_local: false peers { permanent_uuid: "2aeb20d456114539b34f91d6a4a523b0" member_type: VOTER last_known_addr { host: "127.0.107.193" port: 42027 } health_report { overall_health: HEALTHY } } peers { permanent_uuid: "a6272b291d6d4f3ba041f2dfe222ae6d" member_type: VOTER last_known_addr { host: "127.0.107.194" port: 37001 } health_report { overall_health: UNKNOWN } } peers { permanent_uuid: "68ad6a2036ef4c94be4fe96909c6f6d2" member_type: VOTER last_known_addr { host: "127.0.107.195" port: 34881 } health_report { overall_health: UNKNOWN } } }
I20260630 12:12:26.519891  3260 raft_consensus.cc:493] T 995c64b107d44dabbd9f2450d77726b1 P a6272b291d6d4f3ba041f2dfe222ae6d [term 0 FOLLOWER]: Starting pre-election (no leader contacted us within the election timeout)
I20260630 12:12:26.520434  3260 raft_consensus.cc:515] T 995c64b107d44dabbd9f2450d77726b1 P a6272b291d6d4f3ba041f2dfe222ae6d [term 0 FOLLOWER]: Starting pre-election with config: opid_index: -1 OBSOLETE_local: false peers { permanent_uuid: "2aeb20d456114539b34f91d6a4a523b0" member_type: VOTER last_known_addr { host: "127.0.107.193" port: 42027 } } peers { permanent_uuid: "a6272b291d6d4f3ba041f2dfe222ae6d" member_type: VOTER last_known_addr { host: "127.0.107.194" port: 37001 } } peers { permanent_uuid: "68ad6a2036ef4c94be4fe96909c6f6d2" member_type: VOTER last_known_addr { host: "127.0.107.195" port: 34881 } }
I20260630 12:12:26.522760  3260 leader_election.cc:290] T 995c64b107d44dabbd9f2450d77726b1 P a6272b291d6d4f3ba041f2dfe222ae6d [CANDIDATE]: Term 1 pre-election: Requested pre-vote from peers 2aeb20d456114539b34f91d6a4a523b0 (127.0.107.193:42027), 68ad6a2036ef4c94be4fe96909c6f6d2 (127.0.107.195:34881)
I20260630 12:12:26.534790  3061 tablet_service.cc:1917] Received RequestConsensusVote() RPC: tablet_id: "995c64b107d44dabbd9f2450d77726b1" candidate_uuid: "a6272b291d6d4f3ba041f2dfe222ae6d" candidate_term: 1 candidate_status { last_received { term: 0 index: 0 } } ignore_live_leader: false dest_uuid: "2aeb20d456114539b34f91d6a4a523b0" is_pre_election: true
I20260630 12:12:26.535221  3210 tablet_service.cc:1917] Received RequestConsensusVote() RPC: tablet_id: "995c64b107d44dabbd9f2450d77726b1" candidate_uuid: "a6272b291d6d4f3ba041f2dfe222ae6d" candidate_term: 1 candidate_status { last_received { term: 0 index: 0 } } ignore_live_leader: false dest_uuid: "68ad6a2036ef4c94be4fe96909c6f6d2" is_pre_election: true
I20260630 12:12:26.535593  3061 raft_consensus.cc:2468] T 995c64b107d44dabbd9f2450d77726b1 P 2aeb20d456114539b34f91d6a4a523b0 [term 0 FOLLOWER]: Leader pre-election vote request: Granting yes vote for candidate a6272b291d6d4f3ba041f2dfe222ae6d in term 0.
I20260630 12:12:26.535864  3210 raft_consensus.cc:2468] T 995c64b107d44dabbd9f2450d77726b1 P 68ad6a2036ef4c94be4fe96909c6f6d2 [term 0 FOLLOWER]: Leader pre-election vote request: Granting yes vote for candidate a6272b291d6d4f3ba041f2dfe222ae6d in term 0.
I20260630 12:12:26.536988  3100 leader_election.cc:304] T 995c64b107d44dabbd9f2450d77726b1 P a6272b291d6d4f3ba041f2dfe222ae6d [CANDIDATE]: Term 1 pre-election: Election decided. Result: candidate won. Election summary: received 2 responses out of 3 voters: 2 yes votes; 0 no votes. yes voters: 2aeb20d456114539b34f91d6a4a523b0, a6272b291d6d4f3ba041f2dfe222ae6d; no voters: 
I20260630 12:12:26.537724  3260 raft_consensus.cc:2804] T 995c64b107d44dabbd9f2450d77726b1 P a6272b291d6d4f3ba041f2dfe222ae6d [term 0 FOLLOWER]: Leader pre-election won for term 1
I20260630 12:12:26.538089  3260 raft_consensus.cc:493] T 995c64b107d44dabbd9f2450d77726b1 P a6272b291d6d4f3ba041f2dfe222ae6d [term 0 FOLLOWER]: Starting leader election (no leader contacted us within the election timeout)
I20260630 12:12:26.538328  3260 raft_consensus.cc:3060] T 995c64b107d44dabbd9f2450d77726b1 P a6272b291d6d4f3ba041f2dfe222ae6d [term 0 FOLLOWER]: Advancing to term 1
I20260630 12:12:26.543159  3260 raft_consensus.cc:515] T 995c64b107d44dabbd9f2450d77726b1 P a6272b291d6d4f3ba041f2dfe222ae6d [term 1 FOLLOWER]: Starting leader election with config: opid_index: -1 OBSOLETE_local: false peers { permanent_uuid: "2aeb20d456114539b34f91d6a4a523b0" member_type: VOTER last_known_addr { host: "127.0.107.193" port: 42027 } } peers { permanent_uuid: "a6272b291d6d4f3ba041f2dfe222ae6d" member_type: VOTER last_known_addr { host: "127.0.107.194" port: 37001 } } peers { permanent_uuid: "68ad6a2036ef4c94be4fe96909c6f6d2" member_type: VOTER last_known_addr { host: "127.0.107.195" port: 34881 } }
I20260630 12:12:26.544903  3260 leader_election.cc:290] T 995c64b107d44dabbd9f2450d77726b1 P a6272b291d6d4f3ba041f2dfe222ae6d [CANDIDATE]: Term 1 election: Requested vote from peers 2aeb20d456114539b34f91d6a4a523b0 (127.0.107.193:42027), 68ad6a2036ef4c94be4fe96909c6f6d2 (127.0.107.195:34881)
I20260630 12:12:26.545809  3061 tablet_service.cc:1917] Received RequestConsensusVote() RPC: tablet_id: "995c64b107d44dabbd9f2450d77726b1" candidate_uuid: "a6272b291d6d4f3ba041f2dfe222ae6d" candidate_term: 1 candidate_status { last_received { term: 0 index: 0 } } ignore_live_leader: false dest_uuid: "2aeb20d456114539b34f91d6a4a523b0"
I20260630 12:12:26.546032  3210 tablet_service.cc:1917] Received RequestConsensusVote() RPC: tablet_id: "995c64b107d44dabbd9f2450d77726b1" candidate_uuid: "a6272b291d6d4f3ba041f2dfe222ae6d" candidate_term: 1 candidate_status { last_received { term: 0 index: 0 } } ignore_live_leader: false dest_uuid: "68ad6a2036ef4c94be4fe96909c6f6d2"
I20260630 12:12:26.546538  3061 raft_consensus.cc:3060] T 995c64b107d44dabbd9f2450d77726b1 P 2aeb20d456114539b34f91d6a4a523b0 [term 0 FOLLOWER]: Advancing to term 1
I20260630 12:12:26.546543  3210 raft_consensus.cc:3060] T 995c64b107d44dabbd9f2450d77726b1 P 68ad6a2036ef4c94be4fe96909c6f6d2 [term 0 FOLLOWER]: Advancing to term 1
I20260630 12:12:26.553579  3210 raft_consensus.cc:2468] T 995c64b107d44dabbd9f2450d77726b1 P 68ad6a2036ef4c94be4fe96909c6f6d2 [term 1 FOLLOWER]: Leader election vote request: Granting yes vote for candidate a6272b291d6d4f3ba041f2dfe222ae6d in term 1.
I20260630 12:12:26.553579  3061 raft_consensus.cc:2468] T 995c64b107d44dabbd9f2450d77726b1 P 2aeb20d456114539b34f91d6a4a523b0 [term 1 FOLLOWER]: Leader election vote request: Granting yes vote for candidate a6272b291d6d4f3ba041f2dfe222ae6d in term 1.
I20260630 12:12:26.555605  3102 leader_election.cc:304] T 995c64b107d44dabbd9f2450d77726b1 P a6272b291d6d4f3ba041f2dfe222ae6d [CANDIDATE]: Term 1 election: Election decided. Result: candidate won. Election summary: received 2 responses out of 3 voters: 2 yes votes; 0 no votes. yes voters: 68ad6a2036ef4c94be4fe96909c6f6d2, a6272b291d6d4f3ba041f2dfe222ae6d; no voters: 
I20260630 12:12:26.556576  3260 raft_consensus.cc:2804] T 995c64b107d44dabbd9f2450d77726b1 P a6272b291d6d4f3ba041f2dfe222ae6d [term 1 FOLLOWER]: Leader election won for term 1
I20260630 12:12:26.558065  3260 raft_consensus.cc:697] T 995c64b107d44dabbd9f2450d77726b1 P a6272b291d6d4f3ba041f2dfe222ae6d [term 1 LEADER]: Becoming Leader. State: Replica: a6272b291d6d4f3ba041f2dfe222ae6d, State: Running, Role: LEADER
I20260630 12:12:26.558931  3260 consensus_queue.cc:237] T 995c64b107d44dabbd9f2450d77726b1 P a6272b291d6d4f3ba041f2dfe222ae6d [LEADER]: Queue going to LEADER mode. State: All replicated index: 0, Majority replicated index: 0, Committed index: 0, Last appended: 0.0, Last appended by leader: 0, Current term: 1, Majority size: 2, State: 0, Mode: LEADER, active raft config: opid_index: -1 OBSOLETE_local: false peers { permanent_uuid: "2aeb20d456114539b34f91d6a4a523b0" member_type: VOTER last_known_addr { host: "127.0.107.193" port: 42027 } } peers { permanent_uuid: "a6272b291d6d4f3ba041f2dfe222ae6d" member_type: VOTER last_known_addr { host: "127.0.107.194" port: 37001 } } peers { permanent_uuid: "68ad6a2036ef4c94be4fe96909c6f6d2" member_type: VOTER last_known_addr { host: "127.0.107.195" port: 34881 } }
I20260630 12:12:26.559815  3262 raft_consensus.cc:493] T 4fe73d45a7484368bd0208a5e7962624 P 2aeb20d456114539b34f91d6a4a523b0 [term 0 FOLLOWER]: Starting pre-election (no leader contacted us within the election timeout)
I20260630 12:12:26.560304  3262 raft_consensus.cc:515] T 4fe73d45a7484368bd0208a5e7962624 P 2aeb20d456114539b34f91d6a4a523b0 [term 0 FOLLOWER]: Starting pre-election with config: opid_index: -1 OBSOLETE_local: false peers { permanent_uuid: "2aeb20d456114539b34f91d6a4a523b0" member_type: VOTER last_known_addr { host: "127.0.107.193" port: 42027 } } peers { permanent_uuid: "a6272b291d6d4f3ba041f2dfe222ae6d" member_type: VOTER last_known_addr { host: "127.0.107.194" port: 37001 } } peers { permanent_uuid: "68ad6a2036ef4c94be4fe96909c6f6d2" member_type: VOTER last_known_addr { host: "127.0.107.195" port: 34881 } }
I20260630 12:12:26.561993  3262 leader_election.cc:290] T 4fe73d45a7484368bd0208a5e7962624 P 2aeb20d456114539b34f91d6a4a523b0 [CANDIDATE]: Term 1 pre-election: Requested pre-vote from peers a6272b291d6d4f3ba041f2dfe222ae6d (127.0.107.194:37001), 68ad6a2036ef4c94be4fe96909c6f6d2 (127.0.107.195:34881)
I20260630 12:12:26.563220  3210 tablet_service.cc:1917] Received RequestConsensusVote() RPC: tablet_id: "4fe73d45a7484368bd0208a5e7962624" candidate_uuid: "2aeb20d456114539b34f91d6a4a523b0" candidate_term: 1 candidate_status { last_received { term: 0 index: 0 } } ignore_live_leader: false dest_uuid: "68ad6a2036ef4c94be4fe96909c6f6d2" is_pre_election: true
I20260630 12:12:26.563220  3136 tablet_service.cc:1917] Received RequestConsensusVote() RPC: tablet_id: "4fe73d45a7484368bd0208a5e7962624" candidate_uuid: "2aeb20d456114539b34f91d6a4a523b0" candidate_term: 1 candidate_status { last_received { term: 0 index: 0 } } ignore_live_leader: false dest_uuid: "a6272b291d6d4f3ba041f2dfe222ae6d" is_pre_election: true
I20260630 12:12:26.564183  3210 raft_consensus.cc:2468] T 4fe73d45a7484368bd0208a5e7962624 P 68ad6a2036ef4c94be4fe96909c6f6d2 [term 0 FOLLOWER]: Leader pre-election vote request: Granting yes vote for candidate 2aeb20d456114539b34f91d6a4a523b0 in term 0.
I20260630 12:12:26.564205  3136 raft_consensus.cc:2468] T 4fe73d45a7484368bd0208a5e7962624 P a6272b291d6d4f3ba041f2dfe222ae6d [term 0 FOLLOWER]: Leader pre-election vote request: Granting yes vote for candidate 2aeb20d456114539b34f91d6a4a523b0 in term 0.
I20260630 12:12:26.565575  3027 leader_election.cc:304] T 4fe73d45a7484368bd0208a5e7962624 P 2aeb20d456114539b34f91d6a4a523b0 [CANDIDATE]: Term 1 pre-election: Election decided. Result: candidate won. Election summary: received 2 responses out of 3 voters: 2 yes votes; 0 no votes. yes voters: 2aeb20d456114539b34f91d6a4a523b0, 68ad6a2036ef4c94be4fe96909c6f6d2; no voters: 
I20260630 12:12:26.566412  3262 raft_consensus.cc:2804] T 4fe73d45a7484368bd0208a5e7962624 P 2aeb20d456114539b34f91d6a4a523b0 [term 0 FOLLOWER]: Leader pre-election won for term 1
I20260630 12:12:26.566803  3262 raft_consensus.cc:493] T 4fe73d45a7484368bd0208a5e7962624 P 2aeb20d456114539b34f91d6a4a523b0 [term 0 FOLLOWER]: Starting leader election (no leader contacted us within the election timeout)
I20260630 12:12:26.567080  3262 raft_consensus.cc:3060] T 4fe73d45a7484368bd0208a5e7962624 P 2aeb20d456114539b34f91d6a4a523b0 [term 0 FOLLOWER]: Advancing to term 1
I20260630 12:12:26.567812  2958 catalog_manager.cc:5697] T 995c64b107d44dabbd9f2450d77726b1 P a6272b291d6d4f3ba041f2dfe222ae6d reported cstate change: term changed from 0 to 1, leader changed from <none> to a6272b291d6d4f3ba041f2dfe222ae6d (127.0.107.194). New cstate: current_term: 1 leader_uuid: "a6272b291d6d4f3ba041f2dfe222ae6d" committed_config { opid_index: -1 OBSOLETE_local: false peers { permanent_uuid: "2aeb20d456114539b34f91d6a4a523b0" member_type: VOTER last_known_addr { host: "127.0.107.193" port: 42027 } health_report { overall_health: UNKNOWN } } peers { permanent_uuid: "a6272b291d6d4f3ba041f2dfe222ae6d" member_type: VOTER last_known_addr { host: "127.0.107.194" port: 37001 } health_report { overall_health: HEALTHY } } peers { permanent_uuid: "68ad6a2036ef4c94be4fe96909c6f6d2" member_type: VOTER last_known_addr { host: "127.0.107.195" port: 34881 } health_report { overall_health: UNKNOWN } } }
I20260630 12:12:26.572772  3262 raft_consensus.cc:515] T 4fe73d45a7484368bd0208a5e7962624 P 2aeb20d456114539b34f91d6a4a523b0 [term 1 FOLLOWER]: Starting leader election with config: opid_index: -1 OBSOLETE_local: false peers { permanent_uuid: "2aeb20d456114539b34f91d6a4a523b0" member_type: VOTER last_known_addr { host: "127.0.107.193" port: 42027 } } peers { permanent_uuid: "a6272b291d6d4f3ba041f2dfe222ae6d" member_type: VOTER last_known_addr { host: "127.0.107.194" port: 37001 } } peers { permanent_uuid: "68ad6a2036ef4c94be4fe96909c6f6d2" member_type: VOTER last_known_addr { host: "127.0.107.195" port: 34881 } }
I20260630 12:12:26.575958  3136 tablet_service.cc:1917] Received RequestConsensusVote() RPC: tablet_id: "4fe73d45a7484368bd0208a5e7962624" candidate_uuid: "2aeb20d456114539b34f91d6a4a523b0" candidate_term: 1 candidate_status { last_received { term: 0 index: 0 } } ignore_live_leader: false dest_uuid: "a6272b291d6d4f3ba041f2dfe222ae6d"
I20260630 12:12:26.576601  3136 raft_consensus.cc:3060] T 4fe73d45a7484368bd0208a5e7962624 P a6272b291d6d4f3ba041f2dfe222ae6d [term 0 FOLLOWER]: Advancing to term 1
W20260630 12:12:26.578600  3007 auto_rebalancer.cc:298] Could not retrieve cluster info: Service unavailable: Tablet not running
I20260630 12:12:26.578822  3012 auto_leader_rebalancer.cc:141] leader rebalance for table range_aware_auto_rebalancer_test
I20260630 12:12:26.579722  3210 tablet_service.cc:1917] Received RequestConsensusVote() RPC: tablet_id: "4fe73d45a7484368bd0208a5e7962624" candidate_uuid: "2aeb20d456114539b34f91d6a4a523b0" candidate_term: 1 candidate_status { last_received { term: 0 index: 0 } } ignore_live_leader: false dest_uuid: "68ad6a2036ef4c94be4fe96909c6f6d2"
I20260630 12:12:26.580307  3210 raft_consensus.cc:3060] T 4fe73d45a7484368bd0208a5e7962624 P 68ad6a2036ef4c94be4fe96909c6f6d2 [term 0 FOLLOWER]: Advancing to term 1
I20260630 12:12:26.581198  3262 leader_election.cc:290] T 4fe73d45a7484368bd0208a5e7962624 P 2aeb20d456114539b34f91d6a4a523b0 [CANDIDATE]: Term 1 election: Requested vote from peers a6272b291d6d4f3ba041f2dfe222ae6d (127.0.107.194:37001), 68ad6a2036ef4c94be4fe96909c6f6d2 (127.0.107.195:34881)
W20260630 12:12:26.581383  3012 auto_leader_rebalancer.cc:524] the master instance isn't leader: Service unavailable: Tablet not running
I20260630 12:12:26.583781  3136 raft_consensus.cc:2468] T 4fe73d45a7484368bd0208a5e7962624 P a6272b291d6d4f3ba041f2dfe222ae6d [term 1 FOLLOWER]: Leader election vote request: Granting yes vote for candidate 2aeb20d456114539b34f91d6a4a523b0 in term 1.
I20260630 12:12:26.585111  3026 leader_election.cc:304] T 4fe73d45a7484368bd0208a5e7962624 P 2aeb20d456114539b34f91d6a4a523b0 [CANDIDATE]: Term 1 election: Election decided. Result: candidate won. Election summary: received 2 responses out of 3 voters: 2 yes votes; 0 no votes. yes voters: 2aeb20d456114539b34f91d6a4a523b0, a6272b291d6d4f3ba041f2dfe222ae6d; no voters: 
I20260630 12:12:26.585901  3262 raft_consensus.cc:2804] T 4fe73d45a7484368bd0208a5e7962624 P 2aeb20d456114539b34f91d6a4a523b0 [term 1 FOLLOWER]: Leader election won for term 1
I20260630 12:12:26.586339  3262 raft_consensus.cc:697] T 4fe73d45a7484368bd0208a5e7962624 P 2aeb20d456114539b34f91d6a4a523b0 [term 1 LEADER]: Becoming Leader. State: Replica: 2aeb20d456114539b34f91d6a4a523b0, State: Running, Role: LEADER
I20260630 12:12:26.587005  3210 raft_consensus.cc:2468] T 4fe73d45a7484368bd0208a5e7962624 P 68ad6a2036ef4c94be4fe96909c6f6d2 [term 1 FOLLOWER]: Leader election vote request: Granting yes vote for candidate 2aeb20d456114539b34f91d6a4a523b0 in term 1.
I20260630 12:12:26.587076  3262 consensus_queue.cc:237] T 4fe73d45a7484368bd0208a5e7962624 P 2aeb20d456114539b34f91d6a4a523b0 [LEADER]: Queue going to LEADER mode. State: All replicated index: 0, Majority replicated index: 0, Committed index: 0, Last appended: 0.0, Last appended by leader: 0, Current term: 1, Majority size: 2, State: 0, Mode: LEADER, active raft config: opid_index: -1 OBSOLETE_local: false peers { permanent_uuid: "2aeb20d456114539b34f91d6a4a523b0" member_type: VOTER last_known_addr { host: "127.0.107.193" port: 42027 } } peers { permanent_uuid: "a6272b291d6d4f3ba041f2dfe222ae6d" member_type: VOTER last_known_addr { host: "127.0.107.194" port: 37001 } } peers { permanent_uuid: "68ad6a2036ef4c94be4fe96909c6f6d2" member_type: VOTER last_known_addr { host: "127.0.107.195" port: 34881 } }
I20260630 12:12:26.593459  2958 catalog_manager.cc:5697] T 4fe73d45a7484368bd0208a5e7962624 P 2aeb20d456114539b34f91d6a4a523b0 reported cstate change: term changed from 0 to 1, leader changed from <none> to 2aeb20d456114539b34f91d6a4a523b0 (127.0.107.193). New cstate: current_term: 1 leader_uuid: "2aeb20d456114539b34f91d6a4a523b0" committed_config { opid_index: -1 OBSOLETE_local: false peers { permanent_uuid: "2aeb20d456114539b34f91d6a4a523b0" member_type: VOTER last_known_addr { host: "127.0.107.193" port: 42027 } health_report { overall_health: HEALTHY } } peers { permanent_uuid: "a6272b291d6d4f3ba041f2dfe222ae6d" member_type: VOTER last_known_addr { host: "127.0.107.194" port: 37001 } health_report { overall_health: UNKNOWN } } peers { permanent_uuid: "68ad6a2036ef4c94be4fe96909c6f6d2" member_type: VOTER last_known_addr { host: "127.0.107.195" port: 34881 } health_report { overall_health: UNKNOWN } } }
I20260630 12:12:26.711544  3260 raft_consensus.cc:493] T 0f68a05c711e43b4bfee8ed709543404 P a6272b291d6d4f3ba041f2dfe222ae6d [term 0 FOLLOWER]: Starting pre-election (no leader contacted us within the election timeout)
I20260630 12:12:26.712031  3260 raft_consensus.cc:515] T 0f68a05c711e43b4bfee8ed709543404 P a6272b291d6d4f3ba041f2dfe222ae6d [term 0 FOLLOWER]: Starting pre-election with config: opid_index: -1 OBSOLETE_local: false peers { permanent_uuid: "2aeb20d456114539b34f91d6a4a523b0" member_type: VOTER last_known_addr { host: "127.0.107.193" port: 42027 } } peers { permanent_uuid: "a6272b291d6d4f3ba041f2dfe222ae6d" member_type: VOTER last_known_addr { host: "127.0.107.194" port: 37001 } } peers { permanent_uuid: "68ad6a2036ef4c94be4fe96909c6f6d2" member_type: VOTER last_known_addr { host: "127.0.107.195" port: 34881 } }
I20260630 12:12:26.713690  3260 leader_election.cc:290] T 0f68a05c711e43b4bfee8ed709543404 P a6272b291d6d4f3ba041f2dfe222ae6d [CANDIDATE]: Term 1 pre-election: Requested pre-vote from peers 2aeb20d456114539b34f91d6a4a523b0 (127.0.107.193:42027), 68ad6a2036ef4c94be4fe96909c6f6d2 (127.0.107.195:34881)
I20260630 12:12:26.714571  3061 tablet_service.cc:1917] Received RequestConsensusVote() RPC: tablet_id: "0f68a05c711e43b4bfee8ed709543404" candidate_uuid: "a6272b291d6d4f3ba041f2dfe222ae6d" candidate_term: 1 candidate_status { last_received { term: 0 index: 0 } } ignore_live_leader: false dest_uuid: "2aeb20d456114539b34f91d6a4a523b0" is_pre_election: true
I20260630 12:12:26.714785  3210 tablet_service.cc:1917] Received RequestConsensusVote() RPC: tablet_id: "0f68a05c711e43b4bfee8ed709543404" candidate_uuid: "a6272b291d6d4f3ba041f2dfe222ae6d" candidate_term: 1 candidate_status { last_received { term: 0 index: 0 } } ignore_live_leader: false dest_uuid: "68ad6a2036ef4c94be4fe96909c6f6d2" is_pre_election: true
I20260630 12:12:26.715118  3061 raft_consensus.cc:2468] T 0f68a05c711e43b4bfee8ed709543404 P 2aeb20d456114539b34f91d6a4a523b0 [term 0 FOLLOWER]: Leader pre-election vote request: Granting yes vote for candidate a6272b291d6d4f3ba041f2dfe222ae6d in term 0.
I20260630 12:12:26.715487  3210 raft_consensus.cc:2468] T 0f68a05c711e43b4bfee8ed709543404 P 68ad6a2036ef4c94be4fe96909c6f6d2 [term 0 FOLLOWER]: Leader pre-election vote request: Granting yes vote for candidate a6272b291d6d4f3ba041f2dfe222ae6d in term 0.
I20260630 12:12:26.716146  3100 leader_election.cc:304] T 0f68a05c711e43b4bfee8ed709543404 P a6272b291d6d4f3ba041f2dfe222ae6d [CANDIDATE]: Term 1 pre-election: Election decided. Result: candidate won. Election summary: received 2 responses out of 3 voters: 2 yes votes; 0 no votes. yes voters: 2aeb20d456114539b34f91d6a4a523b0, a6272b291d6d4f3ba041f2dfe222ae6d; no voters: 
I20260630 12:12:26.716922  3260 raft_consensus.cc:2804] T 0f68a05c711e43b4bfee8ed709543404 P a6272b291d6d4f3ba041f2dfe222ae6d [term 0 FOLLOWER]: Leader pre-election won for term 1
I20260630 12:12:26.717283  3260 raft_consensus.cc:493] T 0f68a05c711e43b4bfee8ed709543404 P a6272b291d6d4f3ba041f2dfe222ae6d [term 0 FOLLOWER]: Starting leader election (no leader contacted us within the election timeout)
I20260630 12:12:26.717516  3260 raft_consensus.cc:3060] T 0f68a05c711e43b4bfee8ed709543404 P a6272b291d6d4f3ba041f2dfe222ae6d [term 0 FOLLOWER]: Advancing to term 1
I20260630 12:12:26.722010  3260 raft_consensus.cc:515] T 0f68a05c711e43b4bfee8ed709543404 P a6272b291d6d4f3ba041f2dfe222ae6d [term 1 FOLLOWER]: Starting leader election with config: opid_index: -1 OBSOLETE_local: false peers { permanent_uuid: "2aeb20d456114539b34f91d6a4a523b0" member_type: VOTER last_known_addr { host: "127.0.107.193" port: 42027 } } peers { permanent_uuid: "a6272b291d6d4f3ba041f2dfe222ae6d" member_type: VOTER last_known_addr { host: "127.0.107.194" port: 37001 } } peers { permanent_uuid: "68ad6a2036ef4c94be4fe96909c6f6d2" member_type: VOTER last_known_addr { host: "127.0.107.195" port: 34881 } }
I20260630 12:12:26.723691  3260 leader_election.cc:290] T 0f68a05c711e43b4bfee8ed709543404 P a6272b291d6d4f3ba041f2dfe222ae6d [CANDIDATE]: Term 1 election: Requested vote from peers 2aeb20d456114539b34f91d6a4a523b0 (127.0.107.193:42027), 68ad6a2036ef4c94be4fe96909c6f6d2 (127.0.107.195:34881)
I20260630 12:12:26.724684  3210 tablet_service.cc:1917] Received RequestConsensusVote() RPC: tablet_id: "0f68a05c711e43b4bfee8ed709543404" candidate_uuid: "a6272b291d6d4f3ba041f2dfe222ae6d" candidate_term: 1 candidate_status { last_received { term: 0 index: 0 } } ignore_live_leader: false dest_uuid: "68ad6a2036ef4c94be4fe96909c6f6d2"
I20260630 12:12:26.724699  3061 tablet_service.cc:1917] Received RequestConsensusVote() RPC: tablet_id: "0f68a05c711e43b4bfee8ed709543404" candidate_uuid: "a6272b291d6d4f3ba041f2dfe222ae6d" candidate_term: 1 candidate_status { last_received { term: 0 index: 0 } } ignore_live_leader: false dest_uuid: "2aeb20d456114539b34f91d6a4a523b0"
I20260630 12:12:26.725308  3210 raft_consensus.cc:3060] T 0f68a05c711e43b4bfee8ed709543404 P 68ad6a2036ef4c94be4fe96909c6f6d2 [term 0 FOLLOWER]: Advancing to term 1
I20260630 12:12:26.725384  3061 raft_consensus.cc:3060] T 0f68a05c711e43b4bfee8ed709543404 P 2aeb20d456114539b34f91d6a4a523b0 [term 0 FOLLOWER]: Advancing to term 1
I20260630 12:12:26.730588  3061 raft_consensus.cc:2468] T 0f68a05c711e43b4bfee8ed709543404 P 2aeb20d456114539b34f91d6a4a523b0 [term 1 FOLLOWER]: Leader election vote request: Granting yes vote for candidate a6272b291d6d4f3ba041f2dfe222ae6d in term 1.
I20260630 12:12:26.730885  3210 raft_consensus.cc:2468] T 0f68a05c711e43b4bfee8ed709543404 P 68ad6a2036ef4c94be4fe96909c6f6d2 [term 1 FOLLOWER]: Leader election vote request: Granting yes vote for candidate a6272b291d6d4f3ba041f2dfe222ae6d in term 1.
I20260630 12:12:26.731642  3100 leader_election.cc:304] T 0f68a05c711e43b4bfee8ed709543404 P a6272b291d6d4f3ba041f2dfe222ae6d [CANDIDATE]: Term 1 election: Election decided. Result: candidate won. Election summary: received 2 responses out of 3 voters: 2 yes votes; 0 no votes. yes voters: 2aeb20d456114539b34f91d6a4a523b0, a6272b291d6d4f3ba041f2dfe222ae6d; no voters: 
I20260630 12:12:26.732542  3260 raft_consensus.cc:2804] T 0f68a05c711e43b4bfee8ed709543404 P a6272b291d6d4f3ba041f2dfe222ae6d [term 1 FOLLOWER]: Leader election won for term 1
I20260630 12:12:26.733049  3260 raft_consensus.cc:697] T 0f68a05c711e43b4bfee8ed709543404 P a6272b291d6d4f3ba041f2dfe222ae6d [term 1 LEADER]: Becoming Leader. State: Replica: a6272b291d6d4f3ba041f2dfe222ae6d, State: Running, Role: LEADER
I20260630 12:12:26.733716  3260 consensus_queue.cc:237] T 0f68a05c711e43b4bfee8ed709543404 P a6272b291d6d4f3ba041f2dfe222ae6d [LEADER]: Queue going to LEADER mode. State: All replicated index: 0, Majority replicated index: 0, Committed index: 0, Last appended: 0.0, Last appended by leader: 0, Current term: 1, Majority size: 2, State: 0, Mode: LEADER, active raft config: opid_index: -1 OBSOLETE_local: false peers { permanent_uuid: "2aeb20d456114539b34f91d6a4a523b0" member_type: VOTER last_known_addr { host: "127.0.107.193" port: 42027 } } peers { permanent_uuid: "a6272b291d6d4f3ba041f2dfe222ae6d" member_type: VOTER last_known_addr { host: "127.0.107.194" port: 37001 } } peers { permanent_uuid: "68ad6a2036ef4c94be4fe96909c6f6d2" member_type: VOTER last_known_addr { host: "127.0.107.195" port: 34881 } }
I20260630 12:12:26.740738  2958 catalog_manager.cc:5697] T 0f68a05c711e43b4bfee8ed709543404 P a6272b291d6d4f3ba041f2dfe222ae6d reported cstate change: term changed from 0 to 1, leader changed from <none> to a6272b291d6d4f3ba041f2dfe222ae6d (127.0.107.194). New cstate: current_term: 1 leader_uuid: "a6272b291d6d4f3ba041f2dfe222ae6d" committed_config { opid_index: -1 OBSOLETE_local: false peers { permanent_uuid: "2aeb20d456114539b34f91d6a4a523b0" member_type: VOTER last_known_addr { host: "127.0.107.193" port: 42027 } health_report { overall_health: UNKNOWN } } peers { permanent_uuid: "a6272b291d6d4f3ba041f2dfe222ae6d" member_type: VOTER last_known_addr { host: "127.0.107.194" port: 37001 } health_report { overall_health: HEALTHY } } peers { permanent_uuid: "68ad6a2036ef4c94be4fe96909c6f6d2" member_type: VOTER last_known_addr { host: "127.0.107.195" port: 34881 } health_report { overall_health: UNKNOWN } } }
I20260630 12:12:26.862497  3262 consensus_queue.cc:1048] T 63bf3e02d8e4473783d30a8c2b8090a6 P 2aeb20d456114539b34f91d6a4a523b0 [LEADER]: Connected to new peer: Peer: permanent_uuid: "a6272b291d6d4f3ba041f2dfe222ae6d" member_type: VOTER last_known_addr { host: "127.0.107.194" port: 37001 }, Status: LMP_MISMATCH, Last received: 0.0, Next index: 1, Last known committed idx: 0, Time since last communication: 0.000s
I20260630 12:12:26.876082  3262 consensus_queue.cc:1048] T 63bf3e02d8e4473783d30a8c2b8090a6 P 2aeb20d456114539b34f91d6a4a523b0 [LEADER]: Connected to new peer: Peer: permanent_uuid: "68ad6a2036ef4c94be4fe96909c6f6d2" member_type: VOTER last_known_addr { host: "127.0.107.195" port: 34881 }, Status: LMP_MISMATCH, Last received: 0.0, Next index: 1, Last known committed idx: 0, Time since last communication: 0.000s
I20260630 12:12:26.890825   431 tablet_server.cc:179] TabletServer@127.0.107.193:0 shutting down...
I20260630 12:12:26.911559   431 ts_tablet_manager.cc:1507] Shutting down tablet manager...
I20260630 12:12:26.912225   431 tablet_replica.cc:333] T 4fe73d45a7484368bd0208a5e7962624 P 2aeb20d456114539b34f91d6a4a523b0: stopping tablet replica
I20260630 12:12:26.912796   431 raft_consensus.cc:2243] T 4fe73d45a7484368bd0208a5e7962624 P 2aeb20d456114539b34f91d6a4a523b0 [term 1 LEADER]: Raft consensus shutting down.
I20260630 12:12:26.913430   431 pending_rounds.cc:70] T 4fe73d45a7484368bd0208a5e7962624 P 2aeb20d456114539b34f91d6a4a523b0: Trying to abort 1 pending ops.
I20260630 12:12:26.913625   431 pending_rounds.cc:77] T 4fe73d45a7484368bd0208a5e7962624 P 2aeb20d456114539b34f91d6a4a523b0: Aborting op as it isn't in flight: id { term: 1 index: 1 } timestamp: 7302437054827663360 op_type: NO_OP noop_request { }
I20260630 12:12:26.913968   431 raft_consensus.cc:2889] T 4fe73d45a7484368bd0208a5e7962624 P 2aeb20d456114539b34f91d6a4a523b0 [term 1 LEADER]: NO_OP replication failed: Aborted: Op aborted
I20260630 12:12:26.914252   431 raft_consensus.cc:2272] T 4fe73d45a7484368bd0208a5e7962624 P 2aeb20d456114539b34f91d6a4a523b0 [term 1 FOLLOWER]: Raft consensus is shut down!
I20260630 12:12:26.916292   431 tablet_replica.cc:333] T 0f68a05c711e43b4bfee8ed709543404 P 2aeb20d456114539b34f91d6a4a523b0: stopping tablet replica
I20260630 12:12:26.916858   431 raft_consensus.cc:2243] T 0f68a05c711e43b4bfee8ed709543404 P 2aeb20d456114539b34f91d6a4a523b0 [term 1 FOLLOWER]: Raft consensus shutting down.
I20260630 12:12:26.917306   431 raft_consensus.cc:2272] T 0f68a05c711e43b4bfee8ed709543404 P 2aeb20d456114539b34f91d6a4a523b0 [term 1 FOLLOWER]: Raft consensus is shut down!
I20260630 12:12:26.918948   431 tablet_replica.cc:333] T 63bf3e02d8e4473783d30a8c2b8090a6 P 2aeb20d456114539b34f91d6a4a523b0: stopping tablet replica
I20260630 12:12:26.919435   431 raft_consensus.cc:2243] T 63bf3e02d8e4473783d30a8c2b8090a6 P 2aeb20d456114539b34f91d6a4a523b0 [term 1 LEADER]: Raft consensus shutting down.
I20260630 12:12:26.920218   431 raft_consensus.cc:2272] T 63bf3e02d8e4473783d30a8c2b8090a6 P 2aeb20d456114539b34f91d6a4a523b0 [term 1 FOLLOWER]: Raft consensus is shut down!
I20260630 12:12:26.922377   431 tablet_replica.cc:333] T 995c64b107d44dabbd9f2450d77726b1 P 2aeb20d456114539b34f91d6a4a523b0: stopping tablet replica
