I20260630 12:26:26.473866  9925 tablet_service.cc:1917] Received RequestConsensusVote() RPC: tablet_id: "617daaa7b1f649b4b4d4a563bf6d3461" candidate_uuid: "58e9e42d74794ad1aa8d18faf0b4f66f" candidate_term: 1 candidate_status { last_received { term: 0 index: 0 } } ignore_live_leader: false dest_uuid: "024643954575437f97e1618bc00ebc31" is_pre_election: true
I20260630 12:26:26.477101  9925 raft_consensus.cc:2468] T 617daaa7b1f649b4b4d4a563bf6d3461 P 024643954575437f97e1618bc00ebc31 [term 0 FOLLOWER]: Leader pre-election vote request: Granting yes vote for candidate 58e9e42d74794ad1aa8d18faf0b4f66f in term 0.
I20260630 12:26:26.477090  9971 consensus_queue.cc:260] T fe6a387f0f8d4ee2be102e8817a92003 P 024643954575437f97e1618bc00ebc31 [NON_LEADER]: Queue going to NON_LEADER mode. State: All replicated index: 0, Majority replicated index: 0, Committed index: 0, Last appended: 0.0, Last appended by leader: 0, Current term: 0, Majority size: -1, State: 0, Mode: NON_LEADER, active raft config: opid_index: -1 OBSOLETE_local: false peers { permanent_uuid: "58e9e42d74794ad1aa8d18faf0b4f66f" member_type: VOTER last_known_addr { host: "127.6.241.1" port: 41715 } } peers { permanent_uuid: "37509dd1c2f04dd5b429fff673da849b" member_type: VOTER last_known_addr { host: "127.6.241.2" port: 46421 } } peers { permanent_uuid: "024643954575437f97e1618bc00ebc31" member_type: VOTER last_known_addr { host: "127.6.241.3" port: 34103 } }
I20260630 12:26:26.478081  9972 raft_consensus.cc:359] T 745090a965544e6eafc048f9142844ec P 58e9e42d74794ad1aa8d18faf0b4f66f [term 0 FOLLOWER]: Replica starting. Triggering 0 pending ops. Active config: opid_index: -1 OBSOLETE_local: false peers { permanent_uuid: "58e9e42d74794ad1aa8d18faf0b4f66f" member_type: VOTER last_known_addr { host: "127.6.241.1" port: 41715 } } peers { permanent_uuid: "37509dd1c2f04dd5b429fff673da849b" member_type: VOTER last_known_addr { host: "127.6.241.2" port: 46421 } } peers { permanent_uuid: "024643954575437f97e1618bc00ebc31" member_type: VOTER last_known_addr { host: "127.6.241.3" port: 34103 } }
I20260630 12:26:26.478832  9972 raft_consensus.cc:385] T 745090a965544e6eafc048f9142844ec P 58e9e42d74794ad1aa8d18faf0b4f66f [term 0 FOLLOWER]: Consensus starting up: Expiring failure detector timer to make a prompt election more likely
I20260630 12:26:26.479314  9972 raft_consensus.cc:740] T 745090a965544e6eafc048f9142844ec P 58e9e42d74794ad1aa8d18faf0b4f66f [term 0 FOLLOWER]: Becoming Follower/Learner. State: Replica: 58e9e42d74794ad1aa8d18faf0b4f66f, State: Initialized, Role: FOLLOWER
I20260630 12:26:26.478883  9741 leader_election.cc:304] T 617daaa7b1f649b4b4d4a563bf6d3461 P 58e9e42d74794ad1aa8d18faf0b4f66f [CANDIDATE]: Term 1 pre-election: Election decided. Result: candidate won. Election summary: received 2 responses out of 3 voters: 2 yes votes; 0 no votes. yes voters: 024643954575437f97e1618bc00ebc31, 58e9e42d74794ad1aa8d18faf0b4f66f; no voters: 
I20260630 12:26:26.479667  9971 ts_tablet_manager.cc:1434] T fe6a387f0f8d4ee2be102e8817a92003 P 024643954575437f97e1618bc00ebc31: Time spent starting tablet: real 0.007s	user 0.008s	sys 0.000s
I20260630 12:26:26.480296  9977 raft_consensus.cc:2804] T 617daaa7b1f649b4b4d4a563bf6d3461 P 58e9e42d74794ad1aa8d18faf0b4f66f [term 0 FOLLOWER]: Leader pre-election won for term 1
I20260630 12:26:26.480643  9971 tablet_bootstrap.cc:492] T 02f98709fc7344e8bdcb1f7880fa83ca P 024643954575437f97e1618bc00ebc31: Bootstrap starting.
I20260630 12:26:26.480751  9977 raft_consensus.cc:493] T 617daaa7b1f649b4b4d4a563bf6d3461 P 58e9e42d74794ad1aa8d18faf0b4f66f [term 0 FOLLOWER]: Starting leader election (no leader contacted us within the election timeout)
I20260630 12:26:26.480213  9972 consensus_queue.cc:260] T 745090a965544e6eafc048f9142844ec P 58e9e42d74794ad1aa8d18faf0b4f66f [NON_LEADER]: Queue going to NON_LEADER mode. State: All replicated index: 0, Majority replicated index: 0, Committed index: 0, Last appended: 0.0, Last appended by leader: 0, Current term: 0, Majority size: -1, State: 0, Mode: NON_LEADER, active raft config: opid_index: -1 OBSOLETE_local: false peers { permanent_uuid: "58e9e42d74794ad1aa8d18faf0b4f66f" member_type: VOTER last_known_addr { host: "127.6.241.1" port: 41715 } } peers { permanent_uuid: "37509dd1c2f04dd5b429fff673da849b" member_type: VOTER last_known_addr { host: "127.6.241.2" port: 46421 } } peers { permanent_uuid: "024643954575437f97e1618bc00ebc31" member_type: VOTER last_known_addr { host: "127.6.241.3" port: 34103 } }
I20260630 12:26:26.481142  9977 raft_consensus.cc:3060] T 617daaa7b1f649b4b4d4a563bf6d3461 P 58e9e42d74794ad1aa8d18faf0b4f66f [term 0 FOLLOWER]: Advancing to term 1
I20260630 12:26:26.489163  9971 tablet_bootstrap.cc:654] T 02f98709fc7344e8bdcb1f7880fa83ca P 024643954575437f97e1618bc00ebc31: Neither blocks nor log segments found. Creating new log.
I20260630 12:26:26.488190  9851 tablet_service.cc:1917] Received RequestConsensusVote() RPC: tablet_id: "617daaa7b1f649b4b4d4a563bf6d3461" candidate_uuid: "58e9e42d74794ad1aa8d18faf0b4f66f" candidate_term: 1 candidate_status { last_received { term: 0 index: 0 } } ignore_live_leader: false dest_uuid: "37509dd1c2f04dd5b429fff673da849b" is_pre_election: true
W20260630 12:26:26.493600  9740 leader_election.cc:343] T 617daaa7b1f649b4b4d4a563bf6d3461 P 58e9e42d74794ad1aa8d18faf0b4f66f [CANDIDATE]: Term 1 pre-election: Tablet error from VoteRequest() call to peer 37509dd1c2f04dd5b429fff673da849b (127.6.241.2:46421): Illegal state: must be running to vote when last-logged opid is not known
I20260630 12:26:26.498163  9977 raft_consensus.cc:515] T 617daaa7b1f649b4b4d4a563bf6d3461 P 58e9e42d74794ad1aa8d18faf0b4f66f [term 1 FOLLOWER]: Starting leader election with config: opid_index: -1 OBSOLETE_local: false peers { permanent_uuid: "37509dd1c2f04dd5b429fff673da849b" member_type: VOTER last_known_addr { host: "127.6.241.2" port: 46421 } } peers { permanent_uuid: "58e9e42d74794ad1aa8d18faf0b4f66f" member_type: VOTER last_known_addr { host: "127.6.241.1" port: 41715 } } peers { permanent_uuid: "024643954575437f97e1618bc00ebc31" member_type: VOTER last_known_addr { host: "127.6.241.3" port: 34103 } }
I20260630 12:26:26.499740  9970 tablet_bootstrap.cc:492] T 617daaa7b1f649b4b4d4a563bf6d3461 P 37509dd1c2f04dd5b429fff673da849b: No bootstrap required, opened a new log
I20260630 12:26:26.499799  9972 ts_tablet_manager.cc:1434] T 745090a965544e6eafc048f9142844ec P 58e9e42d74794ad1aa8d18faf0b4f66f: Time spent starting tablet: real 0.025s	user 0.009s	sys 0.011s
I20260630 12:26:26.500329  9970 ts_tablet_manager.cc:1403] T 617daaa7b1f649b4b4d4a563bf6d3461 P 37509dd1c2f04dd5b429fff673da849b: Time spent bootstrapping tablet: real 0.069s	user 0.013s	sys 0.014s
I20260630 12:26:26.500747  9851 tablet_service.cc:1917] Received RequestConsensusVote() RPC: tablet_id: "617daaa7b1f649b4b4d4a563bf6d3461" candidate_uuid: "58e9e42d74794ad1aa8d18faf0b4f66f" candidate_term: 1 candidate_status { last_received { term: 0 index: 0 } } ignore_live_leader: false dest_uuid: "37509dd1c2f04dd5b429fff673da849b"
I20260630 12:26:26.501428  9972 tablet_bootstrap.cc:492] T 02f98709fc7344e8bdcb1f7880fa83ca P 58e9e42d74794ad1aa8d18faf0b4f66f: Bootstrap starting.
I20260630 12:26:26.503969  9970 raft_consensus.cc:359] T 617daaa7b1f649b4b4d4a563bf6d3461 P 37509dd1c2f04dd5b429fff673da849b [term 0 FOLLOWER]: Replica starting. Triggering 0 pending ops. Active config: opid_index: -1 OBSOLETE_local: false peers { permanent_uuid: "37509dd1c2f04dd5b429fff673da849b" member_type: VOTER last_known_addr { host: "127.6.241.2" port: 46421 } } peers { permanent_uuid: "58e9e42d74794ad1aa8d18faf0b4f66f" member_type: VOTER last_known_addr { host: "127.6.241.1" port: 41715 } } peers { permanent_uuid: "024643954575437f97e1618bc00ebc31" member_type: VOTER last_known_addr { host: "127.6.241.3" port: 34103 } }
I20260630 12:26:26.504680  9970 raft_consensus.cc:385] T 617daaa7b1f649b4b4d4a563bf6d3461 P 37509dd1c2f04dd5b429fff673da849b [term 0 FOLLOWER]: Consensus starting up: Expiring failure detector timer to make a prompt election more likely
I20260630 12:26:26.504995  9970 raft_consensus.cc:740] T 617daaa7b1f649b4b4d4a563bf6d3461 P 37509dd1c2f04dd5b429fff673da849b [term 0 FOLLOWER]: Becoming Follower/Learner. State: Replica: 37509dd1c2f04dd5b429fff673da849b, State: Initialized, Role: FOLLOWER
W20260630 12:26:26.505904  9740 leader_election.cc:343] T 617daaa7b1f649b4b4d4a563bf6d3461 P 58e9e42d74794ad1aa8d18faf0b4f66f [CANDIDATE]: Term 1 election: Tablet error from VoteRequest() call to peer 37509dd1c2f04dd5b429fff673da849b (127.6.241.2:46421): Illegal state: must be running to vote when last-logged opid is not known
I20260630 12:26:26.505949  9970 consensus_queue.cc:260] T 617daaa7b1f649b4b4d4a563bf6d3461 P 37509dd1c2f04dd5b429fff673da849b [NON_LEADER]: Queue going to NON_LEADER mode. State: All replicated index: 0, Majority replicated index: 0, Committed index: 0, Last appended: 0.0, Last appended by leader: 0, Current term: 0, Majority size: -1, State: 0, Mode: NON_LEADER, active raft config: opid_index: -1 OBSOLETE_local: false peers { permanent_uuid: "37509dd1c2f04dd5b429fff673da849b" member_type: VOTER last_known_addr { host: "127.6.241.2" port: 46421 } } peers { permanent_uuid: "58e9e42d74794ad1aa8d18faf0b4f66f" member_type: VOTER last_known_addr { host: "127.6.241.1" port: 41715 } } peers { permanent_uuid: "024643954575437f97e1618bc00ebc31" member_type: VOTER last_known_addr { host: "127.6.241.3" port: 34103 } }
I20260630 12:26:26.508327  9970 ts_tablet_manager.cc:1434] T 617daaa7b1f649b4b4d4a563bf6d3461 P 37509dd1c2f04dd5b429fff673da849b: Time spent starting tablet: real 0.008s	user 0.000s	sys 0.008s
I20260630 12:26:26.508687  9971 tablet_bootstrap.cc:492] T 02f98709fc7344e8bdcb1f7880fa83ca P 024643954575437f97e1618bc00ebc31: No bootstrap required, opened a new log
I20260630 12:26:26.509200  9971 ts_tablet_manager.cc:1403] T 02f98709fc7344e8bdcb1f7880fa83ca P 024643954575437f97e1618bc00ebc31: Time spent bootstrapping tablet: real 0.029s	user 0.010s	sys 0.006s
I20260630 12:26:26.509287  9970 tablet_bootstrap.cc:492] T 02f98709fc7344e8bdcb1f7880fa83ca P 37509dd1c2f04dd5b429fff673da849b: Bootstrap starting.
I20260630 12:26:26.511030  9972 tablet_bootstrap.cc:654] T 02f98709fc7344e8bdcb1f7880fa83ca P 58e9e42d74794ad1aa8d18faf0b4f66f: Neither blocks nor log segments found. Creating new log.
I20260630 12:26:26.512172  9971 raft_consensus.cc:359] T 02f98709fc7344e8bdcb1f7880fa83ca P 024643954575437f97e1618bc00ebc31 [term 0 FOLLOWER]: Replica starting. Triggering 0 pending ops. Active config: opid_index: -1 OBSOLETE_local: false peers { permanent_uuid: "58e9e42d74794ad1aa8d18faf0b4f66f" member_type: VOTER last_known_addr { host: "127.6.241.1" port: 41715 } } peers { permanent_uuid: "37509dd1c2f04dd5b429fff673da849b" member_type: VOTER last_known_addr { host: "127.6.241.2" port: 46421 } } peers { permanent_uuid: "024643954575437f97e1618bc00ebc31" member_type: VOTER last_known_addr { host: "127.6.241.3" port: 34103 } }
I20260630 12:26:26.512929  9971 raft_consensus.cc:385] T 02f98709fc7344e8bdcb1f7880fa83ca P 024643954575437f97e1618bc00ebc31 [term 0 FOLLOWER]: Consensus starting up: Expiring failure detector timer to make a prompt election more likely
I20260630 12:26:26.513238  9971 raft_consensus.cc:740] T 02f98709fc7344e8bdcb1f7880fa83ca P 024643954575437f97e1618bc00ebc31 [term 0 FOLLOWER]: Becoming Follower/Learner. State: Replica: 024643954575437f97e1618bc00ebc31, State: Initialized, Role: FOLLOWER
I20260630 12:26:26.514150  9971 consensus_queue.cc:260] T 02f98709fc7344e8bdcb1f7880fa83ca P 024643954575437f97e1618bc00ebc31 [NON_LEADER]: Queue going to NON_LEADER mode. State: All replicated index: 0, Majority replicated index: 0, Committed index: 0, Last appended: 0.0, Last appended by leader: 0, Current term: 0, Majority size: -1, State: 0, Mode: NON_LEADER, active raft config: opid_index: -1 OBSOLETE_local: false peers { permanent_uuid: "58e9e42d74794ad1aa8d18faf0b4f66f" member_type: VOTER last_known_addr { host: "127.6.241.1" port: 41715 } } peers { permanent_uuid: "37509dd1c2f04dd5b429fff673da849b" member_type: VOTER last_known_addr { host: "127.6.241.2" port: 46421 } } peers { permanent_uuid: "024643954575437f97e1618bc00ebc31" member_type: VOTER last_known_addr { host: "127.6.241.3" port: 34103 } }
I20260630 12:26:26.517055  9971 ts_tablet_manager.cc:1434] T 02f98709fc7344e8bdcb1f7880fa83ca P 024643954575437f97e1618bc00ebc31: Time spent starting tablet: real 0.007s	user 0.004s	sys 0.000s
I20260630 12:26:26.518847  9977 leader_election.cc:290] T 617daaa7b1f649b4b4d4a563bf6d3461 P 58e9e42d74794ad1aa8d18faf0b4f66f [CANDIDATE]: Term 1 election: Requested vote from peers 37509dd1c2f04dd5b429fff673da849b (127.6.241.2:46421), 024643954575437f97e1618bc00ebc31 (127.6.241.3:34103)
I20260630 12:26:26.520110  9925 tablet_service.cc:1917] Received RequestConsensusVote() RPC: tablet_id: "617daaa7b1f649b4b4d4a563bf6d3461" candidate_uuid: "58e9e42d74794ad1aa8d18faf0b4f66f" candidate_term: 1 candidate_status { last_received { term: 0 index: 0 } } ignore_live_leader: false dest_uuid: "024643954575437f97e1618bc00ebc31"
I20260630 12:26:26.520736  9970 tablet_bootstrap.cc:654] T 02f98709fc7344e8bdcb1f7880fa83ca P 37509dd1c2f04dd5b429fff673da849b: Neither blocks nor log segments found. Creating new log.
I20260630 12:26:26.522136  9972 tablet_bootstrap.cc:492] T 02f98709fc7344e8bdcb1f7880fa83ca P 58e9e42d74794ad1aa8d18faf0b4f66f: No bootstrap required, opened a new log
I20260630 12:26:26.522605  9972 ts_tablet_manager.cc:1403] T 02f98709fc7344e8bdcb1f7880fa83ca P 58e9e42d74794ad1aa8d18faf0b4f66f: Time spent bootstrapping tablet: real 0.022s	user 0.017s	sys 0.000s
I20260630 12:26:26.520696  9925 raft_consensus.cc:3060] T 617daaa7b1f649b4b4d4a563bf6d3461 P 024643954575437f97e1618bc00ebc31 [term 0 FOLLOWER]: Advancing to term 1
I20260630 12:26:26.525678  9972 raft_consensus.cc:359] T 02f98709fc7344e8bdcb1f7880fa83ca P 58e9e42d74794ad1aa8d18faf0b4f66f [term 0 FOLLOWER]: Replica starting. Triggering 0 pending ops. Active config: opid_index: -1 OBSOLETE_local: false peers { permanent_uuid: "58e9e42d74794ad1aa8d18faf0b4f66f" member_type: VOTER last_known_addr { host: "127.6.241.1" port: 41715 } } peers { permanent_uuid: "37509dd1c2f04dd5b429fff673da849b" member_type: VOTER last_known_addr { host: "127.6.241.2" port: 46421 } } peers { permanent_uuid: "024643954575437f97e1618bc00ebc31" member_type: VOTER last_known_addr { host: "127.6.241.3" port: 34103 } }
I20260630 12:26:26.526593  9972 raft_consensus.cc:385] T 02f98709fc7344e8bdcb1f7880fa83ca P 58e9e42d74794ad1aa8d18faf0b4f66f [term 0 FOLLOWER]: Consensus starting up: Expiring failure detector timer to make a prompt election more likely
I20260630 12:26:26.526947  9972 raft_consensus.cc:740] T 02f98709fc7344e8bdcb1f7880fa83ca P 58e9e42d74794ad1aa8d18faf0b4f66f [term 0 FOLLOWER]: Becoming Follower/Learner. State: Replica: 58e9e42d74794ad1aa8d18faf0b4f66f, State: Initialized, Role: FOLLOWER
I20260630 12:26:26.528066  9972 consensus_queue.cc:260] T 02f98709fc7344e8bdcb1f7880fa83ca P 58e9e42d74794ad1aa8d18faf0b4f66f [NON_LEADER]: Queue going to NON_LEADER mode. State: All replicated index: 0, Majority replicated index: 0, Committed index: 0, Last appended: 0.0, Last appended by leader: 0, Current term: 0, Majority size: -1, State: 0, Mode: NON_LEADER, active raft config: opid_index: -1 OBSOLETE_local: false peers { permanent_uuid: "58e9e42d74794ad1aa8d18faf0b4f66f" member_type: VOTER last_known_addr { host: "127.6.241.1" port: 41715 } } peers { permanent_uuid: "37509dd1c2f04dd5b429fff673da849b" member_type: VOTER last_known_addr { host: "127.6.241.2" port: 46421 } } peers { permanent_uuid: "024643954575437f97e1618bc00ebc31" member_type: VOTER last_known_addr { host: "127.6.241.3" port: 34103 } }
I20260630 12:26:26.531217  9972 ts_tablet_manager.cc:1434] T 02f98709fc7344e8bdcb1f7880fa83ca P 58e9e42d74794ad1aa8d18faf0b4f66f: Time spent starting tablet: real 0.008s	user 0.008s	sys 0.000s
I20260630 12:26:26.532086  9925 raft_consensus.cc:2468] T 617daaa7b1f649b4b4d4a563bf6d3461 P 024643954575437f97e1618bc00ebc31 [term 1 FOLLOWER]: Leader election vote request: Granting yes vote for candidate 58e9e42d74794ad1aa8d18faf0b4f66f in term 1.
I20260630 12:26:26.532953  9970 tablet_bootstrap.cc:492] T 02f98709fc7344e8bdcb1f7880fa83ca P 37509dd1c2f04dd5b429fff673da849b: No bootstrap required, opened a new log
I20260630 12:26:26.533195  9741 leader_election.cc:304] T 617daaa7b1f649b4b4d4a563bf6d3461 P 58e9e42d74794ad1aa8d18faf0b4f66f [CANDIDATE]: Term 1 election: Election decided. Result: candidate won. Election summary: received 3 responses out of 3 voters: 2 yes votes; 1 no votes. yes voters: 024643954575437f97e1618bc00ebc31, 58e9e42d74794ad1aa8d18faf0b4f66f; no voters: 37509dd1c2f04dd5b429fff673da849b
I20260630 12:26:26.533475  9970 ts_tablet_manager.cc:1403] T 02f98709fc7344e8bdcb1f7880fa83ca P 37509dd1c2f04dd5b429fff673da849b: Time spent bootstrapping tablet: real 0.024s	user 0.012s	sys 0.006s
I20260630 12:26:26.534024  9977 raft_consensus.cc:2804] T 617daaa7b1f649b4b4d4a563bf6d3461 P 58e9e42d74794ad1aa8d18faf0b4f66f [term 1 FOLLOWER]: Leader election won for term 1
I20260630 12:26:26.534544  9977 raft_consensus.cc:697] T 617daaa7b1f649b4b4d4a563bf6d3461 P 58e9e42d74794ad1aa8d18faf0b4f66f [term 1 LEADER]: Becoming Leader. State: Replica: 58e9e42d74794ad1aa8d18faf0b4f66f, State: Running, Role: LEADER
I20260630 12:26:26.535254  9977 consensus_queue.cc:237] T 617daaa7b1f649b4b4d4a563bf6d3461 P 58e9e42d74794ad1aa8d18faf0b4f66f [LEADER]: Queue going to LEADER mode. State: All replicated index: 0, Majority replicated index: 0, Committed index: 0, Last appended: 0.0, Last appended by leader: 0, Current term: 1, Majority size: 2, State: 0, Mode: LEADER, active raft config: opid_index: -1 OBSOLETE_local: false peers { permanent_uuid: "37509dd1c2f04dd5b429fff673da849b" member_type: VOTER last_known_addr { host: "127.6.241.2" port: 46421 } } peers { permanent_uuid: "58e9e42d74794ad1aa8d18faf0b4f66f" member_type: VOTER last_known_addr { host: "127.6.241.1" port: 41715 } } peers { permanent_uuid: "024643954575437f97e1618bc00ebc31" member_type: VOTER last_known_addr { host: "127.6.241.3" port: 34103 } }
I20260630 12:26:26.536357  9970 raft_consensus.cc:359] T 02f98709fc7344e8bdcb1f7880fa83ca P 37509dd1c2f04dd5b429fff673da849b [term 0 FOLLOWER]: Replica starting. Triggering 0 pending ops. Active config: opid_index: -1 OBSOLETE_local: false peers { permanent_uuid: "58e9e42d74794ad1aa8d18faf0b4f66f" member_type: VOTER last_known_addr { host: "127.6.241.1" port: 41715 } } peers { permanent_uuid: "37509dd1c2f04dd5b429fff673da849b" member_type: VOTER last_known_addr { host: "127.6.241.2" port: 46421 } } peers { permanent_uuid: "024643954575437f97e1618bc00ebc31" member_type: VOTER last_known_addr { host: "127.6.241.3" port: 34103 } }
I20260630 12:26:26.537026  9970 raft_consensus.cc:385] T 02f98709fc7344e8bdcb1f7880fa83ca P 37509dd1c2f04dd5b429fff673da849b [term 0 FOLLOWER]: Consensus starting up: Expiring failure detector timer to make a prompt election more likely
I20260630 12:26:26.537297  9970 raft_consensus.cc:740] T 02f98709fc7344e8bdcb1f7880fa83ca P 37509dd1c2f04dd5b429fff673da849b [term 0 FOLLOWER]: Becoming Follower/Learner. State: Replica: 37509dd1c2f04dd5b429fff673da849b, State: Initialized, Role: FOLLOWER
I20260630 12:26:26.538028  9970 consensus_queue.cc:260] T 02f98709fc7344e8bdcb1f7880fa83ca P 37509dd1c2f04dd5b429fff673da849b [NON_LEADER]: Queue going to NON_LEADER mode. State: All replicated index: 0, Majority replicated index: 0, Committed index: 0, Last appended: 0.0, Last appended by leader: 0, Current term: 0, Majority size: -1, State: 0, Mode: NON_LEADER, active raft config: opid_index: -1 OBSOLETE_local: false peers { permanent_uuid: "58e9e42d74794ad1aa8d18faf0b4f66f" member_type: VOTER last_known_addr { host: "127.6.241.1" port: 41715 } } peers { permanent_uuid: "37509dd1c2f04dd5b429fff673da849b" member_type: VOTER last_known_addr { host: "127.6.241.2" port: 46421 } } peers { permanent_uuid: "024643954575437f97e1618bc00ebc31" member_type: VOTER last_known_addr { host: "127.6.241.3" port: 34103 } }
I20260630 12:26:26.539806  9970 ts_tablet_manager.cc:1434] T 02f98709fc7344e8bdcb1f7880fa83ca P 37509dd1c2f04dd5b429fff673da849b: Time spent starting tablet: real 0.006s	user 0.004s	sys 0.000s
I20260630 12:26:26.545168  9672 catalog_manager.cc:5697] T 617daaa7b1f649b4b4d4a563bf6d3461 P 58e9e42d74794ad1aa8d18faf0b4f66f reported cstate change: term changed from 0 to 1, leader changed from <none> to 58e9e42d74794ad1aa8d18faf0b4f66f (127.6.241.1). New cstate: current_term: 1 leader_uuid: "58e9e42d74794ad1aa8d18faf0b4f66f" committed_config { opid_index: -1 OBSOLETE_local: false peers { permanent_uuid: "37509dd1c2f04dd5b429fff673da849b" member_type: VOTER last_known_addr { host: "127.6.241.2" port: 46421 } health_report { overall_health: UNKNOWN } } peers { permanent_uuid: "58e9e42d74794ad1aa8d18faf0b4f66f" member_type: VOTER last_known_addr { host: "127.6.241.1" port: 41715 } health_report { overall_health: HEALTHY } } peers { permanent_uuid: "024643954575437f97e1618bc00ebc31" member_type: VOTER last_known_addr { host: "127.6.241.3" port: 34103 } health_report { overall_health: UNKNOWN } } }
I20260630 12:26:26.555253  9978 raft_consensus.cc:493] T 745090a965544e6eafc048f9142844ec P 37509dd1c2f04dd5b429fff673da849b [term 0 FOLLOWER]: Starting pre-election (no leader contacted us within the election timeout)
I20260630 12:26:26.555627  9978 raft_consensus.cc:515] T 745090a965544e6eafc048f9142844ec P 37509dd1c2f04dd5b429fff673da849b [term 0 FOLLOWER]: Starting pre-election with config: opid_index: -1 OBSOLETE_local: false peers { permanent_uuid: "58e9e42d74794ad1aa8d18faf0b4f66f" member_type: VOTER last_known_addr { host: "127.6.241.1" port: 41715 } } peers { permanent_uuid: "37509dd1c2f04dd5b429fff673da849b" member_type: VOTER last_known_addr { host: "127.6.241.2" port: 46421 } } peers { permanent_uuid: "024643954575437f97e1618bc00ebc31" member_type: VOTER last_known_addr { host: "127.6.241.3" port: 34103 } }
I20260630 12:26:26.557624  9978 leader_election.cc:290] T 745090a965544e6eafc048f9142844ec P 37509dd1c2f04dd5b429fff673da849b [CANDIDATE]: Term 1 pre-election: Requested pre-vote from peers 58e9e42d74794ad1aa8d18faf0b4f66f (127.6.241.1:41715), 024643954575437f97e1618bc00ebc31 (127.6.241.3:34103)
I20260630 12:26:26.567705  9925 tablet_service.cc:1917] Received RequestConsensusVote() RPC: tablet_id: "745090a965544e6eafc048f9142844ec" candidate_uuid: "37509dd1c2f04dd5b429fff673da849b" candidate_term: 1 candidate_status { last_received { term: 0 index: 0 } } ignore_live_leader: false dest_uuid: "024643954575437f97e1618bc00ebc31" is_pre_election: true
I20260630 12:26:26.567793  9776 tablet_service.cc:1917] Received RequestConsensusVote() RPC: tablet_id: "745090a965544e6eafc048f9142844ec" candidate_uuid: "37509dd1c2f04dd5b429fff673da849b" candidate_term: 1 candidate_status { last_received { term: 0 index: 0 } } ignore_live_leader: false dest_uuid: "58e9e42d74794ad1aa8d18faf0b4f66f" is_pre_election: true
I20260630 12:26:26.568367  9925 raft_consensus.cc:2468] T 745090a965544e6eafc048f9142844ec P 024643954575437f97e1618bc00ebc31 [term 0 FOLLOWER]: Leader pre-election vote request: Granting yes vote for candidate 37509dd1c2f04dd5b429fff673da849b in term 0.
I20260630 12:26:26.568449  9776 raft_consensus.cc:2468] T 745090a965544e6eafc048f9142844ec P 58e9e42d74794ad1aa8d18faf0b4f66f [term 0 FOLLOWER]: Leader pre-election vote request: Granting yes vote for candidate 37509dd1c2f04dd5b429fff673da849b in term 0.
I20260630 12:26:26.569482  9816 leader_election.cc:304] T 745090a965544e6eafc048f9142844ec P 37509dd1c2f04dd5b429fff673da849b [CANDIDATE]: Term 1 pre-election: Election decided. Result: candidate won. Election summary: received 2 responses out of 3 voters: 2 yes votes; 0 no votes. yes voters: 024643954575437f97e1618bc00ebc31, 37509dd1c2f04dd5b429fff673da849b; no voters: 
I20260630 12:26:26.570173  9978 raft_consensus.cc:2804] T 745090a965544e6eafc048f9142844ec P 37509dd1c2f04dd5b429fff673da849b [term 0 FOLLOWER]: Leader pre-election won for term 1
I20260630 12:26:26.570554  9978 raft_consensus.cc:493] T 745090a965544e6eafc048f9142844ec P 37509dd1c2f04dd5b429fff673da849b [term 0 FOLLOWER]: Starting leader election (no leader contacted us within the election timeout)
I20260630 12:26:26.570856  9978 raft_consensus.cc:3060] T 745090a965544e6eafc048f9142844ec P 37509dd1c2f04dd5b429fff673da849b [term 0 FOLLOWER]: Advancing to term 1
I20260630 12:26:26.575688  9978 raft_consensus.cc:515] T 745090a965544e6eafc048f9142844ec P 37509dd1c2f04dd5b429fff673da849b [term 1 FOLLOWER]: Starting leader election with config: opid_index: -1 OBSOLETE_local: false peers { permanent_uuid: "58e9e42d74794ad1aa8d18faf0b4f66f" member_type: VOTER last_known_addr { host: "127.6.241.1" port: 41715 } } peers { permanent_uuid: "37509dd1c2f04dd5b429fff673da849b" member_type: VOTER last_known_addr { host: "127.6.241.2" port: 46421 } } peers { permanent_uuid: "024643954575437f97e1618bc00ebc31" member_type: VOTER last_known_addr { host: "127.6.241.3" port: 34103 } }
I20260630 12:26:26.577157  9978 leader_election.cc:290] T 745090a965544e6eafc048f9142844ec P 37509dd1c2f04dd5b429fff673da849b [CANDIDATE]: Term 1 election: Requested vote from peers 58e9e42d74794ad1aa8d18faf0b4f66f (127.6.241.1:41715), 024643954575437f97e1618bc00ebc31 (127.6.241.3:34103)
I20260630 12:26:26.577885  9776 tablet_service.cc:1917] Received RequestConsensusVote() RPC: tablet_id: "745090a965544e6eafc048f9142844ec" candidate_uuid: "37509dd1c2f04dd5b429fff673da849b" candidate_term: 1 candidate_status { last_received { term: 0 index: 0 } } ignore_live_leader: false dest_uuid: "58e9e42d74794ad1aa8d18faf0b4f66f"
I20260630 12:26:26.578059  9925 tablet_service.cc:1917] Received RequestConsensusVote() RPC: tablet_id: "745090a965544e6eafc048f9142844ec" candidate_uuid: "37509dd1c2f04dd5b429fff673da849b" candidate_term: 1 candidate_status { last_received { term: 0 index: 0 } } ignore_live_leader: false dest_uuid: "024643954575437f97e1618bc00ebc31"
I20260630 12:26:26.578358  9776 raft_consensus.cc:3060] T 745090a965544e6eafc048f9142844ec P 58e9e42d74794ad1aa8d18faf0b4f66f [term 0 FOLLOWER]: Advancing to term 1
I20260630 12:26:26.578660  9925 raft_consensus.cc:3060] T 745090a965544e6eafc048f9142844ec P 024643954575437f97e1618bc00ebc31 [term 0 FOLLOWER]: Advancing to term 1
I20260630 12:26:26.584210  9925 raft_consensus.cc:2468] T 745090a965544e6eafc048f9142844ec P 024643954575437f97e1618bc00ebc31 [term 1 FOLLOWER]: Leader election vote request: Granting yes vote for candidate 37509dd1c2f04dd5b429fff673da849b in term 1.
I20260630 12:26:26.584221  9776 raft_consensus.cc:2468] T 745090a965544e6eafc048f9142844ec P 58e9e42d74794ad1aa8d18faf0b4f66f [term 1 FOLLOWER]: Leader election vote request: Granting yes vote for candidate 37509dd1c2f04dd5b429fff673da849b in term 1.
I20260630 12:26:26.585233  9816 leader_election.cc:304] T 745090a965544e6eafc048f9142844ec P 37509dd1c2f04dd5b429fff673da849b [CANDIDATE]: Term 1 election: Election decided. Result: candidate won. Election summary: received 2 responses out of 3 voters: 2 yes votes; 0 no votes. yes voters: 024643954575437f97e1618bc00ebc31, 37509dd1c2f04dd5b429fff673da849b; no voters: 
I20260630 12:26:26.585949  9978 raft_consensus.cc:2804] T 745090a965544e6eafc048f9142844ec P 37509dd1c2f04dd5b429fff673da849b [term 1 FOLLOWER]: Leader election won for term 1
I20260630 12:26:26.586994  9978 raft_consensus.cc:697] T 745090a965544e6eafc048f9142844ec P 37509dd1c2f04dd5b429fff673da849b [term 1 LEADER]: Becoming Leader. State: Replica: 37509dd1c2f04dd5b429fff673da849b, State: Running, Role: LEADER
I20260630 12:26:26.587594  9978 consensus_queue.cc:237] T 745090a965544e6eafc048f9142844ec P 37509dd1c2f04dd5b429fff673da849b [LEADER]: Queue going to LEADER mode. State: All replicated index: 0, Majority replicated index: 0, Committed index: 0, Last appended: 0.0, Last appended by leader: 0, Current term: 1, Majority size: 2, State: 0, Mode: LEADER, active raft config: opid_index: -1 OBSOLETE_local: false peers { permanent_uuid: "58e9e42d74794ad1aa8d18faf0b4f66f" member_type: VOTER last_known_addr { host: "127.6.241.1" port: 41715 } } peers { permanent_uuid: "37509dd1c2f04dd5b429fff673da849b" member_type: VOTER last_known_addr { host: "127.6.241.2" port: 46421 } } peers { permanent_uuid: "024643954575437f97e1618bc00ebc31" member_type: VOTER last_known_addr { host: "127.6.241.3" port: 34103 } }
I20260630 12:26:26.591607  9976 raft_consensus.cc:493] T fe6a387f0f8d4ee2be102e8817a92003 P 024643954575437f97e1618bc00ebc31 [term 0 FOLLOWER]: Starting pre-election (no leader contacted us within the election timeout)
I20260630 12:26:26.592103  9976 raft_consensus.cc:515] T fe6a387f0f8d4ee2be102e8817a92003 P 024643954575437f97e1618bc00ebc31 [term 0 FOLLOWER]: Starting pre-election with config: opid_index: -1 OBSOLETE_local: false peers { permanent_uuid: "58e9e42d74794ad1aa8d18faf0b4f66f" member_type: VOTER last_known_addr { host: "127.6.241.1" port: 41715 } } peers { permanent_uuid: "37509dd1c2f04dd5b429fff673da849b" member_type: VOTER last_known_addr { host: "127.6.241.2" port: 46421 } } peers { permanent_uuid: "024643954575437f97e1618bc00ebc31" member_type: VOTER last_known_addr { host: "127.6.241.3" port: 34103 } }
I20260630 12:26:26.594909  9672 catalog_manager.cc:5697] T 745090a965544e6eafc048f9142844ec P 37509dd1c2f04dd5b429fff673da849b reported cstate change: term changed from 0 to 1, leader changed from <none> to 37509dd1c2f04dd5b429fff673da849b (127.6.241.2). New cstate: current_term: 1 leader_uuid: "37509dd1c2f04dd5b429fff673da849b" committed_config { opid_index: -1 OBSOLETE_local: false peers { permanent_uuid: "58e9e42d74794ad1aa8d18faf0b4f66f" member_type: VOTER last_known_addr { host: "127.6.241.1" port: 41715 } health_report { overall_health: UNKNOWN } } peers { permanent_uuid: "37509dd1c2f04dd5b429fff673da849b" member_type: VOTER last_known_addr { host: "127.6.241.2" port: 46421 } health_report { overall_health: HEALTHY } } peers { permanent_uuid: "024643954575437f97e1618bc00ebc31" member_type: VOTER last_known_addr { host: "127.6.241.3" port: 34103 } health_report { overall_health: UNKNOWN } } }
I20260630 12:26:26.595741  9976 leader_election.cc:290] T fe6a387f0f8d4ee2be102e8817a92003 P 024643954575437f97e1618bc00ebc31 [CANDIDATE]: Term 1 pre-election: Requested pre-vote from peers 58e9e42d74794ad1aa8d18faf0b4f66f (127.6.241.1:41715), 37509dd1c2f04dd5b429fff673da849b (127.6.241.2:46421)
I20260630 12:26:26.608968  9776 tablet_service.cc:1917] Received RequestConsensusVote() RPC: tablet_id: "fe6a387f0f8d4ee2be102e8817a92003" candidate_uuid: "024643954575437f97e1618bc00ebc31" candidate_term: 1 candidate_status { last_received { term: 0 index: 0 } } ignore_live_leader: false dest_uuid: "58e9e42d74794ad1aa8d18faf0b4f66f" is_pre_election: true
I20260630 12:26:26.609099  9851 tablet_service.cc:1917] Received RequestConsensusVote() RPC: tablet_id: "fe6a387f0f8d4ee2be102e8817a92003" candidate_uuid: "024643954575437f97e1618bc00ebc31" candidate_term: 1 candidate_status { last_received { term: 0 index: 0 } } ignore_live_leader: false dest_uuid: "37509dd1c2f04dd5b429fff673da849b" is_pre_election: true
I20260630 12:26:26.609597  9776 raft_consensus.cc:2468] T fe6a387f0f8d4ee2be102e8817a92003 P 58e9e42d74794ad1aa8d18faf0b4f66f [term 0 FOLLOWER]: Leader pre-election vote request: Granting yes vote for candidate 024643954575437f97e1618bc00ebc31 in term 0.
I20260630 12:26:26.609699  9851 raft_consensus.cc:2468] T fe6a387f0f8d4ee2be102e8817a92003 P 37509dd1c2f04dd5b429fff673da849b [term 0 FOLLOWER]: Leader pre-election vote request: Granting yes vote for candidate 024643954575437f97e1618bc00ebc31 in term 0.
I20260630 12:26:26.610659  9888 leader_election.cc:304] T fe6a387f0f8d4ee2be102e8817a92003 P 024643954575437f97e1618bc00ebc31 [CANDIDATE]: Term 1 pre-election: Election decided. Result: candidate won. Election summary: received 2 responses out of 3 voters: 2 yes votes; 0 no votes. yes voters: 024643954575437f97e1618bc00ebc31, 58e9e42d74794ad1aa8d18faf0b4f66f; no voters: 
I20260630 12:26:26.611362  9976 raft_consensus.cc:2804] T fe6a387f0f8d4ee2be102e8817a92003 P 024643954575437f97e1618bc00ebc31 [term 0 FOLLOWER]: Leader pre-election won for term 1
I20260630 12:26:26.611732  9976 raft_consensus.cc:493] T fe6a387f0f8d4ee2be102e8817a92003 P 024643954575437f97e1618bc00ebc31 [term 0 FOLLOWER]: Starting leader election (no leader contacted us within the election timeout)
I20260630 12:26:26.612022  9976 raft_consensus.cc:3060] T fe6a387f0f8d4ee2be102e8817a92003 P 024643954575437f97e1618bc00ebc31 [term 0 FOLLOWER]: Advancing to term 1
I20260630 12:26:26.616597  9976 raft_consensus.cc:515] T fe6a387f0f8d4ee2be102e8817a92003 P 024643954575437f97e1618bc00ebc31 [term 1 FOLLOWER]: Starting leader election with config: opid_index: -1 OBSOLETE_local: false peers { permanent_uuid: "58e9e42d74794ad1aa8d18faf0b4f66f" member_type: VOTER last_known_addr { host: "127.6.241.1" port: 41715 } } peers { permanent_uuid: "37509dd1c2f04dd5b429fff673da849b" member_type: VOTER last_known_addr { host: "127.6.241.2" port: 46421 } } peers { permanent_uuid: "024643954575437f97e1618bc00ebc31" member_type: VOTER last_known_addr { host: "127.6.241.3" port: 34103 } }
I20260630 12:26:26.618281  9976 leader_election.cc:290] T fe6a387f0f8d4ee2be102e8817a92003 P 024643954575437f97e1618bc00ebc31 [CANDIDATE]: Term 1 election: Requested vote from peers 58e9e42d74794ad1aa8d18faf0b4f66f (127.6.241.1:41715), 37509dd1c2f04dd5b429fff673da849b (127.6.241.2:46421)
I20260630 12:26:26.618986  9776 tablet_service.cc:1917] Received RequestConsensusVote() RPC: tablet_id: "fe6a387f0f8d4ee2be102e8817a92003" candidate_uuid: "024643954575437f97e1618bc00ebc31" candidate_term: 1 candidate_status { last_received { term: 0 index: 0 } } ignore_live_leader: false dest_uuid: "58e9e42d74794ad1aa8d18faf0b4f66f"
I20260630 12:26:26.619176  9851 tablet_service.cc:1917] Received RequestConsensusVote() RPC: tablet_id: "fe6a387f0f8d4ee2be102e8817a92003" candidate_uuid: "024643954575437f97e1618bc00ebc31" candidate_term: 1 candidate_status { last_received { term: 0 index: 0 } } ignore_live_leader: false dest_uuid: "37509dd1c2f04dd5b429fff673da849b"
I20260630 12:26:26.619467  9776 raft_consensus.cc:3060] T fe6a387f0f8d4ee2be102e8817a92003 P 58e9e42d74794ad1aa8d18faf0b4f66f [term 0 FOLLOWER]: Advancing to term 1
I20260630 12:26:26.619680  9851 raft_consensus.cc:3060] T fe6a387f0f8d4ee2be102e8817a92003 P 37509dd1c2f04dd5b429fff673da849b [term 0 FOLLOWER]: Advancing to term 1
I20260630 12:26:26.623878  9776 raft_consensus.cc:2468] T fe6a387f0f8d4ee2be102e8817a92003 P 58e9e42d74794ad1aa8d18faf0b4f66f [term 1 FOLLOWER]: Leader election vote request: Granting yes vote for candidate 024643954575437f97e1618bc00ebc31 in term 1.
I20260630 12:26:26.624145  9851 raft_consensus.cc:2468] T fe6a387f0f8d4ee2be102e8817a92003 P 37509dd1c2f04dd5b429fff673da849b [term 1 FOLLOWER]: Leader election vote request: Granting yes vote for candidate 024643954575437f97e1618bc00ebc31 in term 1.
I20260630 12:26:26.624842  9888 leader_election.cc:304] T fe6a387f0f8d4ee2be102e8817a92003 P 024643954575437f97e1618bc00ebc31 [CANDIDATE]: Term 1 election: Election decided. Result: candidate won. Election summary: received 2 responses out of 3 voters: 2 yes votes; 0 no votes. yes voters: 024643954575437f97e1618bc00ebc31, 58e9e42d74794ad1aa8d18faf0b4f66f; no voters: 
I20260630 12:26:26.625489  9976 raft_consensus.cc:2804] T fe6a387f0f8d4ee2be102e8817a92003 P 024643954575437f97e1618bc00ebc31 [term 1 FOLLOWER]: Leader election won for term 1
I20260630 12:26:26.626477  9976 raft_consensus.cc:697] T fe6a387f0f8d4ee2be102e8817a92003 P 024643954575437f97e1618bc00ebc31 [term 1 LEADER]: Becoming Leader. State: Replica: 024643954575437f97e1618bc00ebc31, State: Running, Role: LEADER
I20260630 12:26:26.627193  9976 consensus_queue.cc:237] T fe6a387f0f8d4ee2be102e8817a92003 P 024643954575437f97e1618bc00ebc31 [LEADER]: Queue going to LEADER mode. State: All replicated index: 0, Majority replicated index: 0, Committed index: 0, Last appended: 0.0, Last appended by leader: 0, Current term: 1, Majority size: 2, State: 0, Mode: LEADER, active raft config: opid_index: -1 OBSOLETE_local: false peers { permanent_uuid: "58e9e42d74794ad1aa8d18faf0b4f66f" member_type: VOTER last_known_addr { host: "127.6.241.1" port: 41715 } } peers { permanent_uuid: "37509dd1c2f04dd5b429fff673da849b" member_type: VOTER last_known_addr { host: "127.6.241.2" port: 46421 } } peers { permanent_uuid: "024643954575437f97e1618bc00ebc31" member_type: VOTER last_known_addr { host: "127.6.241.3" port: 34103 } }
I20260630 12:26:26.633785  9672 catalog_manager.cc:5697] T fe6a387f0f8d4ee2be102e8817a92003 P 024643954575437f97e1618bc00ebc31 reported cstate change: term changed from 0 to 1, leader changed from <none> to 024643954575437f97e1618bc00ebc31 (127.6.241.3). New cstate: current_term: 1 leader_uuid: "024643954575437f97e1618bc00ebc31" committed_config { opid_index: -1 OBSOLETE_local: false peers { permanent_uuid: "58e9e42d74794ad1aa8d18faf0b4f66f" member_type: VOTER last_known_addr { host: "127.6.241.1" port: 41715 } health_report { overall_health: UNKNOWN } } peers { permanent_uuid: "37509dd1c2f04dd5b429fff673da849b" member_type: VOTER last_known_addr { host: "127.6.241.2" port: 46421 } health_report { overall_health: UNKNOWN } } peers { permanent_uuid: "024643954575437f97e1618bc00ebc31" member_type: VOTER last_known_addr { host: "127.6.241.3" port: 34103 } health_report { overall_health: HEALTHY } } }
I20260630 12:26:26.678057  9978 raft_consensus.cc:493] T 02f98709fc7344e8bdcb1f7880fa83ca P 37509dd1c2f04dd5b429fff673da849b [term 0 FOLLOWER]: Starting pre-election (no leader contacted us within the election timeout)
I20260630 12:26:26.678574  9978 raft_consensus.cc:515] T 02f98709fc7344e8bdcb1f7880fa83ca P 37509dd1c2f04dd5b429fff673da849b [term 0 FOLLOWER]: Starting pre-election with config: opid_index: -1 OBSOLETE_local: false peers { permanent_uuid: "58e9e42d74794ad1aa8d18faf0b4f66f" member_type: VOTER last_known_addr { host: "127.6.241.1" port: 41715 } } peers { permanent_uuid: "37509dd1c2f04dd5b429fff673da849b" member_type: VOTER last_known_addr { host: "127.6.241.2" port: 46421 } } peers { permanent_uuid: "024643954575437f97e1618bc00ebc31" member_type: VOTER last_known_addr { host: "127.6.241.3" port: 34103 } }
I20260630 12:26:26.680305  9978 leader_election.cc:290] T 02f98709fc7344e8bdcb1f7880fa83ca P 37509dd1c2f04dd5b429fff673da849b [CANDIDATE]: Term 1 pre-election: Requested pre-vote from peers 58e9e42d74794ad1aa8d18faf0b4f66f (127.6.241.1:41715), 024643954575437f97e1618bc00ebc31 (127.6.241.3:34103)
I20260630 12:26:26.681205  9776 tablet_service.cc:1917] Received RequestConsensusVote() RPC: tablet_id: "02f98709fc7344e8bdcb1f7880fa83ca" candidate_uuid: "37509dd1c2f04dd5b429fff673da849b" candidate_term: 1 candidate_status { last_received { term: 0 index: 0 } } ignore_live_leader: false dest_uuid: "58e9e42d74794ad1aa8d18faf0b4f66f" is_pre_election: true
I20260630 12:26:26.681519  9925 tablet_service.cc:1917] Received RequestConsensusVote() RPC: tablet_id: "02f98709fc7344e8bdcb1f7880fa83ca" candidate_uuid: "37509dd1c2f04dd5b429fff673da849b" candidate_term: 1 candidate_status { last_received { term: 0 index: 0 } } ignore_live_leader: false dest_uuid: "024643954575437f97e1618bc00ebc31" is_pre_election: true
I20260630 12:26:26.681809  9776 raft_consensus.cc:2468] T 02f98709fc7344e8bdcb1f7880fa83ca P 58e9e42d74794ad1aa8d18faf0b4f66f [term 0 FOLLOWER]: Leader pre-election vote request: Granting yes vote for candidate 37509dd1c2f04dd5b429fff673da849b in term 0.
I20260630 12:26:26.682085  9925 raft_consensus.cc:2468] T 02f98709fc7344e8bdcb1f7880fa83ca P 024643954575437f97e1618bc00ebc31 [term 0 FOLLOWER]: Leader pre-election vote request: Granting yes vote for candidate 37509dd1c2f04dd5b429fff673da849b in term 0.
I20260630 12:26:26.682931  9814 leader_election.cc:304] T 02f98709fc7344e8bdcb1f7880fa83ca P 37509dd1c2f04dd5b429fff673da849b [CANDIDATE]: Term 1 pre-election: Election decided. Result: candidate won. Election summary: received 2 responses out of 3 voters: 2 yes votes; 0 no votes. yes voters: 37509dd1c2f04dd5b429fff673da849b, 58e9e42d74794ad1aa8d18faf0b4f66f; no voters: 
I20260630 12:26:26.683656  9978 raft_consensus.cc:2804] T 02f98709fc7344e8bdcb1f7880fa83ca P 37509dd1c2f04dd5b429fff673da849b [term 0 FOLLOWER]: Leader pre-election won for term 1
I20260630 12:26:26.683905  9978 raft_consensus.cc:493] T 02f98709fc7344e8bdcb1f7880fa83ca P 37509dd1c2f04dd5b429fff673da849b [term 0 FOLLOWER]: Starting leader election (no leader contacted us within the election timeout)
I20260630 12:26:26.684114  9978 raft_consensus.cc:3060] T 02f98709fc7344e8bdcb1f7880fa83ca P 37509dd1c2f04dd5b429fff673da849b [term 0 FOLLOWER]: Advancing to term 1
I20260630 12:26:26.688396  9978 raft_consensus.cc:515] T 02f98709fc7344e8bdcb1f7880fa83ca P 37509dd1c2f04dd5b429fff673da849b [term 1 FOLLOWER]: Starting leader election with config: opid_index: -1 OBSOLETE_local: false peers { permanent_uuid: "58e9e42d74794ad1aa8d18faf0b4f66f" member_type: VOTER last_known_addr { host: "127.6.241.1" port: 41715 } } peers { permanent_uuid: "37509dd1c2f04dd5b429fff673da849b" member_type: VOTER last_known_addr { host: "127.6.241.2" port: 46421 } } peers { permanent_uuid: "024643954575437f97e1618bc00ebc31" member_type: VOTER last_known_addr { host: "127.6.241.3" port: 34103 } }
I20260630 12:26:26.689836  9978 leader_election.cc:290] T 02f98709fc7344e8bdcb1f7880fa83ca P 37509dd1c2f04dd5b429fff673da849b [CANDIDATE]: Term 1 election: Requested vote from peers 58e9e42d74794ad1aa8d18faf0b4f66f (127.6.241.1:41715), 024643954575437f97e1618bc00ebc31 (127.6.241.3:34103)
I20260630 12:26:26.690596  9776 tablet_service.cc:1917] Received RequestConsensusVote() RPC: tablet_id: "02f98709fc7344e8bdcb1f7880fa83ca" candidate_uuid: "37509dd1c2f04dd5b429fff673da849b" candidate_term: 1 candidate_status { last_received { term: 0 index: 0 } } ignore_live_leader: false dest_uuid: "58e9e42d74794ad1aa8d18faf0b4f66f"
I20260630 12:26:26.690734  9925 tablet_service.cc:1917] Received RequestConsensusVote() RPC: tablet_id: "02f98709fc7344e8bdcb1f7880fa83ca" candidate_uuid: "37509dd1c2f04dd5b429fff673da849b" candidate_term: 1 candidate_status { last_received { term: 0 index: 0 } } ignore_live_leader: false dest_uuid: "024643954575437f97e1618bc00ebc31"
I20260630 12:26:26.691090  9776 raft_consensus.cc:3060] T 02f98709fc7344e8bdcb1f7880fa83ca P 58e9e42d74794ad1aa8d18faf0b4f66f [term 0 FOLLOWER]: Advancing to term 1
I20260630 12:26:26.691251  9925 raft_consensus.cc:3060] T 02f98709fc7344e8bdcb1f7880fa83ca P 024643954575437f97e1618bc00ebc31 [term 0 FOLLOWER]: Advancing to term 1
I20260630 12:26:26.695634  9925 raft_consensus.cc:2468] T 02f98709fc7344e8bdcb1f7880fa83ca P 024643954575437f97e1618bc00ebc31 [term 1 FOLLOWER]: Leader election vote request: Granting yes vote for candidate 37509dd1c2f04dd5b429fff673da849b in term 1.
I20260630 12:26:26.696162  9776 raft_consensus.cc:2468] T 02f98709fc7344e8bdcb1f7880fa83ca P 58e9e42d74794ad1aa8d18faf0b4f66f [term 1 FOLLOWER]: Leader election vote request: Granting yes vote for candidate 37509dd1c2f04dd5b429fff673da849b in term 1.
I20260630 12:26:26.696614  9816 leader_election.cc:304] T 02f98709fc7344e8bdcb1f7880fa83ca P 37509dd1c2f04dd5b429fff673da849b [CANDIDATE]: Term 1 election: Election decided. Result: candidate won. Election summary: received 2 responses out of 3 voters: 2 yes votes; 0 no votes. yes voters: 024643954575437f97e1618bc00ebc31, 37509dd1c2f04dd5b429fff673da849b; no voters: 
I20260630 12:26:26.697372  9978 raft_consensus.cc:2804] T 02f98709fc7344e8bdcb1f7880fa83ca P 37509dd1c2f04dd5b429fff673da849b [term 1 FOLLOWER]: Leader election won for term 1
I20260630 12:26:26.697793  9978 raft_consensus.cc:697] T 02f98709fc7344e8bdcb1f7880fa83ca P 37509dd1c2f04dd5b429fff673da849b [term 1 LEADER]: Becoming Leader. State: Replica: 37509dd1c2f04dd5b429fff673da849b, State: Running, Role: LEADER
I20260630 12:26:26.698531  9978 consensus_queue.cc:237] T 02f98709fc7344e8bdcb1f7880fa83ca P 37509dd1c2f04dd5b429fff673da849b [LEADER]: Queue going to LEADER mode. State: All replicated index: 0, Majority replicated index: 0, Committed index: 0, Last appended: 0.0, Last appended by leader: 0, Current term: 1, Majority size: 2, State: 0, Mode: LEADER, active raft config: opid_index: -1 OBSOLETE_local: false peers { permanent_uuid: "58e9e42d74794ad1aa8d18faf0b4f66f" member_type: VOTER last_known_addr { host: "127.6.241.1" port: 41715 } } peers { permanent_uuid: "37509dd1c2f04dd5b429fff673da849b" member_type: VOTER last_known_addr { host: "127.6.241.2" port: 46421 } } peers { permanent_uuid: "024643954575437f97e1618bc00ebc31" member_type: VOTER last_known_addr { host: "127.6.241.3" port: 34103 } }
I20260630 12:26:26.705204  9672 catalog_manager.cc:5697] T 02f98709fc7344e8bdcb1f7880fa83ca P 37509dd1c2f04dd5b429fff673da849b reported cstate change: term changed from 0 to 1, leader changed from <none> to 37509dd1c2f04dd5b429fff673da849b (127.6.241.2). New cstate: current_term: 1 leader_uuid: "37509dd1c2f04dd5b429fff673da849b" committed_config { opid_index: -1 OBSOLETE_local: false peers { permanent_uuid: "58e9e42d74794ad1aa8d18faf0b4f66f" member_type: VOTER last_known_addr { host: "127.6.241.1" port: 41715 } health_report { overall_health: UNKNOWN } } peers { permanent_uuid: "37509dd1c2f04dd5b429fff673da849b" member_type: VOTER last_known_addr { host: "127.6.241.2" port: 46421 } health_report { overall_health: HEALTHY } } peers { permanent_uuid: "024643954575437f97e1618bc00ebc31" member_type: VOTER last_known_addr { host: "127.6.241.3" port: 34103 } health_report { overall_health: UNKNOWN } } }
I20260630 12:26:26.804951  7108 tablet_server.cc:179] TabletServer@127.6.241.1:0 shutting down...
I20260630 12:26:26.810614  9727 auto_leader_rebalancer.cc:141] leader rebalance for table range_aware_auto_rebalancer_test
I20260630 12:26:26.816318  9727 auto_leader_rebalancer.cc:440] table: range_aware_auto_rebalancer_test, leader rebalance finish, leader transfer count: 0
I20260630 12:26:26.817426  9727 auto_leader_rebalancer.cc:515] All tables' leader rebalancing finished this round
I20260630 12:26:26.827942  7108 ts_tablet_manager.cc:1507] Shutting down tablet manager...
I20260630 12:26:26.828785  7108 tablet_replica.cc:333] T 02f98709fc7344e8bdcb1f7880fa83ca P 58e9e42d74794ad1aa8d18faf0b4f66f: stopping tablet replica
I20260630 12:26:26.829444  7108 raft_consensus.cc:2243] T 02f98709fc7344e8bdcb1f7880fa83ca P 58e9e42d74794ad1aa8d18faf0b4f66f [term 1 FOLLOWER]: Raft consensus shutting down.
I20260630 12:26:26.829831  7108 raft_consensus.cc:2272] T 02f98709fc7344e8bdcb1f7880fa83ca P 58e9e42d74794ad1aa8d18faf0b4f66f [term 1 FOLLOWER]: Raft consensus is shut down!
I20260630 12:26:26.831689  7108 tablet_replica.cc:333] T fe6a387f0f8d4ee2be102e8817a92003 P 58e9e42d74794ad1aa8d18faf0b4f66f: stopping tablet replica
I20260630 12:26:26.832196  7108 raft_consensus.cc:2243] T fe6a387f0f8d4ee2be102e8817a92003 P 58e9e42d74794ad1aa8d18faf0b4f66f [term 1 FOLLOWER]: Raft consensus shutting down.
I20260630 12:26:26.832545  7108 raft_consensus.cc:2272] T fe6a387f0f8d4ee2be102e8817a92003 P 58e9e42d74794ad1aa8d18faf0b4f66f [term 1 FOLLOWER]: Raft consensus is shut down!
I20260630 12:26:26.834390  7108 tablet_replica.cc:333] T 745090a965544e6eafc048f9142844ec P 58e9e42d74794ad1aa8d18faf0b4f66f: stopping tablet replica
I20260630 12:26:26.834851  7108 raft_consensus.cc:2243] T 745090a965544e6eafc048f9142844ec P 58e9e42d74794ad1aa8d18faf0b4f66f [term 1 FOLLOWER]: Raft consensus shutting down.
I20260630 12:26:26.835166  7108 raft_consensus.cc:2272] T 745090a965544e6eafc048f9142844ec P 58e9e42d74794ad1aa8d18faf0b4f66f [term 1 FOLLOWER]: Raft consensus is shut down!
I20260630 12:26:26.836884  7108 tablet_replica.cc:333] T 617daaa7b1f649b4b4d4a563bf6d3461 P 58e9e42d74794ad1aa8d18faf0b4f66f: stopping tablet replica
I20260630 12:26:26.837327  7108 raft_consensus.cc:2243] T 617daaa7b1f649b4b4d4a563bf6d3461 P 58e9e42d74794ad1aa8d18faf0b4f66f [term 1 LEADER]: Raft consensus shutting down.
I20260630 12:26:26.837903  7108 pending_rounds.cc:70] T 617daaa7b1f649b4b4d4a563bf6d3461 P 58e9e42d74794ad1aa8d18faf0b4f66f: Trying to abort 1 pending ops.
I20260630 12:26:26.838070  7108 pending_rounds.cc:77] T 617daaa7b1f649b4b4d4a563bf6d3461 P 58e9e42d74794ad1aa8d18faf0b4f66f: Aborting op as it isn't in flight: id { term: 1 index: 1 } timestamp: 7302440495256371200 op_type: NO_OP noop_request { }
I20260630 12:26:26.838344  7108 raft_consensus.cc:2889] T 617daaa7b1f649b4b4d4a563bf6d3461 P 58e9e42d74794ad1aa8d18faf0b4f66f [term 1 LEADER]: NO_OP replication failed: Aborted: Op aborted
I20260630 12:26:26.838577  7108 raft_consensus.cc:2272] T 617daaa7b1f649b4b4d4a563bf6d3461 P 58e9e42d74794ad1aa8d18faf0b4f66f [term 1 FOLLOWER]: Raft consensus is shut down!
I20260630 12:26:26.860302  7108 tablet_server.cc:196] TabletServer@127.6.241.1:0 shutdown complete.
I20260630 12:26:26.870225  7108 tablet_server.cc:179] TabletServer@127.6.241.2:0 shutting down...
I20260630 12:26:26.886739  9978 raft_consensus.cc:493] T 617daaa7b1f649b4b4d4a563bf6d3461 P 37509dd1c2f04dd5b429fff673da849b [term 0 FOLLOWER]: Starting pre-election (no leader contacted us within the election timeout)
