I20260630 12:25:39.596911  7093 fs_manager.cc:647] Opened local filesystem: /tmp/dist-test-taskMNMfO0/test-tmp/auto_rebalancer-test.0.AutoRebalancerTest.MovesScheduledIfAddTserver.1782822302598126-7093-0/minicluster-data/ts-3-root
uuid: "7172e719574a4a849c52424ec3e95a35"
format_stamp: "Formatted at 2026-06-30 12:25:39 on dist-test-slave-zxml"
I20260630 12:25:39.597220  7093 fs_report.cc:389] FS layout report
--------------------
wal directory: /tmp/dist-test-taskMNMfO0/test-tmp/auto_rebalancer-test.0.AutoRebalancerTest.MovesScheduledIfAddTserver.1782822302598126-7093-0/minicluster-data/ts-3-root
metadata directory: /tmp/dist-test-taskMNMfO0/test-tmp/auto_rebalancer-test.0.AutoRebalancerTest.MovesScheduledIfAddTserver.1782822302598126-7093-0/minicluster-data/ts-3-root
1 data directories: /tmp/dist-test-taskMNMfO0/test-tmp/auto_rebalancer-test.0.AutoRebalancerTest.MovesScheduledIfAddTserver.1782822302598126-7093-0/minicluster-data/ts-3-root/data
Total live blocks: 0
Total live bytes: 0
Total live bytes (after alignment): 0
Total number of LBM containers: 0 (0 full)
Did not check for missing blocks
Did not check for orphaned blocks
Total full LBM containers with extra space: 0 (0 repaired)
Total full LBM container extra space in bytes: 0 (0 repaired)
Total incomplete LBM containers: 0 (0 repaired)
Total LBM partial records: 0 (0 repaired)
Total corrupted LBM metadata records in RocksDB: 0 (0 repaired)
I20260630 12:25:39.613232  7093 rpc_server.cc:225] running with OpenSSL 1.1.1  11 Sep 2018
I20260630 12:25:39.614691  7093 kserver.cc:163] Server-wide thread pool size limit: 3276
I20260630 12:25:39.616583  7093 txn_system_client.cc:432] TxnSystemClient initialization is disabled...
I20260630 12:25:39.619201  7093 ts_tablet_manager.cc:585] Loaded tablet metadata (0 total tablets, 0 live tablets)
I20260630 12:25:39.619457  7093 ts_tablet_manager.cc:531] Time spent load tablet metadata: real 0.000s	user 0.000s	sys 0.000s
I20260630 12:25:39.619719  7093 ts_tablet_manager.cc:616] Registered 0 tablets
I20260630 12:25:39.619920  7093 ts_tablet_manager.cc:595] Time spent register tablets: real 0.000s	user 0.000s	sys 0.000s
I20260630 12:25:39.666491  7093 rpc_server.cc:307] RPC server started. Bound to: 127.6.237.68:43831
I20260630 12:25:39.666594  9141 acceptor_pool.cc:272] collecting diagnostics on the listening RPC socket 127.6.237.68:43831 every 8 connection(s)
I20260630 12:25:39.689875  9142 heartbeater.cc:344] Connected to a master server at 127.6.237.126:44813
I20260630 12:25:39.690402  9142 heartbeater.cc:461] Registering TS with master...
I20260630 12:25:39.691385  9142 heartbeater.cc:507] Master 127.6.237.126:44813 requested a full tablet report, sending...
I20260630 12:25:39.694032  8729 ts_manager.cc:194] Registered new tserver with Master: 7172e719574a4a849c52424ec3e95a35 (127.6.237.68:43831)
I20260630 12:25:39.695839  8729 master_service.cc:502] Signed X509 certificate for tserver {username='slave'} at 127.0.0.1:35440
I20260630 12:25:40.531054  8909 consensus_queue.cc:237] T 817f7c287ae3443aa2bb9cda52853598 P 87c198df4a4342a08520804a5603ae97 [LEADER]: Queue going to LEADER mode. State: All replicated index: 0, Majority replicated index: 1, Committed index: 1, Last appended: 1.1, Last appended by leader: 0, Current term: 1, Majority size: 2, State: 0, Mode: LEADER, active raft config: opid_index: 2 OBSOLETE_local: false peers { permanent_uuid: "73a37a7d3abd45eba917d0825f2dd392" member_type: VOTER last_known_addr { host: "127.6.237.67" port: 44153 } } peers { permanent_uuid: "613229aa84864abfbd26287929e3e6d8" member_type: VOTER last_known_addr { host: "127.6.237.65" port: 37423 } attrs { replace: true } } peers { permanent_uuid: "87c198df4a4342a08520804a5603ae97" member_type: VOTER last_known_addr { host: "127.6.237.66" port: 32855 } } peers { permanent_uuid: "7172e719574a4a849c52424ec3e95a35" member_type: NON_VOTER last_known_addr { host: "127.6.237.68" port: 43831 } attrs { promote: true } }
I20260630 12:25:40.542016  8983 raft_consensus.cc:1275] T 817f7c287ae3443aa2bb9cda52853598 P 73a37a7d3abd45eba917d0825f2dd392 [term 1 FOLLOWER]: Refusing update from remote peer 87c198df4a4342a08520804a5603ae97: Log matching property violated. Preceding OpId in replica: term: 1 index: 1. Preceding OpId from leader: term: 1 index: 2. (index mismatch)
I20260630 12:25:40.542490  8833 raft_consensus.cc:1275] T 817f7c287ae3443aa2bb9cda52853598 P 613229aa84864abfbd26287929e3e6d8 [term 1 FOLLOWER]: Refusing update from remote peer 87c198df4a4342a08520804a5603ae97: Log matching property violated. Preceding OpId in replica: term: 1 index: 1. Preceding OpId from leader: term: 1 index: 2. (index mismatch)
I20260630 12:25:40.544004  9068 consensus_queue.cc:1048] T 817f7c287ae3443aa2bb9cda52853598 P 87c198df4a4342a08520804a5603ae97 [LEADER]: Connected to new peer: Peer: permanent_uuid: "73a37a7d3abd45eba917d0825f2dd392" member_type: VOTER last_known_addr { host: "127.6.237.67" port: 44153 }, Status: LMP_MISMATCH, Last received: 0.0, Next index: 2, Last known committed idx: 1, Time since last communication: 0.001s
I20260630 12:25:40.545261  9149 consensus_queue.cc:1048] T 817f7c287ae3443aa2bb9cda52853598 P 87c198df4a4342a08520804a5603ae97 [LEADER]: Connected to new peer: Peer: permanent_uuid: "613229aa84864abfbd26287929e3e6d8" member_type: VOTER last_known_addr { host: "127.6.237.65" port: 37423 } attrs { replace: true }, Status: LMP_MISMATCH, Last received: 0.0, Next index: 2, Last known committed idx: 1, Time since last communication: 0.001s
W20260630 12:25:40.554401  8874 consensus_peers.cc:597] T 817f7c287ae3443aa2bb9cda52853598 P 87c198df4a4342a08520804a5603ae97 -> Peer 7172e719574a4a849c52424ec3e95a35 (127.6.237.68:43831): Couldn't send request to peer 7172e719574a4a849c52424ec3e95a35. Error code: TABLET_NOT_FOUND (6). Status: Not found: Tablet not found: 817f7c287ae3443aa2bb9cda52853598. This is attempt 1: this message will repeat every 5th retry.
I20260630 12:25:40.556883  9149 raft_consensus.cc:2955] T 817f7c287ae3443aa2bb9cda52853598 P 87c198df4a4342a08520804a5603ae97 [term 1 LEADER]: Committing config change with OpId 1.2: config changed from index -1 to 2, NON_VOTER 7172e719574a4a849c52424ec3e95a35 (127.6.237.68) added. New config: { opid_index: 2 OBSOLETE_local: false peers { permanent_uuid: "73a37a7d3abd45eba917d0825f2dd392" member_type: VOTER last_known_addr { host: "127.6.237.67" port: 44153 } } peers { permanent_uuid: "613229aa84864abfbd26287929e3e6d8" member_type: VOTER last_known_addr { host: "127.6.237.65" port: 37423 } attrs { replace: true } } peers { permanent_uuid: "87c198df4a4342a08520804a5603ae97" member_type: VOTER last_known_addr { host: "127.6.237.66" port: 32855 } } peers { permanent_uuid: "7172e719574a4a849c52424ec3e95a35" member_type: NON_VOTER last_known_addr { host: "127.6.237.68" port: 43831 } attrs { promote: true } } }
I20260630 12:25:40.558614  8833 raft_consensus.cc:2955] T 817f7c287ae3443aa2bb9cda52853598 P 613229aa84864abfbd26287929e3e6d8 [term 1 FOLLOWER]: Committing config change with OpId 1.2: config changed from index -1 to 2, NON_VOTER 7172e719574a4a849c52424ec3e95a35 (127.6.237.68) added. New config: { opid_index: 2 OBSOLETE_local: false peers { permanent_uuid: "73a37a7d3abd45eba917d0825f2dd392" member_type: VOTER last_known_addr { host: "127.6.237.67" port: 44153 } } peers { permanent_uuid: "613229aa84864abfbd26287929e3e6d8" member_type: VOTER last_known_addr { host: "127.6.237.65" port: 37423 } attrs { replace: true } } peers { permanent_uuid: "87c198df4a4342a08520804a5603ae97" member_type: VOTER last_known_addr { host: "127.6.237.66" port: 32855 } } peers { permanent_uuid: "7172e719574a4a849c52424ec3e95a35" member_type: NON_VOTER last_known_addr { host: "127.6.237.68" port: 43831 } attrs { promote: true } } }
I20260630 12:25:40.564141  8983 raft_consensus.cc:2955] T 817f7c287ae3443aa2bb9cda52853598 P 73a37a7d3abd45eba917d0825f2dd392 [term 1 FOLLOWER]: Committing config change with OpId 1.2: config changed from index -1 to 2, NON_VOTER 7172e719574a4a849c52424ec3e95a35 (127.6.237.68) added. New config: { opid_index: 2 OBSOLETE_local: false peers { permanent_uuid: "73a37a7d3abd45eba917d0825f2dd392" member_type: VOTER last_known_addr { host: "127.6.237.67" port: 44153 } } peers { permanent_uuid: "613229aa84864abfbd26287929e3e6d8" member_type: VOTER last_known_addr { host: "127.6.237.65" port: 37423 } attrs { replace: true } } peers { permanent_uuid: "87c198df4a4342a08520804a5603ae97" member_type: VOTER last_known_addr { host: "127.6.237.66" port: 32855 } } peers { permanent_uuid: "7172e719574a4a849c52424ec3e95a35" member_type: NON_VOTER last_known_addr { host: "127.6.237.68" port: 43831 } attrs { promote: true } } }
I20260630 12:25:40.573194  8729 catalog_manager.cc:5697] T 817f7c287ae3443aa2bb9cda52853598 P 613229aa84864abfbd26287929e3e6d8 reported cstate change: config changed from index -1 to 2, NON_VOTER 7172e719574a4a849c52424ec3e95a35 (127.6.237.68) added. New cstate: current_term: 1 leader_uuid: "87c198df4a4342a08520804a5603ae97" committed_config { opid_index: 2 OBSOLETE_local: false peers { permanent_uuid: "73a37a7d3abd45eba917d0825f2dd392" member_type: VOTER last_known_addr { host: "127.6.237.67" port: 44153 } } peers { permanent_uuid: "613229aa84864abfbd26287929e3e6d8" member_type: VOTER last_known_addr { host: "127.6.237.65" port: 37423 } attrs { replace: true } } peers { permanent_uuid: "87c198df4a4342a08520804a5603ae97" member_type: VOTER last_known_addr { host: "127.6.237.66" port: 32855 } } peers { permanent_uuid: "7172e719574a4a849c52424ec3e95a35" member_type: NON_VOTER last_known_addr { host: "127.6.237.68" port: 43831 } attrs { promote: true } } }
I20260630 12:25:40.698698  9142 heartbeater.cc:499] Master 127.6.237.126:44813 was elected leader, sending a full tablet report...
I20260630 12:25:41.089598  9160 ts_tablet_manager.cc:933] T 817f7c287ae3443aa2bb9cda52853598 P 7172e719574a4a849c52424ec3e95a35: Initiating tablet copy from peer 87c198df4a4342a08520804a5603ae97 (127.6.237.66:32855)
I20260630 12:25:41.091749  9160 tablet_copy_client.cc:323] T 817f7c287ae3443aa2bb9cda52853598 P 7172e719574a4a849c52424ec3e95a35: tablet copy: Beginning tablet copy session from remote peer at address 127.6.237.66:32855
I20260630 12:25:41.104291  8919 tablet_copy_service.cc:140] P 87c198df4a4342a08520804a5603ae97: Received BeginTabletCopySession request for tablet 817f7c287ae3443aa2bb9cda52853598 from peer 7172e719574a4a849c52424ec3e95a35 ({username='slave'} at 127.0.0.1:50482)
I20260630 12:25:41.104938  8919 tablet_copy_service.cc:161] P 87c198df4a4342a08520804a5603ae97: Beginning new tablet copy session on tablet 817f7c287ae3443aa2bb9cda52853598 from peer 7172e719574a4a849c52424ec3e95a35 at {username='slave'} at 127.0.0.1:50482: session id = 7172e719574a4a849c52424ec3e95a35-817f7c287ae3443aa2bb9cda52853598
I20260630 12:25:41.111254  8919 tablet_copy_source_session.cc:215] T 817f7c287ae3443aa2bb9cda52853598 P 87c198df4a4342a08520804a5603ae97: Tablet Copy: opened 0 blocks and 1 log segments
I20260630 12:25:41.115034  9160 data_dirs.cc:400] Could only allocate 1 dirs of requested 3 for tablet 817f7c287ae3443aa2bb9cda52853598. 1 dirs total, 0 dirs full, 0 dirs failed
I20260630 12:25:41.132498  9160 tablet_copy_client.cc:806] T 817f7c287ae3443aa2bb9cda52853598 P 7172e719574a4a849c52424ec3e95a35: tablet copy: Starting download of 0 data blocks...
I20260630 12:25:41.133298  9160 tablet_copy_client.cc:670] T 817f7c287ae3443aa2bb9cda52853598 P 7172e719574a4a849c52424ec3e95a35: tablet copy: Starting download of 1 WAL segments...
I20260630 12:25:41.137619  9160 tablet_copy_client.cc:538] T 817f7c287ae3443aa2bb9cda52853598 P 7172e719574a4a849c52424ec3e95a35: tablet copy: Tablet Copy complete. Replacing tablet superblock.
I20260630 12:25:41.146998  9160 tablet_bootstrap.cc:492] T 817f7c287ae3443aa2bb9cda52853598 P 7172e719574a4a849c52424ec3e95a35: Bootstrap starting.
I20260630 12:25:41.168203  9160 tablet_bootstrap.cc:492] T 817f7c287ae3443aa2bb9cda52853598 P 7172e719574a4a849c52424ec3e95a35: Bootstrap replayed 1/1 log segments. Stats: ops{read=2 overwritten=0 applied=2 ignored=0} inserts{seen=0 ignored=0} mutations{seen=0 ignored=0} orphaned_commits=0. Pending: 0 replicates
I20260630 12:25:41.169086  9160 tablet_bootstrap.cc:492] T 817f7c287ae3443aa2bb9cda52853598 P 7172e719574a4a849c52424ec3e95a35: Bootstrap complete.
I20260630 12:25:41.169696  9160 ts_tablet_manager.cc:1403] T 817f7c287ae3443aa2bb9cda52853598 P 7172e719574a4a849c52424ec3e95a35: Time spent bootstrapping tablet: real 0.023s	user 0.019s	sys 0.005s
I20260630 12:25:41.172082  9160 raft_consensus.cc:359] T 817f7c287ae3443aa2bb9cda52853598 P 7172e719574a4a849c52424ec3e95a35 [term 1 LEARNER]: Replica starting. Triggering 0 pending ops. Active config: opid_index: 2 OBSOLETE_local: false peers { permanent_uuid: "73a37a7d3abd45eba917d0825f2dd392" member_type: VOTER last_known_addr { host: "127.6.237.67" port: 44153 } } peers { permanent_uuid: "613229aa84864abfbd26287929e3e6d8" member_type: VOTER last_known_addr { host: "127.6.237.65" port: 37423 } attrs { replace: true } } peers { permanent_uuid: "87c198df4a4342a08520804a5603ae97" member_type: VOTER last_known_addr { host: "127.6.237.66" port: 32855 } } peers { permanent_uuid: "7172e719574a4a849c52424ec3e95a35" member_type: NON_VOTER last_known_addr { host: "127.6.237.68" port: 43831 } attrs { promote: true } }
I20260630 12:25:41.172821  9160 raft_consensus.cc:740] T 817f7c287ae3443aa2bb9cda52853598 P 7172e719574a4a849c52424ec3e95a35 [term 1 LEARNER]: Becoming Follower/Learner. State: Replica: 7172e719574a4a849c52424ec3e95a35, State: Initialized, Role: LEARNER
I20260630 12:25:41.173388  9160 consensus_queue.cc:260] T 817f7c287ae3443aa2bb9cda52853598 P 7172e719574a4a849c52424ec3e95a35 [NON_LEADER]: Queue going to NON_LEADER mode. State: All replicated index: 0, Majority replicated index: 0, Committed index: 2, Last appended: 1.2, Last appended by leader: 2, Current term: 0, Majority size: -1, State: 0, Mode: NON_LEADER, active raft config: opid_index: 2 OBSOLETE_local: false peers { permanent_uuid: "73a37a7d3abd45eba917d0825f2dd392" member_type: VOTER last_known_addr { host: "127.6.237.67" port: 44153 } } peers { permanent_uuid: "613229aa84864abfbd26287929e3e6d8" member_type: VOTER last_known_addr { host: "127.6.237.65" port: 37423 } attrs { replace: true } } peers { permanent_uuid: "87c198df4a4342a08520804a5603ae97" member_type: VOTER last_known_addr { host: "127.6.237.66" port: 32855 } } peers { permanent_uuid: "7172e719574a4a849c52424ec3e95a35" member_type: NON_VOTER last_known_addr { host: "127.6.237.68" port: 43831 } attrs { promote: true } }
I20260630 12:25:41.175977  9160 ts_tablet_manager.cc:1434] T 817f7c287ae3443aa2bb9cda52853598 P 7172e719574a4a849c52424ec3e95a35: Time spent starting tablet: real 0.006s	user 0.006s	sys 0.000s
I20260630 12:25:41.179029  8919 tablet_copy_service.cc:342] P 87c198df4a4342a08520804a5603ae97: Request end of tablet copy session 7172e719574a4a849c52424ec3e95a35-817f7c287ae3443aa2bb9cda52853598 received from {username='slave'} at 127.0.0.1:50482
I20260630 12:25:41.179605  8919 tablet_copy_service.cc:434] P 87c198df4a4342a08520804a5603ae97: ending tablet copy session 7172e719574a4a849c52424ec3e95a35-817f7c287ae3443aa2bb9cda52853598 on tablet 817f7c287ae3443aa2bb9cda52853598 with peer 7172e719574a4a849c52424ec3e95a35
I20260630 12:25:41.491164  8785 auto_leader_rebalancer.cc:141] leader rebalance for table test-workload
I20260630 12:25:41.493366  8785 auto_leader_rebalancer.cc:440] table: test-workload, leader rebalance finish, leader transfer count: 0
I20260630 12:25:41.493742  8785 auto_leader_rebalancer.cc:515] All tables' leader rebalancing finished this round
I20260630 12:25:41.703590  9117 raft_consensus.cc:1217] T 817f7c287ae3443aa2bb9cda52853598 P 7172e719574a4a849c52424ec3e95a35 [term 1 LEARNER]: Deduplicated request from leader. Original: 1.1->[1.2-1.2]   Dedup: 1.2->[]
I20260630 12:25:42.106776  9167 raft_consensus.cc:1064] T 817f7c287ae3443aa2bb9cda52853598 P 87c198df4a4342a08520804a5603ae97: attempting to promote NON_VOTER 7172e719574a4a849c52424ec3e95a35 to VOTER
I20260630 12:25:42.108906  9167 consensus_queue.cc:237] T 817f7c287ae3443aa2bb9cda52853598 P 87c198df4a4342a08520804a5603ae97 [LEADER]: Queue going to LEADER mode. State: All replicated index: 0, Majority replicated index: 2, Committed index: 2, Last appended: 1.2, Last appended by leader: 0, Current term: 1, Majority size: 3, State: 0, Mode: LEADER, active raft config: opid_index: 3 OBSOLETE_local: false peers { permanent_uuid: "73a37a7d3abd45eba917d0825f2dd392" member_type: VOTER last_known_addr { host: "127.6.237.67" port: 44153 } } peers { permanent_uuid: "613229aa84864abfbd26287929e3e6d8" member_type: VOTER last_known_addr { host: "127.6.237.65" port: 37423 } attrs { replace: true } } peers { permanent_uuid: "87c198df4a4342a08520804a5603ae97" member_type: VOTER last_known_addr { host: "127.6.237.66" port: 32855 } } peers { permanent_uuid: "7172e719574a4a849c52424ec3e95a35" member_type: VOTER last_known_addr { host: "127.6.237.68" port: 43831 } attrs { promote: false } }
I20260630 12:25:42.115311  9117 raft_consensus.cc:1275] T 817f7c287ae3443aa2bb9cda52853598 P 7172e719574a4a849c52424ec3e95a35 [term 1 LEARNER]: Refusing update from remote peer 87c198df4a4342a08520804a5603ae97: Log matching property violated. Preceding OpId in replica: term: 1 index: 2. Preceding OpId from leader: term: 1 index: 3. (index mismatch)
I20260630 12:25:42.115316  8833 raft_consensus.cc:1275] T 817f7c287ae3443aa2bb9cda52853598 P 613229aa84864abfbd26287929e3e6d8 [term 1 FOLLOWER]: Refusing update from remote peer 87c198df4a4342a08520804a5603ae97: Log matching property violated. Preceding OpId in replica: term: 1 index: 2. Preceding OpId from leader: term: 1 index: 3. (index mismatch)
I20260630 12:25:42.115790  8983 raft_consensus.cc:1275] T 817f7c287ae3443aa2bb9cda52853598 P 73a37a7d3abd45eba917d0825f2dd392 [term 1 FOLLOWER]: Refusing update from remote peer 87c198df4a4342a08520804a5603ae97: Log matching property violated. Preceding OpId in replica: term: 1 index: 2. Preceding OpId from leader: term: 1 index: 3. (index mismatch)
I20260630 12:25:42.117110  9167 consensus_queue.cc:1048] T 817f7c287ae3443aa2bb9cda52853598 P 87c198df4a4342a08520804a5603ae97 [LEADER]: Connected to new peer: Peer: permanent_uuid: "613229aa84864abfbd26287929e3e6d8" member_type: VOTER last_known_addr { host: "127.6.237.65" port: 37423 } attrs { replace: true }, Status: LMP_MISMATCH, Last received: 0.0, Next index: 3, Last known committed idx: 2, Time since last communication: 0.000s
I20260630 12:25:42.117929  9149 consensus_queue.cc:1048] T 817f7c287ae3443aa2bb9cda52853598 P 87c198df4a4342a08520804a5603ae97 [LEADER]: Connected to new peer: Peer: permanent_uuid: "73a37a7d3abd45eba917d0825f2dd392" member_type: VOTER last_known_addr { host: "127.6.237.67" port: 44153 }, Status: LMP_MISMATCH, Last received: 0.0, Next index: 3, Last known committed idx: 2, Time since last communication: 0.000s
I20260630 12:25:42.118881  9166 consensus_queue.cc:1048] T 817f7c287ae3443aa2bb9cda52853598 P 87c198df4a4342a08520804a5603ae97 [LEADER]: Connected to new peer: Peer: permanent_uuid: "7172e719574a4a849c52424ec3e95a35" member_type: VOTER last_known_addr { host: "127.6.237.68" port: 43831 } attrs { promote: false }, Status: LMP_MISMATCH, Last received: 0.0, Next index: 3, Last known committed idx: 2, Time since last communication: 0.000s
I20260630 12:25:42.141594  9149 raft_consensus.cc:2955] T 817f7c287ae3443aa2bb9cda52853598 P 87c198df4a4342a08520804a5603ae97 [term 1 LEADER]: Committing config change with OpId 1.3: config changed from index 2 to 3, 7172e719574a4a849c52424ec3e95a35 (127.6.237.68) changed from NON_VOTER to VOTER. New config: { opid_index: 3 OBSOLETE_local: false peers { permanent_uuid: "73a37a7d3abd45eba917d0825f2dd392" member_type: VOTER last_known_addr { host: "127.6.237.67" port: 44153 } } peers { permanent_uuid: "613229aa84864abfbd26287929e3e6d8" member_type: VOTER last_known_addr { host: "127.6.237.65" port: 37423 } attrs { replace: true } } peers { permanent_uuid: "87c198df4a4342a08520804a5603ae97" member_type: VOTER last_known_addr { host: "127.6.237.66" port: 32855 } } peers { permanent_uuid: "7172e719574a4a849c52424ec3e95a35" member_type: VOTER last_known_addr { host: "127.6.237.68" port: 43831 } attrs { promote: false } } }
I20260630 12:25:42.143605  9117 raft_consensus.cc:2955] T 817f7c287ae3443aa2bb9cda52853598 P 7172e719574a4a849c52424ec3e95a35 [term 1 FOLLOWER]: Committing config change with OpId 1.3: config changed from index 2 to 3, 7172e719574a4a849c52424ec3e95a35 (127.6.237.68) changed from NON_VOTER to VOTER. New config: { opid_index: 3 OBSOLETE_local: false peers { permanent_uuid: "73a37a7d3abd45eba917d0825f2dd392" member_type: VOTER last_known_addr { host: "127.6.237.67" port: 44153 } } peers { permanent_uuid: "613229aa84864abfbd26287929e3e6d8" member_type: VOTER last_known_addr { host: "127.6.237.65" port: 37423 } attrs { replace: true } } peers { permanent_uuid: "87c198df4a4342a08520804a5603ae97" member_type: VOTER last_known_addr { host: "127.6.237.66" port: 32855 } } peers { permanent_uuid: "7172e719574a4a849c52424ec3e95a35" member_type: VOTER last_known_addr { host: "127.6.237.68" port: 43831 } attrs { promote: false } } }
I20260630 12:25:42.143834  8833 raft_consensus.cc:2955] T 817f7c287ae3443aa2bb9cda52853598 P 613229aa84864abfbd26287929e3e6d8 [term 1 FOLLOWER]: Committing config change with OpId 1.3: config changed from index 2 to 3, 7172e719574a4a849c52424ec3e95a35 (127.6.237.68) changed from NON_VOTER to VOTER. New config: { opid_index: 3 OBSOLETE_local: false peers { permanent_uuid: "73a37a7d3abd45eba917d0825f2dd392" member_type: VOTER last_known_addr { host: "127.6.237.67" port: 44153 } } peers { permanent_uuid: "613229aa84864abfbd26287929e3e6d8" member_type: VOTER last_known_addr { host: "127.6.237.65" port: 37423 } attrs { replace: true } } peers { permanent_uuid: "87c198df4a4342a08520804a5603ae97" member_type: VOTER last_known_addr { host: "127.6.237.66" port: 32855 } } peers { permanent_uuid: "7172e719574a4a849c52424ec3e95a35" member_type: VOTER last_known_addr { host: "127.6.237.68" port: 43831 } attrs { promote: false } } }
I20260630 12:25:42.154659  8983 raft_consensus.cc:2955] T 817f7c287ae3443aa2bb9cda52853598 P 73a37a7d3abd45eba917d0825f2dd392 [term 1 FOLLOWER]: Committing config change with OpId 1.3: config changed from index 2 to 3, 7172e719574a4a849c52424ec3e95a35 (127.6.237.68) changed from NON_VOTER to VOTER. New config: { opid_index: 3 OBSOLETE_local: false peers { permanent_uuid: "73a37a7d3abd45eba917d0825f2dd392" member_type: VOTER last_known_addr { host: "127.6.237.67" port: 44153 } } peers { permanent_uuid: "613229aa84864abfbd26287929e3e6d8" member_type: VOTER last_known_addr { host: "127.6.237.65" port: 37423 } attrs { replace: true } } peers { permanent_uuid: "87c198df4a4342a08520804a5603ae97" member_type: VOTER last_known_addr { host: "127.6.237.66" port: 32855 } } peers { permanent_uuid: "7172e719574a4a849c52424ec3e95a35" member_type: VOTER last_known_addr { host: "127.6.237.68" port: 43831 } attrs { promote: false } } }
I20260630 12:25:42.158840  8732 catalog_manager.cc:5697] T 817f7c287ae3443aa2bb9cda52853598 P 7172e719574a4a849c52424ec3e95a35 reported cstate change: config changed from index 2 to 3, 7172e719574a4a849c52424ec3e95a35 (127.6.237.68) changed from NON_VOTER to VOTER. New cstate: current_term: 1 leader_uuid: "87c198df4a4342a08520804a5603ae97" committed_config { opid_index: 3 OBSOLETE_local: false peers { permanent_uuid: "73a37a7d3abd45eba917d0825f2dd392" member_type: VOTER last_known_addr { host: "127.6.237.67" port: 44153 } } peers { permanent_uuid: "613229aa84864abfbd26287929e3e6d8" member_type: VOTER last_known_addr { host: "127.6.237.65" port: 37423 } attrs { replace: true } } peers { permanent_uuid: "87c198df4a4342a08520804a5603ae97" member_type: VOTER last_known_addr { host: "127.6.237.66" port: 32855 } } peers { permanent_uuid: "7172e719574a4a849c52424ec3e95a35" member_type: VOTER last_known_addr { host: "127.6.237.68" port: 43831 } attrs { promote: false } } }
I20260630 12:25:42.183301  8909 consensus_queue.cc:237] T 817f7c287ae3443aa2bb9cda52853598 P 87c198df4a4342a08520804a5603ae97 [LEADER]: Queue going to LEADER mode. State: All replicated index: 0, Majority replicated index: 3, Committed index: 3, Last appended: 1.3, Last appended by leader: 0, Current term: 1, Majority size: 2, State: 0, Mode: LEADER, active raft config: opid_index: 4 OBSOLETE_local: false peers { permanent_uuid: "73a37a7d3abd45eba917d0825f2dd392" member_type: VOTER last_known_addr { host: "127.6.237.67" port: 44153 } } peers { permanent_uuid: "87c198df4a4342a08520804a5603ae97" member_type: VOTER last_known_addr { host: "127.6.237.66" port: 32855 } } peers { permanent_uuid: "7172e719574a4a849c52424ec3e95a35" member_type: VOTER last_known_addr { host: "127.6.237.68" port: 43831 } attrs { promote: false } }
I20260630 12:25:42.190774  9117 raft_consensus.cc:1275] T 817f7c287ae3443aa2bb9cda52853598 P 7172e719574a4a849c52424ec3e95a35 [term 1 FOLLOWER]: Refusing update from remote peer 87c198df4a4342a08520804a5603ae97: Log matching property violated. Preceding OpId in replica: term: 1 index: 3. Preceding OpId from leader: term: 1 index: 4. (index mismatch)
I20260630 12:25:42.192675  8983 raft_consensus.cc:1275] T 817f7c287ae3443aa2bb9cda52853598 P 73a37a7d3abd45eba917d0825f2dd392 [term 1 FOLLOWER]: Refusing update from remote peer 87c198df4a4342a08520804a5603ae97: Log matching property violated. Preceding OpId in replica: term: 1 index: 3. Preceding OpId from leader: term: 1 index: 4. (index mismatch)
I20260630 12:25:42.192536  9166 consensus_queue.cc:1048] T 817f7c287ae3443aa2bb9cda52853598 P 87c198df4a4342a08520804a5603ae97 [LEADER]: Connected to new peer: Peer: permanent_uuid: "7172e719574a4a849c52424ec3e95a35" member_type: VOTER last_known_addr { host: "127.6.237.68" port: 43831 } attrs { promote: false }, Status: LMP_MISMATCH, Last received: 0.0, Next index: 4, Last known committed idx: 3, Time since last communication: 0.001s
I20260630 12:25:42.195502  9166 consensus_queue.cc:1048] T 817f7c287ae3443aa2bb9cda52853598 P 87c198df4a4342a08520804a5603ae97 [LEADER]: Connected to new peer: Peer: permanent_uuid: "73a37a7d3abd45eba917d0825f2dd392" member_type: VOTER last_known_addr { host: "127.6.237.67" port: 44153 }, Status: LMP_MISMATCH, Last received: 0.0, Next index: 4, Last known committed idx: 3, Time since last communication: 0.000s
I20260630 12:25:42.199721  9149 raft_consensus.cc:2955] T 817f7c287ae3443aa2bb9cda52853598 P 87c198df4a4342a08520804a5603ae97 [term 1 LEADER]: Committing config change with OpId 1.4: config changed from index 3 to 4, VOTER 613229aa84864abfbd26287929e3e6d8 (127.6.237.65) evicted. New config: { opid_index: 4 OBSOLETE_local: false peers { permanent_uuid: "73a37a7d3abd45eba917d0825f2dd392" member_type: VOTER last_known_addr { host: "127.6.237.67" port: 44153 } } peers { permanent_uuid: "87c198df4a4342a08520804a5603ae97" member_type: VOTER last_known_addr { host: "127.6.237.66" port: 32855 } } peers { permanent_uuid: "7172e719574a4a849c52424ec3e95a35" member_type: VOTER last_known_addr { host: "127.6.237.68" port: 43831 } attrs { promote: false } } }
I20260630 12:25:42.205164  8983 raft_consensus.cc:2955] T 817f7c287ae3443aa2bb9cda52853598 P 73a37a7d3abd45eba917d0825f2dd392 [term 1 FOLLOWER]: Committing config change with OpId 1.4: config changed from index 3 to 4, VOTER 613229aa84864abfbd26287929e3e6d8 (127.6.237.65) evicted. New config: { opid_index: 4 OBSOLETE_local: false peers { permanent_uuid: "73a37a7d3abd45eba917d0825f2dd392" member_type: VOTER last_known_addr { host: "127.6.237.67" port: 44153 } } peers { permanent_uuid: "87c198df4a4342a08520804a5603ae97" member_type: VOTER last_known_addr { host: "127.6.237.66" port: 32855 } } peers { permanent_uuid: "7172e719574a4a849c52424ec3e95a35" member_type: VOTER last_known_addr { host: "127.6.237.68" port: 43831 } attrs { promote: false } } }
I20260630 12:25:42.208081  8719 catalog_manager.cc:5210] ChangeConfig:REMOVE_PEER RPC for tablet 817f7c287ae3443aa2bb9cda52853598 with cas_config_opid_index 3: ChangeConfig:REMOVE_PEER succeeded (attempt 1)
I20260630 12:25:42.208662  9117 raft_consensus.cc:2955] T 817f7c287ae3443aa2bb9cda52853598 P 7172e719574a4a849c52424ec3e95a35 [term 1 FOLLOWER]: Committing config change with OpId 1.4: config changed from index 3 to 4, VOTER 613229aa84864abfbd26287929e3e6d8 (127.6.237.65) evicted. New config: { opid_index: 4 OBSOLETE_local: false peers { permanent_uuid: "73a37a7d3abd45eba917d0825f2dd392" member_type: VOTER last_known_addr { host: "127.6.237.67" port: 44153 } } peers { permanent_uuid: "87c198df4a4342a08520804a5603ae97" member_type: VOTER last_known_addr { host: "127.6.237.66" port: 32855 } } peers { permanent_uuid: "7172e719574a4a849c52424ec3e95a35" member_type: VOTER last_known_addr { host: "127.6.237.68" port: 43831 } attrs { promote: false } } }
I20260630 12:25:42.217746  8731 catalog_manager.cc:5697] T 817f7c287ae3443aa2bb9cda52853598 P 73a37a7d3abd45eba917d0825f2dd392 reported cstate change: config changed from index 3 to 4, VOTER 613229aa84864abfbd26287929e3e6d8 (127.6.237.65) evicted. New cstate: current_term: 1 leader_uuid: "87c198df4a4342a08520804a5603ae97" committed_config { opid_index: 4 OBSOLETE_local: false peers { permanent_uuid: "73a37a7d3abd45eba917d0825f2dd392" member_type: VOTER last_known_addr { host: "127.6.237.67" port: 44153 } } peers { permanent_uuid: "87c198df4a4342a08520804a5603ae97" member_type: VOTER last_known_addr { host: "127.6.237.66" port: 32855 } } peers { permanent_uuid: "7172e719574a4a849c52424ec3e95a35" member_type: VOTER last_known_addr { host: "127.6.237.68" port: 43831 } attrs { promote: false } } }
I20260630 12:25:42.229748  8824 tablet_service.cc:1558] Processing DeleteTablet for tablet 817f7c287ae3443aa2bb9cda52853598 with delete_type TABLET_DATA_TOMBSTONED (TS 613229aa84864abfbd26287929e3e6d8 not found in new config with opid_index 4) from {username='slave'} at 127.0.0.1:37744
I20260630 12:25:42.232306  9178 tablet_replica.cc:333] T 817f7c287ae3443aa2bb9cda52853598 P 613229aa84864abfbd26287929e3e6d8: stopping tablet replica
I20260630 12:25:42.233064  9178 raft_consensus.cc:2243] T 817f7c287ae3443aa2bb9cda52853598 P 613229aa84864abfbd26287929e3e6d8 [term 1 FOLLOWER]: Raft consensus shutting down.
I20260630 12:25:42.233685  9178 raft_consensus.cc:2272] T 817f7c287ae3443aa2bb9cda52853598 P 613229aa84864abfbd26287929e3e6d8 [term 1 FOLLOWER]: Raft consensus is shut down!
I20260630 12:25:42.236284  9178 ts_tablet_manager.cc:1916] T 817f7c287ae3443aa2bb9cda52853598 P 613229aa84864abfbd26287929e3e6d8: Deleting tablet data with delete state TABLET_DATA_TOMBSTONED
I20260630 12:25:42.247336  9178 ts_tablet_manager.cc:1929] T 817f7c287ae3443aa2bb9cda52853598 P 613229aa84864abfbd26287929e3e6d8: tablet deleted with delete type TABLET_DATA_TOMBSTONED: last-logged OpId 1.3
I20260630 12:25:42.247720  9178 log.cc:1199] T 817f7c287ae3443aa2bb9cda52853598 P 613229aa84864abfbd26287929e3e6d8: Deleting WAL directory at /tmp/dist-test-taskMNMfO0/test-tmp/auto_rebalancer-test.0.AutoRebalancerTest.MovesScheduledIfAddTserver.1782822302598126-7093-0/minicluster-data/ts-0-root/wals/817f7c287ae3443aa2bb9cda52853598
I20260630 12:25:42.249233  8718 catalog_manager.cc:5028] TS 613229aa84864abfbd26287929e3e6d8 (127.6.237.65:37423): tablet 817f7c287ae3443aa2bb9cda52853598 (table test-workload [id=b5f5097e366d4544b40c525c0eea9b6b]) successfully deleted
I20260630 12:25:43.495187  8785 auto_leader_rebalancer.cc:141] leader rebalance for table test-workload
I20260630 12:25:43.497752  8785 auto_leader_rebalancer.cc:440] table: test-workload, leader rebalance finish, leader transfer count: 0
I20260630 12:25:43.498164  8785 auto_leader_rebalancer.cc:515] All tables' leader rebalancing finished this round
I20260630 12:25:45.499404  8785 auto_leader_rebalancer.cc:141] leader rebalance for table test-workload
I20260630 12:25:45.501583  8785 auto_leader_rebalancer.cc:440] table: test-workload, leader rebalance finish, leader transfer count: 0
I20260630 12:25:45.501994  8785 auto_leader_rebalancer.cc:515] All tables' leader rebalancing finished this round
I20260630 12:25:47.502938  8785 auto_leader_rebalancer.cc:141] leader rebalance for table test-workload
I20260630 12:25:47.505213  8785 auto_leader_rebalancer.cc:440] table: test-workload, leader rebalance finish, leader transfer count: 0
I20260630 12:25:47.505579  8785 auto_leader_rebalancer.cc:515] All tables' leader rebalancing finished this round
I20260630 12:25:49.506654  8785 auto_leader_rebalancer.cc:141] leader rebalance for table test-workload
I20260630 12:25:49.509088  8785 auto_leader_rebalancer.cc:440] table: test-workload, leader rebalance finish, leader transfer count: 0
I20260630 12:25:49.509502  8785 auto_leader_rebalancer.cc:515] All tables' leader rebalancing finished this round
I20260630 12:25:50.786535  9185 raft_consensus.cc:493] T 817f7c287ae3443aa2bb9cda52853598 P 73a37a7d3abd45eba917d0825f2dd392 [term 1 FOLLOWER]: Starting pre-election (detected failure of leader 87c198df4a4342a08520804a5603ae97)
I20260630 12:25:50.787513  9185 raft_consensus.cc:515] T 817f7c287ae3443aa2bb9cda52853598 P 73a37a7d3abd45eba917d0825f2dd392 [term 1 FOLLOWER]: Starting pre-election with config: opid_index: 4 OBSOLETE_local: false peers { permanent_uuid: "73a37a7d3abd45eba917d0825f2dd392" member_type: VOTER last_known_addr { host: "127.6.237.67" port: 44153 } } peers { permanent_uuid: "87c198df4a4342a08520804a5603ae97" member_type: VOTER last_known_addr { host: "127.6.237.66" port: 32855 } } peers { permanent_uuid: "7172e719574a4a849c52424ec3e95a35" member_type: VOTER last_known_addr { host: "127.6.237.68" port: 43831 } attrs { promote: false } }
I20260630 12:25:50.792088  9185 leader_election.cc:290] T 817f7c287ae3443aa2bb9cda52853598 P 73a37a7d3abd45eba917d0825f2dd392 [CANDIDATE]: Term 2 pre-election: Requested pre-vote from peers 87c198df4a4342a08520804a5603ae97 (127.6.237.66:32855), 7172e719574a4a849c52424ec3e95a35 (127.6.237.68:43831)
I20260630 12:25:50.813881  8909 tablet_service.cc:1917] Received RequestConsensusVote() RPC: tablet_id: "817f7c287ae3443aa2bb9cda52853598" candidate_uuid: "73a37a7d3abd45eba917d0825f2dd392" candidate_term: 2 candidate_status { last_received { term: 1 index: 4 } } ignore_live_leader: false dest_uuid: "87c198df4a4342a08520804a5603ae97" is_pre_election: true
I20260630 12:25:50.833690  9117 tablet_service.cc:1917] Received RequestConsensusVote() RPC: tablet_id: "817f7c287ae3443aa2bb9cda52853598" candidate_uuid: "73a37a7d3abd45eba917d0825f2dd392" candidate_term: 2 candidate_status { last_received { term: 1 index: 4 } } ignore_live_leader: false dest_uuid: "7172e719574a4a849c52424ec3e95a35" is_pre_election: true
I20260630 12:25:50.835114  8948 leader_election.cc:304] T 817f7c287ae3443aa2bb9cda52853598 P 73a37a7d3abd45eba917d0825f2dd392 [CANDIDATE]: Term 2 pre-election: Election decided. Result: candidate lost. Election summary: received 3 responses out of 3 voters: 1 yes votes; 2 no votes. yes voters: 73a37a7d3abd45eba917d0825f2dd392; no voters: 7172e719574a4a849c52424ec3e95a35, 87c198df4a4342a08520804a5603ae97
I20260630 12:25:50.835768  9185 raft_consensus.cc:2749] T 817f7c287ae3443aa2bb9cda52853598 P 73a37a7d3abd45eba917d0825f2dd392 [term 1 FOLLOWER]: Leader pre-election lost for term 2. Reason: could not achieve majority
W20260630 12:25:51.305985  8930 debug-util.cc:398] Leaking SignalData structure 0x7b08001c0c20 after lost signal to thread 7096
W20260630 12:25:51.307114  8930 debug-util.cc:398] Leaking SignalData structure 0x7b08000a4140 after lost signal to thread 8766
W20260630 12:25:51.308126  8930 debug-util.cc:398] Leaking SignalData structure 0x7b08000469c0 after lost signal to thread 8858
W20260630 12:25:51.309641  8930 debug-util.cc:398] Leaking SignalData structure 0x7b08000905c0 after lost signal to thread 9007
I20260630 12:25:51.510433  8785 auto_leader_rebalancer.cc:141] leader rebalance for table test-workload
I20260630 12:25:51.512609  8785 auto_leader_rebalancer.cc:440] table: test-workload, leader rebalance finish, leader transfer count: 0
I20260630 12:25:51.512966  8785 auto_leader_rebalancer.cc:515] All tables' leader rebalancing finished this round
I20260630 12:25:53.514467  8785 auto_leader_rebalancer.cc:141] leader rebalance for table test-workload
I20260630 12:25:53.517946  8785 auto_leader_rebalancer.cc:440] table: test-workload, leader rebalance finish, leader transfer count: 0
I20260630 12:25:53.518420  8785 auto_leader_rebalancer.cc:515] All tables' leader rebalancing finished this round
I20260630 12:25:54.486342  7093 tablet_server.cc:179] TabletServer@127.6.237.65:0 shutting down...
I20260630 12:25:54.508168  7093 ts_tablet_manager.cc:1507] Shutting down tablet manager...
I20260630 12:25:54.509045  7093 tablet_replica.cc:333] T 42cc1323fc2b40048865c9a179f07e47 P 613229aa84864abfbd26287929e3e6d8: stopping tablet replica
I20260630 12:25:54.509575  7093 raft_consensus.cc:2243] T 42cc1323fc2b40048865c9a179f07e47 P 613229aa84864abfbd26287929e3e6d8 [term 2 LEADER]: Raft consensus shutting down.
I20260630 12:25:54.510530  7093 raft_consensus.cc:2272] T 42cc1323fc2b40048865c9a179f07e47 P 613229aa84864abfbd26287929e3e6d8 [term 2 FOLLOWER]: Raft consensus is shut down!
I20260630 12:25:54.533538  7093 tablet_server.cc:196] TabletServer@127.6.237.65:0 shutdown complete.
I20260630 12:25:54.546841  7093 tablet_server.cc:179] TabletServer@127.6.237.66:0 shutting down...
I20260630 12:25:54.570587  7093 ts_tablet_manager.cc:1507] Shutting down tablet manager...
I20260630 12:25:54.571275  7093 tablet_replica.cc:333] T 42cc1323fc2b40048865c9a179f07e47 P 87c198df4a4342a08520804a5603ae97: stopping tablet replica
I20260630 12:25:54.571803  7093 raft_consensus.cc:2243] T 42cc1323fc2b40048865c9a179f07e47 P 87c198df4a4342a08520804a5603ae97 [term 2 FOLLOWER]: Raft consensus shutting down.
I20260630 12:25:54.572247  7093 raft_consensus.cc:2272] T 42cc1323fc2b40048865c9a179f07e47 P 87c198df4a4342a08520804a5603ae97 [term 2 FOLLOWER]: Raft consensus is shut down!
I20260630 12:25:54.574285  7093 tablet_replica.cc:333] T 817f7c287ae3443aa2bb9cda52853598 P 87c198df4a4342a08520804a5603ae97: stopping tablet replica
I20260630 12:25:54.574762  7093 raft_consensus.cc:2243] T 817f7c287ae3443aa2bb9cda52853598 P 87c198df4a4342a08520804a5603ae97 [term 1 LEADER]: Raft consensus shutting down.
I20260630 12:25:54.575595  7093 raft_consensus.cc:2272] T 817f7c287ae3443aa2bb9cda52853598 P 87c198df4a4342a08520804a5603ae97 [term 1 FOLLOWER]: Raft consensus is shut down!
I20260630 12:25:54.615033  7093 tablet_server.cc:196] TabletServer@127.6.237.66:0 shutdown complete.
I20260630 12:25:54.627648  7093 tablet_server.cc:179] TabletServer@127.6.237.67:0 shutting down...
I20260630 12:25:54.652990  7093 ts_tablet_manager.cc:1507] Shutting down tablet manager...
I20260630 12:25:54.653733  7093 tablet_replica.cc:333] T 42cc1323fc2b40048865c9a179f07e47 P 73a37a7d3abd45eba917d0825f2dd392: stopping tablet replica
I20260630 12:25:54.654354  7093 raft_consensus.cc:2243] T 42cc1323fc2b40048865c9a179f07e47 P 73a37a7d3abd45eba917d0825f2dd392 [term 2 FOLLOWER]: Raft consensus shutting down.
I20260630 12:25:54.654805  7093 raft_consensus.cc:2272] T 42cc1323fc2b40048865c9a179f07e47 P 73a37a7d3abd45eba917d0825f2dd392 [term 2 FOLLOWER]: Raft consensus is shut down!
I20260630 12:25:54.656994  7093 tablet_replica.cc:333] T 817f7c287ae3443aa2bb9cda52853598 P 73a37a7d3abd45eba917d0825f2dd392: stopping tablet replica
I20260630 12:25:54.657379  7093 raft_consensus.cc:2243] T 817f7c287ae3443aa2bb9cda52853598 P 73a37a7d3abd45eba917d0825f2dd392 [term 1 FOLLOWER]: Raft consensus shutting down.
I20260630 12:25:54.657866  7093 raft_consensus.cc:2272] T 817f7c287ae3443aa2bb9cda52853598 P 73a37a7d3abd45eba917d0825f2dd392 [term 1 FOLLOWER]: Raft consensus is shut down!
I20260630 12:25:54.679207  7093 tablet_server.cc:196] TabletServer@127.6.237.67:0 shutdown complete.
I20260630 12:25:54.690240  7093 tablet_server.cc:179] TabletServer@127.6.237.68:0 shutting down...
I20260630 12:25:54.709744  7093 ts_tablet_manager.cc:1507] Shutting down tablet manager...
I20260630 12:25:54.710469  7093 tablet_replica.cc:333] T 817f7c287ae3443aa2bb9cda52853598 P 7172e719574a4a849c52424ec3e95a35: stopping tablet replica
I20260630 12:25:54.711041  7093 raft_consensus.cc:2243] T 817f7c287ae3443aa2bb9cda52853598 P 7172e719574a4a849c52424ec3e95a35 [term 1 FOLLOWER]: Raft consensus shutting down.
I20260630 12:25:54.711652  7093 raft_consensus.cc:2272] T 817f7c287ae3443aa2bb9cda52853598 P 7172e719574a4a849c52424ec3e95a35 [term 1 FOLLOWER]: Raft consensus is shut down!
I20260630 12:25:54.730340  7093 tablet_server.cc:196] TabletServer@127.6.237.68:0 shutdown complete.
I20260630 12:25:54.740568  7093 master.cc:562] Master@127.6.237.126:44813 shutting down...
I20260630 12:25:54.757313  7093 raft_consensus.cc:2243] T 00000000000000000000000000000000 P 18b13a16756e4840a429be4a0a51e93d [term 1 LEADER]: Raft consensus shutting down.
I20260630 12:25:54.757931  7093 raft_consensus.cc:2272] T 00000000000000000000000000000000 P 18b13a16756e4840a429be4a0a51e93d [term 1 FOLLOWER]: Raft consensus is shut down!
I20260630 12:25:54.758291  7093 tablet_replica.cc:333] T 00000000000000000000000000000000 P 18b13a16756e4840a429be4a0a51e93d: stopping tablet replica
I20260630 12:25:54.778987  7093 master.cc:584] Master@127.6.237.126:44813 shutdown complete.
[       OK ] AutoRebalancerTest.MovesScheduledIfAddTserver (29486 ms)
[ RUN      ] AutoRebalancerTest.NoReplicaMovesIfNoTservers
I20260630 12:25:54.815620  7093 internal_mini_cluster.cc:156] Creating distributed mini masters. Addrs: 127.6.237.126:32847
I20260630 12:25:54.816881  7093 file_cache.cc:492] Constructed file cache file cache with capacity 419430
W20260630 12:25:54.822875  9191 instance_detector.cc:116] could not retrieve AWS instance metadata: Network error: curl error: HTTP response code said error: The requested URL returned error: 404
W20260630 12:25:54.822867  9192 instance_detector.cc:116] could not retrieve Azure instance metadata: Network error: curl error: HTTP response code said error: The requested URL returned error: 404
W20260630 12:25:54.823470  9194 instance_detector.cc:116] could not retrieve OpenStack instance metadata: Network error: curl error: HTTP response code said error: The requested URL returned error: 404
I20260630 12:25:54.824182  7093 server_base.cc:1061] running on GCE node
I20260630 12:25:54.825243  7093 hybrid_clock.cc:584] initializing the hybrid clock with 'system_unsync' time source
W20260630 12:25:54.825438  7093 system_unsync_time.cc:38] NTP support is disabled. Clock error bounds will not be accurate. This configuration is not suitable for distributed clusters.
I20260630 12:25:54.825564  7093 hybrid_clock.cc:648] HybridClock initialized: now 1782822354825552 us; error 0 us; skew 500 ppm
I20260630 12:25:54.826041  7093 server_base.cc:861] Flag tcmalloc_max_total_thread_cache_bytes is not working since tcmalloc is not enabled.
I20260630 12:25:54.828413  7093 webserver.cc:533] Webserver started at http://127.6.237.126:43215/ using document root <none> and password file <none>
I20260630 12:25:54.828905  7093 fs_manager.cc:362] Metadata directory not provided
I20260630 12:25:54.829069  7093 fs_manager.cc:368] Using write-ahead log directory (fs_wal_dir) as metadata directory
I20260630 12:25:54.829293  7093 server_base.cc:909] This appears to be a new deployment of Kudu; creating new FS layout
I20260630 12:25:54.830395  7093 fs_manager.cc:1068] Generated new instance metadata in path /tmp/dist-test-taskMNMfO0/test-tmp/auto_rebalancer-test.0.AutoRebalancerTest.NoReplicaMovesIfNoTservers.1782822302598126-7093-0/minicluster-data/master-0-root/instance:
uuid: "eb05edc7a6fe4bbfb02296118c158e08"
format_stamp: "Formatted at 2026-06-30 12:25:54 on dist-test-slave-zxml"
I20260630 12:25:54.834746  7093 fs_manager.cc:696] Time spent creating directory manager: real 0.004s	user 0.003s	sys 0.002s
I20260630 12:25:54.838042  9199 log_block_manager.cc:4031] Time spent loading block containers with low live blocks: real 0.000s	user 0.000s	sys 0.000s
I20260630 12:25:54.838761  7093 fs_manager.cc:730] Time spent opening block manager: real 0.002s	user 0.001s	sys 0.000s
I20260630 12:25:54.839095  7093 fs_manager.cc:647] Opened local filesystem: /tmp/dist-test-taskMNMfO0/test-tmp/auto_rebalancer-test.0.AutoRebalancerTest.NoReplicaMovesIfNoTservers.1782822302598126-7093-0/minicluster-data/master-0-root
uuid: "eb05edc7a6fe4bbfb02296118c158e08"
format_stamp: "Formatted at 2026-06-30 12:25:54 on dist-test-slave-zxml"
I20260630 12:25:54.839367  7093 fs_report.cc:389] FS layout report
--------------------
wal directory: /tmp/dist-test-taskMNMfO0/test-tmp/auto_rebalancer-test.0.AutoRebalancerTest.NoReplicaMovesIfNoTservers.1782822302598126-7093-0/minicluster-data/master-0-root
metadata directory: /tmp/dist-test-taskMNMfO0/test-tmp/auto_rebalancer-test.0.AutoRebalancerTest.NoReplicaMovesIfNoTservers.1782822302598126-7093-0/minicluster-data/master-0-root
1 data directories: /tmp/dist-test-taskMNMfO0/test-tmp/auto_rebalancer-test.0.AutoRebalancerTest.NoReplicaMovesIfNoTservers.1782822302598126-7093-0/minicluster-data/master-0-root/data
Total live blocks: 0
Total live bytes: 0
Total live bytes (after alignment): 0
Total number of LBM containers: 0 (0 full)
Did not check for missing blocks
Did not check for orphaned blocks
Total full LBM containers with extra space: 0 (0 repaired)
Total full LBM container extra space in bytes: 0 (0 repaired)
Total incomplete LBM containers: 0 (0 repaired)
Total LBM partial records: 0 (0 repaired)
Total corrupted LBM metadata records in RocksDB: 0 (0 repaired)
I20260630 12:25:54.856118  7093 rpc_server.cc:225] running with OpenSSL 1.1.1  11 Sep 2018
I20260630 12:25:54.857364  7093 kserver.cc:163] Server-wide thread pool size limit: 3276
I20260630 12:25:54.896130  7093 rpc_server.cc:307] RPC server started. Bound to: 127.6.237.126:32847
I20260630 12:25:54.896257  9250 acceptor_pool.cc:272] collecting diagnostics on the listening RPC socket 127.6.237.126:32847 every 8 connection(s)
I20260630 12:25:54.900457  9251 data_dirs.cc:400] Could only allocate 1 dirs of requested 3 for tablet 00000000000000000000000000000000. 1 dirs total, 0 dirs full, 0 dirs failed
I20260630 12:25:54.910868  9251 tablet_bootstrap.cc:492] T 00000000000000000000000000000000 P eb05edc7a6fe4bbfb02296118c158e08: Bootstrap starting.
I20260630 12:25:54.915537  9251 tablet_bootstrap.cc:654] T 00000000000000000000000000000000 P eb05edc7a6fe4bbfb02296118c158e08: Neither blocks nor log segments found. Creating new log.
I20260630 12:25:54.919715  9251 tablet_bootstrap.cc:492] T 00000000000000000000000000000000 P eb05edc7a6fe4bbfb02296118c158e08: No bootstrap required, opened a new log
I20260630 12:25:54.921926  9251 raft_consensus.cc:359] T 00000000000000000000000000000000 P eb05edc7a6fe4bbfb02296118c158e08 [term 0 FOLLOWER]: Replica starting. Triggering 0 pending ops. Active config: opid_index: -1 OBSOLETE_local: true peers { permanent_uuid: "eb05edc7a6fe4bbfb02296118c158e08" member_type: VOTER }
I20260630 12:25:54.922331  9251 raft_consensus.cc:385] T 00000000000000000000000000000000 P eb05edc7a6fe4bbfb02296118c158e08 [term 0 FOLLOWER]: Consensus starting up: Expiring failure detector timer to make a prompt election more likely
I20260630 12:25:54.922580  9251 raft_consensus.cc:740] T 00000000000000000000000000000000 P eb05edc7a6fe4bbfb02296118c158e08 [term 0 FOLLOWER]: Becoming Follower/Learner. State: Replica: eb05edc7a6fe4bbfb02296118c158e08, State: Initialized, Role: FOLLOWER
I20260630 12:25:54.923153  9251 consensus_queue.cc:260] T 00000000000000000000000000000000 P eb05edc7a6fe4bbfb02296118c158e08 [NON_LEADER]: Queue going to NON_LEADER mode. State: All replicated index: 0, Majority replicated index: 0, Committed index: 0, Last appended: 0.0, Last appended by leader: 0, Current term: 0, Majority size: -1, State: 0, Mode: NON_LEADER, active raft config: opid_index: -1 OBSOLETE_local: true peers { permanent_uuid: "eb05edc7a6fe4bbfb02296118c158e08" member_type: VOTER }
I20260630 12:25:54.923630  9251 raft_consensus.cc:399] T 00000000000000000000000000000000 P eb05edc7a6fe4bbfb02296118c158e08 [term 0 FOLLOWER]: Only one voter in the Raft config. Triggering election immediately
I20260630 12:25:54.923830  9251 raft_consensus.cc:493] T 00000000000000000000000000000000 P eb05edc7a6fe4bbfb02296118c158e08 [term 0 FOLLOWER]: Starting leader election (initial election of a single-replica configuration)
I20260630 12:25:54.924100  9251 raft_consensus.cc:3060] T 00000000000000000000000000000000 P eb05edc7a6fe4bbfb02296118c158e08 [term 0 FOLLOWER]: Advancing to term 1
I20260630 12:25:54.928478  9251 raft_consensus.cc:515] T 00000000000000000000000000000000 P eb05edc7a6fe4bbfb02296118c158e08 [term 1 FOLLOWER]: Starting leader election with config: opid_index: -1 OBSOLETE_local: true peers { permanent_uuid: "eb05edc7a6fe4bbfb02296118c158e08" member_type: VOTER }
I20260630 12:25:54.929008  9251 leader_election.cc:304] T 00000000000000000000000000000000 P eb05edc7a6fe4bbfb02296118c158e08 [CANDIDATE]: Term 1 election: Election decided. Result: candidate won. Election summary: received 1 responses out of 1 voters: 1 yes votes; 0 no votes. yes voters: eb05edc7a6fe4bbfb02296118c158e08; no voters: 
I20260630 12:25:54.930171  9251 leader_election.cc:290] T 00000000000000000000000000000000 P eb05edc7a6fe4bbfb02296118c158e08 [CANDIDATE]: Term 1 election: Requested vote from peers 
I20260630 12:25:54.930527  9254 raft_consensus.cc:2804] T 00000000000000000000000000000000 P eb05edc7a6fe4bbfb02296118c158e08 [term 1 FOLLOWER]: Leader election won for term 1
