I20260630 12:25:33.918366  9731 tablet_service.cc:1917] Received RequestConsensusVote() RPC: tablet_id: "736402b50d95495388c71dd25c852605" candidate_uuid: "c91de8b19ac64e709a816edafebad110" candidate_term: 1 candidate_status { last_received { term: 0 index: 0 } } ignore_live_leader: false dest_uuid: "eb7ac4f59c7444659a442ed87e58bee3"
I20260630 12:25:33.918442  9806 tablet_service.cc:1917] Received RequestConsensusVote() RPC: tablet_id: "736402b50d95495388c71dd25c852605" candidate_uuid: "c91de8b19ac64e709a816edafebad110" candidate_term: 1 candidate_status { last_received { term: 0 index: 0 } } ignore_live_leader: false dest_uuid: "f550ac97ec1746b3833e7b68f44e6ca6"
I20260630 12:25:33.919093  9731 raft_consensus.cc:3060] T 736402b50d95495388c71dd25c852605 P eb7ac4f59c7444659a442ed87e58bee3 [term 0 FOLLOWER]: Advancing to term 1
I20260630 12:25:33.919140  9806 raft_consensus.cc:3060] T 736402b50d95495388c71dd25c852605 P f550ac97ec1746b3833e7b68f44e6ca6 [term 0 FOLLOWER]: Advancing to term 1
I20260630 12:25:33.925863  9806 raft_consensus.cc:2468] T 736402b50d95495388c71dd25c852605 P f550ac97ec1746b3833e7b68f44e6ca6 [term 1 FOLLOWER]: Leader election vote request: Granting yes vote for candidate c91de8b19ac64e709a816edafebad110 in term 1.
I20260630 12:25:33.927198  9731 raft_consensus.cc:2468] T 736402b50d95495388c71dd25c852605 P eb7ac4f59c7444659a442ed87e58bee3 [term 1 FOLLOWER]: Leader election vote request: Granting yes vote for candidate c91de8b19ac64e709a816edafebad110 in term 1.
I20260630 12:25:33.927369  9846 leader_election.cc:304] T 736402b50d95495388c71dd25c852605 P c91de8b19ac64e709a816edafebad110 [CANDIDATE]: Term 1 election: Election decided. Result: candidate won. Election summary: received 2 responses out of 3 voters: 2 yes votes; 0 no votes. yes voters: c91de8b19ac64e709a816edafebad110, f550ac97ec1746b3833e7b68f44e6ca6; no voters: 
I20260630 12:25:33.928424  9929 raft_consensus.cc:2804] T 736402b50d95495388c71dd25c852605 P c91de8b19ac64e709a816edafebad110 [term 1 FOLLOWER]: Leader election won for term 1
I20260630 12:25:33.929877  9929 raft_consensus.cc:697] T 736402b50d95495388c71dd25c852605 P c91de8b19ac64e709a816edafebad110 [term 1 LEADER]: Becoming Leader. State: Replica: c91de8b19ac64e709a816edafebad110, State: Running, Role: LEADER
I20260630 12:25:33.931532  9929 consensus_queue.cc:237] T 736402b50d95495388c71dd25c852605 P c91de8b19ac64e709a816edafebad110 [LEADER]: Queue going to LEADER mode. State: All replicated index: 0, Majority replicated index: 0, Committed index: 0, Last appended: 0.0, Last appended by leader: 0, Current term: 1, Majority size: 2, State: 0, Mode: LEADER, active raft config: opid_index: -1 OBSOLETE_local: false peers { permanent_uuid: "eb7ac4f59c7444659a442ed87e58bee3" member_type: VOTER last_known_addr { host: "127.7.186.1" port: 42135 } } peers { permanent_uuid: "f550ac97ec1746b3833e7b68f44e6ca6" member_type: VOTER last_known_addr { host: "127.7.186.2" port: 33707 } } peers { permanent_uuid: "c91de8b19ac64e709a816edafebad110" member_type: VOTER last_known_addr { host: "127.7.186.3" port: 33825 } }
I20260630 12:25:33.942514  9627 catalog_manager.cc:5697] T 736402b50d95495388c71dd25c852605 P c91de8b19ac64e709a816edafebad110 reported cstate change: term changed from 0 to 1, leader changed from <none> to c91de8b19ac64e709a816edafebad110 (127.7.186.3). New cstate: current_term: 1 leader_uuid: "c91de8b19ac64e709a816edafebad110" committed_config { opid_index: -1 OBSOLETE_local: false peers { permanent_uuid: "eb7ac4f59c7444659a442ed87e58bee3" member_type: VOTER last_known_addr { host: "127.7.186.1" port: 42135 } health_report { overall_health: UNKNOWN } } peers { permanent_uuid: "f550ac97ec1746b3833e7b68f44e6ca6" member_type: VOTER last_known_addr { host: "127.7.186.2" port: 33707 } health_report { overall_health: UNKNOWN } } peers { permanent_uuid: "c91de8b19ac64e709a816edafebad110" member_type: VOTER last_known_addr { host: "127.7.186.3" port: 33825 } health_report { overall_health: HEALTHY } } }
I20260630 12:25:34.173950  9932 consensus_queue.cc:1048] T 634de5e1c8834c99817563d35990eb3b P f550ac97ec1746b3833e7b68f44e6ca6 [LEADER]: Connected to new peer: Peer: permanent_uuid: "c91de8b19ac64e709a816edafebad110" member_type: VOTER last_known_addr { host: "127.7.186.3" port: 33825 }, Status: LMP_MISMATCH, Last received: 0.0, Next index: 1, Last known committed idx: 0, Time since last communication: 0.000s
I20260630 12:25:34.191295  9932 consensus_queue.cc:1048] T 634de5e1c8834c99817563d35990eb3b P f550ac97ec1746b3833e7b68f44e6ca6 [LEADER]: Connected to new peer: Peer: permanent_uuid: "eb7ac4f59c7444659a442ed87e58bee3" member_type: VOTER last_known_addr { host: "127.7.186.1" port: 42135 }, Status: LMP_MISMATCH, Last received: 0.0, Next index: 1, Last known committed idx: 0, Time since last communication: 0.002s
I20260630 12:25:34.384439  9682 auto_leader_rebalancer.cc:141] leader rebalance for table test-workload
I20260630 12:25:34.386731  9682 auto_leader_rebalancer.cc:440] table: test-workload, leader rebalance finish, leader transfer count: 0
I20260630 12:25:34.387085  9682 auto_leader_rebalancer.cc:515] All tables' leader rebalancing finished this round
I20260630 12:25:34.396895  9929 consensus_queue.cc:1048] T 736402b50d95495388c71dd25c852605 P c91de8b19ac64e709a816edafebad110 [LEADER]: Connected to new peer: Peer: permanent_uuid: "eb7ac4f59c7444659a442ed87e58bee3" member_type: VOTER last_known_addr { host: "127.7.186.1" port: 42135 }, Status: LMP_MISMATCH, Last received: 0.0, Next index: 1, Last known committed idx: 0, Time since last communication: 0.000s
I20260630 12:25:34.410748  9953 consensus_queue.cc:1048] T 736402b50d95495388c71dd25c852605 P c91de8b19ac64e709a816edafebad110 [LEADER]: Connected to new peer: Peer: permanent_uuid: "f550ac97ec1746b3833e7b68f44e6ca6" member_type: VOTER last_known_addr { host: "127.7.186.2" port: 33707 }, Status: LMP_MISMATCH, Last received: 0.0, Next index: 1, Last known committed idx: 0, Time since last communication: 0.001s
W20260630 12:25:35.999531  9901 debug-util.cc:398] Leaking SignalData structure 0x7b08001d11a0 after lost signal to thread 7915
W20260630 12:25:36.000524  9901 debug-util.cc:398] Leaking SignalData structure 0x7b08001e8be0 after lost signal to thread 9663
W20260630 12:25:36.001556  9901 debug-util.cc:398] Leaking SignalData structure 0x7b08000f5e00 after lost signal to thread 9755
W20260630 12:25:36.002450  9901 debug-util.cc:398] Leaking SignalData structure 0x7b0800159220 after lost signal to thread 9830
W20260630 12:25:36.003330  9901 debug-util.cc:398] Leaking SignalData structure 0x7b08001dd8e0 after lost signal to thread 9904
I20260630 12:25:36.388317  9682 auto_leader_rebalancer.cc:141] leader rebalance for table test-workload
I20260630 12:25:36.392148  9682 auto_leader_rebalancer.cc:440] table: test-workload, leader rebalance finish, leader transfer count: 0
I20260630 12:25:36.392688  9682 auto_leader_rebalancer.cc:515] All tables' leader rebalancing finished this round
I20260630 12:25:38.393926  9682 auto_leader_rebalancer.cc:141] leader rebalance for table test-workload
I20260630 12:25:38.396258  9682 auto_leader_rebalancer.cc:440] table: test-workload, leader rebalance finish, leader transfer count: 0
I20260630 12:25:38.396802  9682 auto_leader_rebalancer.cc:515] All tables' leader rebalancing finished this round
I20260630 12:25:40.397985  9682 auto_leader_rebalancer.cc:141] leader rebalance for table test-workload
I20260630 12:25:40.400218  9682 auto_leader_rebalancer.cc:440] table: test-workload, leader rebalance finish, leader transfer count: 0
I20260630 12:25:40.400651  9682 auto_leader_rebalancer.cc:515] All tables' leader rebalancing finished this round
I20260630 12:25:42.402154  9682 auto_leader_rebalancer.cc:141] leader rebalance for table test-workload
I20260630 12:25:42.406046  9682 auto_leader_rebalancer.cc:440] table: test-workload, leader rebalance finish, leader transfer count: 0
I20260630 12:25:42.406586  9682 auto_leader_rebalancer.cc:515] All tables' leader rebalancing finished this round
I20260630 12:25:44.407748  9682 auto_leader_rebalancer.cc:141] leader rebalance for table test-workload
I20260630 12:25:44.409853  9682 auto_leader_rebalancer.cc:440] table: test-workload, leader rebalance finish, leader transfer count: 0
I20260630 12:25:44.410247  9682 auto_leader_rebalancer.cc:515] All tables' leader rebalancing finished this round
I20260630 12:25:45.380580  7912 file_cache.cc:492] Constructed file cache file cache with capacity 419430
W20260630 12:25:45.391521  9966 instance_detector.cc:116] could not retrieve Azure instance metadata: Network error: curl error: HTTP response code said error: The requested URL returned error: 404
W20260630 12:25:45.391839  9965 instance_detector.cc:116] could not retrieve AWS instance metadata: Network error: curl error: HTTP response code said error: The requested URL returned error: 404
W20260630 12:25:45.394130  9968 instance_detector.cc:116] could not retrieve OpenStack instance metadata: Network error: curl error: HTTP response code said error: The requested URL returned error: 404
I20260630 12:25:45.395465  7912 server_base.cc:1061] running on GCE node
I20260630 12:25:45.396831  7912 hybrid_clock.cc:584] initializing the hybrid clock with 'system_unsync' time source
W20260630 12:25:45.397084  7912 system_unsync_time.cc:38] NTP support is disabled. Clock error bounds will not be accurate. This configuration is not suitable for distributed clusters.
I20260630 12:25:45.397267  7912 hybrid_clock.cc:648] HybridClock initialized: now 1782822345397250 us; error 0 us; skew 500 ppm
I20260630 12:25:45.398252  7912 server_base.cc:861] Flag tcmalloc_max_total_thread_cache_bytes is not working since tcmalloc is not enabled.
I20260630 12:25:45.402246  7912 webserver.cc:533] Webserver started at http://127.7.186.4:45235/ using document root <none> and password file <none>
I20260630 12:25:45.402977  7912 fs_manager.cc:362] Metadata directory not provided
I20260630 12:25:45.403245  7912 fs_manager.cc:368] Using write-ahead log directory (fs_wal_dir) as metadata directory
I20260630 12:25:45.403642  7912 server_base.cc:909] This appears to be a new deployment of Kudu; creating new FS layout
I20260630 12:25:45.405381  7912 fs_manager.cc:1068] Generated new instance metadata in path /tmp/dist-test-taskHoaS2s/test-tmp/auto_rebalancer-test.0.AutoRebalancerTest.MovesScheduledIfAddTserver.1782822301290239-7912-0/minicluster-data/ts-3-root/instance:
uuid: "ea07072dc45147c98736fe99c36ffb53"
format_stamp: "Formatted at 2026-06-30 12:25:45 on dist-test-slave-92vb"
I20260630 12:25:45.411942  7912 fs_manager.cc:696] Time spent creating directory manager: real 0.006s	user 0.003s	sys 0.005s
I20260630 12:25:45.416566  9973 log_block_manager.cc:4031] Time spent loading block containers with low live blocks: real 0.000s	user 0.000s	sys 0.000s
I20260630 12:25:45.417735  7912 fs_manager.cc:730] Time spent opening block manager: real 0.003s	user 0.004s	sys 0.000s
I20260630 12:25:45.418280  7912 fs_manager.cc:647] Opened local filesystem: /tmp/dist-test-taskHoaS2s/test-tmp/auto_rebalancer-test.0.AutoRebalancerTest.MovesScheduledIfAddTserver.1782822301290239-7912-0/minicluster-data/ts-3-root
uuid: "ea07072dc45147c98736fe99c36ffb53"
format_stamp: "Formatted at 2026-06-30 12:25:45 on dist-test-slave-92vb"
I20260630 12:25:45.418780  7912 fs_report.cc:389] FS layout report
--------------------
wal directory: /tmp/dist-test-taskHoaS2s/test-tmp/auto_rebalancer-test.0.AutoRebalancerTest.MovesScheduledIfAddTserver.1782822301290239-7912-0/minicluster-data/ts-3-root
metadata directory: /tmp/dist-test-taskHoaS2s/test-tmp/auto_rebalancer-test.0.AutoRebalancerTest.MovesScheduledIfAddTserver.1782822301290239-7912-0/minicluster-data/ts-3-root
1 data directories: /tmp/dist-test-taskHoaS2s/test-tmp/auto_rebalancer-test.0.AutoRebalancerTest.MovesScheduledIfAddTserver.1782822301290239-7912-0/minicluster-data/ts-3-root/data
Total live blocks: 0
Total live bytes: 0
Total live bytes (after alignment): 0
Total number of LBM containers: 0 (0 full)
Did not check for missing blocks
Did not check for orphaned blocks
Total full LBM containers with extra space: 0 (0 repaired)
Total full LBM container extra space in bytes: 0 (0 repaired)
Total incomplete LBM containers: 0 (0 repaired)
Total LBM partial records: 0 (0 repaired)
Total corrupted LBM metadata records in RocksDB: 0 (0 repaired)
I20260630 12:25:45.440649  7912 rpc_server.cc:225] running with OpenSSL 1.1.1  11 Sep 2018
I20260630 12:25:45.442828  7912 kserver.cc:163] Server-wide thread pool size limit: 3276
I20260630 12:25:45.445453  7912 txn_system_client.cc:432] TxnSystemClient initialization is disabled...
I20260630 12:25:45.450742  7912 ts_tablet_manager.cc:585] Loaded tablet metadata (0 total tablets, 0 live tablets)
I20260630 12:25:45.451131  7912 ts_tablet_manager.cc:531] Time spent load tablet metadata: real 0.000s	user 0.000s	sys 0.000s
I20260630 12:25:45.451622  7912 ts_tablet_manager.cc:616] Registered 0 tablets
I20260630 12:25:45.451876  7912 ts_tablet_manager.cc:595] Time spent register tablets: real 0.000s	user 0.000s	sys 0.000s
I20260630 12:25:45.515244  7912 rpc_server.cc:307] RPC server started. Bound to: 127.7.186.4:40999
I20260630 12:25:45.515316 10035 acceptor_pool.cc:272] collecting diagnostics on the listening RPC socket 127.7.186.4:40999 every 8 connection(s)
I20260630 12:25:45.537519 10036 heartbeater.cc:344] Connected to a master server at 127.7.186.62:43543
I20260630 12:25:45.538107 10036 heartbeater.cc:461] Registering TS with master...
I20260630 12:25:45.539337 10036 heartbeater.cc:507] Master 127.7.186.62:43543 requested a full tablet report, sending...
I20260630 12:25:45.542277  9627 ts_manager.cc:194] Registered new tserver with Master: ea07072dc45147c98736fe99c36ffb53 (127.7.186.4:40999)
I20260630 12:25:45.544108  9627 master_service.cc:502] Signed X509 certificate for tserver {username='slave'} at 127.0.0.1:45820
I20260630 12:25:46.411453  9682 auto_leader_rebalancer.cc:141] leader rebalance for table test-workload
I20260630 12:25:46.413658  9682 auto_leader_rebalancer.cc:440] table: test-workload, leader rebalance finish, leader transfer count: 0
I20260630 12:25:46.414310  9682 auto_leader_rebalancer.cc:515] All tables' leader rebalancing finished this round
I20260630 12:25:46.479727  9880 consensus_queue.cc:237] T 736402b50d95495388c71dd25c852605 P c91de8b19ac64e709a816edafebad110 [LEADER]: Queue going to LEADER mode. State: All replicated index: 0, Majority replicated index: 1, Committed index: 1, Last appended: 1.1, Last appended by leader: 0, Current term: 1, Majority size: 2, State: 0, Mode: LEADER, active raft config: opid_index: 2 OBSOLETE_local: false peers { permanent_uuid: "eb7ac4f59c7444659a442ed87e58bee3" member_type: VOTER last_known_addr { host: "127.7.186.1" port: 42135 } } peers { permanent_uuid: "f550ac97ec1746b3833e7b68f44e6ca6" member_type: VOTER last_known_addr { host: "127.7.186.2" port: 33707 } attrs { replace: true } } peers { permanent_uuid: "c91de8b19ac64e709a816edafebad110" member_type: VOTER last_known_addr { host: "127.7.186.3" port: 33825 } } peers { permanent_uuid: "ea07072dc45147c98736fe99c36ffb53" member_type: NON_VOTER last_known_addr { host: "127.7.186.4" port: 40999 } attrs { promote: true } }
I20260630 12:25:46.494787  9806 raft_consensus.cc:1275] T 736402b50d95495388c71dd25c852605 P f550ac97ec1746b3833e7b68f44e6ca6 [term 1 FOLLOWER]: Refusing update from remote peer c91de8b19ac64e709a816edafebad110: Log matching property violated. Preceding OpId in replica: term: 1 index: 1. Preceding OpId from leader: term: 1 index: 2. (index mismatch)
I20260630 12:25:46.496677  9731 raft_consensus.cc:1275] T 736402b50d95495388c71dd25c852605 P eb7ac4f59c7444659a442ed87e58bee3 [term 1 FOLLOWER]: Refusing update from remote peer c91de8b19ac64e709a816edafebad110: Log matching property violated. Preceding OpId in replica: term: 1 index: 1. Preceding OpId from leader: term: 1 index: 2. (index mismatch)
I20260630 12:25:46.496680 10043 consensus_queue.cc:1048] T 736402b50d95495388c71dd25c852605 P c91de8b19ac64e709a816edafebad110 [LEADER]: Connected to new peer: Peer: permanent_uuid: "f550ac97ec1746b3833e7b68f44e6ca6" member_type: VOTER last_known_addr { host: "127.7.186.2" port: 33707 } attrs { replace: true }, Status: LMP_MISMATCH, Last received: 0.0, Next index: 2, Last known committed idx: 1, Time since last communication: 0.001s
I20260630 12:25:46.498924  9964 consensus_queue.cc:1048] T 736402b50d95495388c71dd25c852605 P c91de8b19ac64e709a816edafebad110 [LEADER]: Connected to new peer: Peer: permanent_uuid: "eb7ac4f59c7444659a442ed87e58bee3" member_type: VOTER last_known_addr { host: "127.7.186.1" port: 42135 }, Status: LMP_MISMATCH, Last received: 0.0, Next index: 2, Last known committed idx: 1, Time since last communication: 0.001s
W20260630 12:25:46.506974  9843 consensus_peers.cc:597] T 736402b50d95495388c71dd25c852605 P c91de8b19ac64e709a816edafebad110 -> Peer ea07072dc45147c98736fe99c36ffb53 (127.7.186.4:40999): Couldn't send request to peer ea07072dc45147c98736fe99c36ffb53. Error code: TABLET_NOT_FOUND (6). Status: Not found: Tablet not found: 736402b50d95495388c71dd25c852605. This is attempt 1: this message will repeat every 5th retry.
I20260630 12:25:46.510154 10043 raft_consensus.cc:2955] T 736402b50d95495388c71dd25c852605 P c91de8b19ac64e709a816edafebad110 [term 1 LEADER]: Committing config change with OpId 1.2: config changed from index -1 to 2, NON_VOTER ea07072dc45147c98736fe99c36ffb53 (127.7.186.4) added. New config: { opid_index: 2 OBSOLETE_local: false peers { permanent_uuid: "eb7ac4f59c7444659a442ed87e58bee3" member_type: VOTER last_known_addr { host: "127.7.186.1" port: 42135 } } peers { permanent_uuid: "f550ac97ec1746b3833e7b68f44e6ca6" member_type: VOTER last_known_addr { host: "127.7.186.2" port: 33707 } attrs { replace: true } } peers { permanent_uuid: "c91de8b19ac64e709a816edafebad110" member_type: VOTER last_known_addr { host: "127.7.186.3" port: 33825 } } peers { permanent_uuid: "ea07072dc45147c98736fe99c36ffb53" member_type: NON_VOTER last_known_addr { host: "127.7.186.4" port: 40999 } attrs { promote: true } } }
I20260630 12:25:46.513145  9806 raft_consensus.cc:2955] T 736402b50d95495388c71dd25c852605 P f550ac97ec1746b3833e7b68f44e6ca6 [term 1 FOLLOWER]: Committing config change with OpId 1.2: config changed from index -1 to 2, NON_VOTER ea07072dc45147c98736fe99c36ffb53 (127.7.186.4) added. New config: { opid_index: 2 OBSOLETE_local: false peers { permanent_uuid: "eb7ac4f59c7444659a442ed87e58bee3" member_type: VOTER last_known_addr { host: "127.7.186.1" port: 42135 } } peers { permanent_uuid: "f550ac97ec1746b3833e7b68f44e6ca6" member_type: VOTER last_known_addr { host: "127.7.186.2" port: 33707 } attrs { replace: true } } peers { permanent_uuid: "c91de8b19ac64e709a816edafebad110" member_type: VOTER last_known_addr { host: "127.7.186.3" port: 33825 } } peers { permanent_uuid: "ea07072dc45147c98736fe99c36ffb53" member_type: NON_VOTER last_known_addr { host: "127.7.186.4" port: 40999 } attrs { promote: true } } }
I20260630 12:25:46.520720  9731 raft_consensus.cc:2955] T 736402b50d95495388c71dd25c852605 P eb7ac4f59c7444659a442ed87e58bee3 [term 1 FOLLOWER]: Committing config change with OpId 1.2: config changed from index -1 to 2, NON_VOTER ea07072dc45147c98736fe99c36ffb53 (127.7.186.4) added. New config: { opid_index: 2 OBSOLETE_local: false peers { permanent_uuid: "eb7ac4f59c7444659a442ed87e58bee3" member_type: VOTER last_known_addr { host: "127.7.186.1" port: 42135 } } peers { permanent_uuid: "f550ac97ec1746b3833e7b68f44e6ca6" member_type: VOTER last_known_addr { host: "127.7.186.2" port: 33707 } attrs { replace: true } } peers { permanent_uuid: "c91de8b19ac64e709a816edafebad110" member_type: VOTER last_known_addr { host: "127.7.186.3" port: 33825 } } peers { permanent_uuid: "ea07072dc45147c98736fe99c36ffb53" member_type: NON_VOTER last_known_addr { host: "127.7.186.4" port: 40999 } attrs { promote: true } } }
I20260630 12:25:46.533641  9628 catalog_manager.cc:5697] T 736402b50d95495388c71dd25c852605 P c91de8b19ac64e709a816edafebad110 reported cstate change: config changed from index -1 to 2, NON_VOTER ea07072dc45147c98736fe99c36ffb53 (127.7.186.4) added. New cstate: current_term: 1 leader_uuid: "c91de8b19ac64e709a816edafebad110" committed_config { opid_index: 2 OBSOLETE_local: false peers { permanent_uuid: "eb7ac4f59c7444659a442ed87e58bee3" member_type: VOTER last_known_addr { host: "127.7.186.1" port: 42135 } health_report { overall_health: HEALTHY } } peers { permanent_uuid: "f550ac97ec1746b3833e7b68f44e6ca6" member_type: VOTER last_known_addr { host: "127.7.186.2" port: 33707 } attrs { replace: true } health_report { overall_health: HEALTHY } } peers { permanent_uuid: "c91de8b19ac64e709a816edafebad110" member_type: VOTER last_known_addr { host: "127.7.186.3" port: 33825 } health_report { overall_health: HEALTHY } } peers { permanent_uuid: "ea07072dc45147c98736fe99c36ffb53" member_type: NON_VOTER last_known_addr { host: "127.7.186.4" port: 40999 } attrs { promote: true } health_report { overall_health: UNKNOWN } } }
I20260630 12:25:46.547324 10036 heartbeater.cc:499] Master 127.7.186.62:43543 was elected leader, sending a full tablet report...
I20260630 12:25:47.074028 10054 ts_tablet_manager.cc:933] T 736402b50d95495388c71dd25c852605 P ea07072dc45147c98736fe99c36ffb53: Initiating tablet copy from peer c91de8b19ac64e709a816edafebad110 (127.7.186.3:33825)
I20260630 12:25:47.076406 10054 tablet_copy_client.cc:323] T 736402b50d95495388c71dd25c852605 P ea07072dc45147c98736fe99c36ffb53: tablet copy: Beginning tablet copy session from remote peer at address 127.7.186.3:33825
I20260630 12:25:47.092600  9890 tablet_copy_service.cc:140] P c91de8b19ac64e709a816edafebad110: Received BeginTabletCopySession request for tablet 736402b50d95495388c71dd25c852605 from peer ea07072dc45147c98736fe99c36ffb53 ({username='slave'} at 127.0.0.1:49112)
I20260630 12:25:47.093174  9890 tablet_copy_service.cc:161] P c91de8b19ac64e709a816edafebad110: Beginning new tablet copy session on tablet 736402b50d95495388c71dd25c852605 from peer ea07072dc45147c98736fe99c36ffb53 at {username='slave'} at 127.0.0.1:49112: session id = ea07072dc45147c98736fe99c36ffb53-736402b50d95495388c71dd25c852605
I20260630 12:25:47.099901  9890 tablet_copy_source_session.cc:215] T 736402b50d95495388c71dd25c852605 P c91de8b19ac64e709a816edafebad110: Tablet Copy: opened 0 blocks and 1 log segments
I20260630 12:25:47.103732 10054 data_dirs.cc:400] Could only allocate 1 dirs of requested 3 for tablet 736402b50d95495388c71dd25c852605. 1 dirs total, 0 dirs full, 0 dirs failed
I20260630 12:25:47.117290 10054 tablet_copy_client.cc:806] T 736402b50d95495388c71dd25c852605 P ea07072dc45147c98736fe99c36ffb53: tablet copy: Starting download of 0 data blocks...
I20260630 12:25:47.117991 10054 tablet_copy_client.cc:670] T 736402b50d95495388c71dd25c852605 P ea07072dc45147c98736fe99c36ffb53: tablet copy: Starting download of 1 WAL segments...
I20260630 12:25:47.122207 10054 tablet_copy_client.cc:538] T 736402b50d95495388c71dd25c852605 P ea07072dc45147c98736fe99c36ffb53: tablet copy: Tablet Copy complete. Replacing tablet superblock.
I20260630 12:25:47.131919 10054 tablet_bootstrap.cc:492] T 736402b50d95495388c71dd25c852605 P ea07072dc45147c98736fe99c36ffb53: Bootstrap starting.
I20260630 12:25:47.148969 10054 tablet_bootstrap.cc:492] T 736402b50d95495388c71dd25c852605 P ea07072dc45147c98736fe99c36ffb53: Bootstrap replayed 1/1 log segments. Stats: ops{read=2 overwritten=0 applied=2 ignored=0} inserts{seen=0 ignored=0} mutations{seen=0 ignored=0} orphaned_commits=0. Pending: 0 replicates
I20260630 12:25:47.149818 10054 tablet_bootstrap.cc:492] T 736402b50d95495388c71dd25c852605 P ea07072dc45147c98736fe99c36ffb53: Bootstrap complete.
I20260630 12:25:47.150445 10054 ts_tablet_manager.cc:1403] T 736402b50d95495388c71dd25c852605 P ea07072dc45147c98736fe99c36ffb53: Time spent bootstrapping tablet: real 0.019s	user 0.007s	sys 0.008s
I20260630 12:25:47.152909 10054 raft_consensus.cc:359] T 736402b50d95495388c71dd25c852605 P ea07072dc45147c98736fe99c36ffb53 [term 1 LEARNER]: Replica starting. Triggering 0 pending ops. Active config: opid_index: 2 OBSOLETE_local: false peers { permanent_uuid: "eb7ac4f59c7444659a442ed87e58bee3" member_type: VOTER last_known_addr { host: "127.7.186.1" port: 42135 } } peers { permanent_uuid: "f550ac97ec1746b3833e7b68f44e6ca6" member_type: VOTER last_known_addr { host: "127.7.186.2" port: 33707 } attrs { replace: true } } peers { permanent_uuid: "c91de8b19ac64e709a816edafebad110" member_type: VOTER last_known_addr { host: "127.7.186.3" port: 33825 } } peers { permanent_uuid: "ea07072dc45147c98736fe99c36ffb53" member_type: NON_VOTER last_known_addr { host: "127.7.186.4" port: 40999 } attrs { promote: true } }
I20260630 12:25:47.153589 10054 raft_consensus.cc:740] T 736402b50d95495388c71dd25c852605 P ea07072dc45147c98736fe99c36ffb53 [term 1 LEARNER]: Becoming Follower/Learner. State: Replica: ea07072dc45147c98736fe99c36ffb53, State: Initialized, Role: LEARNER
I20260630 12:25:47.154235 10054 consensus_queue.cc:260] T 736402b50d95495388c71dd25c852605 P ea07072dc45147c98736fe99c36ffb53 [NON_LEADER]: Queue going to NON_LEADER mode. State: All replicated index: 0, Majority replicated index: 0, Committed index: 2, Last appended: 1.2, Last appended by leader: 2, Current term: 0, Majority size: -1, State: 0, Mode: NON_LEADER, active raft config: opid_index: 2 OBSOLETE_local: false peers { permanent_uuid: "eb7ac4f59c7444659a442ed87e58bee3" member_type: VOTER last_known_addr { host: "127.7.186.1" port: 42135 } } peers { permanent_uuid: "f550ac97ec1746b3833e7b68f44e6ca6" member_type: VOTER last_known_addr { host: "127.7.186.2" port: 33707 } attrs { replace: true } } peers { permanent_uuid: "c91de8b19ac64e709a816edafebad110" member_type: VOTER last_known_addr { host: "127.7.186.3" port: 33825 } } peers { permanent_uuid: "ea07072dc45147c98736fe99c36ffb53" member_type: NON_VOTER last_known_addr { host: "127.7.186.4" port: 40999 } attrs { promote: true } }
I20260630 12:25:47.157192 10054 ts_tablet_manager.cc:1434] T 736402b50d95495388c71dd25c852605 P ea07072dc45147c98736fe99c36ffb53: Time spent starting tablet: real 0.006s	user 0.005s	sys 0.000s
I20260630 12:25:47.159253  9890 tablet_copy_service.cc:342] P c91de8b19ac64e709a816edafebad110: Request end of tablet copy session ea07072dc45147c98736fe99c36ffb53-736402b50d95495388c71dd25c852605 received from {username='slave'} at 127.0.0.1:49112
I20260630 12:25:47.159696  9890 tablet_copy_service.cc:434] P c91de8b19ac64e709a816edafebad110: ending tablet copy session ea07072dc45147c98736fe99c36ffb53-736402b50d95495388c71dd25c852605 on tablet 736402b50d95495388c71dd25c852605 with peer ea07072dc45147c98736fe99c36ffb53
I20260630 12:25:47.535957 10011 raft_consensus.cc:1217] T 736402b50d95495388c71dd25c852605 P ea07072dc45147c98736fe99c36ffb53 [term 1 LEARNER]: Deduplicated request from leader. Original: 1.1->[1.2-1.2]   Dedup: 1.2->[]
I20260630 12:25:47.923084  9964 raft_consensus.cc:1064] T 736402b50d95495388c71dd25c852605 P c91de8b19ac64e709a816edafebad110: attempting to promote NON_VOTER ea07072dc45147c98736fe99c36ffb53 to VOTER
I20260630 12:25:47.925587  9964 consensus_queue.cc:237] T 736402b50d95495388c71dd25c852605 P c91de8b19ac64e709a816edafebad110 [LEADER]: Queue going to LEADER mode. State: All replicated index: 0, Majority replicated index: 2, Committed index: 2, Last appended: 1.2, Last appended by leader: 0, Current term: 1, Majority size: 3, State: 0, Mode: LEADER, active raft config: opid_index: 3 OBSOLETE_local: false peers { permanent_uuid: "eb7ac4f59c7444659a442ed87e58bee3" member_type: VOTER last_known_addr { host: "127.7.186.1" port: 42135 } } peers { permanent_uuid: "f550ac97ec1746b3833e7b68f44e6ca6" member_type: VOTER last_known_addr { host: "127.7.186.2" port: 33707 } attrs { replace: true } } peers { permanent_uuid: "c91de8b19ac64e709a816edafebad110" member_type: VOTER last_known_addr { host: "127.7.186.3" port: 33825 } } peers { permanent_uuid: "ea07072dc45147c98736fe99c36ffb53" member_type: VOTER last_known_addr { host: "127.7.186.4" port: 40999 } attrs { promote: false } }
I20260630 12:25:47.933583  9806 raft_consensus.cc:1275] T 736402b50d95495388c71dd25c852605 P f550ac97ec1746b3833e7b68f44e6ca6 [term 1 FOLLOWER]: Refusing update from remote peer c91de8b19ac64e709a816edafebad110: Log matching property violated. Preceding OpId in replica: term: 1 index: 2. Preceding OpId from leader: term: 1 index: 3. (index mismatch)
I20260630 12:25:47.933583 10011 raft_consensus.cc:1275] T 736402b50d95495388c71dd25c852605 P ea07072dc45147c98736fe99c36ffb53 [term 1 LEARNER]: Refusing update from remote peer c91de8b19ac64e709a816edafebad110: Log matching property violated. Preceding OpId in replica: term: 1 index: 2. Preceding OpId from leader: term: 1 index: 3. (index mismatch)
I20260630 12:25:47.935249  9731 raft_consensus.cc:1275] T 736402b50d95495388c71dd25c852605 P eb7ac4f59c7444659a442ed87e58bee3 [term 1 FOLLOWER]: Refusing update from remote peer c91de8b19ac64e709a816edafebad110: Log matching property violated. Preceding OpId in replica: term: 1 index: 2. Preceding OpId from leader: term: 1 index: 3. (index mismatch)
I20260630 12:25:47.935801 10060 consensus_queue.cc:1048] T 736402b50d95495388c71dd25c852605 P c91de8b19ac64e709a816edafebad110 [LEADER]: Connected to new peer: Peer: permanent_uuid: "f550ac97ec1746b3833e7b68f44e6ca6" member_type: VOTER last_known_addr { host: "127.7.186.2" port: 33707 } attrs { replace: true }, Status: LMP_MISMATCH, Last received: 0.0, Next index: 3, Last known committed idx: 2, Time since last communication: 0.001s
I20260630 12:25:47.936853  9964 consensus_queue.cc:1048] T 736402b50d95495388c71dd25c852605 P c91de8b19ac64e709a816edafebad110 [LEADER]: Connected to new peer: Peer: permanent_uuid: "ea07072dc45147c98736fe99c36ffb53" member_type: VOTER last_known_addr { host: "127.7.186.4" port: 40999 } attrs { promote: false }, Status: LMP_MISMATCH, Last received: 0.0, Next index: 3, Last known committed idx: 2, Time since last communication: 0.000s
I20260630 12:25:47.938043 10061 consensus_queue.cc:1048] T 736402b50d95495388c71dd25c852605 P c91de8b19ac64e709a816edafebad110 [LEADER]: Connected to new peer: Peer: permanent_uuid: "eb7ac4f59c7444659a442ed87e58bee3" member_type: VOTER last_known_addr { host: "127.7.186.1" port: 42135 }, Status: LMP_MISMATCH, Last received: 0.0, Next index: 3, Last known committed idx: 2, Time since last communication: 0.001s
I20260630 12:25:47.957247 10061 raft_consensus.cc:2955] T 736402b50d95495388c71dd25c852605 P c91de8b19ac64e709a816edafebad110 [term 1 LEADER]: Committing config change with OpId 1.3: config changed from index 2 to 3, ea07072dc45147c98736fe99c36ffb53 (127.7.186.4) changed from NON_VOTER to VOTER. New config: { opid_index: 3 OBSOLETE_local: false peers { permanent_uuid: "eb7ac4f59c7444659a442ed87e58bee3" member_type: VOTER last_known_addr { host: "127.7.186.1" port: 42135 } } peers { permanent_uuid: "f550ac97ec1746b3833e7b68f44e6ca6" member_type: VOTER last_known_addr { host: "127.7.186.2" port: 33707 } attrs { replace: true } } peers { permanent_uuid: "c91de8b19ac64e709a816edafebad110" member_type: VOTER last_known_addr { host: "127.7.186.3" port: 33825 } } peers { permanent_uuid: "ea07072dc45147c98736fe99c36ffb53" member_type: VOTER last_known_addr { host: "127.7.186.4" port: 40999 } attrs { promote: false } } }
I20260630 12:25:47.959934  9731 raft_consensus.cc:2955] T 736402b50d95495388c71dd25c852605 P eb7ac4f59c7444659a442ed87e58bee3 [term 1 FOLLOWER]: Committing config change with OpId 1.3: config changed from index 2 to 3, ea07072dc45147c98736fe99c36ffb53 (127.7.186.4) changed from NON_VOTER to VOTER. New config: { opid_index: 3 OBSOLETE_local: false peers { permanent_uuid: "eb7ac4f59c7444659a442ed87e58bee3" member_type: VOTER last_known_addr { host: "127.7.186.1" port: 42135 } } peers { permanent_uuid: "f550ac97ec1746b3833e7b68f44e6ca6" member_type: VOTER last_known_addr { host: "127.7.186.2" port: 33707 } attrs { replace: true } } peers { permanent_uuid: "c91de8b19ac64e709a816edafebad110" member_type: VOTER last_known_addr { host: "127.7.186.3" port: 33825 } } peers { permanent_uuid: "ea07072dc45147c98736fe99c36ffb53" member_type: VOTER last_known_addr { host: "127.7.186.4" port: 40999 } attrs { promote: false } } }
I20260630 12:25:47.960111  9806 raft_consensus.cc:2955] T 736402b50d95495388c71dd25c852605 P f550ac97ec1746b3833e7b68f44e6ca6 [term 1 FOLLOWER]: Committing config change with OpId 1.3: config changed from index 2 to 3, ea07072dc45147c98736fe99c36ffb53 (127.7.186.4) changed from NON_VOTER to VOTER. New config: { opid_index: 3 OBSOLETE_local: false peers { permanent_uuid: "eb7ac4f59c7444659a442ed87e58bee3" member_type: VOTER last_known_addr { host: "127.7.186.1" port: 42135 } } peers { permanent_uuid: "f550ac97ec1746b3833e7b68f44e6ca6" member_type: VOTER last_known_addr { host: "127.7.186.2" port: 33707 } attrs { replace: true } } peers { permanent_uuid: "c91de8b19ac64e709a816edafebad110" member_type: VOTER last_known_addr { host: "127.7.186.3" port: 33825 } } peers { permanent_uuid: "ea07072dc45147c98736fe99c36ffb53" member_type: VOTER last_known_addr { host: "127.7.186.4" port: 40999 } attrs { promote: false } } }
I20260630 12:25:47.973238 10011 raft_consensus.cc:2955] T 736402b50d95495388c71dd25c852605 P ea07072dc45147c98736fe99c36ffb53 [term 1 FOLLOWER]: Committing config change with OpId 1.3: config changed from index 2 to 3, ea07072dc45147c98736fe99c36ffb53 (127.7.186.4) changed from NON_VOTER to VOTER. New config: { opid_index: 3 OBSOLETE_local: false peers { permanent_uuid: "eb7ac4f59c7444659a442ed87e58bee3" member_type: VOTER last_known_addr { host: "127.7.186.1" port: 42135 } } peers { permanent_uuid: "f550ac97ec1746b3833e7b68f44e6ca6" member_type: VOTER last_known_addr { host: "127.7.186.2" port: 33707 } attrs { replace: true } } peers { permanent_uuid: "c91de8b19ac64e709a816edafebad110" member_type: VOTER last_known_addr { host: "127.7.186.3" port: 33825 } } peers { permanent_uuid: "ea07072dc45147c98736fe99c36ffb53" member_type: VOTER last_known_addr { host: "127.7.186.4" port: 40999 } attrs { promote: false } } }
I20260630 12:25:47.980495  9627 catalog_manager.cc:5697] T 736402b50d95495388c71dd25c852605 P f550ac97ec1746b3833e7b68f44e6ca6 reported cstate change: config changed from index 2 to 3, ea07072dc45147c98736fe99c36ffb53 (127.7.186.4) changed from NON_VOTER to VOTER. New cstate: current_term: 1 leader_uuid: "c91de8b19ac64e709a816edafebad110" committed_config { opid_index: 3 OBSOLETE_local: false peers { permanent_uuid: "eb7ac4f59c7444659a442ed87e58bee3" member_type: VOTER last_known_addr { host: "127.7.186.1" port: 42135 } } peers { permanent_uuid: "f550ac97ec1746b3833e7b68f44e6ca6" member_type: VOTER last_known_addr { host: "127.7.186.2" port: 33707 } attrs { replace: true } } peers { permanent_uuid: "c91de8b19ac64e709a816edafebad110" member_type: VOTER last_known_addr { host: "127.7.186.3" port: 33825 } } peers { permanent_uuid: "ea07072dc45147c98736fe99c36ffb53" member_type: VOTER last_known_addr { host: "127.7.186.4" port: 40999 } attrs { promote: false } } }
I20260630 12:25:48.014422  9880 consensus_queue.cc:237] T 736402b50d95495388c71dd25c852605 P c91de8b19ac64e709a816edafebad110 [LEADER]: Queue going to LEADER mode. State: All replicated index: 0, Majority replicated index: 3, Committed index: 3, Last appended: 1.3, Last appended by leader: 0, Current term: 1, Majority size: 2, State: 0, Mode: LEADER, active raft config: opid_index: 4 OBSOLETE_local: false peers { permanent_uuid: "eb7ac4f59c7444659a442ed87e58bee3" member_type: VOTER last_known_addr { host: "127.7.186.1" port: 42135 } } peers { permanent_uuid: "c91de8b19ac64e709a816edafebad110" member_type: VOTER last_known_addr { host: "127.7.186.3" port: 33825 } } peers { permanent_uuid: "ea07072dc45147c98736fe99c36ffb53" member_type: VOTER last_known_addr { host: "127.7.186.4" port: 40999 } attrs { promote: false } }
I20260630 12:25:48.020841 10011 raft_consensus.cc:1275] T 736402b50d95495388c71dd25c852605 P ea07072dc45147c98736fe99c36ffb53 [term 1 FOLLOWER]: Refusing update from remote peer c91de8b19ac64e709a816edafebad110: Log matching property violated. Preceding OpId in replica: term: 1 index: 3. Preceding OpId from leader: term: 1 index: 4. (index mismatch)
I20260630 12:25:48.021639  9731 raft_consensus.cc:1275] T 736402b50d95495388c71dd25c852605 P eb7ac4f59c7444659a442ed87e58bee3 [term 1 FOLLOWER]: Refusing update from remote peer c91de8b19ac64e709a816edafebad110: Log matching property violated. Preceding OpId in replica: term: 1 index: 3. Preceding OpId from leader: term: 1 index: 4. (index mismatch)
I20260630 12:25:48.023209  9964 consensus_queue.cc:1048] T 736402b50d95495388c71dd25c852605 P c91de8b19ac64e709a816edafebad110 [LEADER]: Connected to new peer: Peer: permanent_uuid: "ea07072dc45147c98736fe99c36ffb53" member_type: VOTER last_known_addr { host: "127.7.186.4" port: 40999 } attrs { promote: false }, Status: LMP_MISMATCH, Last received: 0.0, Next index: 4, Last known committed idx: 3, Time since last communication: 0.000s
I20260630 12:25:48.024089 10060 consensus_queue.cc:1048] T 736402b50d95495388c71dd25c852605 P c91de8b19ac64e709a816edafebad110 [LEADER]: Connected to new peer: Peer: permanent_uuid: "eb7ac4f59c7444659a442ed87e58bee3" member_type: VOTER last_known_addr { host: "127.7.186.1" port: 42135 }, Status: LMP_MISMATCH, Last received: 0.0, Next index: 4, Last known committed idx: 3, Time since last communication: 0.000s
I20260630 12:25:48.031836 10061 raft_consensus.cc:2955] T 736402b50d95495388c71dd25c852605 P c91de8b19ac64e709a816edafebad110 [term 1 LEADER]: Committing config change with OpId 1.4: config changed from index 3 to 4, VOTER f550ac97ec1746b3833e7b68f44e6ca6 (127.7.186.2) evicted. New config: { opid_index: 4 OBSOLETE_local: false peers { permanent_uuid: "eb7ac4f59c7444659a442ed87e58bee3" member_type: VOTER last_known_addr { host: "127.7.186.1" port: 42135 } } peers { permanent_uuid: "c91de8b19ac64e709a816edafebad110" member_type: VOTER last_known_addr { host: "127.7.186.3" port: 33825 } } peers { permanent_uuid: "ea07072dc45147c98736fe99c36ffb53" member_type: VOTER last_known_addr { host: "127.7.186.4" port: 40999 } attrs { promote: false } } }
I20260630 12:25:48.033748 10011 raft_consensus.cc:2955] T 736402b50d95495388c71dd25c852605 P ea07072dc45147c98736fe99c36ffb53 [term 1 FOLLOWER]: Committing config change with OpId 1.4: config changed from index 3 to 4, VOTER f550ac97ec1746b3833e7b68f44e6ca6 (127.7.186.2) evicted. New config: { opid_index: 4 OBSOLETE_local: false peers { permanent_uuid: "eb7ac4f59c7444659a442ed87e58bee3" member_type: VOTER last_known_addr { host: "127.7.186.1" port: 42135 } } peers { permanent_uuid: "c91de8b19ac64e709a816edafebad110" member_type: VOTER last_known_addr { host: "127.7.186.3" port: 33825 } } peers { permanent_uuid: "ea07072dc45147c98736fe99c36ffb53" member_type: VOTER last_known_addr { host: "127.7.186.4" port: 40999 } attrs { promote: false } } }
I20260630 12:25:48.036943  9731 raft_consensus.cc:2955] T 736402b50d95495388c71dd25c852605 P eb7ac4f59c7444659a442ed87e58bee3 [term 1 FOLLOWER]: Committing config change with OpId 1.4: config changed from index 3 to 4, VOTER f550ac97ec1746b3833e7b68f44e6ca6 (127.7.186.2) evicted. New config: { opid_index: 4 OBSOLETE_local: false peers { permanent_uuid: "eb7ac4f59c7444659a442ed87e58bee3" member_type: VOTER last_known_addr { host: "127.7.186.1" port: 42135 } } peers { permanent_uuid: "c91de8b19ac64e709a816edafebad110" member_type: VOTER last_known_addr { host: "127.7.186.3" port: 33825 } } peers { permanent_uuid: "ea07072dc45147c98736fe99c36ffb53" member_type: VOTER last_known_addr { host: "127.7.186.4" port: 40999 } attrs { promote: false } } }
I20260630 12:25:48.044116  9613 catalog_manager.cc:5210] ChangeConfig:REMOVE_PEER RPC for tablet 736402b50d95495388c71dd25c852605 with cas_config_opid_index 3: ChangeConfig:REMOVE_PEER succeeded (attempt 1)
I20260630 12:25:48.049363  9628 catalog_manager.cc:5697] T 736402b50d95495388c71dd25c852605 P c91de8b19ac64e709a816edafebad110 reported cstate change: config changed from index 3 to 4, VOTER f550ac97ec1746b3833e7b68f44e6ca6 (127.7.186.2) evicted. New cstate: current_term: 1 leader_uuid: "c91de8b19ac64e709a816edafebad110" committed_config { opid_index: 4 OBSOLETE_local: false peers { permanent_uuid: "eb7ac4f59c7444659a442ed87e58bee3" member_type: VOTER last_known_addr { host: "127.7.186.1" port: 42135 } health_report { overall_health: HEALTHY } } peers { permanent_uuid: "c91de8b19ac64e709a816edafebad110" member_type: VOTER last_known_addr { host: "127.7.186.3" port: 33825 } health_report { overall_health: HEALTHY } } peers { permanent_uuid: "ea07072dc45147c98736fe99c36ffb53" member_type: VOTER last_known_addr { host: "127.7.186.4" port: 40999 } attrs { promote: false } health_report { overall_health: HEALTHY } } }
I20260630 12:25:48.062956  9795 tablet_service.cc:1558] Processing DeleteTablet for tablet 736402b50d95495388c71dd25c852605 with delete_type TABLET_DATA_TOMBSTONED (TS f550ac97ec1746b3833e7b68f44e6ca6 not found in new config with opid_index 4) from {username='slave'} at 127.0.0.1:59480
I20260630 12:25:48.065873 10071 tablet_replica.cc:333] T 736402b50d95495388c71dd25c852605 P f550ac97ec1746b3833e7b68f44e6ca6: stopping tablet replica
I20260630 12:25:48.066848 10071 raft_consensus.cc:2243] T 736402b50d95495388c71dd25c852605 P f550ac97ec1746b3833e7b68f44e6ca6 [term 1 FOLLOWER]: Raft consensus shutting down.
I20260630 12:25:48.067533 10071 raft_consensus.cc:2272] T 736402b50d95495388c71dd25c852605 P f550ac97ec1746b3833e7b68f44e6ca6 [term 1 FOLLOWER]: Raft consensus is shut down!
I20260630 12:25:48.070822 10071 ts_tablet_manager.cc:1916] T 736402b50d95495388c71dd25c852605 P f550ac97ec1746b3833e7b68f44e6ca6: Deleting tablet data with delete state TABLET_DATA_TOMBSTONED
I20260630 12:25:48.083571 10071 ts_tablet_manager.cc:1929] T 736402b50d95495388c71dd25c852605 P f550ac97ec1746b3833e7b68f44e6ca6: tablet deleted with delete type TABLET_DATA_TOMBSTONED: last-logged OpId 1.3
I20260630 12:25:48.083981 10071 log.cc:1199] T 736402b50d95495388c71dd25c852605 P f550ac97ec1746b3833e7b68f44e6ca6: Deleting WAL directory at /tmp/dist-test-taskHoaS2s/test-tmp/auto_rebalancer-test.0.AutoRebalancerTest.MovesScheduledIfAddTserver.1782822301290239-7912-0/minicluster-data/ts-1-root/wals/736402b50d95495388c71dd25c852605
I20260630 12:25:48.085784  9616 catalog_manager.cc:5028] TS f550ac97ec1746b3833e7b68f44e6ca6 (127.7.186.2:33707): tablet 736402b50d95495388c71dd25c852605 (table test-workload [id=108e47879dfb487d8ec84fef0803c544]) successfully deleted
W20260630 12:25:48.361841  9752 debug-util.cc:398] Leaking SignalData structure 0x7b08002125e0 after lost signal to thread 7915
W20260630 12:25:48.362947  9752 debug-util.cc:398] Leaking SignalData structure 0x7b0800009d60 after lost signal to thread 9663
W20260630 12:25:48.364075  9752 debug-util.cc:398] Leaking SignalData structure 0x7b080013bfc0 after lost signal to thread 9755
W20260630 12:25:48.365056  9752 debug-util.cc:398] Leaking SignalData structure 0x7b08001237a0 after lost signal to thread 9830
W20260630 12:25:48.366065  9752 debug-util.cc:398] Leaking SignalData structure 0x7b08001f2220 after lost signal to thread 9904
W20260630 12:25:48.367072  9752 debug-util.cc:398] Leaking SignalData structure 0x7b08001ebd80 after lost signal to thread 10035
I20260630 12:25:48.415359  9682 auto_leader_rebalancer.cc:141] leader rebalance for table test-workload
I20260630 12:25:48.417449  9682 auto_leader_rebalancer.cc:440] table: test-workload, leader rebalance finish, leader transfer count: 0
I20260630 12:25:48.417847  9682 auto_leader_rebalancer.cc:515] All tables' leader rebalancing finished this round
I20260630 12:25:50.419066  9682 auto_leader_rebalancer.cc:141] leader rebalance for table test-workload
I20260630 12:25:50.421522  9682 auto_leader_rebalancer.cc:440] table: test-workload, leader rebalance finish, leader transfer count: 0
I20260630 12:25:50.421957  9682 auto_leader_rebalancer.cc:515] All tables' leader rebalancing finished this round
I20260630 12:25:52.423372  9682 auto_leader_rebalancer.cc:141] leader rebalance for table test-workload
I20260630 12:25:52.426101  9682 auto_leader_rebalancer.cc:440] table: test-workload, leader rebalance finish, leader transfer count: 0
I20260630 12:25:52.426578  9682 auto_leader_rebalancer.cc:515] All tables' leader rebalancing finished this round
I20260630 12:25:54.427795  9682 auto_leader_rebalancer.cc:141] leader rebalance for table test-workload
I20260630 12:25:54.430034  9682 auto_leader_rebalancer.cc:440] table: test-workload, leader rebalance finish, leader transfer count: 0
I20260630 12:25:54.430454  9682 auto_leader_rebalancer.cc:515] All tables' leader rebalancing finished this round
I20260630 12:25:56.431830  9682 auto_leader_rebalancer.cc:141] leader rebalance for table test-workload
I20260630 12:25:56.434221  9682 auto_leader_rebalancer.cc:440] table: test-workload, leader rebalance finish, leader transfer count: 0
I20260630 12:25:56.434839  9682 auto_leader_rebalancer.cc:515] All tables' leader rebalancing finished this round
I20260630 12:25:58.436259  9682 auto_leader_rebalancer.cc:141] leader rebalance for table test-workload
I20260630 12:25:58.438512  9682 auto_leader_rebalancer.cc:440] table: test-workload, leader rebalance finish, leader transfer count: 0
I20260630 12:25:58.438980  9682 auto_leader_rebalancer.cc:515] All tables' leader rebalancing finished this round
W20260630 12:25:59.203779  9660 debug-util.cc:398] Leaking SignalData structure 0x7b0800245de0 after lost signal to thread 7915
W20260630 12:25:59.205010  9660 debug-util.cc:398] Leaking SignalData structure 0x7b08000ea500 after lost signal to thread 9663
W20260630 12:25:59.206357  9660 debug-util.cc:398] Leaking SignalData structure 0x7b080016a680 after lost signal to thread 9755
W20260630 12:25:59.207405  9660 debug-util.cc:398] Leaking SignalData structure 0x7b08000cdcc0 after lost signal to thread 9830
W20260630 12:25:59.208374  9660 debug-util.cc:398] Leaking SignalData structure 0x7b0800096a40 after lost signal to thread 9904
W20260630 12:25:59.209362  9660 debug-util.cc:398] Leaking SignalData structure 0x7b08001ca3e0 after lost signal to thread 10035
I20260630 12:26:00.440080  9682 auto_leader_rebalancer.cc:141] leader rebalance for table test-workload
I20260630 12:26:00.442957  9682 auto_leader_rebalancer.cc:440] table: test-workload, leader rebalance finish, leader transfer count: 0
I20260630 12:26:00.443507  9682 auto_leader_rebalancer.cc:515] All tables' leader rebalancing finished this round
I20260630 12:26:00.773097  7912 tablet_server.cc:179] TabletServer@127.7.186.1:0 shutting down...
W20260630 12:26:00.780083  9771 proxy.cc:239] Call had error, refreshing address and retrying: Remote error: Service unavailable: service kudu.consensus.ConsensusService not registered on TabletServer [suppressed 9 similar messages]
W20260630 12:26:00.795019  9771 consensus_peers.cc:597] T 634de5e1c8834c99817563d35990eb3b P f550ac97ec1746b3833e7b68f44e6ca6 -> Peer eb7ac4f59c7444659a442ed87e58bee3 (127.7.186.1:42135): Couldn't send request to peer eb7ac4f59c7444659a442ed87e58bee3. Status: Remote error: Service unavailable: service kudu.consensus.ConsensusService not registered on TabletServer. This is attempt 1: this message will repeat every 5th retry.
I20260630 12:26:00.825429  7912 ts_tablet_manager.cc:1507] Shutting down tablet manager...
I20260630 12:26:00.826529  7912 tablet_replica.cc:333] T 634de5e1c8834c99817563d35990eb3b P eb7ac4f59c7444659a442ed87e58bee3: stopping tablet replica
I20260630 12:26:00.827613  7912 raft_consensus.cc:2243] T 634de5e1c8834c99817563d35990eb3b P eb7ac4f59c7444659a442ed87e58bee3 [term 1 FOLLOWER]: Raft consensus shutting down.
I20260630 12:26:00.828464  7912 raft_consensus.cc:2272] T 634de5e1c8834c99817563d35990eb3b P eb7ac4f59c7444659a442ed87e58bee3 [term 1 FOLLOWER]: Raft consensus is shut down!
I20260630 12:26:00.831295  7912 tablet_replica.cc:333] T 736402b50d95495388c71dd25c852605 P eb7ac4f59c7444659a442ed87e58bee3: stopping tablet replica
I20260630 12:26:00.831833  7912 raft_consensus.cc:2243] T 736402b50d95495388c71dd25c852605 P eb7ac4f59c7444659a442ed87e58bee3 [term 1 FOLLOWER]: Raft consensus shutting down.
I20260630 12:26:00.833614  7912 raft_consensus.cc:2272] T 736402b50d95495388c71dd25c852605 P eb7ac4f59c7444659a442ed87e58bee3 [term 1 FOLLOWER]: Raft consensus is shut down!
I20260630 12:26:00.879628  7912 tablet_server.cc:196] TabletServer@127.7.186.1:0 shutdown complete.
I20260630 12:26:00.896739  7912 tablet_server.cc:179] TabletServer@127.7.186.2:0 shutting down...
I20260630 12:26:00.938813  7912 ts_tablet_manager.cc:1507] Shutting down tablet manager...
I20260630 12:26:00.939721  7912 tablet_replica.cc:333] T 634de5e1c8834c99817563d35990eb3b P f550ac97ec1746b3833e7b68f44e6ca6: stopping tablet replica
I20260630 12:26:00.940419  7912 raft_consensus.cc:2243] T 634de5e1c8834c99817563d35990eb3b P f550ac97ec1746b3833e7b68f44e6ca6 [term 1 LEADER]: Raft consensus shutting down.
I20260630 12:26:00.941838  7912 raft_consensus.cc:2272] T 634de5e1c8834c99817563d35990eb3b P f550ac97ec1746b3833e7b68f44e6ca6 [term 1 FOLLOWER]: Raft consensus is shut down!
I20260630 12:26:00.967761  7912 tablet_server.cc:196] TabletServer@127.7.186.2:0 shutdown complete.
I20260630 12:26:00.988991  7912 tablet_server.cc:179] TabletServer@127.7.186.3:0 shutting down...
I20260630 12:26:01.022984  7912 ts_tablet_manager.cc:1507] Shutting down tablet manager...
I20260630 12:26:01.023906  7912 tablet_replica.cc:333] T 736402b50d95495388c71dd25c852605 P c91de8b19ac64e709a816edafebad110: stopping tablet replica
