I20260630 12:26:43.300833 10328 raft_consensus.cc:3060] T c639c70711764543a5834f2139c936b9 P 5a26ebfdb26a4d71930ee01fcd07e3ed [term 3 LEARNER]: Advancing to term 4
I20260630 12:26:43.306013 10328 raft_consensus.cc:1275] T c639c70711764543a5834f2139c936b9 P 5a26ebfdb26a4d71930ee01fcd07e3ed [term 4 LEARNER]: Refusing update from remote peer f65357d745fb41618807466e1b40a0f2: Log matching property violated. Preceding OpId in replica: term: 3 index: 4. Preceding OpId from leader: term: 4 index: 5. (index mismatch)
I20260630 12:26:43.307154 10621 consensus_queue.cc:1048] T c639c70711764543a5834f2139c936b9 P f65357d745fb41618807466e1b40a0f2 [LEADER]: Connected to new peer: Peer: permanent_uuid: "5a26ebfdb26a4d71930ee01fcd07e3ed" member_type: NON_VOTER last_known_addr { host: "127.6.216.4" port: 39547 } attrs { promote: true }, Status: LMP_MISMATCH, Last received: 0.0, Next index: 5, Last known committed idx: 4, Time since last communication: 0.000s
I20260630 12:26:43.314023 10696 raft_consensus.cc:1064] T c639c70711764543a5834f2139c936b9 P f65357d745fb41618807466e1b40a0f2: attempting to promote NON_VOTER 5a26ebfdb26a4d71930ee01fcd07e3ed to VOTER
W20260630 12:26:43.314471 10696 raft_consensus.cc:1068] T c639c70711764543a5834f2139c936b9 P f65357d745fb41618807466e1b40a0f2: Unable to promote non-voter 5a26ebfdb26a4d71930ee01fcd07e3ed: Service unavailable: leader transfer in progress
I20260630 12:26:43.317297 10023 raft_consensus.cc:1275] T c639c70711764543a5834f2139c936b9 P 5b005b78ef2a4117ace7e5e589adcf0f [term 4 FOLLOWER]: Refusing update from remote peer f65357d745fb41618807466e1b40a0f2: Log matching property violated. Preceding OpId in replica: term: 3 index: 4. Preceding OpId from leader: term: 4 index: 5. (index mismatch)
I20260630 12:26:43.318480 10696 consensus_queue.cc:1048] T c639c70711764543a5834f2139c936b9 P f65357d745fb41618807466e1b40a0f2 [LEADER]: Connected to new peer: Peer: permanent_uuid: "5b005b78ef2a4117ace7e5e589adcf0f" member_type: VOTER last_known_addr { host: "127.6.216.1" port: 36699 }, Status: LMP_MISMATCH, Last received: 0.0, Next index: 5, Last known committed idx: 4, Time since last communication: 0.000s
I20260630 12:26:43.324481 10621 raft_consensus.cc:993] T c639c70711764543a5834f2139c936b9 P f65357d745fb41618807466e1b40a0f2: : Instructing follower 5b005b78ef2a4117ace7e5e589adcf0f to start an election
I20260630 12:26:43.325193 10696 raft_consensus.cc:1081] T c639c70711764543a5834f2139c936b9 P f65357d745fb41618807466e1b40a0f2 [term 4 LEADER]: Signalling peer 5b005b78ef2a4117ace7e5e589adcf0f to start an election
I20260630 12:26:43.328292 10022 tablet_service.cc:2044] Received Run Leader Election RPC: tablet_id: "c639c70711764543a5834f2139c936b9"
dest_uuid: "5b005b78ef2a4117ace7e5e589adcf0f"
 from {username='slave'} at 127.0.0.1:40016
I20260630 12:26:43.328809 10022 raft_consensus.cc:493] T c639c70711764543a5834f2139c936b9 P 5b005b78ef2a4117ace7e5e589adcf0f [term 4 FOLLOWER]: Starting forced leader election (received explicit request)
I20260630 12:26:43.329149 10022 raft_consensus.cc:3060] T c639c70711764543a5834f2139c936b9 P 5b005b78ef2a4117ace7e5e589adcf0f [term 4 FOLLOWER]: Advancing to term 5
I20260630 12:26:43.330117 10169 raft_consensus.cc:1275] T c639c70711764543a5834f2139c936b9 P d17ee6236f87444aaccc46b636ee3431 [term 4 FOLLOWER]: Refusing update from remote peer f65357d745fb41618807466e1b40a0f2: Log matching property violated. Preceding OpId in replica: term: 3 index: 4. Preceding OpId from leader: term: 4 index: 5. (index mismatch)
I20260630 12:26:43.333385 10696 consensus_queue.cc:1048] T c639c70711764543a5834f2139c936b9 P f65357d745fb41618807466e1b40a0f2 [LEADER]: Connected to new peer: Peer: permanent_uuid: "d17ee6236f87444aaccc46b636ee3431" member_type: VOTER last_known_addr { host: "127.6.216.3" port: 41041 }, Status: LMP_MISMATCH, Last received: 0.0, Next index: 5, Last known committed idx: 4, Time since last communication: 0.001s
I20260630 12:26:43.335665 10698 raft_consensus.cc:1064] T c639c70711764543a5834f2139c936b9 P f65357d745fb41618807466e1b40a0f2: attempting to promote NON_VOTER 5a26ebfdb26a4d71930ee01fcd07e3ed to VOTER
W20260630 12:26:43.336058 10698 raft_consensus.cc:1068] T c639c70711764543a5834f2139c936b9 P f65357d745fb41618807466e1b40a0f2: Unable to promote non-voter 5a26ebfdb26a4d71930ee01fcd07e3ed: Service unavailable: leader transfer in progress
I20260630 12:26:43.340721 10022 raft_consensus.cc:515] T c639c70711764543a5834f2139c936b9 P 5b005b78ef2a4117ace7e5e589adcf0f [term 5 FOLLOWER]: Starting forced leader election with config: opid_index: 4 OBSOLETE_local: false peers { permanent_uuid: "f65357d745fb41618807466e1b40a0f2" member_type: VOTER last_known_addr { host: "127.6.216.2" port: 44467 } attrs { replace: true } } peers { permanent_uuid: "5b005b78ef2a4117ace7e5e589adcf0f" member_type: VOTER last_known_addr { host: "127.6.216.1" port: 36699 } } peers { permanent_uuid: "d17ee6236f87444aaccc46b636ee3431" member_type: VOTER last_known_addr { host: "127.6.216.3" port: 41041 } } peers { permanent_uuid: "5a26ebfdb26a4d71930ee01fcd07e3ed" member_type: NON_VOTER last_known_addr { host: "127.6.216.4" port: 39547 } attrs { promote: true } }
I20260630 12:26:43.342602 10022 leader_election.cc:290] T c639c70711764543a5834f2139c936b9 P 5b005b78ef2a4117ace7e5e589adcf0f [CANDIDATE]: Term 5 election: Requested vote from peers f65357d745fb41618807466e1b40a0f2 (127.6.216.2:44467), d17ee6236f87444aaccc46b636ee3431 (127.6.216.3:41041)
I20260630 12:26:43.343271 10097 tablet_service.cc:1917] Received RequestConsensusVote() RPC: tablet_id: "c639c70711764543a5834f2139c936b9" candidate_uuid: "5b005b78ef2a4117ace7e5e589adcf0f" candidate_term: 5 candidate_status { last_received { term: 4 index: 5 } } ignore_live_leader: true dest_uuid: "f65357d745fb41618807466e1b40a0f2"
I20260630 12:26:43.343587 10169 tablet_service.cc:1917] Received RequestConsensusVote() RPC: tablet_id: "c639c70711764543a5834f2139c936b9" candidate_uuid: "5b005b78ef2a4117ace7e5e589adcf0f" candidate_term: 5 candidate_status { last_received { term: 4 index: 5 } } ignore_live_leader: true dest_uuid: "d17ee6236f87444aaccc46b636ee3431"
I20260630 12:26:43.343891 10097 raft_consensus.cc:3055] T c639c70711764543a5834f2139c936b9 P f65357d745fb41618807466e1b40a0f2 [term 4 LEADER]: Stepping down as leader of term 4
I20260630 12:26:43.344318 10097 raft_consensus.cc:740] T c639c70711764543a5834f2139c936b9 P f65357d745fb41618807466e1b40a0f2 [term 4 LEADER]: Becoming Follower/Learner. State: Replica: f65357d745fb41618807466e1b40a0f2, State: Running, Role: LEADER
I20260630 12:26:43.344360 10169 raft_consensus.cc:3060] T c639c70711764543a5834f2139c936b9 P d17ee6236f87444aaccc46b636ee3431 [term 4 FOLLOWER]: Advancing to term 5
I20260630 12:26:43.345113 10097 consensus_queue.cc:260] T c639c70711764543a5834f2139c936b9 P f65357d745fb41618807466e1b40a0f2 [NON_LEADER]: Queue going to NON_LEADER mode. State: All replicated index: 0, Majority replicated index: 5, Committed index: 5, Last appended: 4.5, Last appended by leader: 5, Current term: 4, Majority size: -1, State: 0, Mode: NON_LEADER, active raft config: opid_index: 4 OBSOLETE_local: false peers { permanent_uuid: "f65357d745fb41618807466e1b40a0f2" member_type: VOTER last_known_addr { host: "127.6.216.2" port: 44467 } attrs { replace: true } } peers { permanent_uuid: "5b005b78ef2a4117ace7e5e589adcf0f" member_type: VOTER last_known_addr { host: "127.6.216.1" port: 36699 } } peers { permanent_uuid: "d17ee6236f87444aaccc46b636ee3431" member_type: VOTER last_known_addr { host: "127.6.216.3" port: 41041 } } peers { permanent_uuid: "5a26ebfdb26a4d71930ee01fcd07e3ed" member_type: NON_VOTER last_known_addr { host: "127.6.216.4" port: 39547 } attrs { promote: true } }
I20260630 12:26:43.346482 10097 raft_consensus.cc:3060] T c639c70711764543a5834f2139c936b9 P f65357d745fb41618807466e1b40a0f2 [term 4 FOLLOWER]: Advancing to term 5
I20260630 12:26:43.353111 10097 raft_consensus.cc:2468] T c639c70711764543a5834f2139c936b9 P f65357d745fb41618807466e1b40a0f2 [term 5 FOLLOWER]: Leader election vote request: Granting yes vote for candidate 5b005b78ef2a4117ace7e5e589adcf0f in term 5.
I20260630 12:26:43.353518 10169 raft_consensus.cc:2468] T c639c70711764543a5834f2139c936b9 P d17ee6236f87444aaccc46b636ee3431 [term 5 FOLLOWER]: Leader election vote request: Granting yes vote for candidate 5b005b78ef2a4117ace7e5e589adcf0f in term 5.
I20260630 12:26:43.354099  9986 leader_election.cc:304] T c639c70711764543a5834f2139c936b9 P 5b005b78ef2a4117ace7e5e589adcf0f [CANDIDATE]: Term 5 election: Election decided. Result: candidate won. Election summary: received 2 responses out of 3 voters: 2 yes votes; 0 no votes. yes voters: 5b005b78ef2a4117ace7e5e589adcf0f, f65357d745fb41618807466e1b40a0f2; no voters: 
I20260630 12:26:43.354875 10678 raft_consensus.cc:2804] T c639c70711764543a5834f2139c936b9 P 5b005b78ef2a4117ace7e5e589adcf0f [term 5 FOLLOWER]: Leader election won for term 5
I20260630 12:26:43.356395 10678 raft_consensus.cc:697] T c639c70711764543a5834f2139c936b9 P 5b005b78ef2a4117ace7e5e589adcf0f [term 5 LEADER]: Becoming Leader. State: Replica: 5b005b78ef2a4117ace7e5e589adcf0f, State: Running, Role: LEADER
I20260630 12:26:43.357247 10678 consensus_queue.cc:237] T c639c70711764543a5834f2139c936b9 P 5b005b78ef2a4117ace7e5e589adcf0f [LEADER]: Queue going to LEADER mode. State: All replicated index: 0, Majority replicated index: 5, Committed index: 5, Last appended: 4.5, Last appended by leader: 5, Current term: 5, Majority size: 2, State: 0, Mode: LEADER, active raft config: opid_index: 4 OBSOLETE_local: false peers { permanent_uuid: "f65357d745fb41618807466e1b40a0f2" member_type: VOTER last_known_addr { host: "127.6.216.2" port: 44467 } attrs { replace: true } } peers { permanent_uuid: "5b005b78ef2a4117ace7e5e589adcf0f" member_type: VOTER last_known_addr { host: "127.6.216.1" port: 36699 } } peers { permanent_uuid: "d17ee6236f87444aaccc46b636ee3431" member_type: VOTER last_known_addr { host: "127.6.216.3" port: 41041 } } peers { permanent_uuid: "5a26ebfdb26a4d71930ee01fcd07e3ed" member_type: NON_VOTER last_known_addr { host: "127.6.216.4" port: 39547 } attrs { promote: true } }
I20260630 12:26:43.363818  9920 catalog_manager.cc:5697] T c639c70711764543a5834f2139c936b9 P 5b005b78ef2a4117ace7e5e589adcf0f reported cstate change: term changed from 4 to 5, leader changed from f65357d745fb41618807466e1b40a0f2 (127.6.216.2) to 5b005b78ef2a4117ace7e5e589adcf0f (127.6.216.1). New cstate: current_term: 5 leader_uuid: "5b005b78ef2a4117ace7e5e589adcf0f" committed_config { opid_index: 4 OBSOLETE_local: false peers { permanent_uuid: "f65357d745fb41618807466e1b40a0f2" member_type: VOTER last_known_addr { host: "127.6.216.2" port: 44467 } attrs { replace: true } health_report { overall_health: UNKNOWN } } peers { permanent_uuid: "5b005b78ef2a4117ace7e5e589adcf0f" member_type: VOTER last_known_addr { host: "127.6.216.1" port: 36699 } health_report { overall_health: HEALTHY } } peers { permanent_uuid: "d17ee6236f87444aaccc46b636ee3431" member_type: VOTER last_known_addr { host: "127.6.216.3" port: 41041 } health_report { overall_health: UNKNOWN } } peers { permanent_uuid: "5a26ebfdb26a4d71930ee01fcd07e3ed" member_type: NON_VOTER last_known_addr { host: "127.6.216.4" port: 39547 } attrs { promote: true } health_report { overall_health: UNKNOWN } } }
I20260630 12:26:43.840531 10097 raft_consensus.cc:1275] T c639c70711764543a5834f2139c936b9 P f65357d745fb41618807466e1b40a0f2 [term 5 FOLLOWER]: Refusing update from remote peer 5b005b78ef2a4117ace7e5e589adcf0f: Log matching property violated. Preceding OpId in replica: term: 4 index: 5. Preceding OpId from leader: term: 5 index: 6. (index mismatch)
I20260630 12:26:43.841719 10678 consensus_queue.cc:1048] T c639c70711764543a5834f2139c936b9 P 5b005b78ef2a4117ace7e5e589adcf0f [LEADER]: Connected to new peer: Peer: permanent_uuid: "f65357d745fb41618807466e1b40a0f2" member_type: VOTER last_known_addr { host: "127.6.216.2" port: 44467 } attrs { replace: true }, Status: LMP_MISMATCH, Last received: 0.0, Next index: 6, Last known committed idx: 5, Time since last communication: 0.000s
I20260630 12:26:43.849810 10169 raft_consensus.cc:1275] T c639c70711764543a5834f2139c936b9 P d17ee6236f87444aaccc46b636ee3431 [term 5 FOLLOWER]: Refusing update from remote peer 5b005b78ef2a4117ace7e5e589adcf0f: Log matching property violated. Preceding OpId in replica: term: 4 index: 5. Preceding OpId from leader: term: 5 index: 6. (index mismatch)
I20260630 12:26:43.851051 10328 raft_consensus.cc:3060] T c639c70711764543a5834f2139c936b9 P 5a26ebfdb26a4d71930ee01fcd07e3ed [term 4 LEARNER]: Advancing to term 5
I20260630 12:26:43.857134 10678 consensus_queue.cc:1048] T c639c70711764543a5834f2139c936b9 P 5b005b78ef2a4117ace7e5e589adcf0f [LEADER]: Connected to new peer: Peer: permanent_uuid: "d17ee6236f87444aaccc46b636ee3431" member_type: VOTER last_known_addr { host: "127.6.216.3" port: 41041 }, Status: LMP_MISMATCH, Last received: 0.0, Next index: 6, Last known committed idx: 5, Time since last communication: 0.000s
I20260630 12:26:43.859472 10328 raft_consensus.cc:1275] T c639c70711764543a5834f2139c936b9 P 5a26ebfdb26a4d71930ee01fcd07e3ed [term 5 LEARNER]: Refusing update from remote peer 5b005b78ef2a4117ace7e5e589adcf0f: Log matching property violated. Preceding OpId in replica: term: 4 index: 5. Preceding OpId from leader: term: 5 index: 6. (index mismatch)
I20260630 12:26:43.861279 10678 consensus_queue.cc:1048] T c639c70711764543a5834f2139c936b9 P 5b005b78ef2a4117ace7e5e589adcf0f [LEADER]: Connected to new peer: Peer: permanent_uuid: "5a26ebfdb26a4d71930ee01fcd07e3ed" member_type: NON_VOTER last_known_addr { host: "127.6.216.4" port: 39547 } attrs { promote: true }, Status: LMP_MISMATCH, Last received: 0.0, Next index: 6, Last known committed idx: 5, Time since last communication: 0.000s
I20260630 12:26:43.868722 10701 raft_consensus.cc:1064] T c639c70711764543a5834f2139c936b9 P 5b005b78ef2a4117ace7e5e589adcf0f: attempting to promote NON_VOTER 5a26ebfdb26a4d71930ee01fcd07e3ed to VOTER
I20260630 12:26:43.870796 10701 consensus_queue.cc:237] T c639c70711764543a5834f2139c936b9 P 5b005b78ef2a4117ace7e5e589adcf0f [LEADER]: Queue going to LEADER mode. State: All replicated index: 0, Majority replicated index: 6, Committed index: 6, Last appended: 5.6, Last appended by leader: 5, Current term: 5, Majority size: 3, State: 0, Mode: LEADER, active raft config: opid_index: 7 OBSOLETE_local: false peers { permanent_uuid: "f65357d745fb41618807466e1b40a0f2" member_type: VOTER last_known_addr { host: "127.6.216.2" port: 44467 } attrs { replace: true } } peers { permanent_uuid: "5b005b78ef2a4117ace7e5e589adcf0f" member_type: VOTER last_known_addr { host: "127.6.216.1" port: 36699 } } peers { permanent_uuid: "d17ee6236f87444aaccc46b636ee3431" member_type: VOTER last_known_addr { host: "127.6.216.3" port: 41041 } } peers { permanent_uuid: "5a26ebfdb26a4d71930ee01fcd07e3ed" member_type: VOTER last_known_addr { host: "127.6.216.4" port: 39547 } attrs { promote: false } }
I20260630 12:26:43.878096 10096 raft_consensus.cc:1275] T c639c70711764543a5834f2139c936b9 P f65357d745fb41618807466e1b40a0f2 [term 5 FOLLOWER]: Refusing update from remote peer 5b005b78ef2a4117ace7e5e589adcf0f: Log matching property violated. Preceding OpId in replica: term: 5 index: 6. Preceding OpId from leader: term: 5 index: 7. (index mismatch)
I20260630 12:26:43.878324 10169 raft_consensus.cc:1275] T c639c70711764543a5834f2139c936b9 P d17ee6236f87444aaccc46b636ee3431 [term 5 FOLLOWER]: Refusing update from remote peer 5b005b78ef2a4117ace7e5e589adcf0f: Log matching property violated. Preceding OpId in replica: term: 5 index: 6. Preceding OpId from leader: term: 5 index: 7. (index mismatch)
I20260630 12:26:43.878957 10328 raft_consensus.cc:1275] T c639c70711764543a5834f2139c936b9 P 5a26ebfdb26a4d71930ee01fcd07e3ed [term 5 LEARNER]: Refusing update from remote peer 5b005b78ef2a4117ace7e5e589adcf0f: Log matching property violated. Preceding OpId in replica: term: 5 index: 6. Preceding OpId from leader: term: 5 index: 7. (index mismatch)
I20260630 12:26:43.879513 10665 consensus_queue.cc:1048] T c639c70711764543a5834f2139c936b9 P 5b005b78ef2a4117ace7e5e589adcf0f [LEADER]: Connected to new peer: Peer: permanent_uuid: "f65357d745fb41618807466e1b40a0f2" member_type: VOTER last_known_addr { host: "127.6.216.2" port: 44467 } attrs { replace: true }, Status: LMP_MISMATCH, Last received: 0.0, Next index: 7, Last known committed idx: 6, Time since last communication: 0.000s
I20260630 12:26:43.880221 10678 consensus_queue.cc:1048] T c639c70711764543a5834f2139c936b9 P 5b005b78ef2a4117ace7e5e589adcf0f [LEADER]: Connected to new peer: Peer: permanent_uuid: "d17ee6236f87444aaccc46b636ee3431" member_type: VOTER last_known_addr { host: "127.6.216.3" port: 41041 }, Status: LMP_MISMATCH, Last received: 0.0, Next index: 7, Last known committed idx: 6, Time since last communication: 0.000s
I20260630 12:26:43.880939 10710 consensus_queue.cc:1048] T c639c70711764543a5834f2139c936b9 P 5b005b78ef2a4117ace7e5e589adcf0f [LEADER]: Connected to new peer: Peer: permanent_uuid: "5a26ebfdb26a4d71930ee01fcd07e3ed" member_type: VOTER last_known_addr { host: "127.6.216.4" port: 39547 } attrs { promote: false }, Status: LMP_MISMATCH, Last received: 0.0, Next index: 7, Last known committed idx: 6, Time since last communication: 0.000s
I20260630 12:26:43.887401 10678 raft_consensus.cc:2955] T c639c70711764543a5834f2139c936b9 P 5b005b78ef2a4117ace7e5e589adcf0f [term 5 LEADER]: Committing config change with OpId 5.7: config changed from index 4 to 7, 5a26ebfdb26a4d71930ee01fcd07e3ed (127.6.216.4) changed from NON_VOTER to VOTER. New config: { opid_index: 7 OBSOLETE_local: false peers { permanent_uuid: "f65357d745fb41618807466e1b40a0f2" member_type: VOTER last_known_addr { host: "127.6.216.2" port: 44467 } attrs { replace: true } } peers { permanent_uuid: "5b005b78ef2a4117ace7e5e589adcf0f" member_type: VOTER last_known_addr { host: "127.6.216.1" port: 36699 } } peers { permanent_uuid: "d17ee6236f87444aaccc46b636ee3431" member_type: VOTER last_known_addr { host: "127.6.216.3" port: 41041 } } peers { permanent_uuid: "5a26ebfdb26a4d71930ee01fcd07e3ed" member_type: VOTER last_known_addr { host: "127.6.216.4" port: 39547 } attrs { promote: false } } }
I20260630 12:26:43.888952 10096 raft_consensus.cc:2955] T c639c70711764543a5834f2139c936b9 P f65357d745fb41618807466e1b40a0f2 [term 5 FOLLOWER]: Committing config change with OpId 5.7: config changed from index 4 to 7, 5a26ebfdb26a4d71930ee01fcd07e3ed (127.6.216.4) changed from NON_VOTER to VOTER. New config: { opid_index: 7 OBSOLETE_local: false peers { permanent_uuid: "f65357d745fb41618807466e1b40a0f2" member_type: VOTER last_known_addr { host: "127.6.216.2" port: 44467 } attrs { replace: true } } peers { permanent_uuid: "5b005b78ef2a4117ace7e5e589adcf0f" member_type: VOTER last_known_addr { host: "127.6.216.1" port: 36699 } } peers { permanent_uuid: "d17ee6236f87444aaccc46b636ee3431" member_type: VOTER last_known_addr { host: "127.6.216.3" port: 41041 } } peers { permanent_uuid: "5a26ebfdb26a4d71930ee01fcd07e3ed" member_type: VOTER last_known_addr { host: "127.6.216.4" port: 39547 } attrs { promote: false } } }
I20260630 12:26:43.889053 10328 raft_consensus.cc:2955] T c639c70711764543a5834f2139c936b9 P 5a26ebfdb26a4d71930ee01fcd07e3ed [term 5 FOLLOWER]: Committing config change with OpId 5.7: config changed from index 4 to 7, 5a26ebfdb26a4d71930ee01fcd07e3ed (127.6.216.4) changed from NON_VOTER to VOTER. New config: { opid_index: 7 OBSOLETE_local: false peers { permanent_uuid: "f65357d745fb41618807466e1b40a0f2" member_type: VOTER last_known_addr { host: "127.6.216.2" port: 44467 } attrs { replace: true } } peers { permanent_uuid: "5b005b78ef2a4117ace7e5e589adcf0f" member_type: VOTER last_known_addr { host: "127.6.216.1" port: 36699 } } peers { permanent_uuid: "d17ee6236f87444aaccc46b636ee3431" member_type: VOTER last_known_addr { host: "127.6.216.3" port: 41041 } } peers { permanent_uuid: "5a26ebfdb26a4d71930ee01fcd07e3ed" member_type: VOTER last_known_addr { host: "127.6.216.4" port: 39547 } attrs { promote: false } } }
I20260630 12:26:43.898765  9920 catalog_manager.cc:5697] T c639c70711764543a5834f2139c936b9 P f65357d745fb41618807466e1b40a0f2 reported cstate change: config changed from index 4 to 7, 5a26ebfdb26a4d71930ee01fcd07e3ed (127.6.216.4) changed from NON_VOTER to VOTER. New cstate: current_term: 5 leader_uuid: "5b005b78ef2a4117ace7e5e589adcf0f" committed_config { opid_index: 7 OBSOLETE_local: false peers { permanent_uuid: "f65357d745fb41618807466e1b40a0f2" member_type: VOTER last_known_addr { host: "127.6.216.2" port: 44467 } attrs { replace: true } } peers { permanent_uuid: "5b005b78ef2a4117ace7e5e589adcf0f" member_type: VOTER last_known_addr { host: "127.6.216.1" port: 36699 } } peers { permanent_uuid: "d17ee6236f87444aaccc46b636ee3431" member_type: VOTER last_known_addr { host: "127.6.216.3" port: 41041 } } peers { permanent_uuid: "5a26ebfdb26a4d71930ee01fcd07e3ed" member_type: VOTER last_known_addr { host: "127.6.216.4" port: 39547 } attrs { promote: false } } }
I20260630 12:26:43.898764 10169 raft_consensus.cc:2955] T c639c70711764543a5834f2139c936b9 P d17ee6236f87444aaccc46b636ee3431 [term 5 FOLLOWER]: Committing config change with OpId 5.7: config changed from index 4 to 7, 5a26ebfdb26a4d71930ee01fcd07e3ed (127.6.216.4) changed from NON_VOTER to VOTER. New config: { opid_index: 7 OBSOLETE_local: false peers { permanent_uuid: "f65357d745fb41618807466e1b40a0f2" member_type: VOTER last_known_addr { host: "127.6.216.2" port: 44467 } attrs { replace: true } } peers { permanent_uuid: "5b005b78ef2a4117ace7e5e589adcf0f" member_type: VOTER last_known_addr { host: "127.6.216.1" port: 36699 } } peers { permanent_uuid: "d17ee6236f87444aaccc46b636ee3431" member_type: VOTER last_known_addr { host: "127.6.216.3" port: 41041 } } peers { permanent_uuid: "5a26ebfdb26a4d71930ee01fcd07e3ed" member_type: VOTER last_known_addr { host: "127.6.216.4" port: 39547 } attrs { promote: false } } }
I20260630 12:26:43.914156 10022 consensus_queue.cc:237] T c639c70711764543a5834f2139c936b9 P 5b005b78ef2a4117ace7e5e589adcf0f [LEADER]: Queue going to LEADER mode. State: All replicated index: 0, Majority replicated index: 7, Committed index: 7, Last appended: 5.7, Last appended by leader: 5, Current term: 5, Majority size: 2, State: 0, Mode: LEADER, active raft config: opid_index: 8 OBSOLETE_local: false peers { permanent_uuid: "5b005b78ef2a4117ace7e5e589adcf0f" member_type: VOTER last_known_addr { host: "127.6.216.1" port: 36699 } } peers { permanent_uuid: "d17ee6236f87444aaccc46b636ee3431" member_type: VOTER last_known_addr { host: "127.6.216.3" port: 41041 } } peers { permanent_uuid: "5a26ebfdb26a4d71930ee01fcd07e3ed" member_type: VOTER last_known_addr { host: "127.6.216.4" port: 39547 } attrs { promote: false } }
I20260630 12:26:43.918735 10328 raft_consensus.cc:1275] T c639c70711764543a5834f2139c936b9 P 5a26ebfdb26a4d71930ee01fcd07e3ed [term 5 FOLLOWER]: Refusing update from remote peer 5b005b78ef2a4117ace7e5e589adcf0f: Log matching property violated. Preceding OpId in replica: term: 5 index: 7. Preceding OpId from leader: term: 5 index: 8. (index mismatch)
I20260630 12:26:43.919979 10678 consensus_queue.cc:1048] T c639c70711764543a5834f2139c936b9 P 5b005b78ef2a4117ace7e5e589adcf0f [LEADER]: Connected to new peer: Peer: permanent_uuid: "5a26ebfdb26a4d71930ee01fcd07e3ed" member_type: VOTER last_known_addr { host: "127.6.216.4" port: 39547 } attrs { promote: false }, Status: LMP_MISMATCH, Last received: 0.0, Next index: 8, Last known committed idx: 7, Time since last communication: 0.000s
I20260630 12:26:43.922889 10169 raft_consensus.cc:1275] T c639c70711764543a5834f2139c936b9 P d17ee6236f87444aaccc46b636ee3431 [term 5 FOLLOWER]: Refusing update from remote peer 5b005b78ef2a4117ace7e5e589adcf0f: Log matching property violated. Preceding OpId in replica: term: 5 index: 7. Preceding OpId from leader: term: 5 index: 8. (index mismatch)
I20260630 12:26:43.924090 10678 consensus_queue.cc:1048] T c639c70711764543a5834f2139c936b9 P 5b005b78ef2a4117ace7e5e589adcf0f [LEADER]: Connected to new peer: Peer: permanent_uuid: "d17ee6236f87444aaccc46b636ee3431" member_type: VOTER last_known_addr { host: "127.6.216.3" port: 41041 }, Status: LMP_MISMATCH, Last received: 0.0, Next index: 8, Last known committed idx: 7, Time since last communication: 0.000s
I20260630 12:26:43.925688 10665 raft_consensus.cc:2955] T c639c70711764543a5834f2139c936b9 P 5b005b78ef2a4117ace7e5e589adcf0f [term 5 LEADER]: Committing config change with OpId 5.8: config changed from index 7 to 8, VOTER f65357d745fb41618807466e1b40a0f2 (127.6.216.2) evicted. New config: { opid_index: 8 OBSOLETE_local: false peers { permanent_uuid: "5b005b78ef2a4117ace7e5e589adcf0f" member_type: VOTER last_known_addr { host: "127.6.216.1" port: 36699 } } peers { permanent_uuid: "d17ee6236f87444aaccc46b636ee3431" member_type: VOTER last_known_addr { host: "127.6.216.3" port: 41041 } } peers { permanent_uuid: "5a26ebfdb26a4d71930ee01fcd07e3ed" member_type: VOTER last_known_addr { host: "127.6.216.4" port: 39547 } attrs { promote: false } } }
I20260630 12:26:43.927189 10328 raft_consensus.cc:2955] T c639c70711764543a5834f2139c936b9 P 5a26ebfdb26a4d71930ee01fcd07e3ed [term 5 FOLLOWER]: Committing config change with OpId 5.8: config changed from index 7 to 8, VOTER f65357d745fb41618807466e1b40a0f2 (127.6.216.2) evicted. New config: { opid_index: 8 OBSOLETE_local: false peers { permanent_uuid: "5b005b78ef2a4117ace7e5e589adcf0f" member_type: VOTER last_known_addr { host: "127.6.216.1" port: 36699 } } peers { permanent_uuid: "d17ee6236f87444aaccc46b636ee3431" member_type: VOTER last_known_addr { host: "127.6.216.3" port: 41041 } } peers { permanent_uuid: "5a26ebfdb26a4d71930ee01fcd07e3ed" member_type: VOTER last_known_addr { host: "127.6.216.4" port: 39547 } attrs { promote: false } } }
I20260630 12:26:43.936532  9905 catalog_manager.cc:5210] ChangeConfig:REMOVE_PEER RPC for tablet c639c70711764543a5834f2139c936b9 with cas_config_opid_index 7: ChangeConfig:REMOVE_PEER succeeded (attempt 1)
I20260630 12:26:43.936086 10171 raft_consensus.cc:2955] T c639c70711764543a5834f2139c936b9 P d17ee6236f87444aaccc46b636ee3431 [term 5 FOLLOWER]: Committing config change with OpId 5.8: config changed from index 7 to 8, VOTER f65357d745fb41618807466e1b40a0f2 (127.6.216.2) evicted. New config: { opid_index: 8 OBSOLETE_local: false peers { permanent_uuid: "5b005b78ef2a4117ace7e5e589adcf0f" member_type: VOTER last_known_addr { host: "127.6.216.1" port: 36699 } } peers { permanent_uuid: "d17ee6236f87444aaccc46b636ee3431" member_type: VOTER last_known_addr { host: "127.6.216.3" port: 41041 } } peers { permanent_uuid: "5a26ebfdb26a4d71930ee01fcd07e3ed" member_type: VOTER last_known_addr { host: "127.6.216.4" port: 39547 } attrs { promote: false } } }
I20260630 12:26:43.943197  9919 catalog_manager.cc:5697] T c639c70711764543a5834f2139c936b9 P 5b005b78ef2a4117ace7e5e589adcf0f reported cstate change: config changed from index 7 to 8, VOTER f65357d745fb41618807466e1b40a0f2 (127.6.216.2) evicted. New cstate: current_term: 5 leader_uuid: "5b005b78ef2a4117ace7e5e589adcf0f" committed_config { opid_index: 8 OBSOLETE_local: false peers { permanent_uuid: "5b005b78ef2a4117ace7e5e589adcf0f" member_type: VOTER last_known_addr { host: "127.6.216.1" port: 36699 } health_report { overall_health: HEALTHY } } peers { permanent_uuid: "d17ee6236f87444aaccc46b636ee3431" member_type: VOTER last_known_addr { host: "127.6.216.3" port: 41041 } health_report { overall_health: HEALTHY } } peers { permanent_uuid: "5a26ebfdb26a4d71930ee01fcd07e3ed" member_type: VOTER last_known_addr { host: "127.6.216.4" port: 39547 } attrs { promote: false } health_report { overall_health: HEALTHY } } }
I20260630 12:26:43.955314 10087 tablet_service.cc:1558] Processing DeleteTablet for tablet c639c70711764543a5834f2139c936b9 with delete_type TABLET_DATA_TOMBSTONED (TS f65357d745fb41618807466e1b40a0f2 not found in new config with opid_index 8) from {username='slave'} at 127.0.0.1:40332
I20260630 12:26:43.957600 10714 tablet_replica.cc:333] T c639c70711764543a5834f2139c936b9 P f65357d745fb41618807466e1b40a0f2: stopping tablet replica
I20260630 12:26:43.958356 10714 raft_consensus.cc:2243] T c639c70711764543a5834f2139c936b9 P f65357d745fb41618807466e1b40a0f2 [term 5 FOLLOWER]: Raft consensus shutting down.
I20260630 12:26:43.958983 10714 raft_consensus.cc:2272] T c639c70711764543a5834f2139c936b9 P f65357d745fb41618807466e1b40a0f2 [term 5 FOLLOWER]: Raft consensus is shut down!
I20260630 12:26:43.962179 10714 ts_tablet_manager.cc:1916] T c639c70711764543a5834f2139c936b9 P f65357d745fb41618807466e1b40a0f2: Deleting tablet data with delete state TABLET_DATA_TOMBSTONED
I20260630 12:26:43.972352 10714 ts_tablet_manager.cc:1929] T c639c70711764543a5834f2139c936b9 P f65357d745fb41618807466e1b40a0f2: tablet deleted with delete type TABLET_DATA_TOMBSTONED: last-logged OpId 5.7
I20260630 12:26:43.972695 10714 log.cc:1199] T c639c70711764543a5834f2139c936b9 P f65357d745fb41618807466e1b40a0f2: Deleting WAL directory at /tmp/dist-test-taskBoBY2I/test-tmp/auto_rebalancer-test.0.AutoRebalancerTest.RangeAwareRebalancesNewRangeReplicas.1782822299693419-7008-0/minicluster-data/ts-1-root/wals/c639c70711764543a5834f2139c936b9
I20260630 12:26:43.974275  9905 catalog_manager.cc:5028] TS f65357d745fb41618807466e1b40a0f2 (127.6.216.2:44467): tablet c639c70711764543a5834f2139c936b9 (table range_aware_rebalance_new_range [id=ab72b6fbcf764011a60ea8b7b9487e45]) successfully deleted
I20260630 12:26:44.463618  9974 auto_leader_rebalancer.cc:141] leader rebalance for table range_aware_rebalance_new_range
I20260630 12:26:44.473088 10022 tablet_service.cc:2072] Received LeaderStepDown RPC: tablet_id: "18bec6c0e6a74ce2b41b4bb89b938ac0"
dest_uuid: "5b005b78ef2a4117ace7e5e589adcf0f"
mode: GRACEFUL
new_leader_uuid: "d17ee6236f87444aaccc46b636ee3431"
 from {username='slave'} at 127.0.0.1:40366
I20260630 12:26:44.473590 10022 raft_consensus.cc:606] T 18bec6c0e6a74ce2b41b4bb89b938ac0 P 5b005b78ef2a4117ace7e5e589adcf0f [term 1 LEADER]: Received request to transfer leadership to TS d17ee6236f87444aaccc46b636ee3431
I20260630 12:26:44.474828  9974 auto_leader_rebalancer.cc:440] table: range_aware_rebalance_new_range, leader rebalance finish, leader transfer count: 1
I20260630 12:26:44.475286  9974 auto_leader_rebalancer.cc:515] All tables' leader rebalancing finished this round
I20260630 12:26:44.567909  7008 tablet_server.cc:179] TabletServer@127.6.216.1:0 shutting down...
I20260630 12:26:44.590487 10715 raft_consensus.cc:993] T 18bec6c0e6a74ce2b41b4bb89b938ac0 P 5b005b78ef2a4117ace7e5e589adcf0f: : Instructing follower d17ee6236f87444aaccc46b636ee3431 to start an election
I20260630 12:26:44.591114 10716 raft_consensus.cc:1081] T 18bec6c0e6a74ce2b41b4bb89b938ac0 P 5b005b78ef2a4117ace7e5e589adcf0f [term 1 LEADER]: Signalling peer d17ee6236f87444aaccc46b636ee3431 to start an election
I20260630 12:26:44.592988 10171 tablet_service.cc:2044] Received Run Leader Election RPC: tablet_id: "18bec6c0e6a74ce2b41b4bb89b938ac0"
dest_uuid: "d17ee6236f87444aaccc46b636ee3431"
 from {username='slave'} at 127.0.0.1:55450
I20260630 12:26:44.593582 10171 raft_consensus.cc:493] T 18bec6c0e6a74ce2b41b4bb89b938ac0 P d17ee6236f87444aaccc46b636ee3431 [term 1 FOLLOWER]: Starting forced leader election (received explicit request)
I20260630 12:26:44.594030 10171 raft_consensus.cc:3060] T 18bec6c0e6a74ce2b41b4bb89b938ac0 P d17ee6236f87444aaccc46b636ee3431 [term 1 FOLLOWER]: Advancing to term 2
I20260630 12:26:44.600674 10171 raft_consensus.cc:515] T 18bec6c0e6a74ce2b41b4bb89b938ac0 P d17ee6236f87444aaccc46b636ee3431 [term 2 FOLLOWER]: Starting forced leader election with config: opid_index: -1 OBSOLETE_local: false peers { permanent_uuid: "5b005b78ef2a4117ace7e5e589adcf0f" member_type: VOTER last_known_addr { host: "127.6.216.1" port: 36699 } } peers { permanent_uuid: "f65357d745fb41618807466e1b40a0f2" member_type: VOTER last_known_addr { host: "127.6.216.2" port: 44467 } } peers { permanent_uuid: "d17ee6236f87444aaccc46b636ee3431" member_type: VOTER last_known_addr { host: "127.6.216.3" port: 41041 } }
I20260630 12:26:44.602761 10171 leader_election.cc:290] T 18bec6c0e6a74ce2b41b4bb89b938ac0 P d17ee6236f87444aaccc46b636ee3431 [CANDIDATE]: Term 2 election: Requested vote from peers 5b005b78ef2a4117ace7e5e589adcf0f (127.6.216.1:36699), f65357d745fb41618807466e1b40a0f2 (127.6.216.2:44467)
I20260630 12:26:44.603771 10096 tablet_service.cc:1917] Received RequestConsensusVote() RPC: tablet_id: "18bec6c0e6a74ce2b41b4bb89b938ac0" candidate_uuid: "d17ee6236f87444aaccc46b636ee3431" candidate_term: 2 candidate_status { last_received { term: 1 index: 1 } } ignore_live_leader: true dest_uuid: "f65357d745fb41618807466e1b40a0f2"
W20260630 12:26:44.604012 10135 proxy.cc:239] Call had error, refreshing address and retrying: Remote error: Service unavailable: service kudu.consensus.ConsensusService not registered on TabletServer [suppressed 1 similar messages]
I20260630 12:26:44.604439 10096 raft_consensus.cc:3060] T 18bec6c0e6a74ce2b41b4bb89b938ac0 P f65357d745fb41618807466e1b40a0f2 [term 1 FOLLOWER]: Advancing to term 2
W20260630 12:26:44.608417 10135 leader_election.cc:336] T 18bec6c0e6a74ce2b41b4bb89b938ac0 P d17ee6236f87444aaccc46b636ee3431 [CANDIDATE]: Term 2 election: RPC error from VoteRequest() call to peer 5b005b78ef2a4117ace7e5e589adcf0f (127.6.216.1:36699): Remote error: Service unavailable: service kudu.consensus.ConsensusService not registered on TabletServer
I20260630 12:26:44.609229  7008 ts_tablet_manager.cc:1507] Shutting down tablet manager...
I20260630 12:26:44.610148  7008 tablet_replica.cc:333] T 4a3b408adb414bb79bc082dfff0f59ce P 5b005b78ef2a4117ace7e5e589adcf0f: stopping tablet replica
I20260630 12:26:44.610925  7008 raft_consensus.cc:2243] T 4a3b408adb414bb79bc082dfff0f59ce P 5b005b78ef2a4117ace7e5e589adcf0f [term 3 LEADER]: Raft consensus shutting down.
I20260630 12:26:44.611922  7008 raft_consensus.cc:2272] T 4a3b408adb414bb79bc082dfff0f59ce P 5b005b78ef2a4117ace7e5e589adcf0f [term 3 FOLLOWER]: Raft consensus is shut down!
I20260630 12:26:44.612380 10096 raft_consensus.cc:2468] T 18bec6c0e6a74ce2b41b4bb89b938ac0 P f65357d745fb41618807466e1b40a0f2 [term 2 FOLLOWER]: Leader election vote request: Granting yes vote for candidate d17ee6236f87444aaccc46b636ee3431 in term 2.
I20260630 12:26:44.613492 10135 leader_election.cc:304] T 18bec6c0e6a74ce2b41b4bb89b938ac0 P d17ee6236f87444aaccc46b636ee3431 [CANDIDATE]: Term 2 election: Election decided. Result: candidate won. Election summary: received 3 responses out of 3 voters: 2 yes votes; 1 no votes. yes voters: d17ee6236f87444aaccc46b636ee3431, f65357d745fb41618807466e1b40a0f2; no voters: 5b005b78ef2a4117ace7e5e589adcf0f
I20260630 12:26:44.614157 10677 raft_consensus.cc:2804] T 18bec6c0e6a74ce2b41b4bb89b938ac0 P d17ee6236f87444aaccc46b636ee3431 [term 2 FOLLOWER]: Leader election won for term 2
I20260630 12:26:44.614251  7008 tablet_replica.cc:333] T 18bec6c0e6a74ce2b41b4bb89b938ac0 P 5b005b78ef2a4117ace7e5e589adcf0f: stopping tablet replica
I20260630 12:26:44.615021  7008 raft_consensus.cc:2243] T 18bec6c0e6a74ce2b41b4bb89b938ac0 P 5b005b78ef2a4117ace7e5e589adcf0f [term 1 LEADER]: Raft consensus shutting down.
I20260630 12:26:44.615280 10677 raft_consensus.cc:697] T 18bec6c0e6a74ce2b41b4bb89b938ac0 P d17ee6236f87444aaccc46b636ee3431 [term 2 LEADER]: Becoming Leader. State: Replica: d17ee6236f87444aaccc46b636ee3431, State: Running, Role: LEADER
I20260630 12:26:44.615901  7008 raft_consensus.cc:2272] T 18bec6c0e6a74ce2b41b4bb89b938ac0 P 5b005b78ef2a4117ace7e5e589adcf0f [term 1 FOLLOWER]: Raft consensus is shut down!
I20260630 12:26:44.616271 10677 consensus_queue.cc:237] T 18bec6c0e6a74ce2b41b4bb89b938ac0 P d17ee6236f87444aaccc46b636ee3431 [LEADER]: Queue going to LEADER mode. State: All replicated index: 0, Majority replicated index: 1, Committed index: 1, Last appended: 1.1, Last appended by leader: 1, Current term: 2, Majority size: 2, State: 0, Mode: LEADER, active raft config: opid_index: -1 OBSOLETE_local: false peers { permanent_uuid: "5b005b78ef2a4117ace7e5e589adcf0f" member_type: VOTER last_known_addr { host: "127.6.216.1" port: 36699 } } peers { permanent_uuid: "f65357d745fb41618807466e1b40a0f2" member_type: VOTER last_known_addr { host: "127.6.216.2" port: 44467 } } peers { permanent_uuid: "d17ee6236f87444aaccc46b636ee3431" member_type: VOTER last_known_addr { host: "127.6.216.3" port: 41041 } }
I20260630 12:26:44.618006  7008 tablet_replica.cc:333] T cc02fd9bd6064ec394bea016270e9cc5 P 5b005b78ef2a4117ace7e5e589adcf0f: stopping tablet replica
I20260630 12:26:44.618562  7008 raft_consensus.cc:2243] T cc02fd9bd6064ec394bea016270e9cc5 P 5b005b78ef2a4117ace7e5e589adcf0f [term 1 FOLLOWER]: Raft consensus shutting down.
I20260630 12:26:44.618988  7008 raft_consensus.cc:2272] T cc02fd9bd6064ec394bea016270e9cc5 P 5b005b78ef2a4117ace7e5e589adcf0f [term 1 FOLLOWER]: Raft consensus is shut down!
I20260630 12:26:44.621730  7008 tablet_replica.cc:333] T d07b117161474eb995f68cd4d6ddc32d P 5b005b78ef2a4117ace7e5e589adcf0f: stopping tablet replica
I20260630 12:26:44.622411  7008 raft_consensus.cc:2243] T d07b117161474eb995f68cd4d6ddc32d P 5b005b78ef2a4117ace7e5e589adcf0f [term 2 FOLLOWER]: Raft consensus shutting down.
I20260630 12:26:44.622821  7008 raft_consensus.cc:2272] T d07b117161474eb995f68cd4d6ddc32d P 5b005b78ef2a4117ace7e5e589adcf0f [term 2 FOLLOWER]: Raft consensus is shut down!
I20260630 12:26:44.625079  7008 tablet_replica.cc:333] T 64e11e23db774b18836d6c2a42b528c6 P 5b005b78ef2a4117ace7e5e589adcf0f: stopping tablet replica
I20260630 12:26:44.624586  9918 catalog_manager.cc:5697] T 18bec6c0e6a74ce2b41b4bb89b938ac0 P d17ee6236f87444aaccc46b636ee3431 reported cstate change: term changed from 1 to 2, leader changed from 5b005b78ef2a4117ace7e5e589adcf0f (127.6.216.1) to d17ee6236f87444aaccc46b636ee3431 (127.6.216.3). New cstate: current_term: 2 leader_uuid: "d17ee6236f87444aaccc46b636ee3431" committed_config { opid_index: -1 OBSOLETE_local: false peers { permanent_uuid: "5b005b78ef2a4117ace7e5e589adcf0f" member_type: VOTER last_known_addr { host: "127.6.216.1" port: 36699 } health_report { overall_health: UNKNOWN } } peers { permanent_uuid: "f65357d745fb41618807466e1b40a0f2" member_type: VOTER last_known_addr { host: "127.6.216.2" port: 44467 } health_report { overall_health: UNKNOWN } } peers { permanent_uuid: "d17ee6236f87444aaccc46b636ee3431" member_type: VOTER last_known_addr { host: "127.6.216.3" port: 41041 } health_report { overall_health: HEALTHY } } }
I20260630 12:26:44.625862  7008 raft_consensus.cc:2243] T 64e11e23db774b18836d6c2a42b528c6 P 5b005b78ef2a4117ace7e5e589adcf0f [term 1 FOLLOWER]: Raft consensus shutting down.
I20260630 12:26:44.626617  7008 raft_consensus.cc:2272] T 64e11e23db774b18836d6c2a42b528c6 P 5b005b78ef2a4117ace7e5e589adcf0f [term 1 FOLLOWER]: Raft consensus is shut down!
I20260630 12:26:44.629392  7008 tablet_replica.cc:333] T 640f7d5b031245f68304208b2671ab18 P 5b005b78ef2a4117ace7e5e589adcf0f: stopping tablet replica
I20260630 12:26:44.630525  7008 raft_consensus.cc:2243] T 640f7d5b031245f68304208b2671ab18 P 5b005b78ef2a4117ace7e5e589adcf0f [term 2 FOLLOWER]: Raft consensus shutting down.
I20260630 12:26:44.631606  7008 raft_consensus.cc:2272] T 640f7d5b031245f68304208b2671ab18 P 5b005b78ef2a4117ace7e5e589adcf0f [term 2 FOLLOWER]: Raft consensus is shut down!
I20260630 12:26:44.635062  7008 tablet_replica.cc:333] T 50acd751f56f413bb04c514d648a6afa P 5b005b78ef2a4117ace7e5e589adcf0f: stopping tablet replica
I20260630 12:26:44.635830  7008 raft_consensus.cc:2243] T 50acd751f56f413bb04c514d648a6afa P 5b005b78ef2a4117ace7e5e589adcf0f [term 1 FOLLOWER]: Raft consensus shutting down.
I20260630 12:26:44.636314  7008 raft_consensus.cc:2272] T 50acd751f56f413bb04c514d648a6afa P 5b005b78ef2a4117ace7e5e589adcf0f [term 1 FOLLOWER]: Raft consensus is shut down!
I20260630 12:26:44.638859  7008 tablet_replica.cc:333] T 29555f388e844a25a6fa250ebb093a98 P 5b005b78ef2a4117ace7e5e589adcf0f: stopping tablet replica
I20260630 12:26:44.639621  7008 raft_consensus.cc:2243] T 29555f388e844a25a6fa250ebb093a98 P 5b005b78ef2a4117ace7e5e589adcf0f [term 3 LEADER]: Raft consensus shutting down.
I20260630 12:26:44.640353  7008 raft_consensus.cc:2272] T 29555f388e844a25a6fa250ebb093a98 P 5b005b78ef2a4117ace7e5e589adcf0f [term 3 FOLLOWER]: Raft consensus is shut down!
I20260630 12:26:44.642760  7008 tablet_replica.cc:333] T c639c70711764543a5834f2139c936b9 P 5b005b78ef2a4117ace7e5e589adcf0f: stopping tablet replica
I20260630 12:26:44.643373  7008 raft_consensus.cc:2243] T c639c70711764543a5834f2139c936b9 P 5b005b78ef2a4117ace7e5e589adcf0f [term 5 LEADER]: Raft consensus shutting down.
I20260630 12:26:44.644094  7008 raft_consensus.cc:2272] T c639c70711764543a5834f2139c936b9 P 5b005b78ef2a4117ace7e5e589adcf0f [term 5 FOLLOWER]: Raft consensus is shut down!
I20260630 12:26:44.646431  7008 tablet_replica.cc:333] T a30ee471d1a94a32b7be73f39d05126a P 5b005b78ef2a4117ace7e5e589adcf0f: stopping tablet replica
I20260630 12:26:44.646920  7008 raft_consensus.cc:2243] T a30ee471d1a94a32b7be73f39d05126a P 5b005b78ef2a4117ace7e5e589adcf0f [term 3 LEADER]: Raft consensus shutting down.
I20260630 12:26:44.647687  7008 raft_consensus.cc:2272] T a30ee471d1a94a32b7be73f39d05126a P 5b005b78ef2a4117ace7e5e589adcf0f [term 3 FOLLOWER]: Raft consensus is shut down!
I20260630 12:26:44.649274  7008 tablet_replica.cc:333] T c43532be12e043c6800ee87450ff1a9f P 5b005b78ef2a4117ace7e5e589adcf0f: stopping tablet replica
I20260630 12:26:44.649760  7008 raft_consensus.cc:2243] T c43532be12e043c6800ee87450ff1a9f P 5b005b78ef2a4117ace7e5e589adcf0f [term 2 FOLLOWER]: Raft consensus shutting down.
I20260630 12:26:44.650162  7008 raft_consensus.cc:2272] T c43532be12e043c6800ee87450ff1a9f P 5b005b78ef2a4117ace7e5e589adcf0f [term 2 FOLLOWER]: Raft consensus is shut down!
I20260630 12:26:44.652030  7008 tablet_replica.cc:333] T 58fa6104d62d44b2b8388baacbb80e5a P 5b005b78ef2a4117ace7e5e589adcf0f: stopping tablet replica
I20260630 12:26:44.652525  7008 raft_consensus.cc:2243] T 58fa6104d62d44b2b8388baacbb80e5a P 5b005b78ef2a4117ace7e5e589adcf0f [term 3 FOLLOWER]: Raft consensus shutting down.
I20260630 12:26:44.653105  7008 raft_consensus.cc:2272] T 58fa6104d62d44b2b8388baacbb80e5a P 5b005b78ef2a4117ace7e5e589adcf0f [term 3 FOLLOWER]: Raft consensus is shut down!
I20260630 12:26:44.689293  7008 tablet_server.cc:196] TabletServer@127.6.216.1:0 shutdown complete.
W20260630 12:26:44.699955 10291 consensus_peers.cc:597] T c43532be12e043c6800ee87450ff1a9f P 5a26ebfdb26a4d71930ee01fcd07e3ed -> Peer 5b005b78ef2a4117ace7e5e589adcf0f (127.6.216.1:36699): Couldn't send request to peer 5b005b78ef2a4117ace7e5e589adcf0f. Status: Network error: Client connection negotiation failed: client connection to 127.6.216.1:36699: connect: Connection refused (error 111). This is attempt 1: this message will repeat every 5th retry.
I20260630 12:26:44.721417  7008 tablet_server.cc:179] TabletServer@127.6.216.2:0 shutting down...
W20260630 12:26:44.728820 10291 consensus_peers.cc:597] T 555e214361c34f668082309515a6c6cc P 5a26ebfdb26a4d71930ee01fcd07e3ed -> Peer f65357d745fb41618807466e1b40a0f2 (127.6.216.2:44467): Couldn't send request to peer f65357d745fb41618807466e1b40a0f2. Status: Remote error: Service unavailable: service kudu.consensus.ConsensusService not registered on TabletServer. This is attempt 1: this message will repeat every 5th retry.
I20260630 12:26:44.749539  7008 ts_tablet_manager.cc:1507] Shutting down tablet manager...
I20260630 12:26:44.750298  7008 tablet_replica.cc:333] T 18bec6c0e6a74ce2b41b4bb89b938ac0 P f65357d745fb41618807466e1b40a0f2: stopping tablet replica
I20260630 12:26:44.751057  7008 raft_consensus.cc:2243] T 18bec6c0e6a74ce2b41b4bb89b938ac0 P f65357d745fb41618807466e1b40a0f2 [term 2 FOLLOWER]: Raft consensus shutting down.
I20260630 12:26:44.751581  7008 raft_consensus.cc:2272] T 18bec6c0e6a74ce2b41b4bb89b938ac0 P f65357d745fb41618807466e1b40a0f2 [term 2 FOLLOWER]: Raft consensus is shut down!
I20260630 12:26:44.753504  7008 tablet_replica.cc:333] T d1faa39cbdbc4a28aaf69424299c8dfb P f65357d745fb41618807466e1b40a0f2: stopping tablet replica
I20260630 12:26:44.754011  7008 raft_consensus.cc:2243] T d1faa39cbdbc4a28aaf69424299c8dfb P f65357d745fb41618807466e1b40a0f2 [term 1 LEADER]: Raft consensus shutting down.
I20260630 12:26:44.754782  7008 raft_consensus.cc:2272] T d1faa39cbdbc4a28aaf69424299c8dfb P f65357d745fb41618807466e1b40a0f2 [term 1 FOLLOWER]: Raft consensus is shut down!
I20260630 12:26:44.756671  7008 tablet_replica.cc:333] T 58fa6104d62d44b2b8388baacbb80e5a P f65357d745fb41618807466e1b40a0f2: stopping tablet replica
I20260630 12:26:44.757198  7008 raft_consensus.cc:2243] T 58fa6104d62d44b2b8388baacbb80e5a P f65357d745fb41618807466e1b40a0f2 [term 3 LEADER]: Raft consensus shutting down.
I20260630 12:26:44.757928  7008 raft_consensus.cc:2272] T 58fa6104d62d44b2b8388baacbb80e5a P f65357d745fb41618807466e1b40a0f2 [term 3 FOLLOWER]: Raft consensus is shut down!
I20260630 12:26:44.759660  7008 tablet_replica.cc:333] T 555e214361c34f668082309515a6c6cc P f65357d745fb41618807466e1b40a0f2: stopping tablet replica
I20260630 12:26:44.760175  7008 raft_consensus.cc:2243] T 555e214361c34f668082309515a6c6cc P f65357d745fb41618807466e1b40a0f2 [term 3 FOLLOWER]: Raft consensus shutting down.
I20260630 12:26:44.760574  7008 raft_consensus.cc:2272] T 555e214361c34f668082309515a6c6cc P f65357d745fb41618807466e1b40a0f2 [term 3 FOLLOWER]: Raft consensus is shut down!
I20260630 12:26:44.762542  7008 tablet_replica.cc:333] T cc02fd9bd6064ec394bea016270e9cc5 P f65357d745fb41618807466e1b40a0f2: stopping tablet replica
I20260630 12:26:44.763295  7008 raft_consensus.cc:2243] T cc02fd9bd6064ec394bea016270e9cc5 P f65357d745fb41618807466e1b40a0f2 [term 1 FOLLOWER]: Raft consensus shutting down.
I20260630 12:26:44.763799  7008 raft_consensus.cc:2272] T cc02fd9bd6064ec394bea016270e9cc5 P f65357d745fb41618807466e1b40a0f2 [term 1 FOLLOWER]: Raft consensus is shut down!
I20260630 12:26:44.766009  7008 tablet_replica.cc:333] T d07b117161474eb995f68cd4d6ddc32d P f65357d745fb41618807466e1b40a0f2: stopping tablet replica
I20260630 12:26:44.766487  7008 raft_consensus.cc:2243] T d07b117161474eb995f68cd4d6ddc32d P f65357d745fb41618807466e1b40a0f2 [term 2 FOLLOWER]: Raft consensus shutting down.
I20260630 12:26:44.767048  7008 raft_consensus.cc:2272] T d07b117161474eb995f68cd4d6ddc32d P f65357d745fb41618807466e1b40a0f2 [term 2 FOLLOWER]: Raft consensus is shut down!
I20260630 12:26:44.768780  7008 tablet_replica.cc:333] T f3ee0f20b74a4e15a4a5ea0d29397a8e P f65357d745fb41618807466e1b40a0f2: stopping tablet replica
I20260630 12:26:44.769296  7008 raft_consensus.cc:2243] T f3ee0f20b74a4e15a4a5ea0d29397a8e P f65357d745fb41618807466e1b40a0f2 [term 1 LEADER]: Raft consensus shutting down.
I20260630 12:26:44.770076  7008 raft_consensus.cc:2272] T f3ee0f20b74a4e15a4a5ea0d29397a8e P f65357d745fb41618807466e1b40a0f2 [term 1 FOLLOWER]: Raft consensus is shut down!
I20260630 12:26:44.771844  7008 tablet_replica.cc:333] T 640f7d5b031245f68304208b2671ab18 P f65357d745fb41618807466e1b40a0f2: stopping tablet replica
I20260630 12:26:44.772328  7008 raft_consensus.cc:2243] T 640f7d5b031245f68304208b2671ab18 P f65357d745fb41618807466e1b40a0f2 [term 2 LEADER]: Raft consensus shutting down.
I20260630 12:26:44.773020  7008 raft_consensus.cc:2272] T 640f7d5b031245f68304208b2671ab18 P f65357d745fb41618807466e1b40a0f2 [term 2 FOLLOWER]: Raft consensus is shut down!
I20260630 12:26:44.774816  7008 tablet_replica.cc:333] T 29555f388e844a25a6fa250ebb093a98 P f65357d745fb41618807466e1b40a0f2: stopping tablet replica
I20260630 12:26:44.775354  7008 raft_consensus.cc:2243] T 29555f388e844a25a6fa250ebb093a98 P f65357d745fb41618807466e1b40a0f2 [term 3 FOLLOWER]: Raft consensus shutting down.
I20260630 12:26:44.775755  7008 raft_consensus.cc:2272] T 29555f388e844a25a6fa250ebb093a98 P f65357d745fb41618807466e1b40a0f2 [term 3 FOLLOWER]: Raft consensus is shut down!
I20260630 12:26:44.777401  7008 tablet_replica.cc:333] T 50acd751f56f413bb04c514d648a6afa P f65357d745fb41618807466e1b40a0f2: stopping tablet replica
I20260630 12:26:44.777853  7008 raft_consensus.cc:2243] T 50acd751f56f413bb04c514d648a6afa P f65357d745fb41618807466e1b40a0f2 [term 1 FOLLOWER]: Raft consensus shutting down.
I20260630 12:26:44.778235  7008 raft_consensus.cc:2272] T 50acd751f56f413bb04c514d648a6afa P f65357d745fb41618807466e1b40a0f2 [term 1 FOLLOWER]: Raft consensus is shut down!
I20260630 12:26:44.780010  7008 tablet_replica.cc:333] T c43532be12e043c6800ee87450ff1a9f P f65357d745fb41618807466e1b40a0f2: stopping tablet replica
I20260630 12:26:44.780488  7008 raft_consensus.cc:2243] T c43532be12e043c6800ee87450ff1a9f P f65357d745fb41618807466e1b40a0f2 [term 2 FOLLOWER]: Raft consensus shutting down.
I20260630 12:26:44.781090  7008 raft_consensus.cc:2272] T c43532be12e043c6800ee87450ff1a9f P f65357d745fb41618807466e1b40a0f2 [term 2 FOLLOWER]: Raft consensus is shut down!
I20260630 12:26:44.782845  7008 tablet_replica.cc:333] T 1a0ce05444844838be75b245f0bcbbf1 P f65357d745fb41618807466e1b40a0f2: stopping tablet replica
I20260630 12:26:44.783335  7008 raft_consensus.cc:2243] T 1a0ce05444844838be75b245f0bcbbf1 P f65357d745fb41618807466e1b40a0f2 [term 5 FOLLOWER]: Raft consensus shutting down.
I20260630 12:26:44.783823  7008 raft_consensus.cc:2272] T 1a0ce05444844838be75b245f0bcbbf1 P f65357d745fb41618807466e1b40a0f2 [term 5 FOLLOWER]: Raft consensus is shut down!
I20260630 12:26:44.819595  7008 tablet_server.cc:196] TabletServer@127.6.216.2:0 shutdown complete.
