I20260630 12:26:24.859840 10592 tablet_bootstrap.cc:492] T 5d25e5a354594d4f9349de1187882e66 P 398742ce7f8a4f67aaa8f2ed7d05bcd5: No bootstrap required, opened a new log
I20260630 12:26:24.861056 10592 ts_tablet_manager.cc:1403] T 5d25e5a354594d4f9349de1187882e66 P 398742ce7f8a4f67aaa8f2ed7d05bcd5: Time spent bootstrapping tablet: real 0.098s	user 0.009s	sys 0.020s
I20260630 12:26:24.864697 10592 raft_consensus.cc:359] T 5d25e5a354594d4f9349de1187882e66 P 398742ce7f8a4f67aaa8f2ed7d05bcd5 [term 0 FOLLOWER]: Replica starting. Triggering 0 pending ops. Active config: opid_index: -1 OBSOLETE_local: false peers { permanent_uuid: "ad2feec7c526401caa19383b4ce68053" member_type: VOTER last_known_addr { host: "127.7.25.131" port: 33843 } } peers { permanent_uuid: "b54bc34cfe43417e960f2736746af052" member_type: VOTER last_known_addr { host: "127.7.25.129" port: 39435 } } peers { permanent_uuid: "398742ce7f8a4f67aaa8f2ed7d05bcd5" member_type: VOTER last_known_addr { host: "127.7.25.132" port: 43891 } }
I20260630 12:26:24.865599 10592 raft_consensus.cc:385] T 5d25e5a354594d4f9349de1187882e66 P 398742ce7f8a4f67aaa8f2ed7d05bcd5 [term 0 FOLLOWER]: Consensus starting up: Expiring failure detector timer to make a prompt election more likely
I20260630 12:26:24.866425 10592 raft_consensus.cc:740] T 5d25e5a354594d4f9349de1187882e66 P 398742ce7f8a4f67aaa8f2ed7d05bcd5 [term 0 FOLLOWER]: Becoming Follower/Learner. State: Replica: 398742ce7f8a4f67aaa8f2ed7d05bcd5, State: Initialized, Role: FOLLOWER
I20260630 12:26:24.867122 10592 consensus_queue.cc:260] T 5d25e5a354594d4f9349de1187882e66 P 398742ce7f8a4f67aaa8f2ed7d05bcd5 [NON_LEADER]: Queue going to NON_LEADER mode. State: All replicated index: 0, Majority replicated index: 0, Committed index: 0, Last appended: 0.0, Last appended by leader: 0, Current term: 0, Majority size: -1, State: 0, Mode: NON_LEADER, active raft config: opid_index: -1 OBSOLETE_local: false peers { permanent_uuid: "ad2feec7c526401caa19383b4ce68053" member_type: VOTER last_known_addr { host: "127.7.25.131" port: 33843 } } peers { permanent_uuid: "b54bc34cfe43417e960f2736746af052" member_type: VOTER last_known_addr { host: "127.7.25.129" port: 39435 } } peers { permanent_uuid: "398742ce7f8a4f67aaa8f2ed7d05bcd5" member_type: VOTER last_known_addr { host: "127.7.25.132" port: 43891 } }
I20260630 12:26:24.869472 10581 tablet_bootstrap.cc:492] T 5d25e5a354594d4f9349de1187882e66 P b54bc34cfe43417e960f2736746af052: No bootstrap required, opened a new log
I20260630 12:26:24.869942 10446 tablet_bootstrap.cc:654] T 7dfcc7b0b9fd47e48bd2a6cdb5f556ab P 5ef77dc5ac8642019e3ba14ad9c92bce: Neither blocks nor log segments found. Creating new log.
I20260630 12:26:24.870887 10592 ts_tablet_manager.cc:1434] T 5d25e5a354594d4f9349de1187882e66 P 398742ce7f8a4f67aaa8f2ed7d05bcd5: Time spent starting tablet: real 0.009s	user 0.002s	sys 0.007s
I20260630 12:26:24.871879 10592 tablet_bootstrap.cc:492] T 7893a77700a34da3b06263bbb9fc86c6 P 398742ce7f8a4f67aaa8f2ed7d05bcd5: Bootstrap starting.
I20260630 12:26:24.869968 10581 ts_tablet_manager.cc:1403] T 5d25e5a354594d4f9349de1187882e66 P b54bc34cfe43417e960f2736746af052: Time spent bootstrapping tablet: real 0.040s	user 0.015s	sys 0.008s
I20260630 12:26:24.874858 10547 tablet_service.cc:1917] Received RequestConsensusVote() RPC: tablet_id: "a1d3ed59a16d4927b10f21fdebe76b44" candidate_uuid: "ad2feec7c526401caa19383b4ce68053" candidate_term: 1 candidate_status { last_received { term: 0 index: 0 } } ignore_live_leader: false dest_uuid: "398742ce7f8a4f67aaa8f2ed7d05bcd5" is_pre_election: true
I20260630 12:26:24.876184 10583 tablet_bootstrap.cc:492] T 7dfcc7b0b9fd47e48bd2a6cdb5f556ab P ad2feec7c526401caa19383b4ce68053: No bootstrap required, opened a new log
W20260630 12:26:24.876227 10364 leader_election.cc:343] T a1d3ed59a16d4927b10f21fdebe76b44 P ad2feec7c526401caa19383b4ce68053 [CANDIDATE]: Term 1 pre-election: Tablet error from VoteRequest() call to peer 398742ce7f8a4f67aaa8f2ed7d05bcd5 (127.7.25.132:43891): Illegal state: must be running to vote when last-logged opid is not known
I20260630 12:26:24.876772 10583 ts_tablet_manager.cc:1403] T 7dfcc7b0b9fd47e48bd2a6cdb5f556ab P ad2feec7c526401caa19383b4ce68053: Time spent bootstrapping tablet: real 0.086s	user 0.011s	sys 0.000s
I20260630 12:26:24.876788 10364 leader_election.cc:304] T a1d3ed59a16d4927b10f21fdebe76b44 P ad2feec7c526401caa19383b4ce68053 [CANDIDATE]: Term 1 pre-election: Election decided. Result: candidate lost. Election summary: received 3 responses out of 3 voters: 1 yes votes; 2 no votes. yes voters: ad2feec7c526401caa19383b4ce68053; no voters: 398742ce7f8a4f67aaa8f2ed7d05bcd5, b54bc34cfe43417e960f2736746af052
I20260630 12:26:24.877411 10581 raft_consensus.cc:359] T 5d25e5a354594d4f9349de1187882e66 P b54bc34cfe43417e960f2736746af052 [term 0 FOLLOWER]: Replica starting. Triggering 0 pending ops. Active config: opid_index: -1 OBSOLETE_local: false peers { permanent_uuid: "ad2feec7c526401caa19383b4ce68053" member_type: VOTER last_known_addr { host: "127.7.25.131" port: 33843 } } peers { permanent_uuid: "b54bc34cfe43417e960f2736746af052" member_type: VOTER last_known_addr { host: "127.7.25.129" port: 39435 } } peers { permanent_uuid: "398742ce7f8a4f67aaa8f2ed7d05bcd5" member_type: VOTER last_known_addr { host: "127.7.25.132" port: 43891 } }
I20260630 12:26:24.878118 10581 raft_consensus.cc:385] T 5d25e5a354594d4f9349de1187882e66 P b54bc34cfe43417e960f2736746af052 [term 0 FOLLOWER]: Consensus starting up: Expiring failure detector timer to make a prompt election more likely
I20260630 12:26:24.878180 10614 raft_consensus.cc:2749] T a1d3ed59a16d4927b10f21fdebe76b44 P ad2feec7c526401caa19383b4ce68053 [term 0 FOLLOWER]: Leader pre-election lost for term 1. Reason: could not achieve majority
I20260630 12:26:24.878527 10581 raft_consensus.cc:740] T 5d25e5a354594d4f9349de1187882e66 P b54bc34cfe43417e960f2736746af052 [term 0 FOLLOWER]: Becoming Follower/Learner. State: Replica: b54bc34cfe43417e960f2736746af052, State: Initialized, Role: FOLLOWER
I20260630 12:26:24.879341 10581 consensus_queue.cc:260] T 5d25e5a354594d4f9349de1187882e66 P b54bc34cfe43417e960f2736746af052 [NON_LEADER]: Queue going to NON_LEADER mode. State: All replicated index: 0, Majority replicated index: 0, Committed index: 0, Last appended: 0.0, Last appended by leader: 0, Current term: 0, Majority size: -1, State: 0, Mode: NON_LEADER, active raft config: opid_index: -1 OBSOLETE_local: false peers { permanent_uuid: "ad2feec7c526401caa19383b4ce68053" member_type: VOTER last_known_addr { host: "127.7.25.131" port: 33843 } } peers { permanent_uuid: "b54bc34cfe43417e960f2736746af052" member_type: VOTER last_known_addr { host: "127.7.25.129" port: 39435 } } peers { permanent_uuid: "398742ce7f8a4f67aaa8f2ed7d05bcd5" member_type: VOTER last_known_addr { host: "127.7.25.132" port: 43891 } }
I20260630 12:26:24.883052 10581 ts_tablet_manager.cc:1434] T 5d25e5a354594d4f9349de1187882e66 P b54bc34cfe43417e960f2736746af052: Time spent starting tablet: real 0.008s	user 0.007s	sys 0.000s
I20260630 12:26:24.884742 10581 tablet_bootstrap.cc:492] T a1d3ed59a16d4927b10f21fdebe76b44 P b54bc34cfe43417e960f2736746af052: Bootstrap starting.
I20260630 12:26:24.890938 10446 tablet_bootstrap.cc:492] T 7dfcc7b0b9fd47e48bd2a6cdb5f556ab P 5ef77dc5ac8642019e3ba14ad9c92bce: No bootstrap required, opened a new log
I20260630 12:26:24.891363 10446 ts_tablet_manager.cc:1403] T 7dfcc7b0b9fd47e48bd2a6cdb5f556ab P 5ef77dc5ac8642019e3ba14ad9c92bce: Time spent bootstrapping tablet: real 0.065s	user 0.013s	sys 0.001s
I20260630 12:26:24.893517 10581 tablet_bootstrap.cc:654] T a1d3ed59a16d4927b10f21fdebe76b44 P b54bc34cfe43417e960f2736746af052: Neither blocks nor log segments found. Creating new log.
I20260630 12:26:24.894272 10592 tablet_bootstrap.cc:654] T 7893a77700a34da3b06263bbb9fc86c6 P 398742ce7f8a4f67aaa8f2ed7d05bcd5: Neither blocks nor log segments found. Creating new log.
I20260630 12:26:24.893949 10446 raft_consensus.cc:359] T 7dfcc7b0b9fd47e48bd2a6cdb5f556ab P 5ef77dc5ac8642019e3ba14ad9c92bce [term 0 FOLLOWER]: Replica starting. Triggering 0 pending ops. Active config: opid_index: -1 OBSOLETE_local: false peers { permanent_uuid: "5ef77dc5ac8642019e3ba14ad9c92bce" member_type: VOTER last_known_addr { host: "127.7.25.130" port: 41397 } } peers { permanent_uuid: "398742ce7f8a4f67aaa8f2ed7d05bcd5" member_type: VOTER last_known_addr { host: "127.7.25.132" port: 43891 } } peers { permanent_uuid: "ad2feec7c526401caa19383b4ce68053" member_type: VOTER last_known_addr { host: "127.7.25.131" port: 33843 } }
I20260630 12:26:24.894832 10446 raft_consensus.cc:385] T 7dfcc7b0b9fd47e48bd2a6cdb5f556ab P 5ef77dc5ac8642019e3ba14ad9c92bce [term 0 FOLLOWER]: Consensus starting up: Expiring failure detector timer to make a prompt election more likely
I20260630 12:26:24.895223 10446 raft_consensus.cc:740] T 7dfcc7b0b9fd47e48bd2a6cdb5f556ab P 5ef77dc5ac8642019e3ba14ad9c92bce [term 0 FOLLOWER]: Becoming Follower/Learner. State: Replica: 5ef77dc5ac8642019e3ba14ad9c92bce, State: Initialized, Role: FOLLOWER
I20260630 12:26:24.896260 10446 consensus_queue.cc:260] T 7dfcc7b0b9fd47e48bd2a6cdb5f556ab P 5ef77dc5ac8642019e3ba14ad9c92bce [NON_LEADER]: Queue going to NON_LEADER mode. State: All replicated index: 0, Majority replicated index: 0, Committed index: 0, Last appended: 0.0, Last appended by leader: 0, Current term: 0, Majority size: -1, State: 0, Mode: NON_LEADER, active raft config: opid_index: -1 OBSOLETE_local: false peers { permanent_uuid: "5ef77dc5ac8642019e3ba14ad9c92bce" member_type: VOTER last_known_addr { host: "127.7.25.130" port: 41397 } } peers { permanent_uuid: "398742ce7f8a4f67aaa8f2ed7d05bcd5" member_type: VOTER last_known_addr { host: "127.7.25.132" port: 43891 } } peers { permanent_uuid: "ad2feec7c526401caa19383b4ce68053" member_type: VOTER last_known_addr { host: "127.7.25.131" port: 33843 } }
I20260630 12:26:24.880157 10583 raft_consensus.cc:359] T 7dfcc7b0b9fd47e48bd2a6cdb5f556ab P ad2feec7c526401caa19383b4ce68053 [term 0 FOLLOWER]: Replica starting. Triggering 0 pending ops. Active config: opid_index: -1 OBSOLETE_local: false peers { permanent_uuid: "5ef77dc5ac8642019e3ba14ad9c92bce" member_type: VOTER last_known_addr { host: "127.7.25.130" port: 41397 } } peers { permanent_uuid: "398742ce7f8a4f67aaa8f2ed7d05bcd5" member_type: VOTER last_known_addr { host: "127.7.25.132" port: 43891 } } peers { permanent_uuid: "ad2feec7c526401caa19383b4ce68053" member_type: VOTER last_known_addr { host: "127.7.25.131" port: 33843 } }
I20260630 12:26:24.898802 10583 raft_consensus.cc:385] T 7dfcc7b0b9fd47e48bd2a6cdb5f556ab P ad2feec7c526401caa19383b4ce68053 [term 0 FOLLOWER]: Consensus starting up: Expiring failure detector timer to make a prompt election more likely
I20260630 12:26:24.899223 10583 raft_consensus.cc:740] T 7dfcc7b0b9fd47e48bd2a6cdb5f556ab P ad2feec7c526401caa19383b4ce68053 [term 0 FOLLOWER]: Becoming Follower/Learner. State: Replica: ad2feec7c526401caa19383b4ce68053, State: Initialized, Role: FOLLOWER
I20260630 12:26:24.900403 10583 consensus_queue.cc:260] T 7dfcc7b0b9fd47e48bd2a6cdb5f556ab P ad2feec7c526401caa19383b4ce68053 [NON_LEADER]: Queue going to NON_LEADER mode. State: All replicated index: 0, Majority replicated index: 0, Committed index: 0, Last appended: 0.0, Last appended by leader: 0, Current term: 0, Majority size: -1, State: 0, Mode: NON_LEADER, active raft config: opid_index: -1 OBSOLETE_local: false peers { permanent_uuid: "5ef77dc5ac8642019e3ba14ad9c92bce" member_type: VOTER last_known_addr { host: "127.7.25.130" port: 41397 } } peers { permanent_uuid: "398742ce7f8a4f67aaa8f2ed7d05bcd5" member_type: VOTER last_known_addr { host: "127.7.25.132" port: 43891 } } peers { permanent_uuid: "ad2feec7c526401caa19383b4ce68053" member_type: VOTER last_known_addr { host: "127.7.25.131" port: 33843 } }
I20260630 12:26:24.906329 10603 raft_consensus.cc:493] T 7dfcc7b0b9fd47e48bd2a6cdb5f556ab P 398742ce7f8a4f67aaa8f2ed7d05bcd5 [term 0 FOLLOWER]: Starting pre-election (no leader contacted us within the election timeout)
I20260630 12:26:24.906946 10603 raft_consensus.cc:515] T 7dfcc7b0b9fd47e48bd2a6cdb5f556ab P 398742ce7f8a4f67aaa8f2ed7d05bcd5 [term 0 FOLLOWER]: Starting pre-election with config: opid_index: -1 OBSOLETE_local: false peers { permanent_uuid: "5ef77dc5ac8642019e3ba14ad9c92bce" member_type: VOTER last_known_addr { host: "127.7.25.130" port: 41397 } } peers { permanent_uuid: "398742ce7f8a4f67aaa8f2ed7d05bcd5" member_type: VOTER last_known_addr { host: "127.7.25.132" port: 43891 } } peers { permanent_uuid: "ad2feec7c526401caa19383b4ce68053" member_type: VOTER last_known_addr { host: "127.7.25.131" port: 33843 } }
I20260630 12:26:24.911888 10603 leader_election.cc:290] T 7dfcc7b0b9fd47e48bd2a6cdb5f556ab P 398742ce7f8a4f67aaa8f2ed7d05bcd5 [CANDIDATE]: Term 1 pre-election: Requested pre-vote from peers 5ef77dc5ac8642019e3ba14ad9c92bce (127.7.25.130:41397), ad2feec7c526401caa19383b4ce68053 (127.7.25.131:33843)
I20260630 12:26:24.913411 10583 ts_tablet_manager.cc:1434] T 7dfcc7b0b9fd47e48bd2a6cdb5f556ab P ad2feec7c526401caa19383b4ce68053: Time spent starting tablet: real 0.036s	user 0.005s	sys 0.004s
I20260630 12:26:24.918329 10446 ts_tablet_manager.cc:1434] T 7dfcc7b0b9fd47e48bd2a6cdb5f556ab P 5ef77dc5ac8642019e3ba14ad9c92bce: Time spent starting tablet: real 0.027s	user 0.008s	sys 0.000s
I20260630 12:26:24.923321 10583 tablet_bootstrap.cc:492] T 8c6f9d2314204369aab82a850eb5804f P ad2feec7c526401caa19383b4ce68053: Bootstrap starting.
I20260630 12:26:24.939517 10581 tablet_bootstrap.cc:492] T a1d3ed59a16d4927b10f21fdebe76b44 P b54bc34cfe43417e960f2736746af052: No bootstrap required, opened a new log
I20260630 12:26:24.940554 10592 tablet_bootstrap.cc:492] T 7893a77700a34da3b06263bbb9fc86c6 P 398742ce7f8a4f67aaa8f2ed7d05bcd5: No bootstrap required, opened a new log
I20260630 12:26:24.945340 10592 ts_tablet_manager.cc:1403] T 7893a77700a34da3b06263bbb9fc86c6 P 398742ce7f8a4f67aaa8f2ed7d05bcd5: Time spent bootstrapping tablet: real 0.074s	user 0.029s	sys 0.022s
I20260630 12:26:24.948215 10592 raft_consensus.cc:359] T 7893a77700a34da3b06263bbb9fc86c6 P 398742ce7f8a4f67aaa8f2ed7d05bcd5 [term 0 FOLLOWER]: Replica starting. Triggering 0 pending ops. Active config: opid_index: -1 OBSOLETE_local: false peers { permanent_uuid: "398742ce7f8a4f67aaa8f2ed7d05bcd5" member_type: VOTER last_known_addr { host: "127.7.25.132" port: 43891 } } peers { permanent_uuid: "b54bc34cfe43417e960f2736746af052" member_type: VOTER last_known_addr { host: "127.7.25.129" port: 39435 } } peers { permanent_uuid: "ad2feec7c526401caa19383b4ce68053" member_type: VOTER last_known_addr { host: "127.7.25.131" port: 33843 } }
I20260630 12:26:24.948944 10592 raft_consensus.cc:385] T 7893a77700a34da3b06263bbb9fc86c6 P 398742ce7f8a4f67aaa8f2ed7d05bcd5 [term 0 FOLLOWER]: Consensus starting up: Expiring failure detector timer to make a prompt election more likely
I20260630 12:26:24.949234 10592 raft_consensus.cc:740] T 7893a77700a34da3b06263bbb9fc86c6 P 398742ce7f8a4f67aaa8f2ed7d05bcd5 [term 0 FOLLOWER]: Becoming Follower/Learner. State: Replica: 398742ce7f8a4f67aaa8f2ed7d05bcd5, State: Initialized, Role: FOLLOWER
I20260630 12:26:24.944262 10583 tablet_bootstrap.cc:654] T 8c6f9d2314204369aab82a850eb5804f P ad2feec7c526401caa19383b4ce68053: Neither blocks nor log segments found. Creating new log.
I20260630 12:26:24.952857 10592 consensus_queue.cc:260] T 7893a77700a34da3b06263bbb9fc86c6 P 398742ce7f8a4f67aaa8f2ed7d05bcd5 [NON_LEADER]: Queue going to NON_LEADER mode. State: All replicated index: 0, Majority replicated index: 0, Committed index: 0, Last appended: 0.0, Last appended by leader: 0, Current term: 0, Majority size: -1, State: 0, Mode: NON_LEADER, active raft config: opid_index: -1 OBSOLETE_local: false peers { permanent_uuid: "398742ce7f8a4f67aaa8f2ed7d05bcd5" member_type: VOTER last_known_addr { host: "127.7.25.132" port: 43891 } } peers { permanent_uuid: "b54bc34cfe43417e960f2736746af052" member_type: VOTER last_known_addr { host: "127.7.25.129" port: 39435 } } peers { permanent_uuid: "ad2feec7c526401caa19383b4ce68053" member_type: VOTER last_known_addr { host: "127.7.25.131" port: 33843 } }
I20260630 12:26:24.955343 10592 ts_tablet_manager.cc:1434] T 7893a77700a34da3b06263bbb9fc86c6 P 398742ce7f8a4f67aaa8f2ed7d05bcd5: Time spent starting tablet: real 0.010s	user 0.005s	sys 0.001s
I20260630 12:26:24.956331 10592 tablet_bootstrap.cc:492] T 8c6f9d2314204369aab82a850eb5804f P 398742ce7f8a4f67aaa8f2ed7d05bcd5: Bootstrap starting.
I20260630 12:26:24.958058 10450 raft_consensus.cc:493] T 5bd8d6d6e42d4c97b5cb8a6d442e23cb P b54bc34cfe43417e960f2736746af052 [term 0 FOLLOWER]: Starting pre-election (no leader contacted us within the election timeout)
I20260630 12:26:24.958714 10450 raft_consensus.cc:515] T 5bd8d6d6e42d4c97b5cb8a6d442e23cb P b54bc34cfe43417e960f2736746af052 [term 0 FOLLOWER]: Starting pre-election with config: opid_index: -1 OBSOLETE_local: false peers { permanent_uuid: "398742ce7f8a4f67aaa8f2ed7d05bcd5" member_type: VOTER last_known_addr { host: "127.7.25.132" port: 43891 } } peers { permanent_uuid: "b54bc34cfe43417e960f2736746af052" member_type: VOTER last_known_addr { host: "127.7.25.129" port: 39435 } } peers { permanent_uuid: "5ef77dc5ac8642019e3ba14ad9c92bce" member_type: VOTER last_known_addr { host: "127.7.25.130" port: 41397 } }
I20260630 12:26:24.958312 10581 ts_tablet_manager.cc:1403] T a1d3ed59a16d4927b10f21fdebe76b44 P b54bc34cfe43417e960f2736746af052: Time spent bootstrapping tablet: real 0.074s	user 0.021s	sys 0.010s
I20260630 12:26:24.972059 10450 leader_election.cc:290] T 5bd8d6d6e42d4c97b5cb8a6d442e23cb P b54bc34cfe43417e960f2736746af052 [CANDIDATE]: Term 1 pre-election: Requested pre-vote from peers 398742ce7f8a4f67aaa8f2ed7d05bcd5 (127.7.25.132:43891), 5ef77dc5ac8642019e3ba14ad9c92bce (127.7.25.130:41397)
I20260630 12:26:24.973620 10583 tablet_bootstrap.cc:492] T 8c6f9d2314204369aab82a850eb5804f P ad2feec7c526401caa19383b4ce68053: No bootstrap required, opened a new log
I20260630 12:26:24.974987 10583 ts_tablet_manager.cc:1403] T 8c6f9d2314204369aab82a850eb5804f P ad2feec7c526401caa19383b4ce68053: Time spent bootstrapping tablet: real 0.052s	user 0.007s	sys 0.006s
I20260630 12:26:24.977648 10325 tablet_service.cc:1917] Received RequestConsensusVote() RPC: tablet_id: "7dfcc7b0b9fd47e48bd2a6cdb5f556ab" candidate_uuid: "398742ce7f8a4f67aaa8f2ed7d05bcd5" candidate_term: 1 candidate_status { last_received { term: 0 index: 0 } } ignore_live_leader: false dest_uuid: "5ef77dc5ac8642019e3ba14ad9c92bce" is_pre_election: true
I20260630 12:26:24.978204 10325 raft_consensus.cc:2468] T 7dfcc7b0b9fd47e48bd2a6cdb5f556ab P 5ef77dc5ac8642019e3ba14ad9c92bce [term 0 FOLLOWER]: Leader pre-election vote request: Granting yes vote for candidate 398742ce7f8a4f67aaa8f2ed7d05bcd5 in term 0.
I20260630 12:26:24.978297 10592 tablet_bootstrap.cc:654] T 8c6f9d2314204369aab82a850eb5804f P 398742ce7f8a4f67aaa8f2ed7d05bcd5: Neither blocks nor log segments found. Creating new log.
I20260630 12:26:24.978866 10583 raft_consensus.cc:359] T 8c6f9d2314204369aab82a850eb5804f P ad2feec7c526401caa19383b4ce68053 [term 0 FOLLOWER]: Replica starting. Triggering 0 pending ops. Active config: opid_index: -1 OBSOLETE_local: false peers { permanent_uuid: "398742ce7f8a4f67aaa8f2ed7d05bcd5" member_type: VOTER last_known_addr { host: "127.7.25.132" port: 43891 } } peers { permanent_uuid: "5ef77dc5ac8642019e3ba14ad9c92bce" member_type: VOTER last_known_addr { host: "127.7.25.130" port: 41397 } } peers { permanent_uuid: "ad2feec7c526401caa19383b4ce68053" member_type: VOTER last_known_addr { host: "127.7.25.131" port: 33843 } }
I20260630 12:26:24.980259 10583 raft_consensus.cc:385] T 8c6f9d2314204369aab82a850eb5804f P ad2feec7c526401caa19383b4ce68053 [term 0 FOLLOWER]: Consensus starting up: Expiring failure detector timer to make a prompt election more likely
I20260630 12:26:24.980755 10511 leader_election.cc:304] T 7dfcc7b0b9fd47e48bd2a6cdb5f556ab P 398742ce7f8a4f67aaa8f2ed7d05bcd5 [CANDIDATE]: Term 1 pre-election: Election decided. Result: candidate won. Election summary: received 2 responses out of 3 voters: 2 yes votes; 0 no votes. yes voters: 398742ce7f8a4f67aaa8f2ed7d05bcd5, 5ef77dc5ac8642019e3ba14ad9c92bce; no voters: 
I20260630 12:26:24.981621 10603 raft_consensus.cc:2804] T 7dfcc7b0b9fd47e48bd2a6cdb5f556ab P 398742ce7f8a4f67aaa8f2ed7d05bcd5 [term 0 FOLLOWER]: Leader pre-election won for term 1
I20260630 12:26:24.982003 10603 raft_consensus.cc:493] T 7dfcc7b0b9fd47e48bd2a6cdb5f556ab P 398742ce7f8a4f67aaa8f2ed7d05bcd5 [term 0 FOLLOWER]: Starting leader election (no leader contacted us within the election timeout)
I20260630 12:26:24.982335 10603 raft_consensus.cc:3060] T 7dfcc7b0b9fd47e48bd2a6cdb5f556ab P 398742ce7f8a4f67aaa8f2ed7d05bcd5 [term 0 FOLLOWER]: Advancing to term 1
I20260630 12:26:24.983479 10581 raft_consensus.cc:359] T a1d3ed59a16d4927b10f21fdebe76b44 P b54bc34cfe43417e960f2736746af052 [term 0 FOLLOWER]: Replica starting. Triggering 0 pending ops. Active config: opid_index: -1 OBSOLETE_local: false peers { permanent_uuid: "b54bc34cfe43417e960f2736746af052" member_type: VOTER last_known_addr { host: "127.7.25.129" port: 39435 } } peers { permanent_uuid: "398742ce7f8a4f67aaa8f2ed7d05bcd5" member_type: VOTER last_known_addr { host: "127.7.25.132" port: 43891 } } peers { permanent_uuid: "ad2feec7c526401caa19383b4ce68053" member_type: VOTER last_known_addr { host: "127.7.25.131" port: 33843 } }
I20260630 12:26:24.985172 10581 raft_consensus.cc:385] T a1d3ed59a16d4927b10f21fdebe76b44 P b54bc34cfe43417e960f2736746af052 [term 0 FOLLOWER]: Consensus starting up: Expiring failure detector timer to make a prompt election more likely
I20260630 12:26:24.985566 10581 raft_consensus.cc:740] T a1d3ed59a16d4927b10f21fdebe76b44 P b54bc34cfe43417e960f2736746af052 [term 0 FOLLOWER]: Becoming Follower/Learner. State: Replica: b54bc34cfe43417e960f2736746af052, State: Initialized, Role: FOLLOWER
I20260630 12:26:24.986371 10581 consensus_queue.cc:260] T a1d3ed59a16d4927b10f21fdebe76b44 P b54bc34cfe43417e960f2736746af052 [NON_LEADER]: Queue going to NON_LEADER mode. State: All replicated index: 0, Majority replicated index: 0, Committed index: 0, Last appended: 0.0, Last appended by leader: 0, Current term: 0, Majority size: -1, State: 0, Mode: NON_LEADER, active raft config: opid_index: -1 OBSOLETE_local: false peers { permanent_uuid: "b54bc34cfe43417e960f2736746af052" member_type: VOTER last_known_addr { host: "127.7.25.129" port: 39435 } } peers { permanent_uuid: "398742ce7f8a4f67aaa8f2ed7d05bcd5" member_type: VOTER last_known_addr { host: "127.7.25.132" port: 43891 } } peers { permanent_uuid: "ad2feec7c526401caa19383b4ce68053" member_type: VOTER last_known_addr { host: "127.7.25.131" port: 33843 } }
I20260630 12:26:24.988904 10581 ts_tablet_manager.cc:1434] T a1d3ed59a16d4927b10f21fdebe76b44 P b54bc34cfe43417e960f2736746af052: Time spent starting tablet: real 0.026s	user 0.006s	sys 0.000s
I20260630 12:26:24.980594 10583 raft_consensus.cc:740] T 8c6f9d2314204369aab82a850eb5804f P ad2feec7c526401caa19383b4ce68053 [term 0 FOLLOWER]: Becoming Follower/Learner. State: Replica: ad2feec7c526401caa19383b4ce68053, State: Initialized, Role: FOLLOWER
I20260630 12:26:24.990305 10398 tablet_service.cc:1917] Received RequestConsensusVote() RPC: tablet_id: "7dfcc7b0b9fd47e48bd2a6cdb5f556ab" candidate_uuid: "398742ce7f8a4f67aaa8f2ed7d05bcd5" candidate_term: 1 candidate_status { last_received { term: 0 index: 0 } } ignore_live_leader: false dest_uuid: "ad2feec7c526401caa19383b4ce68053" is_pre_election: true
I20260630 12:26:24.990593 10583 consensus_queue.cc:260] T 8c6f9d2314204369aab82a850eb5804f P ad2feec7c526401caa19383b4ce68053 [NON_LEADER]: Queue going to NON_LEADER mode. State: All replicated index: 0, Majority replicated index: 0, Committed index: 0, Last appended: 0.0, Last appended by leader: 0, Current term: 0, Majority size: -1, State: 0, Mode: NON_LEADER, active raft config: opid_index: -1 OBSOLETE_local: false peers { permanent_uuid: "398742ce7f8a4f67aaa8f2ed7d05bcd5" member_type: VOTER last_known_addr { host: "127.7.25.132" port: 43891 } } peers { permanent_uuid: "5ef77dc5ac8642019e3ba14ad9c92bce" member_type: VOTER last_known_addr { host: "127.7.25.130" port: 41397 } } peers { permanent_uuid: "ad2feec7c526401caa19383b4ce68053" member_type: VOTER last_known_addr { host: "127.7.25.131" port: 33843 } }
I20260630 12:26:24.992961 10583 ts_tablet_manager.cc:1434] T 8c6f9d2314204369aab82a850eb5804f P ad2feec7c526401caa19383b4ce68053: Time spent starting tablet: real 0.017s	user 0.004s	sys 0.000s
I20260630 12:26:24.990933 10398 raft_consensus.cc:2468] T 7dfcc7b0b9fd47e48bd2a6cdb5f556ab P ad2feec7c526401caa19383b4ce68053 [term 0 FOLLOWER]: Leader pre-election vote request: Granting yes vote for candidate 398742ce7f8a4f67aaa8f2ed7d05bcd5 in term 0.
I20260630 12:26:24.999235 10325 tablet_service.cc:1917] Received RequestConsensusVote() RPC: tablet_id: "5bd8d6d6e42d4c97b5cb8a6d442e23cb" candidate_uuid: "b54bc34cfe43417e960f2736746af052" candidate_term: 1 candidate_status { last_received { term: 0 index: 0 } } ignore_live_leader: false dest_uuid: "5ef77dc5ac8642019e3ba14ad9c92bce" is_pre_election: true
I20260630 12:26:24.999836 10325 raft_consensus.cc:2468] T 5bd8d6d6e42d4c97b5cb8a6d442e23cb P 5ef77dc5ac8642019e3ba14ad9c92bce [term 0 FOLLOWER]: Leader pre-election vote request: Granting yes vote for candidate b54bc34cfe43417e960f2736746af052 in term 0.
I20260630 12:26:25.001399 10215 leader_election.cc:304] T 5bd8d6d6e42d4c97b5cb8a6d442e23cb P b54bc34cfe43417e960f2736746af052 [CANDIDATE]: Term 1 pre-election: Election decided. Result: candidate won. Election summary: received 2 responses out of 3 voters: 2 yes votes; 0 no votes. yes voters: 5ef77dc5ac8642019e3ba14ad9c92bce, b54bc34cfe43417e960f2736746af052; no voters: 
I20260630 12:26:25.002602 10450 raft_consensus.cc:2804] T 5bd8d6d6e42d4c97b5cb8a6d442e23cb P b54bc34cfe43417e960f2736746af052 [term 0 FOLLOWER]: Leader pre-election won for term 1
I20260630 12:26:25.003086 10450 raft_consensus.cc:493] T 5bd8d6d6e42d4c97b5cb8a6d442e23cb P b54bc34cfe43417e960f2736746af052 [term 0 FOLLOWER]: Starting leader election (no leader contacted us within the election timeout)
I20260630 12:26:25.003525 10450 raft_consensus.cc:3060] T 5bd8d6d6e42d4c97b5cb8a6d442e23cb P b54bc34cfe43417e960f2736746af052 [term 0 FOLLOWER]: Advancing to term 1
I20260630 12:26:25.003961 10603 raft_consensus.cc:515] T 7dfcc7b0b9fd47e48bd2a6cdb5f556ab P 398742ce7f8a4f67aaa8f2ed7d05bcd5 [term 1 FOLLOWER]: Starting leader election with config: opid_index: -1 OBSOLETE_local: false peers { permanent_uuid: "5ef77dc5ac8642019e3ba14ad9c92bce" member_type: VOTER last_known_addr { host: "127.7.25.130" port: 41397 } } peers { permanent_uuid: "398742ce7f8a4f67aaa8f2ed7d05bcd5" member_type: VOTER last_known_addr { host: "127.7.25.132" port: 43891 } } peers { permanent_uuid: "ad2feec7c526401caa19383b4ce68053" member_type: VOTER last_known_addr { host: "127.7.25.131" port: 33843 } }
I20260630 12:26:25.007345 10325 tablet_service.cc:1917] Received RequestConsensusVote() RPC: tablet_id: "7dfcc7b0b9fd47e48bd2a6cdb5f556ab" candidate_uuid: "398742ce7f8a4f67aaa8f2ed7d05bcd5" candidate_term: 1 candidate_status { last_received { term: 0 index: 0 } } ignore_live_leader: false dest_uuid: "5ef77dc5ac8642019e3ba14ad9c92bce"
I20260630 12:26:25.007792 10603 leader_election.cc:290] T 7dfcc7b0b9fd47e48bd2a6cdb5f556ab P 398742ce7f8a4f67aaa8f2ed7d05bcd5 [CANDIDATE]: Term 1 election: Requested vote from peers 5ef77dc5ac8642019e3ba14ad9c92bce (127.7.25.130:41397), ad2feec7c526401caa19383b4ce68053 (127.7.25.131:33843)
I20260630 12:26:25.007893 10325 raft_consensus.cc:3060] T 7dfcc7b0b9fd47e48bd2a6cdb5f556ab P 5ef77dc5ac8642019e3ba14ad9c92bce [term 0 FOLLOWER]: Advancing to term 1
I20260630 12:26:25.010278 10398 tablet_service.cc:1917] Received RequestConsensusVote() RPC: tablet_id: "7dfcc7b0b9fd47e48bd2a6cdb5f556ab" candidate_uuid: "398742ce7f8a4f67aaa8f2ed7d05bcd5" candidate_term: 1 candidate_status { last_received { term: 0 index: 0 } } ignore_live_leader: false dest_uuid: "ad2feec7c526401caa19383b4ce68053"
I20260630 12:26:25.011348 10398 raft_consensus.cc:3060] T 7dfcc7b0b9fd47e48bd2a6cdb5f556ab P ad2feec7c526401caa19383b4ce68053 [term 0 FOLLOWER]: Advancing to term 1
I20260630 12:26:25.014170 10450 raft_consensus.cc:515] T 5bd8d6d6e42d4c97b5cb8a6d442e23cb P b54bc34cfe43417e960f2736746af052 [term 1 FOLLOWER]: Starting leader election with config: opid_index: -1 OBSOLETE_local: false peers { permanent_uuid: "398742ce7f8a4f67aaa8f2ed7d05bcd5" member_type: VOTER last_known_addr { host: "127.7.25.132" port: 43891 } } peers { permanent_uuid: "b54bc34cfe43417e960f2736746af052" member_type: VOTER last_known_addr { host: "127.7.25.129" port: 39435 } } peers { permanent_uuid: "5ef77dc5ac8642019e3ba14ad9c92bce" member_type: VOTER last_known_addr { host: "127.7.25.130" port: 41397 } }
I20260630 12:26:25.016954 10450 leader_election.cc:290] T 5bd8d6d6e42d4c97b5cb8a6d442e23cb P b54bc34cfe43417e960f2736746af052 [CANDIDATE]: Term 1 election: Requested vote from peers 398742ce7f8a4f67aaa8f2ed7d05bcd5 (127.7.25.132:43891), 5ef77dc5ac8642019e3ba14ad9c92bce (127.7.25.130:41397)
I20260630 12:26:25.019052 10398 raft_consensus.cc:2468] T 7dfcc7b0b9fd47e48bd2a6cdb5f556ab P ad2feec7c526401caa19383b4ce68053 [term 1 FOLLOWER]: Leader election vote request: Granting yes vote for candidate 398742ce7f8a4f67aaa8f2ed7d05bcd5 in term 1.
I20260630 12:26:25.019245 10592 tablet_bootstrap.cc:492] T 8c6f9d2314204369aab82a850eb5804f P 398742ce7f8a4f67aaa8f2ed7d05bcd5: No bootstrap required, opened a new log
I20260630 12:26:25.019819 10592 ts_tablet_manager.cc:1403] T 8c6f9d2314204369aab82a850eb5804f P 398742ce7f8a4f67aaa8f2ed7d05bcd5: Time spent bootstrapping tablet: real 0.064s	user 0.009s	sys 0.011s
I20260630 12:26:25.019291 10324 tablet_service.cc:1917] Received RequestConsensusVote() RPC: tablet_id: "5bd8d6d6e42d4c97b5cb8a6d442e23cb" candidate_uuid: "b54bc34cfe43417e960f2736746af052" candidate_term: 1 candidate_status { last_received { term: 0 index: 0 } } ignore_live_leader: false dest_uuid: "5ef77dc5ac8642019e3ba14ad9c92bce"
I20260630 12:26:25.020402 10511 leader_election.cc:304] T 7dfcc7b0b9fd47e48bd2a6cdb5f556ab P 398742ce7f8a4f67aaa8f2ed7d05bcd5 [CANDIDATE]: Term 1 election: Election decided. Result: candidate won. Election summary: received 2 responses out of 3 voters: 2 yes votes; 0 no votes. yes voters: 398742ce7f8a4f67aaa8f2ed7d05bcd5, ad2feec7c526401caa19383b4ce68053; no voters: 
I20260630 12:26:25.021096 10324 raft_consensus.cc:3060] T 5bd8d6d6e42d4c97b5cb8a6d442e23cb P 5ef77dc5ac8642019e3ba14ad9c92bce [term 0 FOLLOWER]: Advancing to term 1
I20260630 12:26:25.021579 10603 raft_consensus.cc:2804] T 7dfcc7b0b9fd47e48bd2a6cdb5f556ab P 398742ce7f8a4f67aaa8f2ed7d05bcd5 [term 1 FOLLOWER]: Leader election won for term 1
I20260630 12:26:25.023759 10581 tablet_bootstrap.cc:492] T f47bf8d440ca436d89c862d4a60eb539 P b54bc34cfe43417e960f2736746af052: Bootstrap starting.
I20260630 12:26:25.028471 10324 raft_consensus.cc:2468] T 5bd8d6d6e42d4c97b5cb8a6d442e23cb P 5ef77dc5ac8642019e3ba14ad9c92bce [term 1 FOLLOWER]: Leader election vote request: Granting yes vote for candidate b54bc34cfe43417e960f2736746af052 in term 1.
I20260630 12:26:25.030149 10215 leader_election.cc:304] T 5bd8d6d6e42d4c97b5cb8a6d442e23cb P b54bc34cfe43417e960f2736746af052 [CANDIDATE]: Term 1 election: Election decided. Result: candidate won. Election summary: received 2 responses out of 3 voters: 2 yes votes; 0 no votes. yes voters: 5ef77dc5ac8642019e3ba14ad9c92bce, b54bc34cfe43417e960f2736746af052; no voters: 
I20260630 12:26:25.021773 10325 raft_consensus.cc:2468] T 7dfcc7b0b9fd47e48bd2a6cdb5f556ab P 5ef77dc5ac8642019e3ba14ad9c92bce [term 1 FOLLOWER]: Leader election vote request: Granting yes vote for candidate 398742ce7f8a4f67aaa8f2ed7d05bcd5 in term 1.
I20260630 12:26:25.030925 10450 raft_consensus.cc:2804] T 5bd8d6d6e42d4c97b5cb8a6d442e23cb P b54bc34cfe43417e960f2736746af052 [term 1 FOLLOWER]: Leader election won for term 1
I20260630 12:26:25.037775 10547 tablet_service.cc:1917] Received RequestConsensusVote() RPC: tablet_id: "5bd8d6d6e42d4c97b5cb8a6d442e23cb" candidate_uuid: "b54bc34cfe43417e960f2736746af052" candidate_term: 1 candidate_status { last_received { term: 0 index: 0 } } ignore_live_leader: false dest_uuid: "398742ce7f8a4f67aaa8f2ed7d05bcd5" is_pre_election: true
I20260630 12:26:25.037842 10546 tablet_service.cc:1917] Received RequestConsensusVote() RPC: tablet_id: "5bd8d6d6e42d4c97b5cb8a6d442e23cb" candidate_uuid: "b54bc34cfe43417e960f2736746af052" candidate_term: 1 candidate_status { last_received { term: 0 index: 0 } } ignore_live_leader: false dest_uuid: "398742ce7f8a4f67aaa8f2ed7d05bcd5"
I20260630 12:26:25.038622 10450 raft_consensus.cc:697] T 5bd8d6d6e42d4c97b5cb8a6d442e23cb P b54bc34cfe43417e960f2736746af052 [term 1 LEADER]: Becoming Leader. State: Replica: b54bc34cfe43417e960f2736746af052, State: Running, Role: LEADER
I20260630 12:26:25.037859 10614 raft_consensus.cc:493] T 5d25e5a354594d4f9349de1187882e66 P ad2feec7c526401caa19383b4ce68053 [term 0 FOLLOWER]: Starting pre-election (no leader contacted us within the election timeout)
I20260630 12:26:25.039426 10450 consensus_queue.cc:237] T 5bd8d6d6e42d4c97b5cb8a6d442e23cb P b54bc34cfe43417e960f2736746af052 [LEADER]: Queue going to LEADER mode. State: All replicated index: 0, Majority replicated index: 0, Committed index: 0, Last appended: 0.0, Last appended by leader: 0, Current term: 1, Majority size: 2, State: 0, Mode: LEADER, active raft config: opid_index: -1 OBSOLETE_local: false peers { permanent_uuid: "398742ce7f8a4f67aaa8f2ed7d05bcd5" member_type: VOTER last_known_addr { host: "127.7.25.132" port: 43891 } } peers { permanent_uuid: "b54bc34cfe43417e960f2736746af052" member_type: VOTER last_known_addr { host: "127.7.25.129" port: 39435 } } peers { permanent_uuid: "5ef77dc5ac8642019e3ba14ad9c92bce" member_type: VOTER last_known_addr { host: "127.7.25.130" port: 41397 } }
W20260630 12:26:25.039811 10215 leader_election.cc:343] T 5bd8d6d6e42d4c97b5cb8a6d442e23cb P b54bc34cfe43417e960f2736746af052 [CANDIDATE]: Term 1 pre-election: Tablet error from VoteRequest() call to peer 398742ce7f8a4f67aaa8f2ed7d05bcd5 (127.7.25.132:43891): Illegal state: must be running to vote when last-logged opid is not known
I20260630 12:26:25.040136 10614 raft_consensus.cc:515] T 5d25e5a354594d4f9349de1187882e66 P ad2feec7c526401caa19383b4ce68053 [term 0 FOLLOWER]: Starting pre-election with config: opid_index: -1 OBSOLETE_local: false peers { permanent_uuid: "ad2feec7c526401caa19383b4ce68053" member_type: VOTER last_known_addr { host: "127.7.25.131" port: 33843 } } peers { permanent_uuid: "b54bc34cfe43417e960f2736746af052" member_type: VOTER last_known_addr { host: "127.7.25.129" port: 39435 } } peers { permanent_uuid: "398742ce7f8a4f67aaa8f2ed7d05bcd5" member_type: VOTER last_known_addr { host: "127.7.25.132" port: 43891 } }
W20260630 12:26:25.040795 10215 leader_election.cc:343] T 5bd8d6d6e42d4c97b5cb8a6d442e23cb P b54bc34cfe43417e960f2736746af052 [CANDIDATE]: Term 1 election: Tablet error from VoteRequest() call to peer 398742ce7f8a4f67aaa8f2ed7d05bcd5 (127.7.25.132:43891): Illegal state: must be running to vote when last-logged opid is not known
I20260630 12:26:25.042464 10614 leader_election.cc:290] T 5d25e5a354594d4f9349de1187882e66 P ad2feec7c526401caa19383b4ce68053 [CANDIDATE]: Term 1 pre-election: Requested pre-vote from peers b54bc34cfe43417e960f2736746af052 (127.7.25.129:39435), 398742ce7f8a4f67aaa8f2ed7d05bcd5 (127.7.25.132:43891)
I20260630 12:26:25.044661 10581 tablet_bootstrap.cc:654] T f47bf8d440ca436d89c862d4a60eb539 P b54bc34cfe43417e960f2736746af052: Neither blocks nor log segments found. Creating new log.
I20260630 12:26:25.044890 10251 tablet_service.cc:1917] Received RequestConsensusVote() RPC: tablet_id: "5d25e5a354594d4f9349de1187882e66" candidate_uuid: "ad2feec7c526401caa19383b4ce68053" candidate_term: 1 candidate_status { last_received { term: 0 index: 0 } } ignore_live_leader: false dest_uuid: "b54bc34cfe43417e960f2736746af052" is_pre_election: true
I20260630 12:26:25.045527 10251 raft_consensus.cc:2468] T 5d25e5a354594d4f9349de1187882e66 P b54bc34cfe43417e960f2736746af052 [term 0 FOLLOWER]: Leader pre-election vote request: Granting yes vote for candidate ad2feec7c526401caa19383b4ce68053 in term 0.
I20260630 12:26:25.046725 10364 leader_election.cc:304] T 5d25e5a354594d4f9349de1187882e66 P ad2feec7c526401caa19383b4ce68053 [CANDIDATE]: Term 1 pre-election: Election decided. Result: candidate won. Election summary: received 2 responses out of 3 voters: 2 yes votes; 0 no votes. yes voters: ad2feec7c526401caa19383b4ce68053, b54bc34cfe43417e960f2736746af052; no voters: 
I20260630 12:26:25.047644 10614 raft_consensus.cc:2804] T 5d25e5a354594d4f9349de1187882e66 P ad2feec7c526401caa19383b4ce68053 [term 0 FOLLOWER]: Leader pre-election won for term 1
I20260630 12:26:25.048856 10546 tablet_service.cc:1917] Received RequestConsensusVote() RPC: tablet_id: "5d25e5a354594d4f9349de1187882e66" candidate_uuid: "ad2feec7c526401caa19383b4ce68053" candidate_term: 1 candidate_status { last_received { term: 0 index: 0 } } ignore_live_leader: false dest_uuid: "398742ce7f8a4f67aaa8f2ed7d05bcd5" is_pre_election: true
I20260630 12:26:25.049506 10546 raft_consensus.cc:2468] T 5d25e5a354594d4f9349de1187882e66 P 398742ce7f8a4f67aaa8f2ed7d05bcd5 [term 0 FOLLOWER]: Leader pre-election vote request: Granting yes vote for candidate ad2feec7c526401caa19383b4ce68053 in term 0.
I20260630 12:26:25.036283 10603 raft_consensus.cc:697] T 7dfcc7b0b9fd47e48bd2a6cdb5f556ab P 398742ce7f8a4f67aaa8f2ed7d05bcd5 [term 1 LEADER]: Becoming Leader. State: Replica: 398742ce7f8a4f67aaa8f2ed7d05bcd5, State: Running, Role: LEADER
I20260630 12:26:25.031270 10592 raft_consensus.cc:359] T 8c6f9d2314204369aab82a850eb5804f P 398742ce7f8a4f67aaa8f2ed7d05bcd5 [term 0 FOLLOWER]: Replica starting. Triggering 0 pending ops. Active config: opid_index: -1 OBSOLETE_local: false peers { permanent_uuid: "398742ce7f8a4f67aaa8f2ed7d05bcd5" member_type: VOTER last_known_addr { host: "127.7.25.132" port: 43891 } } peers { permanent_uuid: "5ef77dc5ac8642019e3ba14ad9c92bce" member_type: VOTER last_known_addr { host: "127.7.25.130" port: 41397 } } peers { permanent_uuid: "ad2feec7c526401caa19383b4ce68053" member_type: VOTER last_known_addr { host: "127.7.25.131" port: 33843 } }
I20260630 12:26:25.050388 10592 raft_consensus.cc:385] T 8c6f9d2314204369aab82a850eb5804f P 398742ce7f8a4f67aaa8f2ed7d05bcd5 [term 0 FOLLOWER]: Consensus starting up: Expiring failure detector timer to make a prompt election more likely
I20260630 12:26:25.050705 10592 raft_consensus.cc:740] T 8c6f9d2314204369aab82a850eb5804f P 398742ce7f8a4f67aaa8f2ed7d05bcd5 [term 0 FOLLOWER]: Becoming Follower/Learner. State: Replica: 398742ce7f8a4f67aaa8f2ed7d05bcd5, State: Initialized, Role: FOLLOWER
I20260630 12:26:25.051433 10592 consensus_queue.cc:260] T 8c6f9d2314204369aab82a850eb5804f P 398742ce7f8a4f67aaa8f2ed7d05bcd5 [NON_LEADER]: Queue going to NON_LEADER mode. State: All replicated index: 0, Majority replicated index: 0, Committed index: 0, Last appended: 0.0, Last appended by leader: 0, Current term: 0, Majority size: -1, State: 0, Mode: NON_LEADER, active raft config: opid_index: -1 OBSOLETE_local: false peers { permanent_uuid: "398742ce7f8a4f67aaa8f2ed7d05bcd5" member_type: VOTER last_known_addr { host: "127.7.25.132" port: 43891 } } peers { permanent_uuid: "5ef77dc5ac8642019e3ba14ad9c92bce" member_type: VOTER last_known_addr { host: "127.7.25.130" port: 41397 } } peers { permanent_uuid: "ad2feec7c526401caa19383b4ce68053" member_type: VOTER last_known_addr { host: "127.7.25.131" port: 33843 } }
I20260630 12:26:25.053709 10592 ts_tablet_manager.cc:1434] T 8c6f9d2314204369aab82a850eb5804f P 398742ce7f8a4f67aaa8f2ed7d05bcd5: Time spent starting tablet: real 0.034s	user 0.004s	sys 0.000s
I20260630 12:26:25.054728 10592 tablet_bootstrap.cc:492] T 5bd8d6d6e42d4c97b5cb8a6d442e23cb P 398742ce7f8a4f67aaa8f2ed7d05bcd5: Bootstrap starting.
I20260630 12:26:25.053258 10149 catalog_manager.cc:5697] T 5bd8d6d6e42d4c97b5cb8a6d442e23cb P b54bc34cfe43417e960f2736746af052 reported cstate change: term changed from 0 to 1, leader changed from <none> to b54bc34cfe43417e960f2736746af052 (127.7.25.129). New cstate: current_term: 1 leader_uuid: "b54bc34cfe43417e960f2736746af052" committed_config { opid_index: -1 OBSOLETE_local: false peers { permanent_uuid: "398742ce7f8a4f67aaa8f2ed7d05bcd5" member_type: VOTER last_known_addr { host: "127.7.25.132" port: 43891 } health_report { overall_health: UNKNOWN } } peers { permanent_uuid: "b54bc34cfe43417e960f2736746af052" member_type: VOTER last_known_addr { host: "127.7.25.129" port: 39435 } health_report { overall_health: HEALTHY } } peers { permanent_uuid: "5ef77dc5ac8642019e3ba14ad9c92bce" member_type: VOTER last_known_addr { host: "127.7.25.130" port: 41397 } health_report { overall_health: UNKNOWN } } }
I20260630 12:26:25.048168 10614 raft_consensus.cc:493] T 5d25e5a354594d4f9349de1187882e66 P ad2feec7c526401caa19383b4ce68053 [term 0 FOLLOWER]: Starting leader election (no leader contacted us within the election timeout)
I20260630 12:26:25.057880 10614 raft_consensus.cc:3060] T 5d25e5a354594d4f9349de1187882e66 P ad2feec7c526401caa19383b4ce68053 [term 0 FOLLOWER]: Advancing to term 1
I20260630 12:26:25.058439 10603 consensus_queue.cc:237] T 7dfcc7b0b9fd47e48bd2a6cdb5f556ab P 398742ce7f8a4f67aaa8f2ed7d05bcd5 [LEADER]: Queue going to LEADER mode. State: All replicated index: 0, Majority replicated index: 0, Committed index: 0, Last appended: 0.0, Last appended by leader: 0, Current term: 1, Majority size: 2, State: 0, Mode: LEADER, active raft config: opid_index: -1 OBSOLETE_local: false peers { permanent_uuid: "5ef77dc5ac8642019e3ba14ad9c92bce" member_type: VOTER last_known_addr { host: "127.7.25.130" port: 41397 } } peers { permanent_uuid: "398742ce7f8a4f67aaa8f2ed7d05bcd5" member_type: VOTER last_known_addr { host: "127.7.25.132" port: 43891 } } peers { permanent_uuid: "ad2feec7c526401caa19383b4ce68053" member_type: VOTER last_known_addr { host: "127.7.25.131" port: 33843 } }
I20260630 12:26:25.063283 10592 tablet_bootstrap.cc:654] T 5bd8d6d6e42d4c97b5cb8a6d442e23cb P 398742ce7f8a4f67aaa8f2ed7d05bcd5: Neither blocks nor log segments found. Creating new log.
I20260630 12:26:25.087193 10592 tablet_bootstrap.cc:492] T 5bd8d6d6e42d4c97b5cb8a6d442e23cb P 398742ce7f8a4f67aaa8f2ed7d05bcd5: No bootstrap required, opened a new log
I20260630 12:26:25.087605 10592 ts_tablet_manager.cc:1403] T 5bd8d6d6e42d4c97b5cb8a6d442e23cb P 398742ce7f8a4f67aaa8f2ed7d05bcd5: Time spent bootstrapping tablet: real 0.033s	user 0.006s	sys 0.008s
I20260630 12:26:25.089679 10592 raft_consensus.cc:359] T 5bd8d6d6e42d4c97b5cb8a6d442e23cb P 398742ce7f8a4f67aaa8f2ed7d05bcd5 [term 0 FOLLOWER]: Replica starting. Triggering 0 pending ops. Active config: opid_index: -1 OBSOLETE_local: false peers { permanent_uuid: "398742ce7f8a4f67aaa8f2ed7d05bcd5" member_type: VOTER last_known_addr { host: "127.7.25.132" port: 43891 } } peers { permanent_uuid: "b54bc34cfe43417e960f2736746af052" member_type: VOTER last_known_addr { host: "127.7.25.129" port: 39435 } } peers { permanent_uuid: "5ef77dc5ac8642019e3ba14ad9c92bce" member_type: VOTER last_known_addr { host: "127.7.25.130" port: 41397 } }
I20260630 12:26:25.090467 10592 raft_consensus.cc:385] T 5bd8d6d6e42d4c97b5cb8a6d442e23cb P 398742ce7f8a4f67aaa8f2ed7d05bcd5 [term 0 FOLLOWER]: Consensus starting up: Expiring failure detector timer to make a prompt election more likely
I20260630 12:26:25.090849 10592 raft_consensus.cc:740] T 5bd8d6d6e42d4c97b5cb8a6d442e23cb P 398742ce7f8a4f67aaa8f2ed7d05bcd5 [term 0 FOLLOWER]: Becoming Follower/Learner. State: Replica: 398742ce7f8a4f67aaa8f2ed7d05bcd5, State: Initialized, Role: FOLLOWER
I20260630 12:26:25.091750 10592 consensus_queue.cc:260] T 5bd8d6d6e42d4c97b5cb8a6d442e23cb P 398742ce7f8a4f67aaa8f2ed7d05bcd5 [NON_LEADER]: Queue going to NON_LEADER mode. State: All replicated index: 0, Majority replicated index: 0, Committed index: 0, Last appended: 0.0, Last appended by leader: 0, Current term: 0, Majority size: -1, State: 0, Mode: NON_LEADER, active raft config: opid_index: -1 OBSOLETE_local: false peers { permanent_uuid: "398742ce7f8a4f67aaa8f2ed7d05bcd5" member_type: VOTER last_known_addr { host: "127.7.25.132" port: 43891 } } peers { permanent_uuid: "b54bc34cfe43417e960f2736746af052" member_type: VOTER last_known_addr { host: "127.7.25.129" port: 39435 } } peers { permanent_uuid: "5ef77dc5ac8642019e3ba14ad9c92bce" member_type: VOTER last_known_addr { host: "127.7.25.130" port: 41397 } }
I20260630 12:26:25.091920 10146 catalog_manager.cc:5697] T 7dfcc7b0b9fd47e48bd2a6cdb5f556ab P 398742ce7f8a4f67aaa8f2ed7d05bcd5 reported cstate change: term changed from 0 to 1, leader changed from <none> to 398742ce7f8a4f67aaa8f2ed7d05bcd5 (127.7.25.132). New cstate: current_term: 1 leader_uuid: "398742ce7f8a4f67aaa8f2ed7d05bcd5" committed_config { opid_index: -1 OBSOLETE_local: false peers { permanent_uuid: "5ef77dc5ac8642019e3ba14ad9c92bce" member_type: VOTER last_known_addr { host: "127.7.25.130" port: 41397 } health_report { overall_health: UNKNOWN } } peers { permanent_uuid: "398742ce7f8a4f67aaa8f2ed7d05bcd5" member_type: VOTER last_known_addr { host: "127.7.25.132" port: 43891 } health_report { overall_health: HEALTHY } } peers { permanent_uuid: "ad2feec7c526401caa19383b4ce68053" member_type: VOTER last_known_addr { host: "127.7.25.131" port: 33843 } health_report { overall_health: UNKNOWN } } }
I20260630 12:26:25.094556 10592 ts_tablet_manager.cc:1434] T 5bd8d6d6e42d4c97b5cb8a6d442e23cb P 398742ce7f8a4f67aaa8f2ed7d05bcd5: Time spent starting tablet: real 0.007s	user 0.006s	sys 0.001s
I20260630 12:26:25.095638 10592 tablet_bootstrap.cc:492] T f47bf8d440ca436d89c862d4a60eb539 P 398742ce7f8a4f67aaa8f2ed7d05bcd5: Bootstrap starting.
I20260630 12:26:25.102043 10592 tablet_bootstrap.cc:654] T f47bf8d440ca436d89c862d4a60eb539 P 398742ce7f8a4f67aaa8f2ed7d05bcd5: Neither blocks nor log segments found. Creating new log.
I20260630 12:26:25.103602 10453 raft_consensus.cc:493] T 7893a77700a34da3b06263bbb9fc86c6 P ad2feec7c526401caa19383b4ce68053 [term 0 FOLLOWER]: Starting pre-election (no leader contacted us within the election timeout)
I20260630 12:26:25.104250 10453 raft_consensus.cc:515] T 7893a77700a34da3b06263bbb9fc86c6 P ad2feec7c526401caa19383b4ce68053 [term 0 FOLLOWER]: Starting pre-election with config: opid_index: -1 OBSOLETE_local: false peers { permanent_uuid: "398742ce7f8a4f67aaa8f2ed7d05bcd5" member_type: VOTER last_known_addr { host: "127.7.25.132" port: 43891 } } peers { permanent_uuid: "b54bc34cfe43417e960f2736746af052" member_type: VOTER last_known_addr { host: "127.7.25.129" port: 39435 } } peers { permanent_uuid: "ad2feec7c526401caa19383b4ce68053" member_type: VOTER last_known_addr { host: "127.7.25.131" port: 33843 } }
I20260630 12:26:25.107358 10453 leader_election.cc:290] T 7893a77700a34da3b06263bbb9fc86c6 P ad2feec7c526401caa19383b4ce68053 [CANDIDATE]: Term 1 pre-election: Requested pre-vote from peers 398742ce7f8a4f67aaa8f2ed7d05bcd5 (127.7.25.132:43891), b54bc34cfe43417e960f2736746af052 (127.7.25.129:39435)
I20260630 12:26:25.109781 10546 tablet_service.cc:1917] Received RequestConsensusVote() RPC: tablet_id: "7893a77700a34da3b06263bbb9fc86c6" candidate_uuid: "ad2feec7c526401caa19383b4ce68053" candidate_term: 1 candidate_status { last_received { term: 0 index: 0 } } ignore_live_leader: false dest_uuid: "398742ce7f8a4f67aaa8f2ed7d05bcd5" is_pre_election: true
I20260630 12:26:25.110630 10546 raft_consensus.cc:2468] T 7893a77700a34da3b06263bbb9fc86c6 P 398742ce7f8a4f67aaa8f2ed7d05bcd5 [term 0 FOLLOWER]: Leader pre-election vote request: Granting yes vote for candidate ad2feec7c526401caa19383b4ce68053 in term 0.
I20260630 12:26:25.113401 10592 tablet_bootstrap.cc:492] T f47bf8d440ca436d89c862d4a60eb539 P 398742ce7f8a4f67aaa8f2ed7d05bcd5: No bootstrap required, opened a new log
I20260630 12:26:25.113351 10251 tablet_service.cc:1917] Received RequestConsensusVote() RPC: tablet_id: "7893a77700a34da3b06263bbb9fc86c6" candidate_uuid: "ad2feec7c526401caa19383b4ce68053" candidate_term: 1 candidate_status { last_received { term: 0 index: 0 } } ignore_live_leader: false dest_uuid: "b54bc34cfe43417e960f2736746af052" is_pre_election: true
I20260630 12:26:25.114156 10592 ts_tablet_manager.cc:1403] T f47bf8d440ca436d89c862d4a60eb539 P 398742ce7f8a4f67aaa8f2ed7d05bcd5: Time spent bootstrapping tablet: real 0.019s	user 0.011s	sys 0.007s
I20260630 12:26:25.117201 10592 raft_consensus.cc:359] T f47bf8d440ca436d89c862d4a60eb539 P 398742ce7f8a4f67aaa8f2ed7d05bcd5 [term 0 FOLLOWER]: Replica starting. Triggering 0 pending ops. Active config: opid_index: -1 OBSOLETE_local: false peers { permanent_uuid: "b54bc34cfe43417e960f2736746af052" member_type: VOTER last_known_addr { host: "127.7.25.129" port: 39435 } } peers { permanent_uuid: "398742ce7f8a4f67aaa8f2ed7d05bcd5" member_type: VOTER last_known_addr { host: "127.7.25.132" port: 43891 } } peers { permanent_uuid: "5ef77dc5ac8642019e3ba14ad9c92bce" member_type: VOTER last_known_addr { host: "127.7.25.130" port: 41397 } }
I20260630 12:26:25.117947 10592 raft_consensus.cc:385] T f47bf8d440ca436d89c862d4a60eb539 P 398742ce7f8a4f67aaa8f2ed7d05bcd5 [term 0 FOLLOWER]: Consensus starting up: Expiring failure detector timer to make a prompt election more likely
I20260630 12:26:25.118279 10592 raft_consensus.cc:740] T f47bf8d440ca436d89c862d4a60eb539 P 398742ce7f8a4f67aaa8f2ed7d05bcd5 [term 0 FOLLOWER]: Becoming Follower/Learner. State: Replica: 398742ce7f8a4f67aaa8f2ed7d05bcd5, State: Initialized, Role: FOLLOWER
